Jun 23 16:40:47.261460 dv-cinder-796950-7-smb devstack@c-api.service[106335]: [pid: 106335|app: 0|req: 164/340] 10.222.0.97 () {60 vars in 1242 bytes} [Wed Jun 23 16:40:47 2021] POST /volume/v3/83b1ab1e1b764ae2865e02fe9d65b61c/qos-specs => generated 459 bytes in 221 msecs (HTTP/1.1 200) 7 headers in 285 bytes (2 switches on core 0)
Jun 23 16:40:47.274741 dv-cinder-796950-7-smb devstack@c-api.service[106334]: INFO cinder.api.openstack.wsgi [None req-0c374d0c-33d5-4afe-9c7f-6813ec978e1c tempest-QosSpecsTestJSON-1449626731 tempest-QosSpecsTestJSON-1449626731-project-admin] POST http://10.222.0.97/volume/v3/83b1ab1e1b764ae2865e02fe9d65b61c/types
Jun 23 16:40:47.275933 dv-cinder-796950-7-smb devstack@c-api.service[106334]: DEBUG cinder.api.openstack.wsgi [None req-0c374d0c-33d5-4afe-9c7f-6813ec978e1c tempest-QosSpecsTestJSON-1449626731 tempest-QosSpecsTestJSON-1449626731-project-admin] Action: 'create', calling method: _create, body: {"volume_type": {"name": "tempest-QosSpecsTestJSON-volume-type-1540003235"}} {{(pid=106334) _process_stack /opt/stack/cinder/cinder/api/openstack/wsgi.py:864}}
Jun 23 16:40:47.300310 dv-cinder-796950-7-smb devstack@c-api.service[106335]: INFO cinder.api.openstack.wsgi [None req-30292b1c-c74b-472b-a085-bc80dbc0a076 tempest-VolumeQuotasAdminTestJSON-511616904 tempest-VolumeQuotasAdminTestJSON-511616904-project] GET http://10.222.0.97/volume/v3/3b85b64f8d484a8d88797f07555ffaa3/volumes/c505c963-abbd-4f75-8dab-87c4a339f02e
Jun 23 16:40:47.301080 dv-cinder-796950-7-smb devstack@c-api.service[106335]: DEBUG cinder.api.openstack.wsgi [None req-30292b1c-c74b-472b-a085-bc80dbc0a076 tempest-VolumeQuotasAdminTestJSON-511616904 tempest-VolumeQuotasAdminTestJSON-511616904-project] Empty body provided in request {{(pid=106335) get_body /opt/stack/cinder/cinder/api/openstack/wsgi.py:713}}
Jun 23 16:40:47.301361 dv-cinder-796950-7-smb devstack@c-api.service[106335]: /usr/local/lib/python3.8/dist-packages/webob/acceptparse.py:1047: DeprecationWarning: The behavior of AcceptValidHeader.best_match is currently being maintained for backward compatibility, but it will be deprecated in the future, as it does not conform to the RFC.
Jun 23 16:40:47.301361 dv-cinder-796950-7-smb devstack@c-api.service[106335]: warnings.warn(
Jun 23 16:40:47.301767 dv-cinder-796950-7-smb devstack@c-api.service[106335]: DEBUG cinder.api.openstack.wsgi [None req-30292b1c-c74b-472b-a085-bc80dbc0a076 tempest-VolumeQuotasAdminTestJSON-511616904 tempest-VolumeQuotasAdminTestJSON-511616904-project] Calling method 'show' {{(pid=106335) _process_stack /opt/stack/cinder/cinder/api/openstack/wsgi.py:866}}
Jun 23 16:40:47.315419 dv-cinder-796950-7-smb devstack@c-api.service[106334]: INFO cinder.api.openstack.wsgi [None req-0c374d0c-33d5-4afe-9c7f-6813ec978e1c tempest-QosSpecsTestJSON-1449626731 tempest-QosSpecsTestJSON-1449626731-project-admin] http://10.222.0.97/volume/v3/83b1ab1e1b764ae2865e02fe9d65b61c/types returned with HTTP 200
Jun 23 16:40:47.318670 dv-cinder-796950-7-smb devstack@c-api.service[106334]: [pid: 106334|app: 0|req: 177/341] 10.222.0.97 () {60 vars in 1229 bytes} [Wed Jun 23 16:40:47 2021] POST /volume/v3/83b1ab1e1b764ae2865e02fe9d65b61c/types => generated 222 bytes in 48 msecs (HTTP/1.1 200) 7 headers in 285 bytes (1 switches on core 0)
Jun 23 16:40:47.320935 dv-cinder-796950-7-smb devstack@c-api.service[106335]: INFO cinder.api.openstack.wsgi [None req-30292b1c-c74b-472b-a085-bc80dbc0a076 tempest-VolumeQuotasAdminTestJSON-511616904 tempest-VolumeQuotasAdminTestJSON-511616904-project] http://10.222.0.97/volume/v3/3b85b64f8d484a8d88797f07555ffaa3/volumes/c505c963-abbd-4f75-8dab-87c4a339f02e returned with HTTP 404
Jun 23 16:40:47.326338 dv-cinder-796950-7-smb devstack@c-api.service[106335]: [pid: 106335|app: 0|req: 165/342] 10.222.0.97 () {58 vars in 1325 bytes} [Wed Jun 23 16:40:47 2021] GET /volume/v3/3b85b64f8d484a8d88797f07555ffaa3/volumes/c505c963-abbd-4f75-8dab-87c4a339f02e => generated 109 bytes in 30 msecs (HTTP/1.1 404) 7 headers in 292 bytes (1 switches on core 0)
Jun 23 16:40:47.330512 dv-cinder-796950-7-smb devstack@c-api.service[106334]: INFO cinder.api.openstack.wsgi [None req-904eff4a-a952-48aa-b02a-fb0f8b8d78e7 tempest-QosSpecsTestJSON-1449626731 tempest-QosSpecsTestJSON-1449626731-project-admin] POST http://10.222.0.97/volume/v3/83b1ab1e1b764ae2865e02fe9d65b61c/types
Jun 23 16:40:47.331505 dv-cinder-796950-7-smb devstack@c-api.service[106334]: DEBUG cinder.api.openstack.wsgi [None req-904eff4a-a952-48aa-b02a-fb0f8b8d78e7 tempest-QosSpecsTestJSON-1449626731 tempest-QosSpecsTestJSON-1449626731-project-admin] Action: 'create', calling method: _create, body: {"volume_type": {"name": "tempest-QosSpecsTestJSON-volume-type-639397530"}} {{(pid=106334) _process_stack /opt/stack/cinder/cinder/api/openstack/wsgi.py:864}}
Jun 23 16:40:47.338049 dv-cinder-796950-7-smb devstack@c-api.service[106335]: INFO cinder.api.openstack.wsgi [None req-9272495a-d043-4ee2-bc35-0e564b96f71b tempest-VolumeQuotasAdminTestJSON-511616904 tempest-VolumeQuotasAdminTestJSON-511616904-project] POST http://10.222.0.97/volume/v3/3b85b64f8d484a8d88797f07555ffaa3/volumes
Jun 23 16:40:47.340968 dv-cinder-796950-7-smb devstack@c-api.service[106335]: DEBUG cinder.api.openstack.wsgi [None req-9272495a-d043-4ee2-bc35-0e564b96f71b tempest-VolumeQuotasAdminTestJSON-511616904 tempest-VolumeQuotasAdminTestJSON-511616904-project] Action: 'create', calling method: create, body: {"volume": {"size": 1, "name": "tempest-VolumeQuotasAdminTestJSON-Volume-1971113508"}} {{(pid=106335) _process_stack /opt/stack/cinder/cinder/api/openstack/wsgi.py:864}}
Jun 23 16:40:47.341955 dv-cinder-796950-7-smb devstack@c-api.service[106335]: DEBUG cinder.api.v3.volumes [None req-9272495a-d043-4ee2-bc35-0e564b96f71b tempest-VolumeQuotasAdminTestJSON-511616904 tempest-VolumeQuotasAdminTestJSON-511616904-project] Create volume request body: {'volume': {'size': 1, 'name': 'tempest-VolumeQuotasAdminTestJSON-Volume-1971113508'}} {{(pid=106335) create /opt/stack/cinder/cinder/api/v3/volumes.py:289}}
Jun 23 16:40:47.344529 dv-cinder-796950-7-smb devstack@c-api.service[106335]: INFO cinder.api.v3.volumes [None req-9272495a-d043-4ee2-bc35-0e564b96f71b tempest-VolumeQuotasAdminTestJSON-511616904 tempest-VolumeQuotasAdminTestJSON-511616904-project] Create volume of 1 GB
Jun 23 16:40:47.345605 dv-cinder-796950-7-smb devstack@c-api.service[106335]: /usr/local/lib/python3.8/dist-packages/oslo_context/context.py:105: DeprecationWarning: Policy enforcement is depending on the value of is_admin. This key is deprecated. Please update your policy file to use the standard policy values.
Jun 23 16:40:47.345605 dv-cinder-796950-7-smb devstack@c-api.service[106335]: warnings.warn('Policy enforcement is depending on the value of '
Jun 23 16:40:47.360097 dv-cinder-796950-7-smb devstack@c-api.service[106335]: INFO cinder.volume.api [None req-9272495a-d043-4ee2-bc35-0e564b96f71b tempest-VolumeQuotasAdminTestJSON-511616904 tempest-VolumeQuotasAdminTestJSON-511616904-project] Availability Zones retrieved successfully.
Jun 23 16:40:47.377845 dv-cinder-796950-7-smb devstack@c-api.service[106334]: INFO cinder.api.openstack.wsgi [None req-904eff4a-a952-48aa-b02a-fb0f8b8d78e7 tempest-QosSpecsTestJSON-1449626731 tempest-QosSpecsTestJSON-1449626731-project-admin] http://10.222.0.97/volume/v3/83b1ab1e1b764ae2865e02fe9d65b61c/types returned with HTTP 200
Jun 23 16:40:47.379253 dv-cinder-796950-7-smb devstack@c-api.service[106334]: [pid: 106334|app: 0|req: 178/343] 10.222.0.97 () {60 vars in 1229 bytes} [Wed Jun 23 16:40:47 2021] POST /volume/v3/83b1ab1e1b764ae2865e02fe9d65b61c/types => generated 221 bytes in 55 msecs (HTTP/1.1 200) 7 headers in 285 bytes (2 switches on core 0)
Jun 23 16:40:47.384340 dv-cinder-796950-7-smb devstack@c-api.service[106335]: DEBUG cinder.volume.api [None req-9272495a-d043-4ee2-bc35-0e564b96f71b tempest-VolumeQuotasAdminTestJSON-511616904 tempest-VolumeQuotasAdminTestJSON-511616904-project] Flow 'volume_create_api' (26e2eb04-91f5-4327-805f-5f68b77d2c1a) transitioned into state 'RUNNING' from state 'PENDING' {{(pid=106335) _flow_receiver /usr/local/lib/python3.8/dist-packages/taskflow/listeners/logging.py:141}}
Jun 23 16:40:47.384340 dv-cinder-796950-7-smb devstack@c-api.service[106335]: DEBUG cinder.volume.api [None req-9272495a-d043-4ee2-bc35-0e564b96f71b tempest-VolumeQuotasAdminTestJSON-511616904 tempest-VolumeQuotasAdminTestJSON-511616904-project] Task 'cinder.volume.flows.api.create_volume.ExtractVolumeRequestTask;volume:create' (20ace070-a03a-4849-be8a-1aa84b83b6a1) transitioned into state 'RUNNING' from state 'PENDING' {{(pid=106335) _task_receiver /usr/local/lib/python3.8/dist-packages/taskflow/listeners/logging.py:190}}
Jun 23 16:40:47.385652 dv-cinder-796950-7-smb devstack@c-api.service[106335]: DEBUG cinder.volume.flows.api.create_volume [None req-9272495a-d043-4ee2-bc35-0e564b96f71b tempest-VolumeQuotasAdminTestJSON-511616904 tempest-VolumeQuotasAdminTestJSON-511616904-project] Validating volume size '1' using validate_int {{(pid=106335) _extract_size /opt/stack/cinder/cinder/volume/flows/api/create_volume.py:201}}
Jun 23 16:40:47.390115 dv-cinder-796950-7-smb devstack@c-api.service[106334]: INFO cinder.api.openstack.wsgi [None req-fe41971b-f5eb-4a19-967b-67cda267f948 tempest-DeleteServersTestJSON-1771247401 tempest-DeleteServersTestJSON-1771247401-project] GET http://10.222.0.97/volume/v3/6f54d73fcd184a79951b646e2b685632/volumes/0c194fed-6b6f-45b1-8cf5-0a462171d7a6
Jun 23 16:40:47.391021 dv-cinder-796950-7-smb devstack@c-api.service[106334]: DEBUG cinder.api.openstack.wsgi [None req-fe41971b-f5eb-4a19-967b-67cda267f948 tempest-DeleteServersTestJSON-1771247401 tempest-DeleteServersTestJSON-1771247401-project] Empty body provided in request {{(pid=106334) get_body /opt/stack/cinder/cinder/api/openstack/wsgi.py:713}}
Jun 23 16:40:47.392187 dv-cinder-796950-7-smb devstack@c-api.service[106334]: DEBUG cinder.api.openstack.wsgi [None req-fe41971b-f5eb-4a19-967b-67cda267f948 tempest-DeleteServersTestJSON-1771247401 tempest-DeleteServersTestJSON-1771247401-project] Calling method 'show' {{(pid=106334) _process_stack /opt/stack/cinder/cinder/api/openstack/wsgi.py:866}}
Jun 23 16:40:47.411248 dv-cinder-796950-7-smb devstack@c-api.service[106334]: /usr/local/lib/python3.8/dist-packages/oslo_context/context.py:105: DeprecationWarning: Policy enforcement is depending on the value of is_admin. This key is deprecated. Please update your policy file to use the standard policy values.
Jun 23 16:40:47.411248 dv-cinder-796950-7-smb devstack@c-api.service[106334]: warnings.warn('Policy enforcement is depending on the value of '
Jun 23 16:40:47.422196 dv-cinder-796950-7-smb devstack@c-api.service[106334]: INFO cinder.volume.api [None req-fe41971b-f5eb-4a19-967b-67cda267f948 tempest-DeleteServersTestJSON-1771247401 tempest-DeleteServersTestJSON-1771247401-project] Volume info retrieved successfully.
Jun 23 16:40:47.436399 dv-cinder-796950-7-smb devstack@c-api.service[106335]: DEBUG cinder.volume.api [None req-9272495a-d043-4ee2-bc35-0e564b96f71b tempest-VolumeQuotasAdminTestJSON-511616904 tempest-VolumeQuotasAdminTestJSON-511616904-project] Task 'cinder.volume.flows.api.create_volume.ExtractVolumeRequestTask;volume:create' (20ace070-a03a-4849-be8a-1aa84b83b6a1) transitioned into state 'SUCCESS' from state 'RUNNING' with result '{'size': 1, 'snapshot_id': None, 'source_volid': None, 'volume_type': VolumeType(created_at=2021-06-23T16:30:13Z,deleted=False,deleted_at=None,description='Default Volume Type',extra_specs={},id=c19d27d7-f0f7-4fbb-bdd5-1494784e7c65,is_public=True,name='__DEFAULT__',projects=[],qos_specs=,qos_specs_id=None,updated_at=2021-06-23T16:30:13Z), 'volume_type_id': 'c19d27d7-f0f7-4fbb-bdd5-1494784e7c65', 'encryption_key_id': None, 'qos_specs': None, 'consistencygroup_id': None, 'cgsnapshot_id': None, 'group_id': None, 'replication_status': 'disabled', 'refresh_az': False, 'backup_id': None, 'multiattach': False, 'availability_zones': ['nova']}' {{(pid=106335) _task_receiver /usr/local/lib/python3.8/dist-packages/taskflow/listeners/logging.py:178}}
Jun 23 16:40:47.439007 dv-cinder-796950-7-smb devstack@c-api.service[106335]: DEBUG cinder.volume.api [None req-9272495a-d043-4ee2-bc35-0e564b96f71b tempest-VolumeQuotasAdminTestJSON-511616904 tempest-VolumeQuotasAdminTestJSON-511616904-project] Task 'cinder.volume.flows.api.create_volume.QuotaReserveTask;volume:create' (81b3bf40-af0e-47a5-942f-14e4afc5ac5b) transitioned into state 'RUNNING' from state 'PENDING' {{(pid=106335) _task_receiver /usr/local/lib/python3.8/dist-packages/taskflow/listeners/logging.py:190}}
Jun 23 16:40:47.445658 dv-cinder-796950-7-smb devstack@c-api.service[106334]: INFO cinder.api.openstack.wsgi [None req-fe41971b-f5eb-4a19-967b-67cda267f948 tempest-DeleteServersTestJSON-1771247401 tempest-DeleteServersTestJSON-1771247401-project] http://10.222.0.97/volume/v3/6f54d73fcd184a79951b646e2b685632/volumes/0c194fed-6b6f-45b1-8cf5-0a462171d7a6 returned with HTTP 200
Jun 23 16:40:47.446657 dv-cinder-796950-7-smb devstack@c-api.service[106334]: [pid: 106334|app: 0|req: 179/344] 10.222.0.97 () {58 vars in 1325 bytes} [Wed Jun 23 16:40:47 2021] GET /volume/v3/6f54d73fcd184a79951b646e2b685632/volumes/0c194fed-6b6f-45b1-8cf5-0a462171d7a6 => generated 913 bytes in 61 msecs (HTTP/1.1 200) 7 headers in 285 bytes (1 switches on core 0)
Jun 23 16:40:47.462645 dv-cinder-796950-7-smb devstack@c-api.service[106334]: INFO cinder.api.openstack.wsgi [None req-bd6dfb83-b3a6-4c31-9160-7f2e0b87caba tempest-QosSpecsTestJSON-1449626731 tempest-QosSpecsTestJSON-1449626731-project-admin] POST http://10.222.0.97/volume/v3/83b1ab1e1b764ae2865e02fe9d65b61c/types
Jun 23 16:40:47.463503 dv-cinder-796950-7-smb devstack@c-api.service[106334]: /usr/local/lib/python3.8/dist-packages/webob/acceptparse.py:1047: DeprecationWarning: The behavior of AcceptValidHeader.best_match is currently being maintained for backward compatibility, but it will be deprecated in the future, as it does not conform to the RFC.
Jun 23 16:40:47.463503 dv-cinder-796950-7-smb devstack@c-api.service[106334]: warnings.warn(
Jun 23 16:40:47.464384 dv-cinder-796950-7-smb devstack@c-api.service[106334]: DEBUG cinder.api.openstack.wsgi [None req-bd6dfb83-b3a6-4c31-9160-7f2e0b87caba tempest-QosSpecsTestJSON-1449626731 tempest-QosSpecsTestJSON-1449626731-project-admin] Action: 'create', calling method: _create, body: {"volume_type": {"name": "tempest-QosSpecsTestJSON-volume-type-2073225385"}} {{(pid=106334) _process_stack /opt/stack/cinder/cinder/api/openstack/wsgi.py:864}}
Jun 23 16:40:47.522333 dv-cinder-796950-7-smb devstack@c-api.service[106334]: INFO cinder.api.openstack.wsgi [None req-bd6dfb83-b3a6-4c31-9160-7f2e0b87caba tempest-QosSpecsTestJSON-1449626731 tempest-QosSpecsTestJSON-1449626731-project-admin] http://10.222.0.97/volume/v3/83b1ab1e1b764ae2865e02fe9d65b61c/types returned with HTTP 200
Jun 23 16:40:47.523824 dv-cinder-796950-7-smb devstack@c-api.service[106334]: [pid: 106334|app: 0|req: 180/345] 10.222.0.97 () {60 vars in 1229 bytes} [Wed Jun 23 16:40:47 2021] POST /volume/v3/83b1ab1e1b764ae2865e02fe9d65b61c/types => generated 222 bytes in 76 msecs (HTTP/1.1 200) 7 headers in 285 bytes (1 switches on core 0)
Jun 23 16:40:47.542617 dv-cinder-796950-7-smb devstack@c-api.service[106334]: INFO cinder.api.openstack.wsgi [None req-39b5dc40-8817-4a9b-85d9-639dccf20ca2 tempest-QosSpecsTestJSON-1449626731 tempest-QosSpecsTestJSON-1449626731-project-admin] GET http://10.222.0.97/volume/v3/83b1ab1e1b764ae2865e02fe9d65b61c/qos-specs/da798ab1-4f21-4959-99da-cf48a8200ab8/associate?vol_type_id=7e09e15b-1506-4eda-9735-58f3e9d73a9e
Jun 23 16:40:47.543371 dv-cinder-796950-7-smb devstack@c-api.service[106334]: DEBUG cinder.api.openstack.wsgi [None req-39b5dc40-8817-4a9b-85d9-639dccf20ca2 tempest-QosSpecsTestJSON-1449626731 tempest-QosSpecsTestJSON-1449626731-project-admin] Empty body provided in request {{(pid=106334) get_body /opt/stack/cinder/cinder/api/openstack/wsgi.py:713}}
Jun 23 16:40:47.544051 dv-cinder-796950-7-smb devstack@c-api.service[106334]: DEBUG cinder.api.openstack.wsgi [None req-39b5dc40-8817-4a9b-85d9-639dccf20ca2 tempest-QosSpecsTestJSON-1449626731 tempest-QosSpecsTestJSON-1449626731-project-admin] Calling method 'associate' {{(pid=106334) _process_stack /opt/stack/cinder/cinder/api/openstack/wsgi.py:866}}
Jun 23 16:40:47.545866 dv-cinder-796950-7-smb devstack@c-api.service[106334]: DEBUG cinder.api.contrib.qos_specs_manage [None req-39b5dc40-8817-4a9b-85d9-639dccf20ca2 tempest-QosSpecsTestJSON-1449626731 tempest-QosSpecsTestJSON-1449626731-project-admin] Associate qos_spec: da798ab1-4f21-4959-99da-cf48a8200ab8 with type: 7e09e15b-1506-4eda-9735-58f3e9d73a9e {{(pid=106334) associate /opt/stack/cinder/cinder/api/contrib/qos_specs_manage.py:275}}
Jun 23 16:40:47.558117 dv-cinder-796950-7-smb devstack@c-api.service[106335]: DEBUG cinder.quota [None req-9272495a-d043-4ee2-bc35-0e564b96f71b tempest-VolumeQuotasAdminTestJSON-511616904 tempest-VolumeQuotasAdminTestJSON-511616904-project] Created reservations ['12059480-69a1-4d5a-9adf-52a99341386f', '0b99516c-536a-4812-98a9-5e29543daf56', 'efc9ace7-f05c-4add-bf98-49d5262a60b3', '2ef0bbf4-4156-4726-9b76-9f714c982064'] {{(pid=106335) reserve /opt/stack/cinder/cinder/quota.py:755}}
Jun 23 16:40:47.559293 dv-cinder-796950-7-smb devstack@c-api.service[106335]: DEBUG cinder.volume.api [None req-9272495a-d043-4ee2-bc35-0e564b96f71b tempest-VolumeQuotasAdminTestJSON-511616904 tempest-VolumeQuotasAdminTestJSON-511616904-project] Task 'cinder.volume.flows.api.create_volume.QuotaReserveTask;volume:create' (81b3bf40-af0e-47a5-942f-14e4afc5ac5b) transitioned into state 'SUCCESS' from state 'RUNNING' with result '{'reservations': ['12059480-69a1-4d5a-9adf-52a99341386f', '0b99516c-536a-4812-98a9-5e29543daf56', 'efc9ace7-f05c-4add-bf98-49d5262a60b3', '2ef0bbf4-4156-4726-9b76-9f714c982064']}' {{(pid=106335) _task_receiver /usr/local/lib/python3.8/dist-packages/taskflow/listeners/logging.py:178}}
Jun 23 16:40:47.562300 dv-cinder-796950-7-smb devstack@c-api.service[106335]: DEBUG cinder.volume.api [None req-9272495a-d043-4ee2-bc35-0e564b96f71b tempest-VolumeQuotasAdminTestJSON-511616904 tempest-VolumeQuotasAdminTestJSON-511616904-project] Task 'cinder.volume.flows.api.create_volume.EntryCreateTask;volume:create' (440692b0-de4f-410a-aaa7-65a65e2e807a) transitioned into state 'RUNNING' from state 'PENDING' {{(pid=106335) _task_receiver /usr/local/lib/python3.8/dist-packages/taskflow/listeners/logging.py:190}}
Jun 23 16:40:47.596087 dv-cinder-796950-7-smb devstack@c-api.service[106334]: INFO cinder.api.openstack.wsgi [None req-39b5dc40-8817-4a9b-85d9-639dccf20ca2 tempest-QosSpecsTestJSON-1449626731 tempest-QosSpecsTestJSON-1449626731-project-admin] http://10.222.0.97/volume/v3/83b1ab1e1b764ae2865e02fe9d65b61c/qos-specs/da798ab1-4f21-4959-99da-cf48a8200ab8/associate?vol_type_id=7e09e15b-1506-4eda-9735-58f3e9d73a9e returned with HTTP 202
Jun 23 16:40:47.596957 dv-cinder-796950-7-smb devstack@c-api.service[106334]: [pid: 106334|app: 0|req: 181/346] 10.222.0.97 () {58 vars in 1458 bytes} [Wed Jun 23 16:40:47 2021] GET /volume/v3/83b1ab1e1b764ae2865e02fe9d65b61c/qos-specs/da798ab1-4f21-4959-99da-cf48a8200ab8/associate?vol_type_id=7e09e15b-1506-4eda-9735-58f3e9d73a9e => generated 0 bytes in 64 msecs (HTTP/1.1 202) 6 headers in 233 bytes (1 switches on core 0)
Jun 23 16:40:47.610826 dv-cinder-796950-7-smb devstack@c-api.service[106334]: INFO cinder.api.openstack.wsgi [None req-6fef440e-2493-4cea-9b18-199026251154 tempest-QosSpecsTestJSON-1449626731 tempest-QosSpecsTestJSON-1449626731-project-admin] GET http://10.222.0.97/volume/v3/83b1ab1e1b764ae2865e02fe9d65b61c/qos-specs/da798ab1-4f21-4959-99da-cf48a8200ab8/associate?vol_type_id=af8d55fd-50d3-4d6c-95fc-f75f9ca561ea
Jun 23 16:40:47.611570 dv-cinder-796950-7-smb devstack@c-api.service[106334]: DEBUG cinder.api.openstack.wsgi [None req-6fef440e-2493-4cea-9b18-199026251154 tempest-QosSpecsTestJSON-1449626731 tempest-QosSpecsTestJSON-1449626731-project-admin] Empty body provided in request {{(pid=106334) get_body /opt/stack/cinder/cinder/api/openstack/wsgi.py:713}}
Jun 23 16:40:47.612052 dv-cinder-796950-7-smb devstack@c-api.service[106334]: /usr/local/lib/python3.8/dist-packages/webob/acceptparse.py:1047: DeprecationWarning: The behavior of AcceptValidHeader.best_match is currently being maintained for backward compatibility, but it will be deprecated in the future, as it does not conform to the RFC.
Jun 23 16:40:47.612052 dv-cinder-796950-7-smb devstack@c-api.service[106334]: warnings.warn(
Jun 23 16:40:47.612642 dv-cinder-796950-7-smb devstack@c-api.service[106334]: DEBUG cinder.api.openstack.wsgi [None req-6fef440e-2493-4cea-9b18-199026251154 tempest-QosSpecsTestJSON-1449626731 tempest-QosSpecsTestJSON-1449626731-project-admin] Calling method 'associate' {{(pid=106334) _process_stack /opt/stack/cinder/cinder/api/openstack/wsgi.py:866}}
Jun 23 16:40:47.613689 dv-cinder-796950-7-smb devstack@c-api.service[106334]: /usr/local/lib/python3.8/dist-packages/oslo_context/context.py:105: DeprecationWarning: Policy enforcement is depending on the value of is_admin. This key is deprecated. Please update your policy file to use the standard policy values.
Jun 23 16:40:47.613689 dv-cinder-796950-7-smb devstack@c-api.service[106334]: warnings.warn('Policy enforcement is depending on the value of '
Jun 23 16:40:47.614841 dv-cinder-796950-7-smb devstack@c-api.service[106334]: DEBUG cinder.api.contrib.qos_specs_manage [None req-6fef440e-2493-4cea-9b18-199026251154 tempest-QosSpecsTestJSON-1449626731 tempest-QosSpecsTestJSON-1449626731-project-admin] Associate qos_spec: da798ab1-4f21-4959-99da-cf48a8200ab8 with type: af8d55fd-50d3-4d6c-95fc-f75f9ca561ea {{(pid=106334) associate /opt/stack/cinder/cinder/api/contrib/qos_specs_manage.py:275}}
Jun 23 16:40:47.615431 dv-cinder-796950-7-smb devstack@c-api.service[106335]: DEBUG cinder.volume.api [None req-9272495a-d043-4ee2-bc35-0e564b96f71b tempest-VolumeQuotasAdminTestJSON-511616904 tempest-VolumeQuotasAdminTestJSON-511616904-project] Task 'cinder.volume.flows.api.create_volume.EntryCreateTask;volume:create' (440692b0-de4f-410a-aaa7-65a65e2e807a) transitioned into state 'SUCCESS' from state 'RUNNING' with result '{'volume_id': 'c51a446f-7023-4449-980c-dd8ef6fc68ae', 'volume_properties': VolumeProperties(attach_status='detached',availability_zone='nova',cgsnapshot_id=None,consistencygroup_id=None,display_description=None,display_name='tempest-VolumeQuotasAdminTestJSON-Volume-1971113508',encryption_key_id=None,group_id=None,group_type_id=,metadata={},multiattach=False,project_id='3b85b64f8d484a8d88797f07555ffaa3',qos_specs=None,replication_status=,reservations=['12059480-69a1-4d5a-9adf-52a99341386f','0b99516c-536a-4812-98a9-5e29543daf56','efc9ace7-f05c-4add-bf98-49d5262a60b3','2ef0bbf4-4156-4726-9b76-9f714c982064'],size=1,snapshot_id=None,source_replicaid=,source_volid=None,status='creating',user_id='1260101ddd16458a8034c51ec78d265e',volume_type_id=c19d27d7-f0f7-4fbb-bdd5-1494784e7c65), 'volume': Volume(_name_id=None,admin_metadata=,attach_status='detached',availability_zone='nova',bootable=False,cluster=,cluster_name=None,consistencygroup=,consistencygroup_id=None,created_at=2021-06-23T16:40:47Z,deleted=False,deleted_at=None,display_description=None,display_name='tempest-VolumeQuotasAdminTestJSON-Volume-1971113508',ec2_id=None,encryption_key_id=None,glance_metadata=,group=,group_id=None,host=None,id=c51a446f-7023-4449-980c-dd8ef6fc68ae,launched_at=None,metadata={},migration_status=None,multiattach=False,previous_status=None,project_id='3b85b64f8d484a8d88797f07555ffaa3',provider_auth=None,provider_geometry=None,provider_id=None,provider_location=None,replication_driver_data=None,replication_extended_status=None,replication_status=None,scheduled_at=None,service_uuid=None,shared_targets=True,size=1,snapshot_id=None,snapshots=,source_volid=None,status='creating',terminated_at=None,updated_at=None,user_id='1260101ddd16458a8034c51ec78d265e',volume_attachment=,volume_type=VolumeType(c19d27d7-f0f7-4fbb-bdd5-1494784e7c65),volume_type_id=c19d27d7-f0f7-4fbb-bdd5-1494784e7c65)}' {{(pid=106335) _task_receiver /usr/local/lib/python3.8/dist-packages/taskflow/listeners/logging.py:178}}
Jun 23 16:40:47.618109 dv-cinder-796950-7-smb devstack@c-api.service[106335]: DEBUG cinder.volume.api [None req-9272495a-d043-4ee2-bc35-0e564b96f71b tempest-VolumeQuotasAdminTestJSON-511616904 tempest-VolumeQuotasAdminTestJSON-511616904-project] Task 'cinder.volume.flows.api.create_volume.QuotaCommitTask;volume:create' (c430806c-75b2-4215-b082-83db09a0b55b) transitioned into state 'RUNNING' from state 'PENDING' {{(pid=106335) _task_receiver /usr/local/lib/python3.8/dist-packages/taskflow/listeners/logging.py:190}}
Jun 23 16:40:47.648799 dv-cinder-796950-7-smb devstack@c-api.service[106335]: DEBUG cinder.volume.api [None req-9272495a-d043-4ee2-bc35-0e564b96f71b tempest-VolumeQuotasAdminTestJSON-511616904 tempest-VolumeQuotasAdminTestJSON-511616904-project] Task 'cinder.volume.flows.api.create_volume.QuotaCommitTask;volume:create' (c430806c-75b2-4215-b082-83db09a0b55b) transitioned into state 'SUCCESS' from state 'RUNNING' with result '{'volume_properties': VolumeProperties(attach_status='detached',availability_zone='nova',cgsnapshot_id=None,consistencygroup_id=None,display_description=None,display_name='tempest-VolumeQuotasAdminTestJSON-Volume-1971113508',encryption_key_id=None,group_id=None,group_type_id=,metadata={},multiattach=False,project_id='3b85b64f8d484a8d88797f07555ffaa3',qos_specs=None,replication_status=,reservations=['12059480-69a1-4d5a-9adf-52a99341386f','0b99516c-536a-4812-98a9-5e29543daf56','efc9ace7-f05c-4add-bf98-49d5262a60b3','2ef0bbf4-4156-4726-9b76-9f714c982064'],size=1,snapshot_id=None,source_replicaid=,source_volid=None,status='creating',user_id='1260101ddd16458a8034c51ec78d265e',volume_type_id=c19d27d7-f0f7-4fbb-bdd5-1494784e7c65)}' {{(pid=106335) _task_receiver /usr/local/lib/python3.8/dist-packages/taskflow/listeners/logging.py:178}}
Jun 23 16:40:47.649956 dv-cinder-796950-7-smb devstack@c-api.service[106334]: INFO cinder.api.openstack.wsgi [None req-6fef440e-2493-4cea-9b18-199026251154 tempest-QosSpecsTestJSON-1449626731 tempest-QosSpecsTestJSON-1449626731-project-admin] http://10.222.0.97/volume/v3/83b1ab1e1b764ae2865e02fe9d65b61c/qos-specs/da798ab1-4f21-4959-99da-cf48a8200ab8/associate?vol_type_id=af8d55fd-50d3-4d6c-95fc-f75f9ca561ea returned with HTTP 202
Jun 23 16:40:47.651106 dv-cinder-796950-7-smb devstack@c-api.service[106335]: DEBUG cinder.volume.api [None req-9272495a-d043-4ee2-bc35-0e564b96f71b tempest-VolumeQuotasAdminTestJSON-511616904 tempest-VolumeQuotasAdminTestJSON-511616904-project] Task 'cinder.volume.flows.api.create_volume.VolumeCastTask;volume:create' (f640b151-3f4b-4e7f-95c7-670a088f14b9) transitioned into state 'RUNNING' from state 'PENDING' {{(pid=106335) _task_receiver /usr/local/lib/python3.8/dist-packages/taskflow/listeners/logging.py:190}}
Jun 23 16:40:47.651234 dv-cinder-796950-7-smb devstack@c-api.service[106334]: [pid: 106334|app: 0|req: 182/347] 10.222.0.97 () {58 vars in 1458 bytes} [Wed Jun 23 16:40:47 2021] GET /volume/v3/83b1ab1e1b764ae2865e02fe9d65b61c/qos-specs/da798ab1-4f21-4959-99da-cf48a8200ab8/associate?vol_type_id=af8d55fd-50d3-4d6c-95fc-f75f9ca561ea => generated 0 bytes in 50 msecs (HTTP/1.1 202) 6 headers in 233 bytes (1 switches on core 0)
Jun 23 16:40:47.659300 dv-cinder-796950-7-smb devstack@c-api.service[106334]: INFO cinder.api.openstack.wsgi [req-25860682-aad7-46f9-8b4d-000afe58cae5 req-24723dbf-c583-4f2e-9266-03c1ec478d5e tempest-DeleteServersTestJSON-1771247401 tempest-DeleteServersTestJSON-1771247401-project] GET http://10.222.0.97/volume/v3/6f54d73fcd184a79951b646e2b685632/volumes/0c194fed-6b6f-45b1-8cf5-0a462171d7a6
Jun 23 16:40:47.659942 dv-cinder-796950-7-smb devstack@c-api.service[106334]: DEBUG cinder.api.openstack.wsgi [req-25860682-aad7-46f9-8b4d-000afe58cae5 req-24723dbf-c583-4f2e-9266-03c1ec478d5e tempest-DeleteServersTestJSON-1771247401 tempest-DeleteServersTestJSON-1771247401-project] Empty body provided in request {{(pid=106334) get_body /opt/stack/cinder/cinder/api/openstack/wsgi.py:713}}
Jun 23 16:40:47.660117 dv-cinder-796950-7-smb devstack@c-api.service[106334]: /usr/local/lib/python3.8/dist-packages/webob/acceptparse.py:1047: DeprecationWarning: The behavior of AcceptValidHeader.best_match is currently being maintained for backward compatibility, but it will be deprecated in the future, as it does not conform to the RFC.
Jun 23 16:40:47.660117 dv-cinder-796950-7-smb devstack@c-api.service[106334]: warnings.warn(
Jun 23 16:40:47.660750 dv-cinder-796950-7-smb devstack@c-api.service[106334]: DEBUG cinder.api.openstack.wsgi [req-25860682-aad7-46f9-8b4d-000afe58cae5 req-24723dbf-c583-4f2e-9266-03c1ec478d5e tempest-DeleteServersTestJSON-1771247401 tempest-DeleteServersTestJSON-1771247401-project] Calling method 'show' {{(pid=106334) _process_stack /opt/stack/cinder/cinder/api/openstack/wsgi.py:866}}
Jun 23 16:40:47.682345 dv-cinder-796950-7-smb devstack@c-api.service[106335]: DEBUG cinder.volume.api [None req-9272495a-d043-4ee2-bc35-0e564b96f71b tempest-VolumeQuotasAdminTestJSON-511616904 tempest-VolumeQuotasAdminTestJSON-511616904-project] Task 'cinder.volume.flows.api.create_volume.VolumeCastTask;volume:create' (f640b151-3f4b-4e7f-95c7-670a088f14b9) transitioned into state 'SUCCESS' from state 'RUNNING' with result 'None' {{(pid=106335) _task_receiver /usr/local/lib/python3.8/dist-packages/taskflow/listeners/logging.py:178}}
Jun 23 16:40:47.684053 dv-cinder-796950-7-smb devstack@c-api.service[106334]: /usr/local/lib/python3.8/dist-packages/oslo_context/context.py:105: DeprecationWarning: Policy enforcement is depending on the value of is_admin. This key is deprecated. Please update your policy file to use the standard policy values.
Jun 23 16:40:47.684053 dv-cinder-796950-7-smb devstack@c-api.service[106334]: warnings.warn('Policy enforcement is depending on the value of '
Jun 23 16:40:47.686608 dv-cinder-796950-7-smb devstack@c-api.service[106335]: DEBUG cinder.volume.api [None req-9272495a-d043-4ee2-bc35-0e564b96f71b tempest-VolumeQuotasAdminTestJSON-511616904 tempest-VolumeQuotasAdminTestJSON-511616904-project] Flow 'volume_create_api' (26e2eb04-91f5-4327-805f-5f68b77d2c1a) transitioned into state 'SUCCESS' from state 'RUNNING' {{(pid=106335) _flow_receiver /usr/local/lib/python3.8/dist-packages/taskflow/listeners/logging.py:141}}
Jun 23 16:40:47.687832 dv-cinder-796950-7-smb devstack@c-api.service[106335]: INFO cinder.volume.api [None req-9272495a-d043-4ee2-bc35-0e564b96f71b tempest-VolumeQuotasAdminTestJSON-511616904 tempest-VolumeQuotasAdminTestJSON-511616904-project] Create volume request issued successfully.
Jun 23 16:40:47.696324 dv-cinder-796950-7-smb devstack@c-api.service[106334]: INFO cinder.volume.api [req-25860682-aad7-46f9-8b4d-000afe58cae5 req-24723dbf-c583-4f2e-9266-03c1ec478d5e tempest-DeleteServersTestJSON-1771247401 tempest-DeleteServersTestJSON-1771247401-project] Volume info retrieved successfully.
Jun 23 16:40:47.697538 dv-cinder-796950-7-smb devstack@c-api.service[106335]: INFO cinder.api.openstack.wsgi [None req-9272495a-d043-4ee2-bc35-0e564b96f71b tempest-VolumeQuotasAdminTestJSON-511616904 tempest-VolumeQuotasAdminTestJSON-511616904-project] http://10.222.0.97/volume/v3/3b85b64f8d484a8d88797f07555ffaa3/volumes returned with HTTP 202
Jun 23 16:40:47.708234 dv-cinder-796950-7-smb devstack@c-api.service[106335]: [pid: 106335|app: 0|req: 166/348] 10.222.0.97 () {60 vars in 1235 bytes} [Wed Jun 23 16:40:47 2021] POST /volume/v3/3b85b64f8d484a8d88797f07555ffaa3/volumes => generated 825 bytes in 364 msecs (HTTP/1.1 202) 7 headers in 291 bytes (1 switches on core 0)
Jun 23 16:40:47.708234 dv-cinder-796950-7-smb devstack@c-api.service[106335]: INFO cinder.api.openstack.wsgi [None req-75584bfd-c910-4021-a66f-cc42340e8ccc tempest-QosSpecsTestJSON-1449626731 tempest-QosSpecsTestJSON-1449626731-project-admin] GET http://10.222.0.97/volume/v3/83b1ab1e1b764ae2865e02fe9d65b61c/qos-specs/da798ab1-4f21-4959-99da-cf48a8200ab8/associate?vol_type_id=a2d9ff15-5500-4cb2-96d7-557b38b80abd
Jun 23 16:40:47.708234 dv-cinder-796950-7-smb devstack@c-api.service[106335]: DEBUG cinder.api.openstack.wsgi [None req-75584bfd-c910-4021-a66f-cc42340e8ccc tempest-QosSpecsTestJSON-1449626731 tempest-QosSpecsTestJSON-1449626731-project-admin] Empty body provided in request {{(pid=106335) get_body /opt/stack/cinder/cinder/api/openstack/wsgi.py:713}}
Jun 23 16:40:47.708234 dv-cinder-796950-7-smb devstack@c-api.service[106335]: /usr/local/lib/python3.8/dist-packages/webob/acceptparse.py:1047: DeprecationWarning: The behavior of AcceptValidHeader.best_match is currently being maintained for backward compatibility, but it will be deprecated in the future, as it does not conform to the RFC.
Jun 23 16:40:47.708234 dv-cinder-796950-7-smb devstack@c-api.service[106335]: warnings.warn(
Jun 23 16:40:47.710124 dv-cinder-796950-7-smb devstack@c-api.service[106335]: DEBUG cinder.api.openstack.wsgi [None req-75584bfd-c910-4021-a66f-cc42340e8ccc tempest-QosSpecsTestJSON-1449626731 tempest-QosSpecsTestJSON-1449626731-project-admin] Calling method 'associate' {{(pid=106335) _process_stack /opt/stack/cinder/cinder/api/openstack/wsgi.py:866}}
Jun 23 16:40:47.716448 dv-cinder-796950-7-smb devstack@c-api.service[106335]: /usr/local/lib/python3.8/dist-packages/oslo_context/context.py:105: DeprecationWarning: Policy enforcement is depending on the value of is_admin. This key is deprecated. Please update your policy file to use the standard policy values.
Jun 23 16:40:47.716448 dv-cinder-796950-7-smb devstack@c-api.service[106335]: warnings.warn('Policy enforcement is depending on the value of '
Jun 23 16:40:47.719637 dv-cinder-796950-7-smb devstack@c-api.service[106335]: DEBUG cinder.api.contrib.qos_specs_manage [None req-75584bfd-c910-4021-a66f-cc42340e8ccc tempest-QosSpecsTestJSON-1449626731 tempest-QosSpecsTestJSON-1449626731-project-admin] Associate qos_spec: da798ab1-4f21-4959-99da-cf48a8200ab8 with type: a2d9ff15-5500-4cb2-96d7-557b38b80abd {{(pid=106335) associate /opt/stack/cinder/cinder/api/contrib/qos_specs_manage.py:275}}
Jun 23 16:40:47.738742 dv-cinder-796950-7-smb devstack@c-api.service[106334]: INFO cinder.api.openstack.wsgi [req-25860682-aad7-46f9-8b4d-000afe58cae5 req-24723dbf-c583-4f2e-9266-03c1ec478d5e tempest-DeleteServersTestJSON-1771247401 tempest-DeleteServersTestJSON-1771247401-project] http://10.222.0.97/volume/v3/6f54d73fcd184a79951b646e2b685632/volumes/0c194fed-6b6f-45b1-8cf5-0a462171d7a6 returned with HTTP 200
Jun 23 16:40:47.743127 dv-cinder-796950-7-smb devstack@c-api.service[106334]: [pid: 106334|app: 0|req: 183/349] 10.222.0.97 () {60 vars in 1579 bytes} [Wed Jun 23 16:40:47 2021] GET /volume/v3/6f54d73fcd184a79951b646e2b685632/volumes/0c194fed-6b6f-45b1-8cf5-0a462171d7a6 => generated 913 bytes in 88 msecs (HTTP/1.1 200) 7 headers in 285 bytes (1 switches on core 0)
Jun 23 16:40:47.757063 dv-cinder-796950-7-smb devstack@c-api.service[106334]: INFO cinder.api.openstack.wsgi [None req-a9c0a06f-cf90-4bd8-b7f8-ef99a7aa82f5 tempest-VolumeQuotasAdminTestJSON-511616904 tempest-VolumeQuotasAdminTestJSON-511616904-project] GET http://10.222.0.97/volume/v3/3b85b64f8d484a8d88797f07555ffaa3/volumes/c51a446f-7023-4449-980c-dd8ef6fc68ae
Jun 23 16:40:47.757549 dv-cinder-796950-7-smb devstack@c-api.service[106334]: DEBUG cinder.api.openstack.wsgi [None req-a9c0a06f-cf90-4bd8-b7f8-ef99a7aa82f5 tempest-VolumeQuotasAdminTestJSON-511616904 tempest-VolumeQuotasAdminTestJSON-511616904-project] Empty body provided in request {{(pid=106334) get_body /opt/stack/cinder/cinder/api/openstack/wsgi.py:713}}
Jun 23 16:40:47.757707 dv-cinder-796950-7-smb devstack@c-api.service[106334]: /usr/local/lib/python3.8/dist-packages/webob/acceptparse.py:1047: DeprecationWarning: The behavior of AcceptValidHeader.best_match is currently being maintained for backward compatibility, but it will be deprecated in the future, as it does not conform to the RFC.
Jun 23 16:40:47.757707 dv-cinder-796950-7-smb devstack@c-api.service[106334]: warnings.warn(
Jun 23 16:40:47.758040 dv-cinder-796950-7-smb devstack@c-api.service[106334]: DEBUG cinder.api.openstack.wsgi [None req-a9c0a06f-cf90-4bd8-b7f8-ef99a7aa82f5 tempest-VolumeQuotasAdminTestJSON-511616904 tempest-VolumeQuotasAdminTestJSON-511616904-project] Calling method 'show' {{(pid=106334) _process_stack /opt/stack/cinder/cinder/api/openstack/wsgi.py:866}}
Jun 23 16:40:47.786684 dv-cinder-796950-7-smb devstack@c-api.service[106334]: /usr/local/lib/python3.8/dist-packages/oslo_context/context.py:105: DeprecationWarning: Policy enforcement is depending on the value of is_admin. This key is deprecated. Please update your policy file to use the standard policy values.
Jun 23 16:40:47.786684 dv-cinder-796950-7-smb devstack@c-api.service[106334]: warnings.warn('Policy enforcement is depending on the value of '
Jun 23 16:40:47.807080 dv-cinder-796950-7-smb devstack@c-api.service[106335]: INFO cinder.api.openstack.wsgi [None req-75584bfd-c910-4021-a66f-cc42340e8ccc tempest-QosSpecsTestJSON-1449626731 tempest-QosSpecsTestJSON-1449626731-project-admin] http://10.222.0.97/volume/v3/83b1ab1e1b764ae2865e02fe9d65b61c/qos-specs/da798ab1-4f21-4959-99da-cf48a8200ab8/associate?vol_type_id=a2d9ff15-5500-4cb2-96d7-557b38b80abd returned with HTTP 202
Jun 23 16:40:47.810075 dv-cinder-796950-7-smb devstack@c-api.service[106335]: [pid: 106335|app: 0|req: 167/350] 10.222.0.97 () {58 vars in 1458 bytes} [Wed Jun 23 16:40:47 2021] GET /volume/v3/83b1ab1e1b764ae2865e02fe9d65b61c/qos-specs/da798ab1-4f21-4959-99da-cf48a8200ab8/associate?vol_type_id=a2d9ff15-5500-4cb2-96d7-557b38b80abd => generated 0 bytes in 111 msecs (HTTP/1.1 202) 6 headers in 233 bytes (1 switches on core 0)
Jun 23 16:40:47.817247 dv-cinder-796950-7-smb devstack@c-api.service[106334]: INFO cinder.volume.api [None req-a9c0a06f-cf90-4bd8-b7f8-ef99a7aa82f5 tempest-VolumeQuotasAdminTestJSON-511616904 tempest-VolumeQuotasAdminTestJSON-511616904-project] Volume info retrieved successfully.
Jun 23 16:40:47.825307 dv-cinder-796950-7-smb devstack@c-api.service[106335]: INFO cinder.api.openstack.wsgi [None req-e095a6d3-a6dd-4340-ba96-2acc1a577346 tempest-QosSpecsTestJSON-1449626731 tempest-QosSpecsTestJSON-1449626731-project-admin] GET http://10.222.0.97/volume/v3/83b1ab1e1b764ae2865e02fe9d65b61c/qos-specs/da798ab1-4f21-4959-99da-cf48a8200ab8/associations
Jun 23 16:40:47.828137 dv-cinder-796950-7-smb devstack@c-api.service[106335]: DEBUG cinder.api.openstack.wsgi [None req-e095a6d3-a6dd-4340-ba96-2acc1a577346 tempest-QosSpecsTestJSON-1449626731 tempest-QosSpecsTestJSON-1449626731-project-admin] Empty body provided in request {{(pid=106335) get_body /opt/stack/cinder/cinder/api/openstack/wsgi.py:713}}
Jun 23 16:40:47.828774 dv-cinder-796950-7-smb devstack@c-api.service[106335]: /usr/local/lib/python3.8/dist-packages/webob/acceptparse.py:1047: DeprecationWarning: The behavior of AcceptValidHeader.best_match is currently being maintained for backward compatibility, but it will be deprecated in the future, as it does not conform to the RFC.
Jun 23 16:40:47.828774 dv-cinder-796950-7-smb devstack@c-api.service[106335]: warnings.warn(
Jun 23 16:40:47.831871 dv-cinder-796950-7-smb devstack@c-api.service[106335]: DEBUG cinder.api.openstack.wsgi [None req-e095a6d3-a6dd-4340-ba96-2acc1a577346 tempest-QosSpecsTestJSON-1449626731 tempest-QosSpecsTestJSON-1449626731-project-admin] Calling method 'associations' {{(pid=106335) _process_stack /opt/stack/cinder/cinder/api/openstack/wsgi.py:866}}
Jun 23 16:40:47.833744 dv-cinder-796950-7-smb devstack@c-api.service[106335]: /usr/local/lib/python3.8/dist-packages/oslo_context/context.py:105: DeprecationWarning: Policy enforcement is depending on the value of is_admin. This key is deprecated. Please update your policy file to use the standard policy values.
Jun 23 16:40:47.833744 dv-cinder-796950-7-smb devstack@c-api.service[106335]: warnings.warn('Policy enforcement is depending on the value of '
Jun 23 16:40:47.837381 dv-cinder-796950-7-smb devstack@c-api.service[106335]: DEBUG cinder.api.contrib.qos_specs_manage [None req-e095a6d3-a6dd-4340-ba96-2acc1a577346 tempest-QosSpecsTestJSON-1449626731 tempest-QosSpecsTestJSON-1449626731-project-admin] Get associations for qos_spec id: da798ab1-4f21-4959-99da-cf48a8200ab8 {{(pid=106335) associations /opt/stack/cinder/cinder/api/contrib/qos_specs_manage.py:233}}
Jun 23 16:40:47.838988 dv-cinder-796950-7-smb devstack@c-api.service[106334]: INFO cinder.api.openstack.wsgi [None req-a9c0a06f-cf90-4bd8-b7f8-ef99a7aa82f5 tempest-VolumeQuotasAdminTestJSON-511616904 tempest-VolumeQuotasAdminTestJSON-511616904-project] http://10.222.0.97/volume/v3/3b85b64f8d484a8d88797f07555ffaa3/volumes/c51a446f-7023-4449-980c-dd8ef6fc68ae returned with HTTP 200
Jun 23 16:40:47.839855 dv-cinder-796950-7-smb devstack@c-api.service[106334]: [pid: 106334|app: 0|req: 184/351] 10.222.0.97 () {58 vars in 1325 bytes} [Wed Jun 23 16:40:47 2021] GET /volume/v3/3b85b64f8d484a8d88797f07555ffaa3/volumes/c51a446f-7023-4449-980c-dd8ef6fc68ae => generated 893 bytes in 96 msecs (HTTP/1.1 200) 7 headers in 285 bytes (1 switches on core 0)
Jun 23 16:40:47.889828 dv-cinder-796950-7-smb devstack@c-api.service[106335]: INFO cinder.api.openstack.wsgi [None req-e095a6d3-a6dd-4340-ba96-2acc1a577346 tempest-QosSpecsTestJSON-1449626731 tempest-QosSpecsTestJSON-1449626731-project-admin] http://10.222.0.97/volume/v3/83b1ab1e1b764ae2865e02fe9d65b61c/qos-specs/da798ab1-4f21-4959-99da-cf48a8200ab8/associations returned with HTTP 200
Jun 23 16:40:47.891452 dv-cinder-796950-7-smb devstack@c-api.service[106335]: [pid: 106335|app: 0|req: 168/352] 10.222.0.97 () {58 vars in 1370 bytes} [Wed Jun 23 16:40:47 2021] GET /volume/v3/83b1ab1e1b764ae2865e02fe9d65b61c/qos-specs/da798ab1-4f21-4959-99da-cf48a8200ab8/associations => generated 447 bytes in 78 msecs (HTTP/1.1 200) 7 headers in 285 bytes (1 switches on core 0)
Jun 23 16:40:47.905488 dv-cinder-796950-7-smb devstack@c-api.service[106334]: INFO cinder.api.openstack.wsgi [None req-8c360b93-7025-45af-acf5-e2a6c03d079f tempest-QosSpecsTestJSON-1449626731 tempest-QosSpecsTestJSON-1449626731-project-admin] GET http://10.222.0.97/volume/v3/83b1ab1e1b764ae2865e02fe9d65b61c/qos-specs/da798ab1-4f21-4959-99da-cf48a8200ab8/disassociate?vol_type_id=7e09e15b-1506-4eda-9735-58f3e9d73a9e
Jun 23 16:40:47.906662 dv-cinder-796950-7-smb devstack@c-api.service[106334]: DEBUG cinder.api.openstack.wsgi [None req-8c360b93-7025-45af-acf5-e2a6c03d079f tempest-QosSpecsTestJSON-1449626731 tempest-QosSpecsTestJSON-1449626731-project-admin] Empty body provided in request {{(pid=106334) get_body /opt/stack/cinder/cinder/api/openstack/wsgi.py:713}}
Jun 23 16:40:47.906935 dv-cinder-796950-7-smb devstack@c-api.service[106334]: /usr/local/lib/python3.8/dist-packages/webob/acceptparse.py:1047: DeprecationWarning: The behavior of AcceptValidHeader.best_match is currently being maintained for backward compatibility, but it will be deprecated in the future, as it does not conform to the RFC.
Jun 23 16:40:47.906935 dv-cinder-796950-7-smb devstack@c-api.service[106334]: warnings.warn(
Jun 23 16:40:47.907385 dv-cinder-796950-7-smb devstack@c-api.service[106334]: DEBUG cinder.api.openstack.wsgi [None req-8c360b93-7025-45af-acf5-e2a6c03d079f tempest-QosSpecsTestJSON-1449626731 tempest-QosSpecsTestJSON-1449626731-project-admin] Calling method 'disassociate' {{(pid=106334) _process_stack /opt/stack/cinder/cinder/api/openstack/wsgi.py:866}}
Jun 23 16:40:47.910197 dv-cinder-796950-7-smb devstack@c-api.service[106334]: DEBUG cinder.api.contrib.qos_specs_manage [None req-8c360b93-7025-45af-acf5-e2a6c03d079f tempest-QosSpecsTestJSON-1449626731 tempest-QosSpecsTestJSON-1449626731-project-admin] Disassociate qos_spec: da798ab1-4f21-4959-99da-cf48a8200ab8 from type: 7e09e15b-1506-4eda-9735-58f3e9d73a9e {{(pid=106334) disassociate /opt/stack/cinder/cinder/api/contrib/qos_specs_manage.py:327}}
Jun 23 16:40:47.959085 dv-cinder-796950-7-smb devstack@c-api.service[106334]: INFO cinder.api.openstack.wsgi [None req-8c360b93-7025-45af-acf5-e2a6c03d079f tempest-QosSpecsTestJSON-1449626731 tempest-QosSpecsTestJSON-1449626731-project-admin] http://10.222.0.97/volume/v3/83b1ab1e1b764ae2865e02fe9d65b61c/qos-specs/da798ab1-4f21-4959-99da-cf48a8200ab8/disassociate?vol_type_id=7e09e15b-1506-4eda-9735-58f3e9d73a9e returned with HTTP 202
Jun 23 16:40:47.963164 dv-cinder-796950-7-smb devstack@c-api.service[106334]: [pid: 106334|app: 0|req: 185/353] 10.222.0.97 () {58 vars in 1467 bytes} [Wed Jun 23 16:40:47 2021] GET /volume/v3/83b1ab1e1b764ae2865e02fe9d65b61c/qos-specs/da798ab1-4f21-4959-99da-cf48a8200ab8/disassociate?vol_type_id=7e09e15b-1506-4eda-9735-58f3e9d73a9e => generated 0 bytes in 63 msecs (HTTP/1.1 202) 6 headers in 233 bytes (1 switches on core 0)
Jun 23 16:40:47.971278 dv-cinder-796950-7-smb devstack@c-api.service[106335]: INFO cinder.api.openstack.wsgi [None req-06ac32c2-bc0a-4b09-994f-ebc8fcdbce03 tempest-QosSpecsTestJSON-1449626731 tempest-QosSpecsTestJSON-1449626731-project-admin] GET http://10.222.0.97/volume/v3/83b1ab1e1b764ae2865e02fe9d65b61c/qos-specs/da798ab1-4f21-4959-99da-cf48a8200ab8/associations
Jun 23 16:40:47.971764 dv-cinder-796950-7-smb devstack@c-api.service[106335]: DEBUG cinder.api.openstack.wsgi [None req-06ac32c2-bc0a-4b09-994f-ebc8fcdbce03 tempest-QosSpecsTestJSON-1449626731 tempest-QosSpecsTestJSON-1449626731-project-admin] Empty body provided in request {{(pid=106335) get_body /opt/stack/cinder/cinder/api/openstack/wsgi.py:713}}
Jun 23 16:40:47.971932 dv-cinder-796950-7-smb devstack@c-api.service[106335]: /usr/local/lib/python3.8/dist-packages/webob/acceptparse.py:1047: DeprecationWarning: The behavior of AcceptValidHeader.best_match is currently being maintained for backward compatibility, but it will be deprecated in the future, as it does not conform to the RFC.
Jun 23 16:40:47.971932 dv-cinder-796950-7-smb devstack@c-api.service[106335]: warnings.warn(
Jun 23 16:40:47.972253 dv-cinder-796950-7-smb devstack@c-api.service[106335]: DEBUG cinder.api.openstack.wsgi [None req-06ac32c2-bc0a-4b09-994f-ebc8fcdbce03 tempest-QosSpecsTestJSON-1449626731 tempest-QosSpecsTestJSON-1449626731-project-admin] Calling method 'associations' {{(pid=106335) _process_stack /opt/stack/cinder/cinder/api/openstack/wsgi.py:866}}
Jun 23 16:40:47.972897 dv-cinder-796950-7-smb devstack@c-api.service[106335]: /usr/local/lib/python3.8/dist-packages/oslo_context/context.py:105: DeprecationWarning: Policy enforcement is depending on the value of is_admin. This key is deprecated. Please update your policy file to use the standard policy values.
Jun 23 16:40:47.972897 dv-cinder-796950-7-smb devstack@c-api.service[106335]: warnings.warn('Policy enforcement is depending on the value of '
Jun 23 16:40:47.973579 dv-cinder-796950-7-smb devstack@c-api.service[106335]: DEBUG cinder.api.contrib.qos_specs_manage [None req-06ac32c2-bc0a-4b09-994f-ebc8fcdbce03 tempest-QosSpecsTestJSON-1449626731 tempest-QosSpecsTestJSON-1449626731-project-admin] Get associations for qos_spec id: da798ab1-4f21-4959-99da-cf48a8200ab8 {{(pid=106335) associations /opt/stack/cinder/cinder/api/contrib/qos_specs_manage.py:233}}
Jun 23 16:40:48.000960 dv-cinder-796950-7-smb devstack@c-api.service[106335]: INFO cinder.api.openstack.wsgi [None req-06ac32c2-bc0a-4b09-994f-ebc8fcdbce03 tempest-QosSpecsTestJSON-1449626731 tempest-QosSpecsTestJSON-1449626731-project-admin] http://10.222.0.97/volume/v3/83b1ab1e1b764ae2865e02fe9d65b61c/qos-specs/da798ab1-4f21-4959-99da-cf48a8200ab8/associations returned with HTTP 200
Jun 23 16:40:48.006732 dv-cinder-796950-7-smb devstack@c-api.service[106335]: [pid: 106335|app: 0|req: 169/354] 10.222.0.97 () {58 vars in 1370 bytes} [Wed Jun 23 16:40:47 2021] GET /volume/v3/83b1ab1e1b764ae2865e02fe9d65b61c/qos-specs/da798ab1-4f21-4959-99da-cf48a8200ab8/associations => generated 305 bytes in 40 msecs (HTTP/1.1 200) 7 headers in 285 bytes (1 switches on core 0)
Jun 23 16:40:48.006732 dv-cinder-796950-7-smb devstack@c-api.service[106335]: INFO cinder.api.openstack.wsgi [None req-06ac32c2-bc0a-4b09-994f-ebc8fcdbce03 tempest-QosSpecsTestJSON-1449626731 tempest-QosSpecsTestJSON-1449626731-project-admin] GET http://10.222.0.97/volume//
Jun 23 16:40:48.006732 dv-cinder-796950-7-smb devstack@c-api.service[106335]: DEBUG cinder.api.openstack.wsgi [None req-06ac32c2-bc0a-4b09-994f-ebc8fcdbce03 tempest-QosSpecsTestJSON-1449626731 tempest-QosSpecsTestJSON-1449626731-project-admin] Empty body provided in request {{(pid=106335) get_body /opt/stack/cinder/cinder/api/openstack/wsgi.py:713}}
Jun 23 16:40:48.006732 dv-cinder-796950-7-smb devstack@c-api.service[106335]: /usr/local/lib/python3.8/dist-packages/webob/acceptparse.py:1047: DeprecationWarning: The behavior of AcceptValidHeader.best_match is currently being maintained for backward compatibility, but it will be deprecated in the future, as it does not conform to the RFC.
Jun 23 16:40:48.006732 dv-cinder-796950-7-smb devstack@c-api.service[106335]: warnings.warn(
Jun 23 16:40:48.006732 dv-cinder-796950-7-smb devstack@c-api.service[106335]: DEBUG cinder.api.openstack.wsgi [None req-06ac32c2-bc0a-4b09-994f-ebc8fcdbce03 tempest-QosSpecsTestJSON-1449626731 tempest-QosSpecsTestJSON-1449626731-project-admin] Calling method 'all' {{(pid=106335) _process_stack /opt/stack/cinder/cinder/api/openstack/wsgi.py:866}}
Jun 23 16:40:48.007878 dv-cinder-796950-7-smb devstack@c-api.service[106335]: INFO cinder.api.openstack.wsgi [None req-06ac32c2-bc0a-4b09-994f-ebc8fcdbce03 tempest-QosSpecsTestJSON-1449626731 tempest-QosSpecsTestJSON-1449626731-project-admin] http://10.222.0.97/volume// returned with HTTP 300
