Jun 22 20:04:46.051953 dv-cinder-796950-5-smb devstack@n-api.service[107947]: DEBUG nova.compute.api [None req-30c24b72-8e2d-4f2e-8544-f965c1947d05 tempest-AttachVolumeNegativeTest-661958469 tempest-AttachVolumeNegativeTest-661958469-project] [instance: e920d7b4-4549-43d3-89fa-106b26796156] block_device_mapping [BlockDeviceMapping(attachment_id=,boot_index=0,connection_info=None,created_at=,delete_on_termination=True,deleted=,deleted_at=,destination_type='local',device_name=None,device_type='disk',disk_bus=None,guest_format=None,id=,image_id='04bd4201-a836-4e3c-93d5-e02a06396874',instance=,instance_uuid=,no_device=False,snapshot_id=None,source_type='image',tag=None,updated_at=,uuid=,volume_id=None,volume_size=None,volume_type=None)] {{(pid=107947) _bdm_validate_set_size_and_instance /opt/stack/nova/nova/compute/api.py:1687}}
Jun 22 20:04:46.256035 dv-cinder-796950-5-smb devstack@n-api.service[107947]: INFO nova.api.openstack.requestlog [None req-30c24b72-8e2d-4f2e-8544-f965c1947d05 tempest-AttachVolumeNegativeTest-661958469 tempest-AttachVolumeNegativeTest-661958469-project] 10.222.0.42 "POST /compute/v2.1/servers" status: 202 len: 380 microversion: 2.1 time: 1.711945
Jun 22 20:04:46.263190 dv-cinder-796950-5-smb devstack@n-api.service[107947]: [pid: 107947|app: 0|req: 4/16] 10.222.0.42 () {60 vars in 1147 bytes} [Tue Jun 22 20:04:44 2021] POST /compute/v2.1/servers => generated 380 bytes in 1720 msecs (HTTP/1.1 202) 10 headers in 451 bytes (1 switches on core 0)
Jun 22 20:04:46.268594 dv-cinder-796950-5-smb devstack@n-api.service[107947]: DEBUG nova.api.openstack.wsgi [None req-94c7da0f-c86a-453f-b1f1-1652341809fe tempest-AttachVolumeNegativeTest-661958469 tempest-AttachVolumeNegativeTest-661958469-project] Calling method '>' {{(pid=107947) _process_stack /opt/stack/nova/nova/api/openstack/wsgi.py:513}}
Jun 22 20:04:46.270713 dv-cinder-796950-5-smb devstack@n-api.service[107947]: DEBUG nova.compute.api [None req-94c7da0f-c86a-453f-b1f1-1652341809fe tempest-AttachVolumeNegativeTest-661958469 tempest-AttachVolumeNegativeTest-661958469-project] [instance: e920d7b4-4549-43d3-89fa-106b26796156] Fetching instance by UUID {{(pid=107947) get /opt/stack/nova/nova/compute/api.py:2795}}
Jun 22 20:04:46.496508 dv-cinder-796950-5-smb devstack@n-api.service[107947]: DEBUG nova.policy [None req-94c7da0f-c86a-453f-b1f1-1652341809fe tempest-AttachVolumeNegativeTest-661958469 tempest-AttachVolumeNegativeTest-661958469-project] Policy check for os_compute_api:os-extended-server-attributes failed with credentials {'is_admin': False, 'user_id': '8914b51a1b104a62afd6e57297d5ebcf', 'user_domain_id': 'default', 'system_scope': None, 'domain_id': None, 'project_id': 'c3b995342c3143ec8e18441c63948d67', 'project_domain_id': 'default', 'roles': ['member', 'reader'], 'is_admin_project': True, 'service_user_id': None, 'service_user_domain_id': None, 'service_project_id': None, 'service_project_domain_id': None, 'service_roles': []} {{(pid=107947) authorize /opt/stack/nova/nova/policy.py:199}}
Jun 22 20:04:46.499178 dv-cinder-796950-5-smb devstack@n-api.service[107947]: /opt/stack/nova/nova/db/sqlalchemy/api.py:2775: SAWarning: TypeDecorator SoftDeleteInteger() will not produce a cache key because the ``cache_ok`` flag is not set to True. Set this flag to True if this type object's state is safe to use in a cache key, or False to disable this warning.
Jun 22 20:04:46.499178 dv-cinder-796950-5-smb devstack@n-api.service[107947]: return _block_device_mapping_get_query(context).filter(
Jun 22 20:04:46.518797 dv-cinder-796950-5-smb devstack@n-api.service[107947]: INFO nova.api.openstack.requestlog [None req-94c7da0f-c86a-453f-b1f1-1652341809fe tempest-AttachVolumeNegativeTest-661958469 tempest-AttachVolumeNegativeTest-661958469-project] 10.222.0.42 "GET /compute/v2.1/servers/e920d7b4-4549-43d3-89fa-106b26796156" status: 200 len: 1217 microversion: 2.1 time: 0.253981
Jun 22 20:04:46.519857 dv-cinder-796950-5-smb devstack@n-api.service[107947]: [pid: 107947|app: 0|req: 5/17] 10.222.0.42 () {58 vars in 1236 bytes} [Tue Jun 22 20:04:46 2021] GET /compute/v2.1/servers/e920d7b4-4549-43d3-89fa-106b26796156 => generated 1217 bytes in 256 msecs (HTTP/1.1 200) 9 headers in 358 bytes (1 switches on core 0)
Jun 22 20:04:46.777734 dv-cinder-796950-5-smb devstack@n-api.service[107947]: DEBUG nova.api.openstack.wsgi [None req-237b5bfc-f49a-4522-a7fb-a7206c421e9b tempest-DeleteServersTestJSON-293425087 tempest-DeleteServersTestJSON-293425087-project] Calling method '>' {{(pid=107947) _process_stack /opt/stack/nova/nova/api/openstack/wsgi.py:513}}
Jun 22 20:04:46.778698 dv-cinder-796950-5-smb devstack@n-api.service[107947]: DEBUG nova.compute.api [None req-237b5bfc-f49a-4522-a7fb-a7206c421e9b tempest-DeleteServersTestJSON-293425087 tempest-DeleteServersTestJSON-293425087-project] [instance: 73f4bbe6-faae-483a-bb4a-35afb993a4ce] Fetching instance by UUID {{(pid=107947) get /opt/stack/nova/nova/compute/api.py:2795}}
Jun 22 20:04:46.883429 dv-cinder-796950-5-smb devstack@n-api.service[107948]: INFO nova.api.openstack.requestlog [None req-0f7eb1be-0baf-4bf9-85d9-d344c2b693a0 tempest-VolumesSnapshotsTestJSON-249734304 tempest-VolumesSnapshotsTestJSON-249734304-project] 10.222.0.42 "POST /compute/v2.1/os-snapshots" status: 200 len: 287 microversion: 2.1 time: 0.886252
Jun 22 20:04:46.884015 dv-cinder-796950-5-smb devstack@n-api.service[107948]: [pid: 107948|app: 0|req: 13/18] 10.222.0.42 () {60 vars in 1162 bytes} [Tue Jun 22 20:04:45 2021] POST /compute/v2.1/os-snapshots => generated 287 bytes in 888 msecs (HTTP/1.1 200) 9 headers in 357 bytes (1 switches on core 0)
Jun 22 20:04:46.894830 dv-cinder-796950-5-smb devstack@n-api.service[107948]: DEBUG nova.api.openstack.wsgi [None req-3ced0a55-f687-4cf3-92b4-a3932e9c2288 tempest-VolumesSnapshotsTestJSON-249734304 tempest-VolumesSnapshotsTestJSON-249734304-project] Calling method '.version_select at 0x7f45e218ef70>' {{(pid=107948) _process_stack /opt/stack/nova/nova/api/openstack/wsgi.py:513}}
Jun 22 20:04:46.966456 dv-cinder-796950-5-smb devstack@n-api.service[107947]: DEBUG nova.policy [None req-237b5bfc-f49a-4522-a7fb-a7206c421e9b tempest-DeleteServersTestJSON-293425087 tempest-DeleteServersTestJSON-293425087-project] Policy check for os_compute_api:os-extended-server-attributes failed with credentials {'is_admin': False, 'user_id': '54f205991500407fa7fa4f48bce8fa51', 'user_domain_id': 'default', 'system_scope': None, 'domain_id': None, 'project_id': '56629e146dda4faf8bbfe1c0ccc0da9e', 'project_domain_id': 'default', 'roles': ['member', 'reader'], 'is_admin_project': True, 'service_user_id': None, 'service_user_domain_id': None, 'service_project_id': None, 'service_project_domain_id': None, 'service_roles': []} {{(pid=107947) authorize /opt/stack/nova/nova/policy.py:199}}
Jun 22 20:04:46.981547 dv-cinder-796950-5-smb devstack@n-api.service[107947]: /opt/stack/nova/nova/db/sqlalchemy/api.py:2775: SAWarning: TypeDecorator SoftDeleteInteger() will not produce a cache key because the ``cache_ok`` flag is not set to True. Set this flag to True if this type object's state is safe to use in a cache key, or False to disable this warning.
Jun 22 20:04:46.981547 dv-cinder-796950-5-smb devstack@n-api.service[107947]: return _block_device_mapping_get_query(context).filter(
Jun 22 20:04:47.008355 dv-cinder-796950-5-smb devstack@n-api.service[107947]: INFO nova.api.openstack.requestlog [None req-237b5bfc-f49a-4522-a7fb-a7206c421e9b tempest-DeleteServersTestJSON-293425087 tempest-DeleteServersTestJSON-293425087-project] 10.222.0.42 "GET /compute/v2.1/servers/73f4bbe6-faae-483a-bb4a-35afb993a4ce" status: 200 len: 1214 microversion: 2.1 time: 0.237285
Jun 22 20:04:47.009143 dv-cinder-796950-5-smb devstack@n-api.service[107947]: [pid: 107947|app: 0|req: 6/19] 10.222.0.42 () {58 vars in 1236 bytes} [Tue Jun 22 20:04:46 2021] GET /compute/v2.1/servers/73f4bbe6-faae-483a-bb4a-35afb993a4ce => generated 1214 bytes in 239 msecs (HTTP/1.1 200) 9 headers in 358 bytes (2 switches on core 0)
Jun 22 20:04:47.051501 dv-cinder-796950-5-smb devstack@n-api.service[107948]: INFO nova.api.openstack.requestlog [None req-3ced0a55-f687-4cf3-92b4-a3932e9c2288 tempest-VolumesSnapshotsTestJSON-249734304 tempest-VolumesSnapshotsTestJSON-249734304-project] 10.222.0.42 "GET /compute/v2.1/os-snapshots/091797ad-ae0f-4939-9458-8528862a1666" status: 200 len: 287 microversion: 2.1 time: 0.161501
Jun 22 20:04:47.052327 dv-cinder-796950-5-smb devstack@n-api.service[107948]: [pid: 107948|app: 0|req: 14/20] 10.222.0.42 () {58 vars in 1251 bytes} [Tue Jun 22 20:04:46 2021] GET /compute/v2.1/os-snapshots/091797ad-ae0f-4939-9458-8528862a1666 => generated 287 bytes in 163 msecs (HTTP/1.1 200) 9 headers in 357 bytes (2 switches on core 0)
Jun 22 20:04:47.064067 dv-cinder-796950-5-smb devstack@n-api.service[107947]: DEBUG nova.api.openstack.wsgi [None req-a710d1c3-4ac2-4da8-922e-a59efddb0c27 tempest-VolumesSnapshotsTestJSON-249734304 tempest-VolumesSnapshotsTestJSON-249734304-project] Calling method '.version_select at 0x7f45e2194820>' {{(pid=107947) _process_stack /opt/stack/nova/nova/api/openstack/wsgi.py:513}}
Jun 22 20:04:47.119157 dv-cinder-796950-5-smb devstack@n-api.service[107947]: INFO nova.api.openstack.requestlog [None req-a710d1c3-4ac2-4da8-922e-a59efddb0c27 tempest-VolumesSnapshotsTestJSON-249734304 tempest-VolumesSnapshotsTestJSON-249734304-project] 10.222.0.42 "GET /compute/v2.1/os-snapshots" status: 200 len: 290 microversion: 2.1 time: 0.060688
Jun 22 20:04:47.119639 dv-cinder-796950-5-smb devstack@n-api.service[107947]: [pid: 107947|app: 0|req: 7/21] 10.222.0.42 () {58 vars in 1140 bytes} [Tue Jun 22 20:04:47 2021] GET /compute/v2.1/os-snapshots => generated 290 bytes in 62 msecs (HTTP/1.1 200) 9 headers in 357 bytes (2 switches on core 0)
Jun 22 20:04:47.130703 dv-cinder-796950-5-smb devstack@n-api.service[107948]: DEBUG nova.api.openstack.wsgi [None req-f6967925-1307-4766-bb77-df7c7dcbcf86 tempest-VolumesSnapshotsTestJSON-249734304 tempest-VolumesSnapshotsTestJSON-249734304-project] Calling method '.version_select at 0x7f45e218e700>' {{(pid=107948) _process_stack /opt/stack/nova/nova/api/openstack/wsgi.py:513}}
Jun 22 20:04:47.208981 dv-cinder-796950-5-smb devstack@n-api.service[107948]: INFO nova.api.openstack.requestlog [None req-f6967925-1307-4766-bb77-df7c7dcbcf86 tempest-VolumesSnapshotsTestJSON-249734304 tempest-VolumesSnapshotsTestJSON-249734304-project] 10.222.0.42 "GET /compute/v2.1/os-snapshots/091797ad-ae0f-4939-9458-8528862a1666" status: 200 len: 287 microversion: 2.1 time: 0.081922
Jun 22 20:04:47.211530 dv-cinder-796950-5-smb devstack@n-api.service[107948]: [pid: 107948|app: 0|req: 15/22] 10.222.0.42 () {58 vars in 1251 bytes} [Tue Jun 22 20:04:47 2021] GET /compute/v2.1/os-snapshots/091797ad-ae0f-4939-9458-8528862a1666 => generated 287 bytes in 86 msecs (HTTP/1.1 200) 9 headers in 357 bytes (1 switches on core 0)
Jun 22 20:04:47.539445 dv-cinder-796950-5-smb devstack@n-api.service[107947]: DEBUG nova.api.openstack.wsgi [None req-499e1cb5-d577-4df8-b716-3f2bb32e0c4d tempest-AttachVolumeNegativeTest-661958469 tempest-AttachVolumeNegativeTest-661958469-project] Calling method '>' {{(pid=107947) _process_stack /opt/stack/nova/nova/api/openstack/wsgi.py:513}}
Jun 22 20:04:47.540333 dv-cinder-796950-5-smb devstack@n-api.service[107947]: DEBUG nova.compute.api [None req-499e1cb5-d577-4df8-b716-3f2bb32e0c4d tempest-AttachVolumeNegativeTest-661958469 tempest-AttachVolumeNegativeTest-661958469-project] [instance: e920d7b4-4549-43d3-89fa-106b26796156] Fetching instance by UUID {{(pid=107947) get /opt/stack/nova/nova/compute/api.py:2795}}
Jun 22 20:04:47.645117 dv-cinder-796950-5-smb devstack@n-api.service[107947]: DEBUG nova.policy [None req-499e1cb5-d577-4df8-b716-3f2bb32e0c4d tempest-AttachVolumeNegativeTest-661958469 tempest-AttachVolumeNegativeTest-661958469-project] Policy check for os_compute_api:os-extended-server-attributes failed with credentials {'is_admin': False, 'user_id': '8914b51a1b104a62afd6e57297d5ebcf', 'user_domain_id': 'default', 'system_scope': None, 'domain_id': None, 'project_id': 'c3b995342c3143ec8e18441c63948d67', 'project_domain_id': 'default', 'roles': ['member', 'reader'], 'is_admin_project': True, 'service_user_id': None, 'service_user_domain_id': None, 'service_project_id': None, 'service_project_domain_id': None, 'service_roles': []} {{(pid=107947) authorize /opt/stack/nova/nova/policy.py:199}}
Jun 22 20:04:47.650675 dv-cinder-796950-5-smb devstack@n-api.service[107947]: /opt/stack/nova/nova/db/sqlalchemy/api.py:2775: SAWarning: TypeDecorator SoftDeleteInteger() will not produce a cache key because the ``cache_ok`` flag is not set to True. Set this flag to True if this type object's state is safe to use in a cache key, or False to disable this warning.
Jun 22 20:04:47.650675 dv-cinder-796950-5-smb devstack@n-api.service[107947]: return _block_device_mapping_get_query(context).filter(
Jun 22 20:04:47.659000 dv-cinder-796950-5-smb devstack@n-api.service[107947]: INFO nova.api.openstack.requestlog [None req-499e1cb5-d577-4df8-b716-3f2bb32e0c4d tempest-AttachVolumeNegativeTest-661958469 tempest-AttachVolumeNegativeTest-661958469-project] 10.222.0.42 "GET /compute/v2.1/servers/e920d7b4-4549-43d3-89fa-106b26796156" status: 200 len: 1217 microversion: 2.1 time: 0.124915
Jun 22 20:04:47.660488 dv-cinder-796950-5-smb devstack@n-api.service[107947]: [pid: 107947|app: 0|req: 8/23] 10.222.0.42 () {58 vars in 1236 bytes} [Tue Jun 22 20:04:47 2021] GET /compute/v2.1/servers/e920d7b4-4549-43d3-89fa-106b26796156 => generated 1217 bytes in 128 msecs (HTTP/1.1 200) 9 headers in 358 bytes (1 switches on core 0)
Jun 22 20:04:48.025089 dv-cinder-796950-5-smb devstack@n-api.service[107948]: DEBUG nova.api.openstack.wsgi [None req-e0192b5b-9ba4-4746-922a-a61aaef39431 tempest-DeleteServersTestJSON-293425087 tempest-DeleteServersTestJSON-293425087-project] Calling method '>' {{(pid=107948) _process_stack /opt/stack/nova/nova/api/openstack/wsgi.py:513}}
Jun 22 20:04:48.025700 dv-cinder-796950-5-smb devstack@n-api.service[107948]: DEBUG nova.compute.api [None req-e0192b5b-9ba4-4746-922a-a61aaef39431 tempest-DeleteServersTestJSON-293425087 tempest-DeleteServersTestJSON-293425087-project] [instance: 73f4bbe6-faae-483a-bb4a-35afb993a4ce] Fetching instance by UUID {{(pid=107948) get /opt/stack/nova/nova/compute/api.py:2795}}
Jun 22 20:04:48.225033 dv-cinder-796950-5-smb devstack@n-api.service[107947]: DEBUG nova.api.openstack.wsgi [None req-7ea5352d-013b-4fca-a40e-2abe946ca35b tempest-VolumesSnapshotsTestJSON-249734304 tempest-VolumesSnapshotsTestJSON-249734304-project] Calling method '.version_select at 0x7f45e2171f70>' {{(pid=107947) _process_stack /opt/stack/nova/nova/api/openstack/wsgi.py:513}}
Jun 22 20:04:48.243633 dv-cinder-796950-5-smb devstack@n-api.service[107948]: DEBUG nova.policy [None req-e0192b5b-9ba4-4746-922a-a61aaef39431 tempest-DeleteServersTestJSON-293425087 tempest-DeleteServersTestJSON-293425087-project] Policy check for os_compute_api:os-extended-server-attributes failed with credentials {'is_admin': False, 'user_id': '54f205991500407fa7fa4f48bce8fa51', 'user_domain_id': 'default', 'system_scope': None, 'domain_id': None, 'project_id': '56629e146dda4faf8bbfe1c0ccc0da9e', 'project_domain_id': 'default', 'roles': ['member', 'reader'], 'is_admin_project': True, 'service_user_id': None, 'service_user_domain_id': None, 'service_project_id': None, 'service_project_domain_id': None, 'service_roles': []} {{(pid=107948) authorize /opt/stack/nova/nova/policy.py:199}}
Jun 22 20:04:48.248419 dv-cinder-796950-5-smb devstack@n-api.service[107948]: /opt/stack/nova/nova/db/sqlalchemy/api.py:2775: SAWarning: TypeDecorator SoftDeleteInteger() will not produce a cache key because the ``cache_ok`` flag is not set to True. Set this flag to True if this type object's state is safe to use in a cache key, or False to disable this warning.
Jun 22 20:04:48.248419 dv-cinder-796950-5-smb devstack@n-api.service[107948]: return _block_device_mapping_get_query(context).filter(
Jun 22 20:04:48.256234 dv-cinder-796950-5-smb devstack@n-api.service[107948]: INFO nova.api.openstack.requestlog [None req-e0192b5b-9ba4-4746-922a-a61aaef39431 tempest-DeleteServersTestJSON-293425087 tempest-DeleteServersTestJSON-293425087-project] 10.222.0.42 "GET /compute/v2.1/servers/73f4bbe6-faae-483a-bb4a-35afb993a4ce" status: 200 len: 1214 microversion: 2.1 time: 0.234855
Jun 22 20:04:48.266131 dv-cinder-796950-5-smb devstack@n-api.service[107948]: [pid: 107948|app: 0|req: 16/24] 10.222.0.42 () {58 vars in 1236 bytes} [Tue Jun 22 20:04:48 2021] GET /compute/v2.1/servers/73f4bbe6-faae-483a-bb4a-35afb993a4ce => generated 1214 bytes in 245 msecs (HTTP/1.1 200) 9 headers in 358 bytes (1 switches on core 0)
Jun 22 20:04:48.275766 dv-cinder-796950-5-smb devstack@n-api.service[107947]: INFO nova.api.openstack.requestlog [None req-7ea5352d-013b-4fca-a40e-2abe946ca35b tempest-VolumesSnapshotsTestJSON-249734304 tempest-VolumesSnapshotsTestJSON-249734304-project] 10.222.0.42 "GET /compute/v2.1/os-snapshots/091797ad-ae0f-4939-9458-8528862a1666" status: 200 len: 288 microversion: 2.1 time: 0.054332
Jun 22 20:04:48.276622 dv-cinder-796950-5-smb devstack@n-api.service[107947]: [pid: 107947|app: 0|req: 9/25] 10.222.0.42 () {58 vars in 1251 bytes} [Tue Jun 22 20:04:48 2021] GET /compute/v2.1/os-snapshots/091797ad-ae0f-4939-9458-8528862a1666 => generated 288 bytes in 57 msecs (HTTP/1.1 200) 9 headers in 357 bytes (2 switches on core 0)
Jun 22 20:04:48.294994 dv-cinder-796950-5-smb devstack@n-api.service[107948]: DEBUG nova.api.openstack.wsgi [None req-29407a97-692e-4917-8c61-1589a87fb03e tempest-VolumesSnapshotsTestJSON-249734304 tempest-VolumesSnapshotsTestJSON-249734304-project] Calling method '.version_select at 0x7f45e218eb80>' {{(pid=107948) _process_stack /opt/stack/nova/nova/api/openstack/wsgi.py:513}}
Jun 22 20:04:48.446449 dv-cinder-796950-5-smb devstack@n-api.service[107948]: INFO nova.api.openstack.requestlog [None req-29407a97-692e-4917-8c61-1589a87fb03e tempest-VolumesSnapshotsTestJSON-249734304 tempest-VolumesSnapshotsTestJSON-249734304-project] 10.222.0.42 "DELETE /compute/v2.1/os-snapshots/091797ad-ae0f-4939-9458-8528862a1666" status: 202 len: 0 microversion: 2.1 time: 0.162042
Jun 22 20:04:48.447260 dv-cinder-796950-5-smb devstack@n-api.service[107948]: [pid: 107948|app: 0|req: 17/26] 10.222.0.42 () {58 vars in 1254 bytes} [Tue Jun 22 20:04:48 2021] DELETE /compute/v2.1/os-snapshots/091797ad-ae0f-4939-9458-8528862a1666 => generated 0 bytes in 165 msecs (HTTP/1.1 202) 9 headers in 361 bytes (1 switches on core 0)
Jun 22 20:04:48.457239 dv-cinder-796950-5-smb devstack@n-api.service[107947]: DEBUG nova.api.openstack.wsgi [None req-5d61d5af-c153-422a-b6bd-1e54c58770c3 tempest-VolumesSnapshotsTestJSON-249734304 tempest-VolumesSnapshotsTestJSON-249734304-project] Calling method '.version_select at 0x7f45e2194a60>' {{(pid=107947) _process_stack /opt/stack/nova/nova/api/openstack/wsgi.py:513}}
Jun 22 20:04:48.496860 dv-cinder-796950-5-smb devstack@n-api.service[107947]: INFO nova.api.openstack.requestlog [None req-5d61d5af-c153-422a-b6bd-1e54c58770c3 tempest-VolumesSnapshotsTestJSON-249734304 tempest-VolumesSnapshotsTestJSON-249734304-project] 10.222.0.42 "GET /compute/v2.1/os-snapshots/091797ad-ae0f-4939-9458-8528862a1666" status: 200 len: 287 microversion: 2.1 time: 0.043998
Jun 22 20:04:48.501545 dv-cinder-796950-5-smb devstack@n-api.service[107947]: [pid: 107947|app: 0|req: 10/27] 10.222.0.42 () {58 vars in 1251 bytes} [Tue Jun 22 20:04:48 2021] GET /compute/v2.1/os-snapshots/091797ad-ae0f-4939-9458-8528862a1666 => generated 287 bytes in 47 msecs (HTTP/1.1 200) 9 headers in 357 bytes (1 switches on core 0)
Jun 22 20:04:48.685784 dv-cinder-796950-5-smb devstack@n-api.service[107948]: DEBUG nova.api.openstack.wsgi [None req-add26d03-8755-4ad9-8e47-29b4d686325e tempest-AttachVolumeNegativeTest-661958469 tempest-AttachVolumeNegativeTest-661958469-project] Calling method '>' {{(pid=107948) _process_stack /opt/stack/nova/nova/api/openstack/wsgi.py:513}}
Jun 22 20:04:48.685784 dv-cinder-796950-5-smb devstack@n-api.service[107948]: DEBUG nova.compute.api [None req-add26d03-8755-4ad9-8e47-29b4d686325e tempest-AttachVolumeNegativeTest-661958469 tempest-AttachVolumeNegativeTest-661958469-project] [instance: e920d7b4-4549-43d3-89fa-106b26796156] Fetching instance by UUID {{(pid=107948) get /opt/stack/nova/nova/compute/api.py:2795}}
Jun 22 20:04:48.688120 dv-cinder-796950-5-smb devstack@n-api.service[107948]: DEBUG oslo_concurrency.lockutils [None req-add26d03-8755-4ad9-8e47-29b4d686325e tempest-AttachVolumeNegativeTest-661958469 tempest-AttachVolumeNegativeTest-661958469-project] Lock "a91cd435-de5f-4b5d-8221-71a2938336b9" acquired by "nova.context.set_target_cell..get_or_set_cached_cell_and_set_connections" :: waited 0.000s {{(pid=107948) inner /usr/local/lib/python3.8/dist-packages/oslo_concurrency/lockutils.py:355}}
Jun 22 20:04:48.688875 dv-cinder-796950-5-smb devstack@n-api.service[107948]: DEBUG oslo_concurrency.lockutils [None req-add26d03-8755-4ad9-8e47-29b4d686325e tempest-AttachVolumeNegativeTest-661958469 tempest-AttachVolumeNegativeTest-661958469-project] Lock "a91cd435-de5f-4b5d-8221-71a2938336b9" released by "nova.context.set_target_cell..get_or_set_cached_cell_and_set_connections" :: held 0.001s {{(pid=107948) inner /usr/local/lib/python3.8/dist-packages/oslo_concurrency/lockutils.py:367}}
Jun 22 20:04:48.690339 dv-cinder-796950-5-smb devstack@n-api.service[107948]: DEBUG oslo_concurrency.lockutils [None req-add26d03-8755-4ad9-8e47-29b4d686325e tempest-AttachVolumeNegativeTest-661958469 tempest-AttachVolumeNegativeTest-661958469-project] Lock "a91cd435-de5f-4b5d-8221-71a2938336b9" acquired by "nova.context.set_target_cell..get_or_set_cached_cell_and_set_connections" :: waited 0.000s {{(pid=107948) inner /usr/local/lib/python3.8/dist-packages/oslo_concurrency/lockutils.py:355}}
Jun 22 20:04:48.691601 dv-cinder-796950-5-smb devstack@n-api.service[107948]: DEBUG oslo_concurrency.lockutils [None req-add26d03-8755-4ad9-8e47-29b4d686325e tempest-AttachVolumeNegativeTest-661958469 tempest-AttachVolumeNegativeTest-661958469-project] Lock "a91cd435-de5f-4b5d-8221-71a2938336b9" released by "nova.context.set_target_cell..get_or_set_cached_cell_and_set_connections" :: held 0.001s {{(pid=107948) inner /usr/local/lib/python3.8/dist-packages/oslo_concurrency/lockutils.py:367}}
Jun 22 20:04:48.696363 dv-cinder-796950-5-smb devstack@n-api.service[107948]: /opt/stack/nova/nova/db/sqlalchemy/api.py:1217: SAWarning: TypeDecorator SoftDeleteInteger() will not produce a cache key because the ``cache_ok`` flag is not set to True. Set this flag to True if this type object's state is safe to use in a cache key, or False to disable this warning.
Jun 22 20:04:48.696363 dv-cinder-796950-5-smb devstack@n-api.service[107948]: result = _build_instance_get(context, columns_to_join=columns_to_join).\
Jun 22 20:04:48.881048 dv-cinder-796950-5-smb devstack@n-api.service[107948]: DEBUG nova.policy [None req-add26d03-8755-4ad9-8e47-29b4d686325e tempest-AttachVolumeNegativeTest-661958469 tempest-AttachVolumeNegativeTest-661958469-project] Policy check for os_compute_api:os-extended-server-attributes failed with credentials {'is_admin': False, 'user_id': '8914b51a1b104a62afd6e57297d5ebcf', 'user_domain_id': 'default', 'system_scope': None, 'domain_id': None, 'project_id': 'c3b995342c3143ec8e18441c63948d67', 'project_domain_id': 'default', 'roles': ['member', 'reader'], 'is_admin_project': True, 'service_user_id': None, 'service_user_domain_id': None, 'service_project_id': None, 'service_project_domain_id': None, 'service_roles': []} {{(pid=107948) authorize /opt/stack/nova/nova/policy.py:199}}
Jun 22 20:04:48.883821 dv-cinder-796950-5-smb devstack@n-api.service[107948]: /opt/stack/nova/nova/db/sqlalchemy/api.py:2775: SAWarning: TypeDecorator SoftDeleteInteger() will not produce a cache key because the ``cache_ok`` flag is not set to True. Set this flag to True if this type object's state is safe to use in a cache key, or False to disable this warning.
Jun 22 20:04:48.883821 dv-cinder-796950-5-smb devstack@n-api.service[107948]: return _block_device_mapping_get_query(context).filter(
Jun 22 20:04:48.899068 dv-cinder-796950-5-smb devstack@n-api.service[107948]: INFO nova.api.openstack.requestlog [None req-add26d03-8755-4ad9-8e47-29b4d686325e tempest-AttachVolumeNegativeTest-661958469 tempest-AttachVolumeNegativeTest-661958469-project] 10.222.0.42 "GET /compute/v2.1/servers/e920d7b4-4549-43d3-89fa-106b26796156" status: 200 len: 1221 microversion: 2.1 time: 0.226418
Jun 22 20:04:48.899714 dv-cinder-796950-5-smb devstack@n-api.service[107948]: [pid: 107948|app: 0|req: 18/28] 10.222.0.42 () {58 vars in 1236 bytes} [Tue Jun 22 20:04:48 2021] GET /compute/v2.1/servers/e920d7b4-4549-43d3-89fa-106b26796156 => generated 1221 bytes in 228 msecs (HTTP/1.1 200) 9 headers in 358 bytes (1 switches on core 0)
Jun 22 20:04:49.194802 dv-cinder-796950-5-smb devstack@n-api.service[107947]: DEBUG nova.api.openstack.wsgi [None req-171812b5-c95a-44c2-ac8c-f5dd709e9de8 tempest-VolumesTestJSON-2143701651 tempest-VolumesTestJSON-2143701651-project] Calling method '.version_select at 0x7f45e2181670>' {{(pid=107947) _process_stack /opt/stack/nova/nova/api/openstack/wsgi.py:513}}
Jun 22 20:04:49.273738 dv-cinder-796950-5-smb devstack@n-api.service[107948]: DEBUG nova.api.openstack.wsgi [None req-64c5d45f-a93b-4b96-858a-73939dc690e0 tempest-DeleteServersTestJSON-293425087 tempest-DeleteServersTestJSON-293425087-project] Calling method '>' {{(pid=107948) _process_stack /opt/stack/nova/nova/api/openstack/wsgi.py:513}}
Jun 22 20:04:49.274608 dv-cinder-796950-5-smb devstack@n-api.service[107948]: DEBUG nova.compute.api [None req-64c5d45f-a93b-4b96-858a-73939dc690e0 tempest-DeleteServersTestJSON-293425087 tempest-DeleteServersTestJSON-293425087-project] [instance: 73f4bbe6-faae-483a-bb4a-35afb993a4ce] Fetching instance by UUID {{(pid=107948) get /opt/stack/nova/nova/compute/api.py:2795}}
Jun 22 20:04:49.280895 dv-cinder-796950-5-smb devstack@n-api.service[107948]: DEBUG oslo_concurrency.lockutils [None req-64c5d45f-a93b-4b96-858a-73939dc690e0 tempest-DeleteServersTestJSON-293425087 tempest-DeleteServersTestJSON-293425087-project] Lock "a91cd435-de5f-4b5d-8221-71a2938336b9" acquired by "nova.context.set_target_cell..get_or_set_cached_cell_and_set_connections" :: waited 0.000s {{(pid=107948) inner /usr/local/lib/python3.8/dist-packages/oslo_concurrency/lockutils.py:355}}
Jun 22 20:04:49.281348 dv-cinder-796950-5-smb devstack@n-api.service[107948]: DEBUG oslo_concurrency.lockutils [None req-64c5d45f-a93b-4b96-858a-73939dc690e0 tempest-DeleteServersTestJSON-293425087 tempest-DeleteServersTestJSON-293425087-project] Lock "a91cd435-de5f-4b5d-8221-71a2938336b9" released by "nova.context.set_target_cell..get_or_set_cached_cell_and_set_connections" :: held 0.001s {{(pid=107948) inner /usr/local/lib/python3.8/dist-packages/oslo_concurrency/lockutils.py:367}}
Jun 22 20:04:49.282344 dv-cinder-796950-5-smb devstack@n-api.service[107948]: DEBUG oslo_concurrency.lockutils [None req-64c5d45f-a93b-4b96-858a-73939dc690e0 tempest-DeleteServersTestJSON-293425087 tempest-DeleteServersTestJSON-293425087-project] Lock "a91cd435-de5f-4b5d-8221-71a2938336b9" acquired by "nova.context.set_target_cell..get_or_set_cached_cell_and_set_connections" :: waited 0.000s {{(pid=107948) inner /usr/local/lib/python3.8/dist-packages/oslo_concurrency/lockutils.py:355}}
Jun 22 20:04:49.283083 dv-cinder-796950-5-smb devstack@n-api.service[107948]: DEBUG oslo_concurrency.lockutils [None req-64c5d45f-a93b-4b96-858a-73939dc690e0 tempest-DeleteServersTestJSON-293425087 tempest-DeleteServersTestJSON-293425087-project] Lock "a91cd435-de5f-4b5d-8221-71a2938336b9" released by "nova.context.set_target_cell..get_or_set_cached_cell_and_set_connections" :: held 0.001s {{(pid=107948) inner /usr/local/lib/python3.8/dist-packages/oslo_concurrency/lockutils.py:367}}
Jun 22 20:04:49.287295 dv-cinder-796950-5-smb devstack@n-api.service[107947]: INFO nova.api.openstack.requestlog [None req-171812b5-c95a-44c2-ac8c-f5dd709e9de8 tempest-VolumesTestJSON-2143701651 tempest-VolumesTestJSON-2143701651-project] 10.222.0.42 "GET /compute/v2.1/os-volumes/fb8658f3-0bda-434b-b86d-123d60d56356" status: 200 len: 350 microversion: 2.1 time: 0.097699
Jun 22 20:04:49.294043 dv-cinder-796950-5-smb devstack@n-api.service[107947]: [pid: 107947|app: 0|req: 11/29] 10.222.0.42 () {58 vars in 1245 bytes} [Tue Jun 22 20:04:49 2021] GET /compute/v2.1/os-volumes/fb8658f3-0bda-434b-b86d-123d60d56356 => generated 350 bytes in 99 msecs (HTTP/1.1 200) 9 headers in 357 bytes (1 switches on core 0)
Jun 22 20:04:49.294279 dv-cinder-796950-5-smb devstack@n-api.service[107948]: /opt/stack/nova/nova/db/sqlalchemy/api.py:1217: SAWarning: TypeDecorator SoftDeleteInteger() will not produce a cache key because the ``cache_ok`` flag is not set to True. Set this flag to True if this type object's state is safe to use in a cache key, or False to disable this warning.
Jun 22 20:04:49.294279 dv-cinder-796950-5-smb devstack@n-api.service[107948]: result = _build_instance_get(context, columns_to_join=columns_to_join).\
Jun 22 20:04:49.468480 dv-cinder-796950-5-smb devstack@n-api.service[107948]: DEBUG nova.policy [None req-64c5d45f-a93b-4b96-858a-73939dc690e0 tempest-DeleteServersTestJSON-293425087 tempest-DeleteServersTestJSON-293425087-project] Policy check for os_compute_api:os-extended-server-attributes failed with credentials {'is_admin': False, 'user_id': '54f205991500407fa7fa4f48bce8fa51', 'user_domain_id': 'default', 'system_scope': None, 'domain_id': None, 'project_id': '56629e146dda4faf8bbfe1c0ccc0da9e', 'project_domain_id': 'default', 'roles': ['member', 'reader'], 'is_admin_project': True, 'service_user_id': None, 'service_user_domain_id': None, 'service_project_id': None, 'service_project_domain_id': None, 'service_roles': []} {{(pid=107948) authorize /opt/stack/nova/nova/policy.py:199}}
Jun 22 20:04:49.471502 dv-cinder-796950-5-smb devstack@n-api.service[107948]: /opt/stack/nova/nova/db/sqlalchemy/api.py:2775: SAWarning: TypeDecorator SoftDeleteInteger() will not produce a cache key because the ``cache_ok`` flag is not set to True. Set this flag to True if this type object's state is safe to use in a cache key, or False to disable this warning.
Jun 22 20:04:49.471502 dv-cinder-796950-5-smb devstack@n-api.service[107948]: return _block_device_mapping_get_query(context).filter(
Jun 22 20:04:49.481147 dv-cinder-796950-5-smb devstack@n-api.service[107948]: INFO nova.api.openstack.requestlog [None req-64c5d45f-a93b-4b96-858a-73939dc690e0 tempest-DeleteServersTestJSON-293425087 tempest-DeleteServersTestJSON-293425087-project] 10.222.0.42 "GET /compute/v2.1/servers/73f4bbe6-faae-483a-bb4a-35afb993a4ce" status: 200 len: 1210 microversion: 2.1 time: 0.210996
Jun 22 20:04:49.481977 dv-cinder-796950-5-smb devstack@n-api.service[107948]: [pid: 107948|app: 0|req: 19/30] 10.222.0.42 () {58 vars in 1236 bytes} [Tue Jun 22 20:04:49 2021] GET /compute/v2.1/servers/73f4bbe6-faae-483a-bb4a-35afb993a4ce => generated 1210 bytes in 213 msecs (HTTP/1.1 200) 9 headers in 358 bytes (2 switches on core 0)
Jun 22 20:04:49.508479 dv-cinder-796950-5-smb devstack@n-api.service[107947]: DEBUG nova.api.openstack.wsgi [None req-6e55742e-7901-4f0d-a887-3ea950c311ab tempest-VolumesSnapshotsTestJSON-249734304 tempest-VolumesSnapshotsTestJSON-249734304-project] Calling method '.version_select at 0x7f45e21948b0>' {{(pid=107947) _process_stack /opt/stack/nova/nova/api/openstack/wsgi.py:513}}
Jun 22 20:04:49.701645 dv-cinder-796950-5-smb devstack@n-api.service[107947]: INFO nova.api.openstack.wsgi [None req-6e55742e-7901-4f0d-a887-3ea950c311ab tempest-VolumesSnapshotsTestJSON-249734304 tempest-VolumesSnapshotsTestJSON-249734304-project] HTTP exception thrown: Snapshot 091797ad-ae0f-4939-9458-8528862a1666 could not be found.
Jun 22 20:04:49.702252 dv-cinder-796950-5-smb devstack@n-api.service[107947]: DEBUG nova.api.openstack.wsgi [None req-6e55742e-7901-4f0d-a887-3ea950c311ab tempest-VolumesSnapshotsTestJSON-249734304 tempest-VolumesSnapshotsTestJSON-249734304-project] Returning 404 to user: Snapshot 091797ad-ae0f-4939-9458-8528862a1666 could not be found. {{(pid=107947) __call__ /opt/stack/nova/nova/api/openstack/wsgi.py:927}}
Jun 22 20:04:49.703089 dv-cinder-796950-5-smb devstack@n-api.service[107947]: INFO nova.api.openstack.requestlog [None req-6e55742e-7901-4f0d-a887-3ea950c311ab tempest-VolumesSnapshotsTestJSON-249734304 tempest-VolumesSnapshotsTestJSON-249734304-project] 10.222.0.42 "GET /compute/v2.1/os-snapshots/091797ad-ae0f-4939-9458-8528862a1666" status: 404 len: 111 microversion: 2.1 time: 0.198528
Jun 22 20:04:49.707007 dv-cinder-796950-5-smb devstack@n-api.service[107947]: [pid: 107947|app: 0|req: 12/31] 10.222.0.42 () {58 vars in 1251 bytes} [Tue Jun 22 20:04:49 2021] GET /compute/v2.1/os-snapshots/091797ad-ae0f-4939-9458-8528862a1666 => generated 111 bytes in 203 msecs (HTTP/1.1 404) 9 headers in 379 bytes (1 switches on core 0)
Jun 22 20:04:49.716166 dv-cinder-796950-5-smb devstack@n-api.service[107948]: DEBUG nova.api.openstack.wsgi [None req-a2e45832-ecca-40e7-8e91-aa6d67882876 tempest-VolumesSnapshotsTestJSON-249734304 tempest-VolumesSnapshotsTestJSON-249734304-project] Calling method '.version_select at 0x7f45e191b310>' {{(pid=107948) _process_stack /opt/stack/nova/nova/api/openstack/wsgi.py:513}}
Jun 22 20:04:49.916856 dv-cinder-796950-5-smb devstack@n-api.service[107947]: DEBUG nova.api.openstack.wsgi [None req-201403d1-1a8c-490f-b5c3-1b07386cc562 tempest-AttachVolumeNegativeTest-661958469 tempest-AttachVolumeNegativeTest-661958469-project] Calling method '>' {{(pid=107947) _process_stack /opt/stack/nova/nova/api/openstack/wsgi.py:513}}
Jun 22 20:04:49.918010 dv-cinder-796950-5-smb devstack@n-api.service[107947]: DEBUG nova.compute.api [None req-201403d1-1a8c-490f-b5c3-1b07386cc562 tempest-AttachVolumeNegativeTest-661958469 tempest-AttachVolumeNegativeTest-661958469-project] [instance: e920d7b4-4549-43d3-89fa-106b26796156] Fetching instance by UUID {{(pid=107947) get /opt/stack/nova/nova/compute/api.py:2795}}
Jun 22 20:04:49.945650 dv-cinder-796950-5-smb devstack@n-api.service[107947]: DEBUG oslo_concurrency.lockutils [None req-201403d1-1a8c-490f-b5c3-1b07386cc562 tempest-AttachVolumeNegativeTest-661958469 tempest-AttachVolumeNegativeTest-661958469-project] Lock "a91cd435-de5f-4b5d-8221-71a2938336b9" acquired by "nova.context.set_target_cell..get_or_set_cached_cell_and_set_connections" :: waited 0.000s {{(pid=107947) inner /usr/local/lib/python3.8/dist-packages/oslo_concurrency/lockutils.py:355}}
Jun 22 20:04:49.946616 dv-cinder-796950-5-smb devstack@n-api.service[107947]: DEBUG oslo_concurrency.lockutils [None req-201403d1-1a8c-490f-b5c3-1b07386cc562 tempest-AttachVolumeNegativeTest-661958469 tempest-AttachVolumeNegativeTest-661958469-project] Lock "a91cd435-de5f-4b5d-8221-71a2938336b9" released by "nova.context.set_target_cell..get_or_set_cached_cell_and_set_connections" :: held 0.001s {{(pid=107947) inner /usr/local/lib/python3.8/dist-packages/oslo_concurrency/lockutils.py:367}}
Jun 22 20:04:49.947445 dv-cinder-796950-5-smb devstack@n-api.service[107947]: DEBUG oslo_concurrency.lockutils [None req-201403d1-1a8c-490f-b5c3-1b07386cc562 tempest-AttachVolumeNegativeTest-661958469 tempest-AttachVolumeNegativeTest-661958469-project] Lock "a91cd435-de5f-4b5d-8221-71a2938336b9" acquired by "nova.context.set_target_cell..get_or_set_cached_cell_and_set_connections" :: waited 0.000s {{(pid=107947) inner /usr/local/lib/python3.8/dist-packages/oslo_concurrency/lockutils.py:355}}
Jun 22 20:04:49.948034 dv-cinder-796950-5-smb devstack@n-api.service[107947]: DEBUG oslo_concurrency.lockutils [None req-201403d1-1a8c-490f-b5c3-1b07386cc562 tempest-AttachVolumeNegativeTest-661958469 tempest-AttachVolumeNegativeTest-661958469-project] Lock "a91cd435-de5f-4b5d-8221-71a2938336b9" released by "nova.context.set_target_cell..get_or_set_cached_cell_and_set_connections" :: held 0.001s {{(pid=107947) inner /usr/local/lib/python3.8/dist-packages/oslo_concurrency/lockutils.py:367}}
Jun 22 20:04:49.951803 dv-cinder-796950-5-smb devstack@n-api.service[107947]: /opt/stack/nova/nova/db/sqlalchemy/api.py:1217: SAWarning: TypeDecorator SoftDeleteInteger() will not produce a cache key because the ``cache_ok`` flag is not set to True. Set this flag to True if this type object's state is safe to use in a cache key, or False to disable this warning.
Jun 22 20:04:49.951803 dv-cinder-796950-5-smb devstack@n-api.service[107947]: result = _build_instance_get(context, columns_to_join=columns_to_join).\
Jun 22 20:04:50.029737 dv-cinder-796950-5-smb devstack@n-api.service[107948]: INFO nova.api.openstack.requestlog [None req-a2e45832-ecca-40e7-8e91-aa6d67882876 tempest-VolumesSnapshotsTestJSON-249734304 tempest-VolumesSnapshotsTestJSON-249734304-project] 10.222.0.42 "DELETE /compute/v2.1/os-volumes/4eeb6b3a-618e-4c71-a6a4-1a19aad9df87" status: 202 len: 0 microversion: 2.1 time: 0.320509
Jun 22 20:04:50.030622 dv-cinder-796950-5-smb devstack@n-api.service[107948]: [pid: 107948|app: 0|req: 20/32] 10.222.0.42 () {58 vars in 1248 bytes} [Tue Jun 22 20:04:49 2021] DELETE /compute/v2.1/os-volumes/4eeb6b3a-618e-4c71-a6a4-1a19aad9df87 => generated 0 bytes in 323 msecs (HTTP/1.1 202) 9 headers in 361 bytes (1 switches on core 0)
Jun 22 20:04:50.045196 dv-cinder-796950-5-smb devstack@n-api.service[107948]: DEBUG nova.api.openstack.wsgi [None req-e578126c-1707-456a-9935-8b4a0035be3f tempest-VolumesSnapshotsTestJSON-249734304 tempest-VolumesSnapshotsTestJSON-249734304-project] Calling method '.version_select at 0x7f45e19044c0>' {{(pid=107948) _process_stack /opt/stack/nova/nova/api/openstack/wsgi.py:513}}
Jun 22 20:04:50.423821 dv-cinder-796950-5-smb devstack@n-api.service[107948]: INFO nova.api.openstack.requestlog [None req-e578126c-1707-456a-9935-8b4a0035be3f tempest-VolumesSnapshotsTestJSON-249734304 tempest-VolumesSnapshotsTestJSON-249734304-project] 10.222.0.42 "GET /compute/v2.1/os-volumes/4eeb6b3a-618e-4c71-a6a4-1a19aad9df87" status: 200 len: 344 microversion: 2.1 time: 0.387920
Jun 22 20:04:50.425027 dv-cinder-796950-5-smb devstack@n-api.service[107948]: [pid: 107948|app: 0|req: 21/33] 10.222.0.42 () {58 vars in 1245 bytes} [Tue Jun 22 20:04:50 2021] GET /compute/v2.1/os-volumes/4eeb6b3a-618e-4c71-a6a4-1a19aad9df87 => generated 344 bytes in 390 msecs (HTTP/1.1 200) 9 headers in 357 bytes (1 switches on core 0)
Jun 22 20:04:50.500097 dv-cinder-796950-5-smb devstack@n-api.service[107948]: DEBUG nova.api.openstack.wsgi [None req-93d3ceb7-015f-4e20-b7b3-0d29e7559225 tempest-DeleteServersTestJSON-293425087 tempest-DeleteServersTestJSON-293425087-project] Calling method '>' {{(pid=107948) _process_stack /opt/stack/nova/nova/api/openstack/wsgi.py:513}}
Jun 22 20:04:50.501059 dv-cinder-796950-5-smb devstack@n-api.service[107948]: DEBUG nova.compute.api [None req-93d3ceb7-015f-4e20-b7b3-0d29e7559225 tempest-DeleteServersTestJSON-293425087 tempest-DeleteServersTestJSON-293425087-project] [instance: 73f4bbe6-faae-483a-bb4a-35afb993a4ce] Fetching instance by UUID {{(pid=107948) get /opt/stack/nova/nova/compute/api.py:2795}}
Jun 22 20:04:50.518599 dv-cinder-796950-5-smb devstack@n-api.service[107948]: DEBUG oslo_concurrency.lockutils [None req-93d3ceb7-015f-4e20-b7b3-0d29e7559225 tempest-DeleteServersTestJSON-293425087 tempest-DeleteServersTestJSON-293425087-project] Lock "a91cd435-de5f-4b5d-8221-71a2938336b9" acquired by "nova.context.set_target_cell..get_or_set_cached_cell_and_set_connections" :: waited 0.000s {{(pid=107948) inner /usr/local/lib/python3.8/dist-packages/oslo_concurrency/lockutils.py:355}}
Jun 22 20:04:50.521191 dv-cinder-796950-5-smb devstack@n-api.service[107948]: DEBUG oslo_concurrency.lockutils [None req-93d3ceb7-015f-4e20-b7b3-0d29e7559225 tempest-DeleteServersTestJSON-293425087 tempest-DeleteServersTestJSON-293425087-project] Lock "a91cd435-de5f-4b5d-8221-71a2938336b9" released by "nova.context.set_target_cell..get_or_set_cached_cell_and_set_connections" :: held 0.004s {{(pid=107948) inner /usr/local/lib/python3.8/dist-packages/oslo_concurrency/lockutils.py:367}}
Jun 22 20:04:50.522816 dv-cinder-796950-5-smb devstack@n-api.service[107948]: DEBUG oslo_concurrency.lockutils [None req-93d3ceb7-015f-4e20-b7b3-0d29e7559225 tempest-DeleteServersTestJSON-293425087 tempest-DeleteServersTestJSON-293425087-project] Lock "a91cd435-de5f-4b5d-8221-71a2938336b9" acquired by "nova.context.set_target_cell..get_or_set_cached_cell_and_set_connections" :: waited 0.000s {{(pid=107948) inner /usr/local/lib/python3.8/dist-packages/oslo_concurrency/lockutils.py:355}}
Jun 22 20:04:50.524554 dv-cinder-796950-5-smb devstack@n-api.service[107948]: DEBUG oslo_concurrency.lockutils [None req-93d3ceb7-015f-4e20-b7b3-0d29e7559225 tempest-DeleteServersTestJSON-293425087 tempest-DeleteServersTestJSON-293425087-project] Lock "a91cd435-de5f-4b5d-8221-71a2938336b9" released by "nova.context.set_target_cell..get_or_set_cached_cell_and_set_connections" :: held 0.001s {{(pid=107948) inner /usr/local/lib/python3.8/dist-packages/oslo_concurrency/lockutils.py:367}}
Jun 22 20:04:50.528573 dv-cinder-796950-5-smb devstack@n-api.service[107948]: /opt/stack/nova/nova/db/sqlalchemy/api.py:1217: SAWarning: TypeDecorator SoftDeleteInteger() will not produce a cache key because the ``cache_ok`` flag is not set to True. Set this flag to True if this type object's state is safe to use in a cache key, or False to disable this warning.
Jun 22 20:04:50.528573 dv-cinder-796950-5-smb devstack@n-api.service[107948]: result = _build_instance_get(context, columns_to_join=columns_to_join).\
Jun 22 20:04:50.629810 dv-cinder-796950-5-smb devstack@n-api.service[107947]: DEBUG nova.policy [None req-201403d1-1a8c-490f-b5c3-1b07386cc562 tempest-AttachVolumeNegativeTest-661958469 tempest-AttachVolumeNegativeTest-661958469-project] Policy check for os_compute_api:os-extended-server-attributes failed with credentials {'is_admin': False, 'user_id': '8914b51a1b104a62afd6e57297d5ebcf', 'user_domain_id': 'default', 'system_scope': None, 'domain_id': None, 'project_id': 'c3b995342c3143ec8e18441c63948d67', 'project_domain_id': 'default', 'roles': ['member', 'reader'], 'is_admin_project': True, 'service_user_id': None, 'service_user_domain_id': None, 'service_project_id': None, 'service_project_domain_id': None, 'service_roles': []} {{(pid=107947) authorize /opt/stack/nova/nova/policy.py:199}}
Jun 22 20:04:50.633893 dv-cinder-796950-5-smb devstack@n-api.service[107947]: /opt/stack/nova/nova/db/sqlalchemy/api.py:2775: SAWarning: TypeDecorator SoftDeleteInteger() will not produce a cache key because the ``cache_ok`` flag is not set to True. Set this flag to True if this type object's state is safe to use in a cache key, or False to disable this warning.
Jun 22 20:04:50.633893 dv-cinder-796950-5-smb devstack@n-api.service[107947]: return _block_device_mapping_get_query(context).filter(
Jun 22 20:04:50.655712 dv-cinder-796950-5-smb devstack@n-api.service[107947]: INFO nova.api.openstack.requestlog [None req-201403d1-1a8c-490f-b5c3-1b07386cc562 tempest-AttachVolumeNegativeTest-661958469 tempest-AttachVolumeNegativeTest-661958469-project] 10.222.0.42 "GET /compute/v2.1/servers/e920d7b4-4549-43d3-89fa-106b26796156" status: 200 len: 1213 microversion: 2.1 time: 0.742794
Jun 22 20:04:50.658397 dv-cinder-796950-5-smb devstack@n-api.service[107947]: [pid: 107947|app: 0|req: 13/34] 10.222.0.42 () {58 vars in 1236 bytes} [Tue Jun 22 20:04:49 2021] GET /compute/v2.1/servers/e920d7b4-4549-43d3-89fa-106b26796156 => generated 1213 bytes in 746 msecs (HTTP/1.1 200) 9 headers in 358 bytes (1 switches on core 0)
Jun 22 20:04:50.743098 dv-cinder-796950-5-smb devstack@n-api.service[107948]: DEBUG nova.policy [None req-93d3ceb7-015f-4e20-b7b3-0d29e7559225 tempest-DeleteServersTestJSON-293425087 tempest-DeleteServersTestJSON-293425087-project] Policy check for os_compute_api:os-extended-server-attributes failed with credentials {'is_admin': False, 'user_id': '54f205991500407fa7fa4f48bce8fa51', 'user_domain_id': 'default', 'system_scope': None, 'domain_id': None, 'project_id': '56629e146dda4faf8bbfe1c0ccc0da9e', 'project_domain_id': 'default', 'roles': ['member', 'reader'], 'is_admin_project': True, 'service_user_id': None, 'service_user_domain_id': None, 'service_project_id': None, 'service_project_domain_id': None, 'service_roles': []} {{(pid=107948) authorize /opt/stack/nova/nova/policy.py:199}}
Jun 22 20:04:50.749119 dv-cinder-796950-5-smb devstack@n-api.service[107948]: /opt/stack/nova/nova/db/sqlalchemy/api.py:2775: SAWarning: TypeDecorator SoftDeleteInteger() will not produce a cache key because the ``cache_ok`` flag is not set to True. Set this flag to True if this type object's state is safe to use in a cache key, or False to disable this warning.
Jun 22 20:04:50.749119 dv-cinder-796950-5-smb devstack@n-api.service[107948]: return _block_device_mapping_get_query(context).filter(
Jun 22 20:04:50.773322 dv-cinder-796950-5-smb devstack@n-api.service[107948]: INFO nova.api.openstack.requestlog [None req-93d3ceb7-015f-4e20-b7b3-0d29e7559225 tempest-DeleteServersTestJSON-293425087 tempest-DeleteServersTestJSON-293425087-project] 10.222.0.42 "GET /compute/v2.1/servers/73f4bbe6-faae-483a-bb4a-35afb993a4ce" status: 200 len: 1274 microversion: 2.1 time: 0.276591
Jun 22 20:04:50.775216 dv-cinder-796950-5-smb devstack@n-api.service[107948]: [pid: 107948|app: 0|req: 22/35] 10.222.0.42 () {58 vars in 1236 bytes} [Tue Jun 22 20:04:50 2021] GET /compute/v2.1/servers/73f4bbe6-faae-483a-bb4a-35afb993a4ce => generated 1274 bytes in 280 msecs (HTTP/1.1 200) 9 headers in 358 bytes (1 switches on core 0)
Jun 22 20:04:51.439195 dv-cinder-796950-5-smb devstack@n-api.service[107947]: DEBUG nova.api.openstack.wsgi [None req-a1c7274c-d2d4-4cbe-8f55-bb13be03825f tempest-VolumesSnapshotsTestJSON-249734304 tempest-VolumesSnapshotsTestJSON-249734304-project] Calling method '.version_select at 0x7f45e190d550>' {{(pid=107947) _process_stack /opt/stack/nova/nova/api/openstack/wsgi.py:513}}
Jun 22 20:04:51.468901 dv-cinder-796950-5-smb devstack@n-api.service[107948]: DEBUG nova.api.openstack.wsgi [None req-f2315ba1-13bb-4a42-a73d-67f24f91bcf4 tempest-VolumesTestJSON-2143701651 tempest-VolumesTestJSON-2143701651-project] Calling method '.version_select at 0x7f45e1898940>' {{(pid=107948) _process_stack /opt/stack/nova/nova/api/openstack/wsgi.py:513}}
Jun 22 20:04:51.535583 dv-cinder-796950-5-smb devstack@n-api.service[107947]: INFO nova.api.openstack.wsgi [None req-a1c7274c-d2d4-4cbe-8f55-bb13be03825f tempest-VolumesSnapshotsTestJSON-249734304 tempest-VolumesSnapshotsTestJSON-249734304-project] HTTP exception thrown: Volume 4eeb6b3a-618e-4c71-a6a4-1a19aad9df87 could not be found.
Jun 22 20:04:51.535583 dv-cinder-796950-5-smb devstack@n-api.service[107947]: DEBUG nova.api.openstack.wsgi [None req-a1c7274c-d2d4-4cbe-8f55-bb13be03825f tempest-VolumesSnapshotsTestJSON-249734304 tempest-VolumesSnapshotsTestJSON-249734304-project] Returning 404 to user: Volume 4eeb6b3a-618e-4c71-a6a4-1a19aad9df87 could not be found. {{(pid=107947) __call__ /opt/stack/nova/nova/api/openstack/wsgi.py:927}}
Jun 22 20:04:51.535583 dv-cinder-796950-5-smb devstack@n-api.service[107947]: INFO nova.api.openstack.requestlog [None req-a1c7274c-d2d4-4cbe-8f55-bb13be03825f tempest-VolumesSnapshotsTestJSON-249734304 tempest-VolumesSnapshotsTestJSON-249734304-project] 10.222.0.42 "GET /compute/v2.1/os-volumes/4eeb6b3a-618e-4c71-a6a4-1a19aad9df87" status: 404 len: 109 microversion: 2.1 time: 0.100964
Jun 22 20:04:51.536324 dv-cinder-796950-5-smb devstack@n-api.service[107947]: [pid: 107947|app: 0|req: 14/36] 10.222.0.42 () {58 vars in 1245 bytes} [Tue Jun 22 20:04:51 2021] GET /compute/v2.1/os-volumes/4eeb6b3a-618e-4c71-a6a4-1a19aad9df87 => generated 109 bytes in 103 msecs (HTTP/1.1 404) 9 headers in 379 bytes (1 switches on core 0)
Jun 22 20:04:51.556743 dv-cinder-796950-5-smb devstack@n-api.service[107947]: DEBUG nova.api.openstack.wsgi [None req-374bbd04-5f66-4538-aad5-dfecd995c9e8 tempest-VolumesSnapshotsTestJSON-249734304 tempest-VolumesSnapshotsTestJSON-249734304-project] Calling method '.version_select at 0x7f45e189e4c0>' {{(pid=107947) _process_stack /opt/stack/nova/nova/api/openstack/wsgi.py:513}}
Jun 22 20:04:51.623654 dv-cinder-796950-5-smb devstack@n-api.service[107947]: INFO nova.api.openstack.wsgi [None req-374bbd04-5f66-4538-aad5-dfecd995c9e8 tempest-VolumesSnapshotsTestJSON-249734304 tempest-VolumesSnapshotsTestJSON-249734304-project] HTTP exception thrown: Volume 4eeb6b3a-618e-4c71-a6a4-1a19aad9df87 could not be found.
Jun 22 20:04:51.624324 dv-cinder-796950-5-smb devstack@n-api.service[107947]: DEBUG nova.api.openstack.wsgi [None req-374bbd04-5f66-4538-aad5-dfecd995c9e8 tempest-VolumesSnapshotsTestJSON-249734304 tempest-VolumesSnapshotsTestJSON-249734304-project] Returning 404 to user: Volume 4eeb6b3a-618e-4c71-a6a4-1a19aad9df87 could not be found. {{(pid=107947) __call__ /opt/stack/nova/nova/api/openstack/wsgi.py:927}}
Jun 22 20:04:51.625432 dv-cinder-796950-5-smb devstack@n-api.service[107947]: INFO nova.api.openstack.requestlog [None req-374bbd04-5f66-4538-aad5-dfecd995c9e8 tempest-VolumesSnapshotsTestJSON-249734304 tempest-VolumesSnapshotsTestJSON-249734304-project] 10.222.0.42 "DELETE /compute/v2.1/os-volumes/4eeb6b3a-618e-4c71-a6a4-1a19aad9df87" status: 404 len: 109 microversion: 2.1 time: 0.073104
Jun 22 20:04:51.626326 dv-cinder-796950-5-smb devstack@n-api.service[107947]: [pid: 107947|app: 0|req: 15/37] 10.222.0.42 () {58 vars in 1248 bytes} [Tue Jun 22 20:04:51 2021] DELETE /compute/v2.1/os-volumes/4eeb6b3a-618e-4c71-a6a4-1a19aad9df87 => generated 109 bytes in 75 msecs (HTTP/1.1 404) 9 headers in 379 bytes (1 switches on core 0)
