Jun 17 17:23:07.225103 dv-cinder-796889-1-iscsi devstack@c-api.service[100231]: INFO cinder.api.openstack.wsgi [None req-bf4f95ca-751f-44ab-b9f9-dabe1872c807 tempest-GroupsV314Test-1873056726 tempest-GroupsV314Test-1873056726-project] GET http://10.222.0.10/volume/v3/5edf64ac30794393a6de74fd9fc567ce/volumes/7a3587c0-a15d-4b3f-9b0f-09090d404d94
Jun 17 17:23:07.230483 dv-cinder-796889-1-iscsi devstack@c-api.service[100231]: DEBUG cinder.api.openstack.wsgi [None req-bf4f95ca-751f-44ab-b9f9-dabe1872c807 tempest-GroupsV314Test-1873056726 tempest-GroupsV314Test-1873056726-project] Empty body provided in request {{(pid=100231) get_body /opt/stack/cinder/cinder/api/openstack/wsgi.py:713}}
Jun 17 17:23:07.230483 dv-cinder-796889-1-iscsi devstack@c-api.service[100231]: /usr/local/lib/python3.8/dist-packages/webob/acceptparse.py:1047: DeprecationWarning: The behavior of AcceptValidHeader.best_match is currently being maintained for backward compatibility, but it will be deprecated in the future, as it does not conform to the RFC.
Jun 17 17:23:07.230483 dv-cinder-796889-1-iscsi devstack@c-api.service[100231]: warnings.warn(
Jun 17 17:23:07.230483 dv-cinder-796889-1-iscsi devstack@c-api.service[100231]: DEBUG cinder.api.openstack.wsgi [None req-bf4f95ca-751f-44ab-b9f9-dabe1872c807 tempest-GroupsV314Test-1873056726 tempest-GroupsV314Test-1873056726-project] Calling method 'show' {{(pid=100231) _process_stack /opt/stack/cinder/cinder/api/openstack/wsgi.py:866}}
Jun 17 17:23:07.239823 dv-cinder-796889-1-iscsi devstack@c-api.service[100231]: /usr/local/lib/python3.8/dist-packages/oslo_context/context.py:105: DeprecationWarning: Policy enforcement is depending on the value of is_admin. This key is deprecated. Please update your policy file to use the standard policy values.
Jun 17 17:23:07.239823 dv-cinder-796889-1-iscsi devstack@c-api.service[100231]: warnings.warn('Policy enforcement is depending on the value of '
Jun 17 17:23:07.247423 dv-cinder-796889-1-iscsi devstack@c-api.service[100231]: INFO cinder.volume.api [None req-bf4f95ca-751f-44ab-b9f9-dabe1872c807 tempest-GroupsV314Test-1873056726 tempest-GroupsV314Test-1873056726-project] Volume info retrieved successfully.
Jun 17 17:23:07.254378 dv-cinder-796889-1-iscsi devstack@c-api.service[100231]: WARNING stevedore.named [None req-bf4f95ca-751f-44ab-b9f9-dabe1872c807 tempest-GroupsV314Test-1873056726 tempest-GroupsV314Test-1873056726-project] Could not load cinder.keymgr.conf_key_mgr.ConfKeyManager
Jun 17 17:23:07.254777 dv-cinder-796889-1-iscsi devstack@c-api.service[100231]: WARNING castellan.key_manager [None req-bf4f95ca-751f-44ab-b9f9-dabe1872c807 tempest-GroupsV314Test-1873056726 tempest-GroupsV314Test-1873056726-project] Deprecation Warning : cinder.keymgr.conf_key_mgr.ConfKeyManager is not a stevedore based driver, trying to load it as a class: stevedore.exception.NoMatches: No 'castellan.drivers' driver found, looking for 'cinder.keymgr.conf_key_mgr.ConfKeyManager'
Jun 17 17:23:07.257533 dv-cinder-796889-1-iscsi devstack@c-api.service[100230]: INFO cinder.volume.api [None req-c7a0cfa0-eba6-4748-8ed8-874470b2786d tempest-VolumeSnapshotQuotasNegativeTestJSON-744938639 tempest-VolumeSnapshotQuotasNegativeTestJSON-744938639-project] Snapshot create request issued successfully.
Jun 17 17:23:07.258224 dv-cinder-796889-1-iscsi devstack@c-api.service[100230]: INFO cinder.api.openstack.wsgi [None req-c7a0cfa0-eba6-4748-8ed8-874470b2786d tempest-VolumeSnapshotQuotasNegativeTestJSON-744938639 tempest-VolumeSnapshotQuotasNegativeTestJSON-744938639-project] http://10.222.0.10/volume/v3/f73c5dd1091445c68f5cbc16e0dea336/snapshots returned with HTTP 202
Jun 17 17:23:07.259026 dv-cinder-796889-1-iscsi devstack@c-api.service[100230]: [pid: 100230|app: 0|req: 151/287] 10.222.0.10 () {60 vars in 1242 bytes} [Thu Jun 17 17:23:06 2021] POST /volume/v3/f73c5dd1091445c68f5cbc16e0dea336/snapshots => generated 323 bytes in 712 msecs (HTTP/1.1 202) 7 headers in 291 bytes (1 switches on core 0)
Jun 17 17:23:07.264916 dv-cinder-796889-1-iscsi devstack@c-api.service[100231]: DEBUG oslo_db.sqlalchemy.engines [None req-bf4f95ca-751f-44ab-b9f9-dabe1872c807 tempest-GroupsV314Test-1873056726 tempest-GroupsV314Test-1873056726-project] MySQL server mode set to STRICT_TRANS_TABLES,STRICT_ALL_TABLES,NO_ZERO_IN_DATE,NO_ZERO_DATE,ERROR_FOR_DIVISION_BY_ZERO,TRADITIONAL,NO_ENGINE_SUBSTITUTION {{(pid=100231) _check_effective_sql_mode /usr/local/lib/python3.8/dist-packages/oslo_db/sqlalchemy/engines.py:314}}
Jun 17 17:23:07.269261 dv-cinder-796889-1-iscsi devstack@c-api.service[100230]: INFO cinder.api.openstack.wsgi [None req-08ee5b3e-9a9f-4ae7-8ef0-0aa7f41ae651 tempest-VolumesActionsTest-564744366 tempest-VolumesActionsTest-564744366-project] GET http://10.222.0.10/volume/v3/2fd89311d050451a9a10b601db125941/volumes/443612b3-7cc6-4130-b99e-dbd563023e69
Jun 17 17:23:07.269778 dv-cinder-796889-1-iscsi devstack@c-api.service[100230]: DEBUG cinder.api.openstack.wsgi [None req-08ee5b3e-9a9f-4ae7-8ef0-0aa7f41ae651 tempest-VolumesActionsTest-564744366 tempest-VolumesActionsTest-564744366-project] Empty body provided in request {{(pid=100230) get_body /opt/stack/cinder/cinder/api/openstack/wsgi.py:713}}
Jun 17 17:23:07.269962 dv-cinder-796889-1-iscsi devstack@c-api.service[100230]: /usr/local/lib/python3.8/dist-packages/webob/acceptparse.py:1047: DeprecationWarning: The behavior of AcceptValidHeader.best_match is currently being maintained for backward compatibility, but it will be deprecated in the future, as it does not conform to the RFC.
Jun 17 17:23:07.269962 dv-cinder-796889-1-iscsi devstack@c-api.service[100230]: warnings.warn(
Jun 17 17:23:07.270296 dv-cinder-796889-1-iscsi devstack@c-api.service[100230]: DEBUG cinder.api.openstack.wsgi [None req-08ee5b3e-9a9f-4ae7-8ef0-0aa7f41ae651 tempest-VolumesActionsTest-564744366 tempest-VolumesActionsTest-564744366-project] Calling method 'show' {{(pid=100230) _process_stack /opt/stack/cinder/cinder/api/openstack/wsgi.py:866}}
Jun 17 17:23:07.273247 dv-cinder-796889-1-iscsi devstack@c-api.service[100231]: /usr/local/lib/python3.8/dist-packages/oslo_context/context.py:105: DeprecationWarning: Policy enforcement is depending on the value of is_admin. This key is deprecated. Please update your policy file to use the standard policy values.
Jun 17 17:23:07.273247 dv-cinder-796889-1-iscsi devstack@c-api.service[100231]: warnings.warn('Policy enforcement is depending on the value of '
Jun 17 17:23:07.289155 dv-cinder-796889-1-iscsi devstack@c-api.service[100231]: INFO cinder.api.openstack.wsgi [None req-bf4f95ca-751f-44ab-b9f9-dabe1872c807 tempest-GroupsV314Test-1873056726 tempest-GroupsV314Test-1873056726-project] http://10.222.0.10/volume/v3/5edf64ac30794393a6de74fd9fc567ce/volumes/7a3587c0-a15d-4b3f-9b0f-09090d404d94 returned with HTTP 200
Jun 17 17:23:07.289943 dv-cinder-796889-1-iscsi devstack@c-api.service[100230]: /usr/local/lib/python3.8/dist-packages/oslo_context/context.py:105: DeprecationWarning: Policy enforcement is depending on the value of is_admin. This key is deprecated. Please update your policy file to use the standard policy values.
Jun 17 17:23:07.289943 dv-cinder-796889-1-iscsi devstack@c-api.service[100230]: warnings.warn('Policy enforcement is depending on the value of '
Jun 17 17:23:07.290147 dv-cinder-796889-1-iscsi devstack@c-api.service[100231]: [pid: 100231|app: 0|req: 137/288] 10.222.0.10 () {60 vars in 1366 bytes} [Thu Jun 17 17:23:07 2021] GET /volume/v3/5edf64ac30794393a6de74fd9fc567ce/volumes/7a3587c0-a15d-4b3f-9b0f-09090d404d94 => generated 987 bytes in 68 msecs (HTTP/1.1 200) 7 headers in 286 bytes (1 switches on core 0)
Jun 17 17:23:07.294430 dv-cinder-796889-1-iscsi devstack@c-api.service[100231]: INFO cinder.api.openstack.wsgi [None req-8547e6f9-7708-4643-9984-b4022ec6f8df tempest-SnapshotMetadataTestJSON-1158112729 tempest-SnapshotMetadataTestJSON-1158112729-project] GET http://10.222.0.10/volume/v3/026b697aa8394d128280ae2e3df0bcbd/volumes/d7db146a-ce66-4eb9-820c-3f4a7ae31efb
Jun 17 17:23:07.294884 dv-cinder-796889-1-iscsi devstack@c-api.service[100231]: DEBUG cinder.api.openstack.wsgi [None req-8547e6f9-7708-4643-9984-b4022ec6f8df tempest-SnapshotMetadataTestJSON-1158112729 tempest-SnapshotMetadataTestJSON-1158112729-project] Empty body provided in request {{(pid=100231) get_body /opt/stack/cinder/cinder/api/openstack/wsgi.py:713}}
Jun 17 17:23:07.295052 dv-cinder-796889-1-iscsi devstack@c-api.service[100231]: /usr/local/lib/python3.8/dist-packages/webob/acceptparse.py:1047: DeprecationWarning: The behavior of AcceptValidHeader.best_match is currently being maintained for backward compatibility, but it will be deprecated in the future, as it does not conform to the RFC.
Jun 17 17:23:07.295052 dv-cinder-796889-1-iscsi devstack@c-api.service[100231]: warnings.warn(
Jun 17 17:23:07.295370 dv-cinder-796889-1-iscsi devstack@c-api.service[100231]: DEBUG cinder.api.openstack.wsgi [None req-8547e6f9-7708-4643-9984-b4022ec6f8df tempest-SnapshotMetadataTestJSON-1158112729 tempest-SnapshotMetadataTestJSON-1158112729-project] Calling method 'show' {{(pid=100231) _process_stack /opt/stack/cinder/cinder/api/openstack/wsgi.py:866}}
Jun 17 17:23:07.298683 dv-cinder-796889-1-iscsi devstack@c-api.service[100230]: INFO cinder.volume.api [None req-08ee5b3e-9a9f-4ae7-8ef0-0aa7f41ae651 tempest-VolumesActionsTest-564744366 tempest-VolumesActionsTest-564744366-project] Volume info retrieved successfully.
Jun 17 17:23:07.309369 dv-cinder-796889-1-iscsi devstack@c-api.service[100231]: /usr/local/lib/python3.8/dist-packages/oslo_context/context.py:105: DeprecationWarning: Policy enforcement is depending on the value of is_admin. This key is deprecated. Please update your policy file to use the standard policy values.
Jun 17 17:23:07.309369 dv-cinder-796889-1-iscsi devstack@c-api.service[100231]: warnings.warn('Policy enforcement is depending on the value of '
Jun 17 17:23:07.314236 dv-cinder-796889-1-iscsi devstack@c-api.service[100230]: INFO cinder.api.openstack.wsgi [None req-08ee5b3e-9a9f-4ae7-8ef0-0aa7f41ae651 tempest-VolumesActionsTest-564744366 tempest-VolumesActionsTest-564744366-project] http://10.222.0.10/volume/v3/2fd89311d050451a9a10b601db125941/volumes/443612b3-7cc6-4130-b99e-dbd563023e69 returned with HTTP 200
Jun 17 17:23:07.314981 dv-cinder-796889-1-iscsi devstack@c-api.service[100230]: [pid: 100230|app: 0|req: 152/289] 10.222.0.10 () {58 vars in 1325 bytes} [Thu Jun 17 17:23:07 2021] GET /volume/v3/2fd89311d050451a9a10b601db125941/volumes/443612b3-7cc6-4130-b99e-dbd563023e69 => generated 909 bytes in 55 msecs (HTTP/1.1 200) 7 headers in 285 bytes (1 switches on core 0)
Jun 17 17:23:07.317116 dv-cinder-796889-1-iscsi devstack@c-api.service[100231]: INFO cinder.volume.api [None req-8547e6f9-7708-4643-9984-b4022ec6f8df tempest-SnapshotMetadataTestJSON-1158112729 tempest-SnapshotMetadataTestJSON-1158112729-project] Volume info retrieved successfully.
Jun 17 17:23:07.326717 dv-cinder-796889-1-iscsi devstack@c-api.service[100230]: INFO cinder.api.openstack.wsgi [None req-1262e329-4a1a-4776-a904-d2611b22a58a tempest-VolumeSnapshotQuotasNegativeTestJSON-744938639 tempest-VolumeSnapshotQuotasNegativeTestJSON-744938639-project] GET http://10.222.0.10/volume/v3/f73c5dd1091445c68f5cbc16e0dea336/snapshots/a206cab8-1498-4ea2-9c2e-a9946094500d
Jun 17 17:23:07.328318 dv-cinder-796889-1-iscsi devstack@c-api.service[100230]: DEBUG cinder.api.openstack.wsgi [None req-1262e329-4a1a-4776-a904-d2611b22a58a tempest-VolumeSnapshotQuotasNegativeTestJSON-744938639 tempest-VolumeSnapshotQuotasNegativeTestJSON-744938639-project] Empty body provided in request {{(pid=100230) get_body /opt/stack/cinder/cinder/api/openstack/wsgi.py:713}}
Jun 17 17:23:07.328318 dv-cinder-796889-1-iscsi devstack@c-api.service[100230]: /usr/local/lib/python3.8/dist-packages/webob/acceptparse.py:1047: DeprecationWarning: The behavior of AcceptValidHeader.best_match is currently being maintained for backward compatibility, but it will be deprecated in the future, as it does not conform to the RFC.
Jun 17 17:23:07.328318 dv-cinder-796889-1-iscsi devstack@c-api.service[100230]: warnings.warn(
Jun 17 17:23:07.328318 dv-cinder-796889-1-iscsi devstack@c-api.service[100230]: DEBUG cinder.api.openstack.wsgi [None req-1262e329-4a1a-4776-a904-d2611b22a58a tempest-VolumeSnapshotQuotasNegativeTestJSON-744938639 tempest-VolumeSnapshotQuotasNegativeTestJSON-744938639-project] Calling method 'show' {{(pid=100230) _process_stack /opt/stack/cinder/cinder/api/openstack/wsgi.py:866}}
Jun 17 17:23:07.333008 dv-cinder-796889-1-iscsi devstack@c-api.service[100231]: INFO cinder.api.openstack.wsgi [None req-8547e6f9-7708-4643-9984-b4022ec6f8df tempest-SnapshotMetadataTestJSON-1158112729 tempest-SnapshotMetadataTestJSON-1158112729-project] http://10.222.0.10/volume/v3/026b697aa8394d128280ae2e3df0bcbd/volumes/d7db146a-ce66-4eb9-820c-3f4a7ae31efb returned with HTTP 200
Jun 17 17:23:07.333930 dv-cinder-796889-1-iscsi devstack@c-api.service[100231]: [pid: 100231|app: 0|req: 138/290] 10.222.0.10 () {58 vars in 1325 bytes} [Thu Jun 17 17:23:07 2021] GET /volume/v3/026b697aa8394d128280ae2e3df0bcbd/volumes/d7db146a-ce66-4eb9-820c-3f4a7ae31efb => generated 915 bytes in 43 msecs (HTTP/1.1 200) 7 headers in 285 bytes (1 switches on core 0)
Jun 17 17:23:07.339346 dv-cinder-796889-1-iscsi devstack@c-api.service[100230]: /usr/local/lib/python3.8/dist-packages/oslo_context/context.py:105: DeprecationWarning: Policy enforcement is depending on the value of is_admin. This key is deprecated. Please update your policy file to use the standard policy values.
Jun 17 17:23:07.339346 dv-cinder-796889-1-iscsi devstack@c-api.service[100230]: warnings.warn('Policy enforcement is depending on the value of '
Jun 17 17:23:07.340662 dv-cinder-796889-1-iscsi devstack@c-api.service[100230]: INFO cinder.volume.api [None req-1262e329-4a1a-4776-a904-d2611b22a58a tempest-VolumeSnapshotQuotasNegativeTestJSON-744938639 tempest-VolumeSnapshotQuotasNegativeTestJSON-744938639-project] Snapshot retrieved successfully.
Jun 17 17:23:07.342539 dv-cinder-796889-1-iscsi devstack@c-api.service[100230]: INFO cinder.api.openstack.wsgi [None req-1262e329-4a1a-4776-a904-d2611b22a58a tempest-VolumeSnapshotQuotasNegativeTestJSON-744938639 tempest-VolumeSnapshotQuotasNegativeTestJSON-744938639-project] http://10.222.0.10/volume/v3/f73c5dd1091445c68f5cbc16e0dea336/snapshots/a206cab8-1498-4ea2-9c2e-a9946094500d returned with HTTP 200
Jun 17 17:23:07.343289 dv-cinder-796889-1-iscsi devstack@c-api.service[100230]: [pid: 100230|app: 0|req: 153/291] 10.222.0.10 () {58 vars in 1331 bytes} [Thu Jun 17 17:23:07 2021] GET /volume/v3/f73c5dd1091445c68f5cbc16e0dea336/snapshots/a206cab8-1498-4ea2-9c2e-a9946094500d => generated 455 bytes in 28 msecs (HTTP/1.1 200) 7 headers in 285 bytes (1 switches on core 0)
Jun 17 17:23:07.561676 dv-cinder-796889-1-iscsi devstack@c-api.service[100231]: INFO cinder.api.openstack.wsgi [None req-9bae6be7-04ec-4689-a107-ac631652c4c2 tempest-DeleteServersTestJSON-65044579 tempest-DeleteServersTestJSON-65044579-project] GET http://10.222.0.10/volume/v3/72fd3eb2922642c8843740d7fe355061/volumes/8d2cb12d-b20e-4ce2-8c63-388e0535c0c0
Jun 17 17:23:07.562163 dv-cinder-796889-1-iscsi devstack@c-api.service[100231]: DEBUG cinder.api.openstack.wsgi [None req-9bae6be7-04ec-4689-a107-ac631652c4c2 tempest-DeleteServersTestJSON-65044579 tempest-DeleteServersTestJSON-65044579-project] Empty body provided in request {{(pid=100231) get_body /opt/stack/cinder/cinder/api/openstack/wsgi.py:713}}
Jun 17 17:23:07.562335 dv-cinder-796889-1-iscsi devstack@c-api.service[100231]: /usr/local/lib/python3.8/dist-packages/webob/acceptparse.py:1047: DeprecationWarning: The behavior of AcceptValidHeader.best_match is currently being maintained for backward compatibility, but it will be deprecated in the future, as it does not conform to the RFC.
Jun 17 17:23:07.562335 dv-cinder-796889-1-iscsi devstack@c-api.service[100231]: warnings.warn(
Jun 17 17:23:07.562656 dv-cinder-796889-1-iscsi devstack@c-api.service[100231]: DEBUG cinder.api.openstack.wsgi [None req-9bae6be7-04ec-4689-a107-ac631652c4c2 tempest-DeleteServersTestJSON-65044579 tempest-DeleteServersTestJSON-65044579-project] Calling method 'show' {{(pid=100231) _process_stack /opt/stack/cinder/cinder/api/openstack/wsgi.py:866}}
Jun 17 17:23:07.576171 dv-cinder-796889-1-iscsi devstack@c-api.service[100231]: /usr/local/lib/python3.8/dist-packages/oslo_context/context.py:105: DeprecationWarning: Policy enforcement is depending on the value of is_admin. This key is deprecated. Please update your policy file to use the standard policy values.
Jun 17 17:23:07.576171 dv-cinder-796889-1-iscsi devstack@c-api.service[100231]: warnings.warn('Policy enforcement is depending on the value of '
Jun 17 17:23:07.588529 dv-cinder-796889-1-iscsi devstack@c-api.service[100231]: INFO cinder.volume.api [None req-9bae6be7-04ec-4689-a107-ac631652c4c2 tempest-DeleteServersTestJSON-65044579 tempest-DeleteServersTestJSON-65044579-project] Volume info retrieved successfully.
Jun 17 17:23:07.594527 dv-cinder-796889-1-iscsi devstack@c-api.service[100231]: /usr/local/lib/python3.8/dist-packages/oslo_context/context.py:105: DeprecationWarning: Policy enforcement is depending on the value of is_admin. This key is deprecated. Please update your policy file to use the standard policy values.
Jun 17 17:23:07.594527 dv-cinder-796889-1-iscsi devstack@c-api.service[100231]: warnings.warn('Policy enforcement is depending on the value of '
Jun 17 17:23:07.601930 dv-cinder-796889-1-iscsi devstack@c-api.service[100231]: INFO cinder.api.openstack.wsgi [None req-9bae6be7-04ec-4689-a107-ac631652c4c2 tempest-DeleteServersTestJSON-65044579 tempest-DeleteServersTestJSON-65044579-project] http://10.222.0.10/volume/v3/72fd3eb2922642c8843740d7fe355061/volumes/8d2cb12d-b20e-4ce2-8c63-388e0535c0c0 returned with HTTP 200
Jun 17 17:23:07.602676 dv-cinder-796889-1-iscsi devstack@c-api.service[100231]: [pid: 100231|app: 0|req: 139/292] 10.222.0.10 () {58 vars in 1325 bytes} [Thu Jun 17 17:23:07 2021] GET /volume/v3/72fd3eb2922642c8843740d7fe355061/volumes/8d2cb12d-b20e-4ce2-8c63-388e0535c0c0 => generated 914 bytes in 45 msecs (HTTP/1.1 200) 7 headers in 285 bytes (1 switches on core 0)
Jun 17 17:23:07.811107 dv-cinder-796889-1-iscsi devstack@c-api.service[100230]: INFO cinder.api.openstack.wsgi [req-7b915b16-ed2e-49fa-8cce-e5f07e73136a req-b46425cb-2446-4aaf-98ac-d53d1366e0ab tempest-DeleteServersTestJSON-65044579 tempest-DeleteServersTestJSON-65044579-project] POST http://10.222.0.10/volume/v3/72fd3eb2922642c8843740d7fe355061/attachments/520d2a18-fa06-420f-814b-fb923bdec3e9/action
Jun 17 17:23:07.811525 dv-cinder-796889-1-iscsi devstack@c-api.service[100230]: /usr/local/lib/python3.8/dist-packages/webob/acceptparse.py:1047: DeprecationWarning: The behavior of AcceptValidHeader.best_match is currently being maintained for backward compatibility, but it will be deprecated in the future, as it does not conform to the RFC.
Jun 17 17:23:07.811525 dv-cinder-796889-1-iscsi devstack@c-api.service[100230]: warnings.warn(
Jun 17 17:23:07.811904 dv-cinder-796889-1-iscsi devstack@c-api.service[100230]: DEBUG cinder.api.openstack.wsgi [req-7b915b16-ed2e-49fa-8cce-e5f07e73136a req-b46425cb-2446-4aaf-98ac-d53d1366e0ab tempest-DeleteServersTestJSON-65044579 tempest-DeleteServersTestJSON-65044579-project] Action body: b'{"os-complete": null}' {{(pid=100230) get_method /opt/stack/cinder/cinder/api/openstack/wsgi.py:981}}
Jun 17 17:23:07.812269 dv-cinder-796889-1-iscsi devstack@c-api.service[100230]: DEBUG cinder.api.openstack.wsgi [req-7b915b16-ed2e-49fa-8cce-e5f07e73136a req-b46425cb-2446-4aaf-98ac-d53d1366e0ab tempest-DeleteServersTestJSON-65044579 tempest-DeleteServersTestJSON-65044579-project] Action: 'action', calling method: version_select, body: {"os-complete": null} {{(pid=100230) _process_stack /opt/stack/cinder/cinder/api/openstack/wsgi.py:864}}
Jun 17 17:23:07.835323 dv-cinder-796889-1-iscsi devstack@c-api.service[100230]: /usr/local/lib/python3.8/dist-packages/oslo_context/context.py:105: DeprecationWarning: Policy enforcement is depending on the value of is_admin. This key is deprecated. Please update your policy file to use the standard policy values.
Jun 17 17:23:07.835323 dv-cinder-796889-1-iscsi devstack@c-api.service[100230]: warnings.warn('Policy enforcement is depending on the value of '
Jun 17 17:23:07.996021 dv-cinder-796889-1-iscsi devstack@c-api.service[100230]: INFO cinder.api.openstack.wsgi [req-7b915b16-ed2e-49fa-8cce-e5f07e73136a req-b46425cb-2446-4aaf-98ac-d53d1366e0ab tempest-DeleteServersTestJSON-65044579 tempest-DeleteServersTestJSON-65044579-project] http://10.222.0.10/volume/v3/72fd3eb2922642c8843740d7fe355061/attachments/520d2a18-fa06-420f-814b-fb923bdec3e9/action returned with HTTP 204
Jun 17 17:23:07.997346 dv-cinder-796889-1-iscsi devstack@c-api.service[100230]: [pid: 100230|app: 0|req: 154/293] 10.222.0.45 () {64 vars in 1499 bytes} [Thu Jun 17 17:23:07 2021] POST /volume/v3/72fd3eb2922642c8843740d7fe355061/attachments/520d2a18-fa06-420f-814b-fb923bdec3e9/action => generated 0 bytes in 190 msecs (HTTP/1.1 204) 7 headers in 292 bytes (1 switches on core 0)
Jun 17 17:23:08.307301 dv-cinder-796889-1-iscsi devstack@c-api.service[100231]: INFO cinder.api.openstack.wsgi [None req-b788249a-2424-40f7-ab2e-eee80b323ab3 tempest-GroupsV314Test-1873056726 tempest-GroupsV314Test-1873056726-project] GET http://10.222.0.10/volume/v3/5edf64ac30794393a6de74fd9fc567ce/volumes/7a3587c0-a15d-4b3f-9b0f-09090d404d94
Jun 17 17:23:08.307929 dv-cinder-796889-1-iscsi devstack@c-api.service[100231]: DEBUG cinder.api.openstack.wsgi [None req-b788249a-2424-40f7-ab2e-eee80b323ab3 tempest-GroupsV314Test-1873056726 tempest-GroupsV314Test-1873056726-project] Empty body provided in request {{(pid=100231) get_body /opt/stack/cinder/cinder/api/openstack/wsgi.py:713}}
Jun 17 17:23:08.308227 dv-cinder-796889-1-iscsi devstack@c-api.service[100231]: /usr/local/lib/python3.8/dist-packages/webob/acceptparse.py:1047: DeprecationWarning: The behavior of AcceptValidHeader.best_match is currently being maintained for backward compatibility, but it will be deprecated in the future, as it does not conform to the RFC.
Jun 17 17:23:08.308227 dv-cinder-796889-1-iscsi devstack@c-api.service[100231]: warnings.warn(
Jun 17 17:23:08.308648 dv-cinder-796889-1-iscsi devstack@c-api.service[100231]: DEBUG cinder.api.openstack.wsgi [None req-b788249a-2424-40f7-ab2e-eee80b323ab3 tempest-GroupsV314Test-1873056726 tempest-GroupsV314Test-1873056726-project] Calling method 'show' {{(pid=100231) _process_stack /opt/stack/cinder/cinder/api/openstack/wsgi.py:866}}
Jun 17 17:23:08.318951 dv-cinder-796889-1-iscsi devstack@c-api.service[100231]: INFO cinder.api.openstack.wsgi [None req-b788249a-2424-40f7-ab2e-eee80b323ab3 tempest-GroupsV314Test-1873056726 tempest-GroupsV314Test-1873056726-project] http://10.222.0.10/volume/v3/5edf64ac30794393a6de74fd9fc567ce/volumes/7a3587c0-a15d-4b3f-9b0f-09090d404d94 returned with HTTP 404
Jun 17 17:23:08.319923 dv-cinder-796889-1-iscsi devstack@c-api.service[100231]: [pid: 100231|app: 0|req: 140/294] 10.222.0.10 () {60 vars in 1366 bytes} [Thu Jun 17 17:23:08 2021] GET /volume/v3/5edf64ac30794393a6de74fd9fc567ce/volumes/7a3587c0-a15d-4b3f-9b0f-09090d404d94 => generated 109 bytes in 16 msecs (HTTP/1.1 404) 7 headers in 293 bytes (1 switches on core 0)
Jun 17 17:23:08.329425 dv-cinder-796889-1-iscsi devstack@c-api.service[100231]: INFO cinder.api.openstack.wsgi [None req-1e8fe5e9-59f0-4ee9-bf9d-11bd06b870e4 tempest-VolumesActionsTest-564744366 tempest-VolumesActionsTest-564744366-project] GET http://10.222.0.10/volume/v3/2fd89311d050451a9a10b601db125941/volumes/443612b3-7cc6-4130-b99e-dbd563023e69
Jun 17 17:23:08.329882 dv-cinder-796889-1-iscsi devstack@c-api.service[100231]: DEBUG cinder.api.openstack.wsgi [None req-1e8fe5e9-59f0-4ee9-bf9d-11bd06b870e4 tempest-VolumesActionsTest-564744366 tempest-VolumesActionsTest-564744366-project] Empty body provided in request {{(pid=100231) get_body /opt/stack/cinder/cinder/api/openstack/wsgi.py:713}}
Jun 17 17:23:08.330306 dv-cinder-796889-1-iscsi devstack@c-api.service[100231]: DEBUG cinder.api.openstack.wsgi [None req-1e8fe5e9-59f0-4ee9-bf9d-11bd06b870e4 tempest-VolumesActionsTest-564744366 tempest-VolumesActionsTest-564744366-project] Calling method 'show' {{(pid=100231) _process_stack /opt/stack/cinder/cinder/api/openstack/wsgi.py:866}}
Jun 17 17:23:08.336767 dv-cinder-796889-1-iscsi devstack@c-api.service[100230]: INFO cinder.api.openstack.wsgi [None req-756643fc-bcd5-422b-8e62-6702cbe6f671 tempest-GroupsV314Test-1873056726 tempest-GroupsV314Test-1873056726-project] GET http://10.222.0.10/volume/v3/5edf64ac30794393a6de74fd9fc567ce/groups/40dbfd29-cf06-4015-b2f2-b0174a63cda5
Jun 17 17:23:08.336767 dv-cinder-796889-1-iscsi devstack@c-api.service[100230]: DEBUG cinder.api.openstack.wsgi [None req-756643fc-bcd5-422b-8e62-6702cbe6f671 tempest-GroupsV314Test-1873056726 tempest-GroupsV314Test-1873056726-project] Empty body provided in request {{(pid=100230) get_body /opt/stack/cinder/cinder/api/openstack/wsgi.py:713}}
Jun 17 17:23:08.336767 dv-cinder-796889-1-iscsi devstack@c-api.service[100230]: /usr/local/lib/python3.8/dist-packages/webob/acceptparse.py:1047: DeprecationWarning: The behavior of AcceptValidHeader.best_match is currently being maintained for backward compatibility, but it will be deprecated in the future, as it does not conform to the RFC.
Jun 17 17:23:08.336767 dv-cinder-796889-1-iscsi devstack@c-api.service[100230]: warnings.warn(
Jun 17 17:23:08.336767 dv-cinder-796889-1-iscsi devstack@c-api.service[100230]: DEBUG cinder.api.openstack.wsgi [None req-756643fc-bcd5-422b-8e62-6702cbe6f671 tempest-GroupsV314Test-1873056726 tempest-GroupsV314Test-1873056726-project] Calling method 'version_select' {{(pid=100230) _process_stack /opt/stack/cinder/cinder/api/openstack/wsgi.py:866}}
Jun 17 17:23:08.336767 dv-cinder-796889-1-iscsi devstack@c-api.service[100230]: DEBUG cinder.api.v3.groups [None req-756643fc-bcd5-422b-8e62-6702cbe6f671 tempest-GroupsV314Test-1873056726 tempest-GroupsV314Test-1873056726-project] show called for member 40dbfd29-cf06-4015-b2f2-b0174a63cda5 {{(pid=100230) show /opt/stack/cinder/cinder/api/v3/groups.py:58}}
Jun 17 17:23:08.342558 dv-cinder-796889-1-iscsi devstack@c-api.service[100230]: INFO cinder.api.openstack.wsgi [None req-756643fc-bcd5-422b-8e62-6702cbe6f671 tempest-GroupsV314Test-1873056726 tempest-GroupsV314Test-1873056726-project] http://10.222.0.10/volume/v3/5edf64ac30794393a6de74fd9fc567ce/groups/40dbfd29-cf06-4015-b2f2-b0174a63cda5 returned with HTTP 404
Jun 17 17:23:08.343482 dv-cinder-796889-1-iscsi devstack@c-api.service[100230]: [pid: 100230|app: 0|req: 155/295] 10.222.0.10 () {60 vars in 1363 bytes} [Thu Jun 17 17:23:08 2021] GET /volume/v3/5edf64ac30794393a6de74fd9fc567ce/groups/40dbfd29-cf06-4015-b2f2-b0174a63cda5 => generated 108 bytes in 20 msecs (HTTP/1.1 404) 7 headers in 293 bytes (2 switches on core 0)
Jun 17 17:23:08.345962 dv-cinder-796889-1-iscsi devstack@c-api.service[100231]: /usr/local/lib/python3.8/dist-packages/oslo_context/context.py:105: DeprecationWarning: Policy enforcement is depending on the value of is_admin. This key is deprecated. Please update your policy file to use the standard policy values.
Jun 17 17:23:08.345962 dv-cinder-796889-1-iscsi devstack@c-api.service[100231]: warnings.warn('Policy enforcement is depending on the value of '
Jun 17 17:23:08.351509 dv-cinder-796889-1-iscsi devstack@c-api.service[100230]: INFO cinder.api.openstack.wsgi [None req-c0ef41a6-87a5-46ac-aca5-f61ed593480e tempest-SnapshotMetadataTestJSON-1158112729 tempest-SnapshotMetadataTestJSON-1158112729-project] GET http://10.222.0.10/volume/v3/026b697aa8394d128280ae2e3df0bcbd/volumes/d7db146a-ce66-4eb9-820c-3f4a7ae31efb
Jun 17 17:23:08.351994 dv-cinder-796889-1-iscsi devstack@c-api.service[100230]: DEBUG cinder.api.openstack.wsgi [None req-c0ef41a6-87a5-46ac-aca5-f61ed593480e tempest-SnapshotMetadataTestJSON-1158112729 tempest-SnapshotMetadataTestJSON-1158112729-project] Empty body provided in request {{(pid=100230) get_body /opt/stack/cinder/cinder/api/openstack/wsgi.py:713}}
Jun 17 17:23:08.352654 dv-cinder-796889-1-iscsi devstack@c-api.service[100230]: DEBUG cinder.api.openstack.wsgi [None req-c0ef41a6-87a5-46ac-aca5-f61ed593480e tempest-SnapshotMetadataTestJSON-1158112729 tempest-SnapshotMetadataTestJSON-1158112729-project] Calling method 'show' {{(pid=100230) _process_stack /opt/stack/cinder/cinder/api/openstack/wsgi.py:866}}
Jun 17 17:23:08.355226 dv-cinder-796889-1-iscsi devstack@c-api.service[100231]: INFO cinder.volume.api [None req-1e8fe5e9-59f0-4ee9-bf9d-11bd06b870e4 tempest-VolumesActionsTest-564744366 tempest-VolumesActionsTest-564744366-project] Volume info retrieved successfully.
Jun 17 17:23:08.366812 dv-cinder-796889-1-iscsi devstack@c-api.service[100230]: /usr/local/lib/python3.8/dist-packages/oslo_context/context.py:105: DeprecationWarning: Policy enforcement is depending on the value of is_admin. This key is deprecated. Please update your policy file to use the standard policy values.
Jun 17 17:23:08.366812 dv-cinder-796889-1-iscsi devstack@c-api.service[100230]: warnings.warn('Policy enforcement is depending on the value of '
Jun 17 17:23:08.369960 dv-cinder-796889-1-iscsi devstack@c-api.service[100231]: INFO cinder.api.openstack.wsgi [None req-1e8fe5e9-59f0-4ee9-bf9d-11bd06b870e4 tempest-VolumesActionsTest-564744366 tempest-VolumesActionsTest-564744366-project] http://10.222.0.10/volume/v3/2fd89311d050451a9a10b601db125941/volumes/443612b3-7cc6-4130-b99e-dbd563023e69 returned with HTTP 200
Jun 17 17:23:08.370872 dv-cinder-796889-1-iscsi devstack@c-api.service[100231]: [pid: 100231|app: 0|req: 141/296] 10.222.0.10 () {58 vars in 1325 bytes} [Thu Jun 17 17:23:08 2021] GET /volume/v3/2fd89311d050451a9a10b601db125941/volumes/443612b3-7cc6-4130-b99e-dbd563023e69 => generated 910 bytes in 45 msecs (HTTP/1.1 200) 7 headers in 285 bytes (2 switches on core 0)
Jun 17 17:23:08.374771 dv-cinder-796889-1-iscsi devstack@c-api.service[100230]: INFO cinder.volume.api [None req-c0ef41a6-87a5-46ac-aca5-f61ed593480e tempest-SnapshotMetadataTestJSON-1158112729 tempest-SnapshotMetadataTestJSON-1158112729-project] Volume info retrieved successfully.
Jun 17 17:23:08.375358 dv-cinder-796889-1-iscsi devstack@c-api.service[100231]: INFO cinder.api.openstack.wsgi [None req-f54afbeb-0a3f-46ff-a0d5-4db145b2bc33 tempest-GroupsV314Test-1873056726 tempest-GroupsV314Test-1873056726-project] GET http://10.222.0.10/volume/v3/5edf64ac30794393a6de74fd9fc567ce/volumes/detail
Jun 17 17:23:08.375863 dv-cinder-796889-1-iscsi devstack@c-api.service[100231]: DEBUG cinder.api.openstack.wsgi [None req-f54afbeb-0a3f-46ff-a0d5-4db145b2bc33 tempest-GroupsV314Test-1873056726 tempest-GroupsV314Test-1873056726-project] Empty body provided in request {{(pid=100231) get_body /opt/stack/cinder/cinder/api/openstack/wsgi.py:713}}
Jun 17 17:23:08.376029 dv-cinder-796889-1-iscsi devstack@c-api.service[100231]: /usr/local/lib/python3.8/dist-packages/webob/acceptparse.py:1047: DeprecationWarning: The behavior of AcceptValidHeader.best_match is currently being maintained for backward compatibility, but it will be deprecated in the future, as it does not conform to the RFC.
Jun 17 17:23:08.376029 dv-cinder-796889-1-iscsi devstack@c-api.service[100231]: warnings.warn(
Jun 17 17:23:08.376383 dv-cinder-796889-1-iscsi devstack@c-api.service[100231]: DEBUG cinder.api.openstack.wsgi [None req-f54afbeb-0a3f-46ff-a0d5-4db145b2bc33 tempest-GroupsV314Test-1873056726 tempest-GroupsV314Test-1873056726-project] Calling method 'detail' {{(pid=100231) _process_stack /opt/stack/cinder/cinder/api/openstack/wsgi.py:866}}
Jun 17 17:23:08.377023 dv-cinder-796889-1-iscsi devstack@c-api.service[100231]: DEBUG cinder.api.api_utils [None req-f54afbeb-0a3f-46ff-a0d5-4db145b2bc33 tempest-GroupsV314Test-1873056726 tempest-GroupsV314Test-1873056726-project] Removing options '' from query. {{(pid=100231) remove_invalid_filter_options /opt/stack/cinder/cinder/api/api_utils.py:73}}
Jun 17 17:23:08.378637 dv-cinder-796889-1-iscsi devstack@c-api.service[100231]: DEBUG cinder.volume.api [None req-f54afbeb-0a3f-46ff-a0d5-4db145b2bc33 tempest-GroupsV314Test-1873056726 tempest-GroupsV314Test-1873056726-project] Searching by: MultiDict([('no_migration_targets', True)]). {{(pid=100231) get_all /opt/stack/cinder/cinder/volume/api.py:617}}
Jun 17 17:23:08.391579 dv-cinder-796889-1-iscsi devstack@c-api.service[100230]: INFO cinder.api.openstack.wsgi [None req-c0ef41a6-87a5-46ac-aca5-f61ed593480e tempest-SnapshotMetadataTestJSON-1158112729 tempest-SnapshotMetadataTestJSON-1158112729-project] http://10.222.0.10/volume/v3/026b697aa8394d128280ae2e3df0bcbd/volumes/d7db146a-ce66-4eb9-820c-3f4a7ae31efb returned with HTTP 200
Jun 17 17:23:08.392368 dv-cinder-796889-1-iscsi devstack@c-api.service[100230]: [pid: 100230|app: 0|req: 156/297] 10.222.0.10 () {58 vars in 1325 bytes} [Thu Jun 17 17:23:08 2021] GET /volume/v3/026b697aa8394d128280ae2e3df0bcbd/volumes/d7db146a-ce66-4eb9-820c-3f4a7ae31efb => generated 915 bytes in 47 msecs (HTTP/1.1 200) 7 headers in 285 bytes (2 switches on core 0)
Jun 17 17:23:08.396510 dv-cinder-796889-1-iscsi devstack@c-api.service[100230]: INFO cinder.api.openstack.wsgi [None req-864213b6-7a05-4882-bb01-6f24e4499564 tempest-VolumeSnapshotQuotasNegativeTestJSON-744938639 tempest-VolumeSnapshotQuotasNegativeTestJSON-744938639-project] GET http://10.222.0.10/volume/v3/f73c5dd1091445c68f5cbc16e0dea336/snapshots/a206cab8-1498-4ea2-9c2e-a9946094500d
Jun 17 17:23:08.396952 dv-cinder-796889-1-iscsi devstack@c-api.service[100230]: DEBUG cinder.api.openstack.wsgi [None req-864213b6-7a05-4882-bb01-6f24e4499564 tempest-VolumeSnapshotQuotasNegativeTestJSON-744938639 tempest-VolumeSnapshotQuotasNegativeTestJSON-744938639-project] Empty body provided in request {{(pid=100230) get_body /opt/stack/cinder/cinder/api/openstack/wsgi.py:713}}
Jun 17 17:23:08.397123 dv-cinder-796889-1-iscsi devstack@c-api.service[100230]: /usr/local/lib/python3.8/dist-packages/webob/acceptparse.py:1047: DeprecationWarning: The behavior of AcceptValidHeader.best_match is currently being maintained for backward compatibility, but it will be deprecated in the future, as it does not conform to the RFC.
Jun 17 17:23:08.397123 dv-cinder-796889-1-iscsi devstack@c-api.service[100230]: warnings.warn(
Jun 17 17:23:08.397449 dv-cinder-796889-1-iscsi devstack@c-api.service[100230]: DEBUG cinder.api.openstack.wsgi [None req-864213b6-7a05-4882-bb01-6f24e4499564 tempest-VolumeSnapshotQuotasNegativeTestJSON-744938639 tempest-VolumeSnapshotQuotasNegativeTestJSON-744938639-project] Calling method 'show' {{(pid=100230) _process_stack /opt/stack/cinder/cinder/api/openstack/wsgi.py:866}}
Jun 17 17:23:08.406901 dv-cinder-796889-1-iscsi devstack@c-api.service[100230]: /usr/local/lib/python3.8/dist-packages/oslo_context/context.py:105: DeprecationWarning: Policy enforcement is depending on the value of is_admin. This key is deprecated. Please update your policy file to use the standard policy values.
Jun 17 17:23:08.406901 dv-cinder-796889-1-iscsi devstack@c-api.service[100230]: warnings.warn('Policy enforcement is depending on the value of '
Jun 17 17:23:08.407894 dv-cinder-796889-1-iscsi devstack@c-api.service[100230]: INFO cinder.volume.api [None req-864213b6-7a05-4882-bb01-6f24e4499564 tempest-VolumeSnapshotQuotasNegativeTestJSON-744938639 tempest-VolumeSnapshotQuotasNegativeTestJSON-744938639-project] Snapshot retrieved successfully.
Jun 17 17:23:08.409707 dv-cinder-796889-1-iscsi devstack@c-api.service[100230]: INFO cinder.api.openstack.wsgi [None req-864213b6-7a05-4882-bb01-6f24e4499564 tempest-VolumeSnapshotQuotasNegativeTestJSON-744938639 tempest-VolumeSnapshotQuotasNegativeTestJSON-744938639-project] http://10.222.0.10/volume/v3/f73c5dd1091445c68f5cbc16e0dea336/snapshots/a206cab8-1498-4ea2-9c2e-a9946094500d returned with HTTP 200
Jun 17 17:23:08.410769 dv-cinder-796889-1-iscsi devstack@c-api.service[100230]: [pid: 100230|app: 0|req: 157/298] 10.222.0.10 () {58 vars in 1331 bytes} [Thu Jun 17 17:23:08 2021] GET /volume/v3/f73c5dd1091445c68f5cbc16e0dea336/snapshots/a206cab8-1498-4ea2-9c2e-a9946094500d => generated 455 bytes in 18 msecs (HTTP/1.1 200) 7 headers in 285 bytes (1 switches on core 0)
Jun 17 17:23:08.414229 dv-cinder-796889-1-iscsi devstack@c-api.service[100230]: INFO cinder.api.openstack.wsgi [None req-e3947aae-35c6-4034-aa50-fcae1d4c3656 tempest-VolumesActionsTest-1232466 tempest-VolumesActionsTest-1232466-project-admin] POST http://10.222.0.10/volume/v3/9abcc57dc86a4e9bb0c21c2bb95ee814/volumes/443612b3-7cc6-4130-b99e-dbd563023e69/action
Jun 17 17:23:08.414603 dv-cinder-796889-1-iscsi devstack@c-api.service[100230]: /usr/local/lib/python3.8/dist-packages/webob/acceptparse.py:1047: DeprecationWarning: The behavior of AcceptValidHeader.best_match is currently being maintained for backward compatibility, but it will be deprecated in the future, as it does not conform to the RFC.
Jun 17 17:23:08.414603 dv-cinder-796889-1-iscsi devstack@c-api.service[100230]: warnings.warn(
Jun 17 17:23:08.414978 dv-cinder-796889-1-iscsi devstack@c-api.service[100230]: DEBUG cinder.api.openstack.wsgi [None req-e3947aae-35c6-4034-aa50-fcae1d4c3656 tempest-VolumesActionsTest-1232466 tempest-VolumesActionsTest-1232466-project-admin] Action body: b'{"os-reset_status": {"status": "creating"}}' {{(pid=100230) get_method /opt/stack/cinder/cinder/api/openstack/wsgi.py:981}}
Jun 17 17:23:08.415555 dv-cinder-796889-1-iscsi devstack@c-api.service[100230]: DEBUG cinder.api.openstack.wsgi [None req-e3947aae-35c6-4034-aa50-fcae1d4c3656 tempest-VolumesActionsTest-1232466 tempest-VolumesActionsTest-1232466-project-admin] Action: 'action', calling method: _reset_status, body: {"os-reset_status": {"status": "creating"}} {{(pid=100230) _process_stack /opt/stack/cinder/cinder/api/openstack/wsgi.py:864}}
Jun 17 17:23:08.416385 dv-cinder-796889-1-iscsi devstack@c-api.service[100230]: DEBUG cinder.api.contrib.admin_actions [None req-e3947aae-35c6-4034-aa50-fcae1d4c3656 tempest-VolumesActionsTest-1232466 tempest-VolumesActionsTest-1232466-project-admin] Updating volume '443612b3-7cc6-4130-b99e-dbd563023e69' with '{'status': 'creating'}' {{(pid=100230) _reset_status /opt/stack/cinder/cinder/api/contrib/admin_actions.py:100}}
Jun 17 17:23:08.427399 dv-cinder-796889-1-iscsi devstack@c-api.service[100231]: INFO cinder.volume.api [None req-f54afbeb-0a3f-46ff-a0d5-4db145b2bc33 tempest-GroupsV314Test-1873056726 tempest-GroupsV314Test-1873056726-project] Get all volumes completed successfully.
Jun 17 17:23:08.428753 dv-cinder-796889-1-iscsi devstack@c-api.service[100231]: WARNING stevedore.named [None req-f54afbeb-0a3f-46ff-a0d5-4db145b2bc33 tempest-GroupsV314Test-1873056726 tempest-GroupsV314Test-1873056726-project] Could not load cinder.keymgr.conf_key_mgr.ConfKeyManager
Jun 17 17:23:08.429144 dv-cinder-796889-1-iscsi devstack@c-api.service[100231]: WARNING castellan.key_manager [None req-f54afbeb-0a3f-46ff-a0d5-4db145b2bc33 tempest-GroupsV314Test-1873056726 tempest-GroupsV314Test-1873056726-project] Deprecation Warning : cinder.keymgr.conf_key_mgr.ConfKeyManager is not a stevedore based driver, trying to load it as a class: stevedore.exception.NoMatches: No 'castellan.drivers' driver found, looking for 'cinder.keymgr.conf_key_mgr.ConfKeyManager'
Jun 17 17:23:08.436061 dv-cinder-796889-1-iscsi devstack@c-api.service[100231]: DEBUG oslo_db.sqlalchemy.engines [None req-f54afbeb-0a3f-46ff-a0d5-4db145b2bc33 tempest-GroupsV314Test-1873056726 tempest-GroupsV314Test-1873056726-project] MySQL server mode set to STRICT_TRANS_TABLES,STRICT_ALL_TABLES,NO_ZERO_IN_DATE,NO_ZERO_DATE,ERROR_FOR_DIVISION_BY_ZERO,TRADITIONAL,NO_ENGINE_SUBSTITUTION {{(pid=100231) _check_effective_sql_mode /usr/local/lib/python3.8/dist-packages/oslo_db/sqlalchemy/engines.py:314}}
Jun 17 17:23:08.441506 dv-cinder-796889-1-iscsi devstack@c-api.service[100231]: /usr/local/lib/python3.8/dist-packages/oslo_context/context.py:105: DeprecationWarning: Policy enforcement is depending on the value of is_admin. This key is deprecated. Please update your policy file to use the standard policy values.
Jun 17 17:23:08.441506 dv-cinder-796889-1-iscsi devstack@c-api.service[100231]: warnings.warn('Policy enforcement is depending on the value of '
Jun 17 17:23:08.443059 dv-cinder-796889-1-iscsi devstack@c-api.service[100230]: /usr/local/lib/python3.8/dist-packages/oslo_context/context.py:105: DeprecationWarning: Policy enforcement is depending on the value of is_admin. This key is deprecated. Please update your policy file to use the standard policy values.
Jun 17 17:23:08.443059 dv-cinder-796889-1-iscsi devstack@c-api.service[100230]: warnings.warn('Policy enforcement is depending on the value of '
Jun 17 17:23:08.457553 dv-cinder-796889-1-iscsi devstack@c-api.service[100231]: INFO cinder.api.openstack.wsgi [None req-f54afbeb-0a3f-46ff-a0d5-4db145b2bc33 tempest-GroupsV314Test-1873056726 tempest-GroupsV314Test-1873056726-project] http://10.222.0.10/volume/v3/5edf64ac30794393a6de74fd9fc567ce/volumes/detail returned with HTTP 200
Jun 17 17:23:08.460523 dv-cinder-796889-1-iscsi devstack@c-api.service[100231]: [pid: 100231|app: 0|req: 142/299] 10.222.0.10 () {60 vars in 1276 bytes} [Thu Jun 17 17:23:08 2021] GET /volume/v3/5edf64ac30794393a6de74fd9fc567ce/volumes/detail => generated 996 bytes in 87 msecs (HTTP/1.1 200) 7 headers in 286 bytes (1 switches on core 0)
Jun 17 17:23:08.475591 dv-cinder-796889-1-iscsi devstack@c-api.service[100231]: INFO cinder.api.openstack.wsgi [None req-e5096572-e17b-4d48-9632-a70ed1479f1a tempest-GroupsV314Test-1873056726 tempest-GroupsV314Test-1873056726-project] POST http://10.222.0.10/volume/v3/5edf64ac30794393a6de74fd9fc567ce/groups/0f7d3ccb-3bf1-4d9e-83f6-d4f13bbb4882/action
Jun 17 17:23:08.476031 dv-cinder-796889-1-iscsi devstack@c-api.service[100231]: /usr/local/lib/python3.8/dist-packages/webob/acceptparse.py:1047: DeprecationWarning: The behavior of AcceptValidHeader.best_match is currently being maintained for backward compatibility, but it will be deprecated in the future, as it does not conform to the RFC.
Jun 17 17:23:08.476031 dv-cinder-796889-1-iscsi devstack@c-api.service[100231]: warnings.warn(
Jun 17 17:23:08.476452 dv-cinder-796889-1-iscsi devstack@c-api.service[100231]: DEBUG cinder.api.openstack.wsgi [None req-e5096572-e17b-4d48-9632-a70ed1479f1a tempest-GroupsV314Test-1873056726 tempest-GroupsV314Test-1873056726-project] Action body: b'{"delete": {"delete-volumes": true}}' {{(pid=100231) get_method /opt/stack/cinder/cinder/api/openstack/wsgi.py:981}}
Jun 17 17:23:08.476790 dv-cinder-796889-1-iscsi devstack@c-api.service[100231]: DEBUG cinder.api.openstack.wsgi [None req-e5096572-e17b-4d48-9632-a70ed1479f1a tempest-GroupsV314Test-1873056726 tempest-GroupsV314Test-1873056726-project] Action: 'action', calling method: version_select, body: {"delete": {"delete-volumes": true}} {{(pid=100231) _process_stack /opt/stack/cinder/cinder/api/openstack/wsgi.py:864}}
Jun 17 17:23:08.477592 dv-cinder-796889-1-iscsi devstack@c-api.service[100231]: DEBUG cinder.api.v3.groups [None req-e5096572-e17b-4d48-9632-a70ed1479f1a tempest-GroupsV314Test-1873056726 tempest-GroupsV314Test-1873056726-project] delete called for group 0f7d3ccb-3bf1-4d9e-83f6-d4f13bbb4882 {{(pid=100231) _delete /opt/stack/cinder/cinder/api/v3/groups.py:117}}
Jun 17 17:23:08.477886 dv-cinder-796889-1-iscsi devstack@c-api.service[100231]: INFO cinder.api.v3.groups [None req-e5096572-e17b-4d48-9632-a70ed1479f1a tempest-GroupsV314Test-1873056726 tempest-GroupsV314Test-1873056726-project] Delete group with id: 0f7d3ccb-3bf1-4d9e-83f6-d4f13bbb4882
Jun 17 17:23:08.483452 dv-cinder-796889-1-iscsi devstack@c-api.service[100231]: /usr/local/lib/python3.8/dist-packages/oslo_context/context.py:105: DeprecationWarning: Policy enforcement is depending on the value of is_admin. This key is deprecated. Please update your policy file to use the standard policy values.
Jun 17 17:23:08.483452 dv-cinder-796889-1-iscsi devstack@c-api.service[100231]: warnings.warn('Policy enforcement is depending on the value of '
Jun 17 17:23:08.559309 dv-cinder-796889-1-iscsi devstack@c-api.service[100230]: INFO cinder.api.openstack.wsgi [None req-e3947aae-35c6-4034-aa50-fcae1d4c3656 tempest-VolumesActionsTest-1232466 tempest-VolumesActionsTest-1232466-project-admin] http://10.222.0.10/volume/v3/9abcc57dc86a4e9bb0c21c2bb95ee814/volumes/443612b3-7cc6-4130-b99e-dbd563023e69/action returned with HTTP 202
Jun 17 17:23:08.563391 dv-cinder-796889-1-iscsi devstack@c-api.service[100230]: [pid: 100230|app: 0|req: 158/300] 10.222.0.10 () {60 vars in 1367 bytes} [Thu Jun 17 17:23:08 2021] POST /volume/v3/9abcc57dc86a4e9bb0c21c2bb95ee814/volumes/443612b3-7cc6-4130-b99e-dbd563023e69/action => generated 0 bytes in 149 msecs (HTTP/1.1 202) 7 headers in 289 bytes (1 switches on core 0)
Jun 17 17:23:08.567419 dv-cinder-796889-1-iscsi devstack@c-api.service[100230]: INFO cinder.api.openstack.wsgi [None req-a74d5c4b-940d-4b57-adbe-75167fc30f94 tempest-VolumesActionsTest-564744366 tempest-VolumesActionsTest-564744366-project] GET http://10.222.0.10/volume/v3/2fd89311d050451a9a10b601db125941/volumes/443612b3-7cc6-4130-b99e-dbd563023e69
Jun 17 17:23:08.567968 dv-cinder-796889-1-iscsi devstack@c-api.service[100230]: DEBUG cinder.api.openstack.wsgi [None req-a74d5c4b-940d-4b57-adbe-75167fc30f94 tempest-VolumesActionsTest-564744366 tempest-VolumesActionsTest-564744366-project] Empty body provided in request {{(pid=100230) get_body /opt/stack/cinder/cinder/api/openstack/wsgi.py:713}}
Jun 17 17:23:08.568245 dv-cinder-796889-1-iscsi devstack@c-api.service[100230]: /usr/local/lib/python3.8/dist-packages/webob/acceptparse.py:1047: DeprecationWarning: The behavior of AcceptValidHeader.best_match is currently being maintained for backward compatibility, but it will be deprecated in the future, as it does not conform to the RFC.
Jun 17 17:23:08.568245 dv-cinder-796889-1-iscsi devstack@c-api.service[100230]: warnings.warn(
Jun 17 17:23:08.568629 dv-cinder-796889-1-iscsi devstack@c-api.service[100230]: DEBUG cinder.api.openstack.wsgi [None req-a74d5c4b-940d-4b57-adbe-75167fc30f94 tempest-VolumesActionsTest-564744366 tempest-VolumesActionsTest-564744366-project] Calling method 'show' {{(pid=100230) _process_stack /opt/stack/cinder/cinder/api/openstack/wsgi.py:866}}
Jun 17 17:23:08.582566 dv-cinder-796889-1-iscsi devstack@c-api.service[100230]: /usr/local/lib/python3.8/dist-packages/oslo_context/context.py:105: DeprecationWarning: Policy enforcement is depending on the value of is_admin. This key is deprecated. Please update your policy file to use the standard policy values.
Jun 17 17:23:08.582566 dv-cinder-796889-1-iscsi devstack@c-api.service[100230]: warnings.warn('Policy enforcement is depending on the value of '
Jun 17 17:23:08.590038 dv-cinder-796889-1-iscsi devstack@c-api.service[100230]: INFO cinder.volume.api [None req-a74d5c4b-940d-4b57-adbe-75167fc30f94 tempest-VolumesActionsTest-564744366 tempest-VolumesActionsTest-564744366-project] Volume info retrieved successfully.
Jun 17 17:23:08.603658 dv-cinder-796889-1-iscsi devstack@c-api.service[100230]: INFO cinder.api.openstack.wsgi [None req-a74d5c4b-940d-4b57-adbe-75167fc30f94 tempest-VolumesActionsTest-564744366 tempest-VolumesActionsTest-564744366-project] http://10.222.0.10/volume/v3/2fd89311d050451a9a10b601db125941/volumes/443612b3-7cc6-4130-b99e-dbd563023e69 returned with HTTP 200
Jun 17 17:23:08.604438 dv-cinder-796889-1-iscsi devstack@c-api.service[100230]: [pid: 100230|app: 0|req: 159/301] 10.222.0.10 () {58 vars in 1325 bytes} [Thu Jun 17 17:23:08 2021] GET /volume/v3/2fd89311d050451a9a10b601db125941/volumes/443612b3-7cc6-4130-b99e-dbd563023e69 => generated 909 bytes in 40 msecs (HTTP/1.1 200) 7 headers in 285 bytes (1 switches on core 0)
Jun 17 17:23:08.617422 dv-cinder-796889-1-iscsi devstack@c-api.service[100230]: INFO cinder.api.openstack.wsgi [None req-6b43b789-8cb4-4bf8-aac2-c999e80953cd tempest-DeleteServersTestJSON-65044579 tempest-DeleteServersTestJSON-65044579-project] GET http://10.222.0.10/volume/v3/72fd3eb2922642c8843740d7fe355061/volumes/8d2cb12d-b20e-4ce2-8c63-388e0535c0c0
Jun 17 17:23:08.617916 dv-cinder-796889-1-iscsi devstack@c-api.service[100230]: DEBUG cinder.api.openstack.wsgi [None req-6b43b789-8cb4-4bf8-aac2-c999e80953cd tempest-DeleteServersTestJSON-65044579 tempest-DeleteServersTestJSON-65044579-project] Empty body provided in request {{(pid=100230) get_body /opt/stack/cinder/cinder/api/openstack/wsgi.py:713}}
Jun 17 17:23:08.618057 dv-cinder-796889-1-iscsi devstack@c-api.service[100230]: /usr/local/lib/python3.8/dist-packages/webob/acceptparse.py:1047: DeprecationWarning: The behavior of AcceptValidHeader.best_match is currently being maintained for backward compatibility, but it will be deprecated in the future, as it does not conform to the RFC.
Jun 17 17:23:08.618057 dv-cinder-796889-1-iscsi devstack@c-api.service[100230]: warnings.warn(
Jun 17 17:23:08.618375 dv-cinder-796889-1-iscsi devstack@c-api.service[100230]: DEBUG cinder.api.openstack.wsgi [None req-6b43b789-8cb4-4bf8-aac2-c999e80953cd tempest-DeleteServersTestJSON-65044579 tempest-DeleteServersTestJSON-65044579-project] Calling method 'show' {{(pid=100230) _process_stack /opt/stack/cinder/cinder/api/openstack/wsgi.py:866}}
Jun 17 17:23:08.631849 dv-cinder-796889-1-iscsi devstack@c-api.service[100230]: /usr/local/lib/python3.8/dist-packages/oslo_context/context.py:105: DeprecationWarning: Policy enforcement is depending on the value of is_admin. This key is deprecated. Please update your policy file to use the standard policy values.
Jun 17 17:23:08.631849 dv-cinder-796889-1-iscsi devstack@c-api.service[100230]: warnings.warn('Policy enforcement is depending on the value of '
