Jun 17 10:17:46.042028 dv-cinder-796806-1-iscsi neutron-server[93644]: File "/opt/stack/neutron/neutron/services/segments/plugin.py", line 211, in _send_notifications
Jun 17 10:17:46.042028 dv-cinder-796806-1-iscsi neutron-server[93644]: event.method(event)
Jun 17 10:17:46.042028 dv-cinder-796806-1-iscsi neutron-server[93644]: File "/opt/stack/neutron/neutron/services/segments/plugin.py", line 379, in _delete_nova_inventory
Jun 17 10:17:46.042028 dv-cinder-796806-1-iscsi neutron-server[93644]: aggregate_id = self._get_aggregate_id(event.segment_id)
Jun 17 10:17:46.042028 dv-cinder-796806-1-iscsi neutron-server[93644]: File "/opt/stack/neutron/neutron/services/segments/plugin.py", line 366, in _get_aggregate_id
Jun 17 10:17:46.042028 dv-cinder-796806-1-iscsi neutron-server[93644]: aggregate_uuid = self.p_client.list_aggregates(
Jun 17 10:17:46.042028 dv-cinder-796806-1-iscsi neutron-server[93644]: File "/usr/local/lib/python3.8/dist-packages/neutron_lib/placement/client.py", line 57, in wrapper
Jun 17 10:17:46.042028 dv-cinder-796806-1-iscsi neutron-server[93644]: return f(self, *a, **k)
Jun 17 10:17:46.042028 dv-cinder-796806-1-iscsi neutron-server[93644]: File "/usr/local/lib/python3.8/dist-packages/neutron_lib/placement/client.py", line 553, in list_aggregates
Jun 17 10:17:46.042028 dv-cinder-796806-1-iscsi neutron-server[93644]: return self._get(url).json()
Jun 17 10:17:46.042028 dv-cinder-796806-1-iscsi neutron-server[93644]: File "/usr/local/lib/python3.8/dist-packages/neutron_lib/placement/client.py", line 189, in _get
Jun 17 10:17:46.042028 dv-cinder-796806-1-iscsi neutron-server[93644]: return self._client.get(url, endpoint_filter=self._ks_filter,
Jun 17 10:17:46.042028 dv-cinder-796806-1-iscsi neutron-server[93644]: File "/usr/local/lib/python3.8/dist-packages/keystoneauth1/session.py", line 1141, in get
Jun 17 10:17:46.042028 dv-cinder-796806-1-iscsi neutron-server[93644]: return self.request(url, 'GET', **kwargs)
Jun 17 10:17:46.042028 dv-cinder-796806-1-iscsi neutron-server[93644]: File "/usr/local/lib/python3.8/dist-packages/keystoneauth1/session.py", line 811, in request
Jun 17 10:17:46.042028 dv-cinder-796806-1-iscsi neutron-server[93644]: base_url = self.get_endpoint(auth, allow=allow,
Jun 17 10:17:46.042028 dv-cinder-796806-1-iscsi neutron-server[93644]: File "/usr/local/lib/python3.8/dist-packages/keystoneauth1/session.py", line 1241, in get_endpoint
Jun 17 10:17:46.042028 dv-cinder-796806-1-iscsi neutron-server[93644]: auth = self._auth_required(auth, 'determine endpoint URL')
Jun 17 10:17:46.042028 dv-cinder-796806-1-iscsi neutron-server[93644]: File "/usr/local/lib/python3.8/dist-packages/keystoneauth1/session.py", line 1181, in _auth_required
Jun 17 10:17:46.042028 dv-cinder-796806-1-iscsi neutron-server[93644]: raise exceptions.MissingAuthPlugin(msg_fmt % msg)
Jun 17 10:17:46.042028 dv-cinder-796806-1-iscsi neutron-server[93644]: keystoneauth1.exceptions.auth_plugins.MissingAuthPlugin: An auth plugin is required to determine endpoint URL
Jun 17 10:17:46.178034 dv-cinder-796806-1-iscsi neutron-server[93645]: DEBUG oslo_concurrency.lockutils [-] Lock "event-dispatch" acquired by "neutron.plugins.ml2.ovo_rpc._ObjectChangeHandler.dispatch_events" :: waited 0.000s {{(pid=93645) inner /usr/local/lib/python3.8/dist-packages/oslo_concurrency/lockutils.py:355}}
Jun 17 10:17:46.245410 dv-cinder-796806-1-iscsi neutron-server[93644]: INFO neutron.wsgi [req-5f583e38-da5c-4030-8f91-b3a329915940 req-7a2f9519-33e4-4cb8-a504-015d0877092f service neutron] 10.222.0.47 "GET /v2.0/floatingips?fixed_ip_address=172.20.0.8&port_id=3cc3dcf6-bcde-4ba1-a2d5-c135c31a5b0c HTTP/1.1" status: 200 len: 217 time: 0.2119749
Jun 17 10:17:46.249612 dv-cinder-796806-1-iscsi neutron-server[93645]: INFO neutron.wsgi [req-4101abd6-6130-47bc-b348-0defb4cc13e1 req-fcb1762d-1844-4bc1-967e-0ba63e6ab172 service neutron] 10.222.0.47 "GET /v2.0/security-groups?id=4b298a6e-ca03-4b84-a35f-a75e19063a83&fields=id&fields=name HTTP/1.1" status: 200 len: 286 time: 0.9089170
Jun 17 10:17:46.251356 dv-cinder-796806-1-iscsi neutron-server[93645]: DEBUG neutron_lib.db.api [req-88351d6e-0cde-4349-aa3d-988681f9eace req-6e1faee3-cb65-4925-a2b8-aa455d51e939 service neutron] Retry wrapper got retriable exception: Failed to create a duplicate DefaultSecurityGroup: for attribute(s) ['default_security_group.PRIMARY'] with value(s) 28557df813294d2c8637e5fca8172442 {{(pid=93645) wrapped /usr/local/lib/python3.8/dist-packages/neutron_lib/db/api.py:183}}
Jun 17 10:17:46.251947 dv-cinder-796806-1-iscsi neutron-server[93645]: DEBUG oslo_db.api [req-88351d6e-0cde-4349-aa3d-988681f9eace req-6e1faee3-cb65-4925-a2b8-aa455d51e939 service neutron] Performing DB retry for function neutron.db.securitygroups_db.SecurityGroupDbMixin.create_security_group {{(pid=93645) wrapper /usr/local/lib/python3.8/dist-packages/oslo_db/api.py:155}}
Jun 17 10:17:46.288295 dv-cinder-796806-1-iscsi neutron-server[93644]: DEBUG neutron.pecan_wsgi.hooks.policy_enforcement [req-153620a5-cf53-43fe-b43a-08bdec3ad450 req-9d6f986b-49d1-481a-841a-157b224239f6 tempest-DeleteServersTestJSON-936155626 tempest-DeleteServersTestJSON-936155626-project] Attributes excluded by policy engine: ['standard_attr_id', 'binding:profile', 'binding:host_id', 'binding:vif_type', 'binding:vif_details'] {{(pid=93644) _exclude_attributes_by_policy /opt/stack/neutron/neutron/pecan_wsgi/hooks/policy_enforcement.py:255}}
Jun 17 10:17:46.296448 dv-cinder-796806-1-iscsi neutron-server[93644]: INFO neutron.wsgi [req-153620a5-cf53-43fe-b43a-08bdec3ad450 req-9d6f986b-49d1-481a-841a-157b224239f6 tempest-DeleteServersTestJSON-936155626 tempest-DeleteServersTestJSON-936155626-project] 10.222.0.22 "GET /v2.0/ports?device_id=22550391-be87-4a53-ad43-67c07ba72602 HTTP/1.1" status: 200 len: 945 time: 0.5204999
Jun 17 10:17:46.300022 dv-cinder-796806-1-iscsi neutron-server[93645]: DEBUG neutron.api.rpc.handlers.resources_rpc [None req-fcb1762d-1844-4bc1-967e-0ba63e6ab172 service neutron] Pushing event updated for resources: {'SecurityGroup': ['ID=39e7d9c2-4c19-4da9-99f7-59e0d03d744f,revision_number=1']} {{(pid=93645) push /opt/stack/neutron/neutron/api/rpc/handlers/resources_rpc.py:237}}
Jun 17 10:17:46.308768 dv-cinder-796806-1-iscsi neutron-server[93645]: DEBUG oslo_concurrency.lockutils [None req-fcb1762d-1844-4bc1-967e-0ba63e6ab172 service neutron] Lock "event-dispatch" released by "neutron.plugins.ml2.ovo_rpc._ObjectChangeHandler.dispatch_events" :: held 0.133s {{(pid=93645) inner /usr/local/lib/python3.8/dist-packages/oslo_concurrency/lockutils.py:367}}
Jun 17 10:17:46.347855 dv-cinder-796806-1-iscsi neutron-server[93645]: DEBUG neutron.plugins.ml2.managers [req-cc485ef9-f3bf-455e-bb3b-784a25651b1b req-76a7bea3-f2df-4cab-977b-60300b60d3d5 service neutron] Attempting to bind port b429b7bb-3267-47fb-ba69-c1a0ba672c9b on host hv-cinder-79680 for vnic_type normal with profile {{(pid=93645) bind_port /opt/stack/neutron/neutron/plugins/ml2/managers.py:790}}
Jun 17 10:17:46.348282 dv-cinder-796806-1-iscsi neutron-server[93645]: DEBUG neutron.plugins.ml2.managers [req-cc485ef9-f3bf-455e-bb3b-784a25651b1b req-76a7bea3-f2df-4cab-977b-60300b60d3d5 service neutron] Attempting to bind port b429b7bb-3267-47fb-ba69-c1a0ba672c9b by drivers openvswitch,hyperv on host hv-cinder-79680 at level 0 using segments [{'id': 'aee95af0-cc5d-41dc-ae63-eda94ddae53b', 'network_type': 'vlan', 'physical_network': 'physnet1', 'segmentation_id': 628, 'network_id': 'fb6d1dc1-5856-427b-992b-099ce227c06b'}] {{(pid=93645) _bind_port_level /opt/stack/neutron/neutron/plugins/ml2/managers.py:815}}
Jun 17 10:17:46.348621 dv-cinder-796806-1-iscsi neutron-server[93645]: DEBUG neutron.plugins.ml2.drivers.mech_agent [req-cc485ef9-f3bf-455e-bb3b-784a25651b1b req-76a7bea3-f2df-4cab-977b-60300b60d3d5 service neutron] Attempting to bind port b429b7bb-3267-47fb-ba69-c1a0ba672c9b on network fb6d1dc1-5856-427b-992b-099ce227c06b {{(pid=93645) bind_port /opt/stack/neutron/neutron/plugins/ml2/drivers/mech_agent.py:86}}
Jun 17 10:17:46.356309 dv-cinder-796806-1-iscsi neutron-server[93644]: DEBUG neutron_lib.callbacks.manager [None req-f032bceb-d7ab-4184-8960-7410c470a659 admin admin] Notify callbacks ['neutron.plugins.ml2.plugin.Ml2Plugin._network_delete_after_delete_handler-3792531', 'neutron.plugins.ml2.ovo_rpc._ObjectChangeHandler.handle_payload_event-714710', 'neutron.api.rpc.agentnotifiers.dhcp_rpc_agent_api.DhcpAgentNotifyAPI._native_event_send_dhcp_notification_payload-625243', 'neutron.services.l3_router.l3_router_plugin.DVRResourceOperationHandler.delete_fip_namespaces_for_ext_net-684612'] for network, after_delete {{(pid=93644) _notify_loop /usr/local/lib/python3.8/dist-packages/neutron_lib/callbacks/manager.py:192}}
Jun 17 10:17:46.363972 dv-cinder-796806-1-iscsi neutron-server[93645]: DEBUG neutron.plugins.ml2.drivers.mech_agent [req-cc485ef9-f3bf-455e-bb3b-784a25651b1b req-76a7bea3-f2df-4cab-977b-60300b60d3d5 service neutron] Port b429b7bb-3267-47fb-ba69-c1a0ba672c9b on network fb6d1dc1-5856-427b-992b-099ce227c06b not bound, no agent of type Open vSwitch agent registered on host hv-cinder-79680 {{(pid=93645) bind_port /opt/stack/neutron/neutron/plugins/ml2/drivers/mech_agent.py:98}}
Jun 17 10:17:46.364396 dv-cinder-796806-1-iscsi neutron-server[93645]: DEBUG neutron.plugins.ml2.drivers.mech_agent [req-cc485ef9-f3bf-455e-bb3b-784a25651b1b req-76a7bea3-f2df-4cab-977b-60300b60d3d5 service neutron] Attempting to bind port b429b7bb-3267-47fb-ba69-c1a0ba672c9b on network fb6d1dc1-5856-427b-992b-099ce227c06b {{(pid=93645) bind_port /opt/stack/neutron/neutron/plugins/ml2/drivers/mech_agent.py:86}}
Jun 17 10:17:46.385279 dv-cinder-796806-1-iscsi neutron-server[93645]: DEBUG neutron.plugins.ml2.drivers.mech_agent [req-cc485ef9-f3bf-455e-bb3b-784a25651b1b req-76a7bea3-f2df-4cab-977b-60300b60d3d5 service neutron] Checking agent: {'id': '71ef71fd-f9ba-4ed4-b44a-140e16714f5c', 'agent_type': 'HyperV agent', 'binary': 'neutron-hyperv-agent', 'topic': 'N/A', 'host': 'hv-cinder-79680', 'admin_state_up': True, 'created_at': datetime.datetime(2021, 6, 17, 10, 14, 58), 'started_at': datetime.datetime(2021, 6, 17, 10, 14, 58), 'heartbeat_timestamp': datetime.datetime(2021, 6, 17, 10, 17, 28), 'description': None, 'resources_synced': None, 'availability_zone': None, 'alive': True, 'configurations': {'vswitch_mappings': {'physnet1$': 'br-data'}}, 'resource_versions': {}} {{(pid=93645) bind_port /opt/stack/neutron/neutron/plugins/ml2/drivers/mech_agent.py:105}}
Jun 17 10:17:46.385759 dv-cinder-796806-1-iscsi neutron-server[93645]: DEBUG neutron.plugins.ml2.drivers.mech_agent [req-cc485ef9-f3bf-455e-bb3b-784a25651b1b req-76a7bea3-f2df-4cab-977b-60300b60d3d5 service neutron] Checking segment: {'id': 'aee95af0-cc5d-41dc-ae63-eda94ddae53b', 'network_type': 'vlan', 'physical_network': 'physnet1', 'segmentation_id': 628, 'network_id': 'fb6d1dc1-5856-427b-992b-099ce227c06b'} for mappings: {'physnet1$': 'br-data'} with network types: ['local', 'flat', 'vlan'] {{(pid=93645) check_segment_for_agent /opt/stack/neutron/neutron/plugins/ml2/drivers/mech_agent.py:341}}
Jun 17 10:17:46.386087 dv-cinder-796806-1-iscsi neutron-server[93645]: DEBUG neutron.plugins.ml2.drivers.mech_agent [req-cc485ef9-f3bf-455e-bb3b-784a25651b1b req-76a7bea3-f2df-4cab-977b-60300b60d3d5 service neutron] Bound using segment: {'id': 'aee95af0-cc5d-41dc-ae63-eda94ddae53b', 'network_type': 'vlan', 'physical_network': 'physnet1', 'segmentation_id': 628, 'network_id': 'fb6d1dc1-5856-427b-992b-099ce227c06b'} {{(pid=93645) bind_port /opt/stack/neutron/neutron/plugins/ml2/drivers/mech_agent.py:115}}
Jun 17 10:17:46.386650 dv-cinder-796806-1-iscsi neutron-server[93645]: DEBUG neutron.plugins.ml2.managers [req-cc485ef9-f3bf-455e-bb3b-784a25651b1b req-76a7bea3-f2df-4cab-977b-60300b60d3d5 service neutron] Bound port: b429b7bb-3267-47fb-ba69-c1a0ba672c9b, host: hv-cinder-79680, vif_type: hyperv, vif_details: {"connectivity": "legacy", "port_filter": false}, binding_levels: [{'bound_driver': 'hyperv', 'bound_segment': {'id': 'aee95af0-cc5d-41dc-ae63-eda94ddae53b', 'network_type': 'vlan', 'physical_network': 'physnet1', 'segmentation_id': 628, 'network_id': 'fb6d1dc1-5856-427b-992b-099ce227c06b'}}] {{(pid=93645) _bind_port_level /opt/stack/neutron/neutron/plugins/ml2/managers.py:928}}
Jun 17 10:17:46.387283 dv-cinder-796806-1-iscsi neutron-server[93645]: DEBUG neutron_lib.callbacks.manager [req-cc485ef9-f3bf-455e-bb3b-784a25651b1b req-76a7bea3-f2df-4cab-977b-60300b60d3d5 service neutron] Notify callbacks ['neutron.plugins.ml2.plugin.SecurityGroupDbMixin._ensure_default_security_group_handler_port-3930436'] for port, before_update {{(pid=93645) _notify_loop /usr/local/lib/python3.8/dist-packages/neutron_lib/callbacks/manager.py:192}}
Jun 17 10:17:46.431826 dv-cinder-796806-1-iscsi neutron-server[93644]: INFO neutron.wsgi [req-153620a5-cf53-43fe-b43a-08bdec3ad450 req-63eb5ce6-d5c0-46a1-8d33-c9e864cb8dd0 tempest-DeleteServersTestJSON-936155626 tempest-DeleteServersTestJSON-936155626-project] 10.222.0.22 "GET /v2.0/security-groups?id=a644f086-6875-492e-9fdb-6418b4e58878&fields=id&fields=name HTTP/1.1" status: 200 len: 286 time: 0.1296315
Jun 17 10:17:46.473636 dv-cinder-796806-1-iscsi neutron-server[93644]: DEBUG oslo_concurrency.lockutils [-] Lock "event-dispatch" acquired by "neutron.plugins.ml2.ovo_rpc._ObjectChangeHandler.dispatch_events" :: waited 0.000s {{(pid=93644) inner /usr/local/lib/python3.8/dist-packages/oslo_concurrency/lockutils.py:355}}
Jun 17 10:17:46.508162 dv-cinder-796806-1-iscsi neutron-server[93644]: DEBUG neutron_lib.callbacks.manager [None req-f032bceb-d7ab-4184-8960-7410c470a659 admin admin] Notify callbacks ['neutron.api.rpc.agentnotifiers.dhcp_rpc_agent_api.DhcpAgentNotifyAPI._send_dhcp_notification-625220'] for network, before_response {{(pid=93644) _notify_loop /usr/local/lib/python3.8/dist-packages/neutron_lib/callbacks/manager.py:192}}
Jun 17 10:17:46.511198 dv-cinder-796806-1-iscsi neutron-server[93644]: INFO neutron.wsgi [None req-f032bceb-d7ab-4184-8960-7410c470a659 admin admin] 10.222.0.22 "DELETE /v2.0/networks/08b8f224-6e18-485f-ac26-27c5d4909539 HTTP/1.1" status: 204 len: 168 time: 1.6800451
Jun 17 10:17:46.537156 dv-cinder-796806-1-iscsi neutron-server[93644]: DEBUG neutron.api.rpc.handlers.resources_rpc [None req-f032bceb-d7ab-4184-8960-7410c470a659 admin admin] Pushing event deleted for resources: {'Network': ['ID=08b8f224-6e18-485f-ac26-27c5d4909539,revision_number=None']} {{(pid=93644) push /opt/stack/neutron/neutron/api/rpc/handlers/resources_rpc.py:237}}
Jun 17 10:17:46.549728 dv-cinder-796806-1-iscsi neutron-server[93644]: DEBUG oslo_concurrency.lockutils [None req-f032bceb-d7ab-4184-8960-7410c470a659 admin admin] Lock "event-dispatch" released by "neutron.plugins.ml2.ovo_rpc._ObjectChangeHandler.dispatch_events" :: held 0.076s {{(pid=93644) inner /usr/local/lib/python3.8/dist-packages/oslo_concurrency/lockutils.py:367}}
Jun 17 10:17:46.583607 dv-cinder-796806-1-iscsi neutron-server[93645]: DEBUG neutron.plugins.ml2.db [req-cc485ef9-f3bf-455e-bb3b-784a25651b1b req-76a7bea3-f2df-4cab-977b-60300b60d3d5 service neutron] For port b429b7bb-3267-47fb-ba69-c1a0ba672c9b, host hv-cinder-79680, cleared binding levels {{(pid=93645) clear_binding_levels /opt/stack/neutron/neutron/plugins/ml2/db.py:88}}
Jun 17 10:17:46.590365 dv-cinder-796806-1-iscsi neutron-server[93645]: DEBUG neutron.plugins.ml2.db [req-cc485ef9-f3bf-455e-bb3b-784a25651b1b req-76a7bea3-f2df-4cab-977b-60300b60d3d5 service neutron] For port b429b7bb-3267-47fb-ba69-c1a0ba672c9b, host hv-cinder-79680, set binding levels [PortBindingLevel(driver='hyperv',host='hv-cinder-79680',level=0,port_id=b429b7bb-3267-47fb-ba69-c1a0ba672c9b,segment=NetworkSegment(aee95af0-cc5d-41dc-ae63-eda94ddae53b),segment_id=aee95af0-cc5d-41dc-ae63-eda94ddae53b)] {{(pid=93645) set_binding_levels /opt/stack/neutron/neutron/plugins/ml2/db.py:60}}
Jun 17 10:17:46.610865 dv-cinder-796806-1-iscsi neutron-server[93644]: DEBUG neutron.pecan_wsgi.hooks.policy_enforcement [req-5f583e38-da5c-4030-8f91-b3a329915940 req-a8e6a893-499c-4f52-ba6b-bf08ba7cc1ee service neutron] Attributes excluded by policy engine: ['standard_attr_id', 'shared', 'segment_id'] {{(pid=93644) _exclude_attributes_by_policy /opt/stack/neutron/neutron/pecan_wsgi/hooks/policy_enforcement.py:255}}
Jun 17 10:17:46.612881 dv-cinder-796806-1-iscsi neutron-server[93644]: INFO neutron.wsgi [req-5f583e38-da5c-4030-8f91-b3a329915940 req-a8e6a893-499c-4f52-ba6b-bf08ba7cc1ee service neutron] 10.222.0.47 "GET /v2.0/subnets?id=e9682fe0-190f-4cfb-8a99-3f5500e89851 HTTP/1.1" status: 200 len: 859 time: 0.2575943
Jun 17 10:17:46.718080 dv-cinder-796806-1-iscsi neutron-server[93644]: INFO neutron.wsgi [req-5f583e38-da5c-4030-8f91-b3a329915940 req-df6adc3e-6ca5-4f39-b043-951dff5ba28a service neutron] 10.222.0.47 "GET /v2.0/ports?network_id=d773beeb-675a-4b62-b751-30bf7ea2150d&device_owner=network%3Adhcp HTTP/1.1" status: 200 len: 210 time: 0.0917420
Jun 17 10:17:46.731160 dv-cinder-796806-1-iscsi neutron-server[93645]: DEBUG neutron_lib.callbacks.manager [req-cc485ef9-f3bf-455e-bb3b-784a25651b1b req-76a7bea3-f2df-4cab-977b-60300b60d3d5 service neutron] Notify callbacks ['neutron.plugins.ml2.plugin.SecurityGroupServerNotifierRpcMixin.notify_sg_on_port_change-3925402', 'neutron.plugins.ml2.ovo_rpc._ObjectChangeHandler.handle_event-16186', 'neutron.api.rpc.agentnotifiers.dhcp_rpc_agent_api.DhcpAgentNotifyAPI._native_event_send_dhcp_notification-625234', 'neutron.db.l3_db.L3RpcNotifierMixin._notify_gateway_port_ip_changed-8740734277479', 'neutron.db.l3_dvrscheduler_db._notify_l3_agent_port_update-8740733869105', 'neutron.db.l3_hascheduler_db._notify_l3_agent_ha_port_update-8740733869150', 'neutron.services.segments.plugin.NovaSegmentNotifier._notify_port_updated-129691277'] for port, after_update {{(pid=93645) _notify_loop /usr/local/lib/python3.8/dist-packages/neutron_lib/callbacks/manager.py:192}}
Jun 17 10:17:46.750079 dv-cinder-796806-1-iscsi neutron-server[93645]: DEBUG oslo_concurrency.lockutils [None req-472234f3-70f0-4c82-a512-df0fe1c2c1c9 service neutron] Lock "event-dispatch" acquired by "neutron.plugins.ml2.ovo_rpc._ObjectChangeHandler.dispatch_events" :: waited 0.000s {{(pid=93645) inner /usr/local/lib/python3.8/dist-packages/oslo_concurrency/lockutils.py:355}}
Jun 17 10:17:46.781739 dv-cinder-796806-1-iscsi neutron-server[93645]: DEBUG neutron.pecan_wsgi.hooks.policy_enforcement [req-cc485ef9-f3bf-455e-bb3b-784a25651b1b req-76a7bea3-f2df-4cab-977b-60300b60d3d5 service neutron] Attributes excluded by policy engine: ['standard_attr_id'] {{(pid=93645) _exclude_attributes_by_policy /opt/stack/neutron/neutron/pecan_wsgi/hooks/policy_enforcement.py:255}}
Jun 17 10:17:46.787393 dv-cinder-796806-1-iscsi neutron-server[93645]: DEBUG neutron_lib.callbacks.manager [req-cc485ef9-f3bf-455e-bb3b-784a25651b1b req-76a7bea3-f2df-4cab-977b-60300b60d3d5 service neutron] Notify callbacks ['neutron.notifiers.nova.Notifier._send_nova_notification-336733', 'neutron.api.rpc.agentnotifiers.dhcp_rpc_agent_api.DhcpAgentNotifyAPI._send_dhcp_notification-625220'] for port, before_response {{(pid=93645) _notify_loop /usr/local/lib/python3.8/dist-packages/neutron_lib/callbacks/manager.py:192}}
Jun 17 10:17:46.791120 dv-cinder-796806-1-iscsi neutron-server[93645]: INFO neutron.wsgi [req-cc485ef9-f3bf-455e-bb3b-784a25651b1b req-76a7bea3-f2df-4cab-977b-60300b60d3d5 service neutron] 10.222.0.47 "PUT /v2.0/ports/b429b7bb-3267-47fb-ba69-c1a0ba672c9b HTTP/1.1" status: 200 len: 1093 time: 2.8324432
Jun 17 10:17:46.827079 dv-cinder-796806-1-iscsi neutron-server[93645]: DEBUG neutron_lib.callbacks.manager [req-88351d6e-0cde-4349-aa3d-988681f9eace req-6e1faee3-cb65-4925-a2b8-aa455d51e939 service neutron] Notify callbacks [] for security_group, before_create {{(pid=93645) _notify_loop /usr/local/lib/python3.8/dist-packages/neutron_lib/callbacks/manager.py:192}}
Jun 17 10:17:46.831256 dv-cinder-796806-1-iscsi neutron-server[93645]: DEBUG neutron.notifiers.nova [-] Sending events: [{'name': 'network-changed', 'server_uuid': '032973f9-8cea-4739-bdba-a15d9c60f256', 'tag': 'b429b7bb-3267-47fb-ba69-c1a0ba672c9b'}] {{(pid=93645) send_events /opt/stack/neutron/neutron/notifiers/nova.py:262}}
Jun 17 10:17:46.832140 dv-cinder-796806-1-iscsi neutron-server[93644]: DEBUG neutron.pecan_wsgi.hooks.policy_enforcement [req-5a3c2fa0-10dd-4204-999f-7a942e9ea0ff req-c708a1b9-e278-48a9-8608-0907cc645711 tempest-AttachVolumeNegativeTest-2024908439 tempest-AttachVolumeNegativeTest-2024908439-project] Attributes excluded by policy engine: ['standard_attr_id', 'binding:profile', 'binding:host_id', 'binding:vif_type', 'binding:vif_details'] {{(pid=93644) _exclude_attributes_by_policy /opt/stack/neutron/neutron/pecan_wsgi/hooks/policy_enforcement.py:255}}
Jun 17 10:17:46.836677 dv-cinder-796806-1-iscsi neutron-server[93645]: DEBUG novaclient.v2.client [-] REQ: curl -g -i --cacert "/opt/stack/data/ca-bundle.pem" -X POST http://10.222.0.22/compute/v2.1/os-server-external-events -H "Accept: application/json" -H "Content-Type: application/json" -H "User-Agent: python-novaclient" -H "X-Auth-Token: {SHA256}e25c6fbde856bb10fc3e6f7e7beb0655886cca8e381c3d168db957d1d9f65ca9" -H "X-OpenStack-Nova-API-Version: 2.1" -H "X-OpenStack-Request-ID: req-6d41a230-a268-4a25-9ea5-f4de66701ea1" -d '{"events": [{"name": "network-changed", "server_uuid": "032973f9-8cea-4739-bdba-a15d9c60f256", "tag": "b429b7bb-3267-47fb-ba69-c1a0ba672c9b"}]}' {{(pid=93645) _http_log_request /usr/local/lib/python3.8/dist-packages/keystoneauth1/session.py:519}}
Jun 17 10:17:46.839452 dv-cinder-796806-1-iscsi neutron-server[93644]: INFO neutron.wsgi [req-5a3c2fa0-10dd-4204-999f-7a942e9ea0ff req-c708a1b9-e278-48a9-8608-0907cc645711 tempest-AttachVolumeNegativeTest-2024908439 tempest-AttachVolumeNegativeTest-2024908439-project] 10.222.0.22 "GET /v2.0/ports?device_id=7c7a6268-cae5-485c-b4b0-15e4829e5ec1 HTTP/1.1" status: 200 len: 945 time: 0.4036300
Jun 17 10:17:46.982442 dv-cinder-796806-1-iscsi neutron-server[93645]: DEBUG neutron.api.rpc.handlers.resources_rpc [None req-76a7bea3-f2df-4cab-977b-60300b60d3d5 service neutron] Pushing event updated for resources: {'Port': ['ID=b429b7bb-3267-47fb-ba69-c1a0ba672c9b,revision_number=3']} {{(pid=93645) push /opt/stack/neutron/neutron/api/rpc/handlers/resources_rpc.py:237}}
Jun 17 10:17:46.990473 dv-cinder-796806-1-iscsi neutron-server[93645]: DEBUG oslo_concurrency.lockutils [None req-76a7bea3-f2df-4cab-977b-60300b60d3d5 service neutron] Lock "event-dispatch" released by "neutron.plugins.ml2.ovo_rpc._ObjectChangeHandler.dispatch_events" :: held 0.241s {{(pid=93645) inner /usr/local/lib/python3.8/dist-packages/oslo_concurrency/lockutils.py:367}}
Jun 17 10:17:47.056956 dv-cinder-796806-1-iscsi neutron-server[93644]: INFO neutron.wsgi [req-5a3c2fa0-10dd-4204-999f-7a942e9ea0ff req-b66f5e84-74b0-454f-a480-fae92a804571 tempest-AttachVolumeNegativeTest-2024908439 tempest-AttachVolumeNegativeTest-2024908439-project] 10.222.0.22 "GET /v2.0/security-groups?id=4b298a6e-ca03-4b84-a35f-a75e19063a83&fields=id&fields=name HTTP/1.1" status: 200 len: 286 time: 0.1986914
Jun 17 10:17:47.073494 dv-cinder-796806-1-iscsi neutron-server[93645]: INFO neutron.wsgi [req-88351d6e-0cde-4349-aa3d-988681f9eace req-6e1faee3-cb65-4925-a2b8-aa455d51e939 service neutron] 10.222.0.47 "GET /v2.0/security-groups?id=a644f086-6875-492e-9fdb-6418b4e58878&fields=id&fields=name HTTP/1.1" status: 200 len: 286 time: 1.5266356
Jun 17 10:17:47.106070 dv-cinder-796806-1-iscsi neutron-server[93644]: INFO neutron.wsgi [req-5f583e38-da5c-4030-8f91-b3a329915940 req-c9ed39df-0651-434a-8217-f01d45525ccb service neutron] 10.222.0.47 "GET /v2.0/networks/d773beeb-675a-4b62-b751-30bf7ea2150d?fields=segments HTTP/1.1" status: 200 len: 212 time: 0.3704486
Jun 17 10:17:47.128363 dv-cinder-796806-1-iscsi neutron-server[93645]: DEBUG neutron.pecan_wsgi.hooks.policy_enforcement [req-cc485ef9-f3bf-455e-bb3b-784a25651b1b req-fcfba970-de12-4890-8cbd-940be5e6b56f service neutron] Attributes excluded by policy engine: ['standard_attr_id'] {{(pid=93645) _exclude_attributes_by_policy /opt/stack/neutron/neutron/pecan_wsgi/hooks/policy_enforcement.py:255}}
Jun 17 10:17:47.131993 dv-cinder-796806-1-iscsi neutron-server[93645]: INFO neutron.wsgi [req-cc485ef9-f3bf-455e-bb3b-784a25651b1b req-fcfba970-de12-4890-8cbd-940be5e6b56f service neutron] 10.222.0.47 "GET /v2.0/ports?tenant_id=d3921a4980a048a78ce6c633bbba19c9&device_id=032973f9-8cea-4739-bdba-a15d9c60f256 HTTP/1.1" status: 200 len: 1096 time: 0.1332195
Jun 17 10:17:47.141006 dv-cinder-796806-1-iscsi neutron-server[93645]: DEBUG novaclient.v2.client [-] RESP: [200] Connection: close Content-Length: 179 Content-Type: application/json Date: Thu, 17 Jun 2021 10:17:46 GMT OpenStack-API-Version: compute 2.1 Server: Apache/2.4.41 (Ubuntu) Vary: OpenStack-API-Version,X-OpenStack-Nova-API-Version X-OpenStack-Nova-API-Version: 2.1 x-compute-request-id: req-d2b7313c-6a31-44bb-801d-a1304a73d8c6 x-openstack-request-id: req-d2b7313c-6a31-44bb-801d-a1304a73d8c6 {{(pid=93645) _http_log_response /usr/local/lib/python3.8/dist-packages/keystoneauth1/session.py:550}}
Jun 17 10:17:47.141739 dv-cinder-796806-1-iscsi neutron-server[93645]: DEBUG novaclient.v2.client [-] RESP BODY: {"events": [{"name": "network-changed", "server_uuid": "032973f9-8cea-4739-bdba-a15d9c60f256", "tag": "b429b7bb-3267-47fb-ba69-c1a0ba672c9b", "status": "completed", "code": 200}]} {{(pid=93645) _http_log_response /usr/local/lib/python3.8/dist-packages/keystoneauth1/session.py:582}}
Jun 17 10:17:47.143493 dv-cinder-796806-1-iscsi neutron-server[93645]: DEBUG novaclient.v2.client [-] POST call to compute for http://10.222.0.22/compute/v2.1/os-server-external-events used request id req-d2b7313c-6a31-44bb-801d-a1304a73d8c6 {{(pid=93645) request /usr/local/lib/python3.8/dist-packages/keystoneauth1/session.py:954}}
Jun 17 10:17:47.147494 dv-cinder-796806-1-iscsi neutron-server[93645]: INFO neutron.notifiers.nova [-] Nova event response: {'name': 'network-changed', 'server_uuid': '032973f9-8cea-4739-bdba-a15d9c60f256', 'tag': 'b429b7bb-3267-47fb-ba69-c1a0ba672c9b', 'status': 'completed', 'code': 200}
Jun 17 10:17:47.149217 dv-cinder-796806-1-iscsi neutron-server[93644]: DEBUG neutron.pecan_wsgi.hooks.policy_enforcement [req-90594362-9963-4ab6-b5ef-97bfc9d7c973 req-1dd73ffe-0efb-4539-96aa-0e8cc8b5afbd tempest-AttachVolumeShelveTestJSON-281332224 tempest-AttachVolumeShelveTestJSON-281332224-project] Attributes excluded by policy engine: ['standard_attr_id', 'binding:profile', 'binding:host_id', 'binding:vif_type', 'binding:vif_details'] {{(pid=93644) _exclude_attributes_by_policy /opt/stack/neutron/neutron/pecan_wsgi/hooks/policy_enforcement.py:255}}
Jun 17 10:17:47.152522 dv-cinder-796806-1-iscsi neutron-server[93644]: INFO neutron.wsgi [req-90594362-9963-4ab6-b5ef-97bfc9d7c973 req-1dd73ffe-0efb-4539-96aa-0e8cc8b5afbd tempest-AttachVolumeShelveTestJSON-281332224 tempest-AttachVolumeShelveTestJSON-281332224-project] 10.222.0.22 "GET /v2.0/ports?device_id=032973f9-8cea-4739-bdba-a15d9c60f256 HTTP/1.1" status: 200 len: 943 time: 0.3113711
Jun 17 10:17:47.239887 dv-cinder-796806-1-iscsi neutron-server[93645]: INFO neutron.wsgi [req-cc485ef9-f3bf-455e-bb3b-784a25651b1b req-f51064ca-d5b3-408f-9426-2dc469778df7 service neutron] 10.222.0.47 "GET /v2.0/floatingips?fixed_ip_address=172.20.0.9&port_id=b429b7bb-3267-47fb-ba69-c1a0ba672c9b HTTP/1.1" status: 200 len: 217 time: 0.0898099
Jun 17 10:17:47.315136 dv-cinder-796806-1-iscsi neutron-server[93645]: DEBUG neutron.pecan_wsgi.hooks.policy_enforcement [req-cc485ef9-f3bf-455e-bb3b-784a25651b1b req-dfbdad26-0a75-4c32-bdfc-da5e842a7e41 service neutron] Attributes excluded by policy engine: ['standard_attr_id', 'shared', 'segment_id'] {{(pid=93645) _exclude_attributes_by_policy /opt/stack/neutron/neutron/pecan_wsgi/hooks/policy_enforcement.py:255}}
Jun 17 10:17:47.317101 dv-cinder-796806-1-iscsi neutron-server[93645]: INFO neutron.wsgi [req-cc485ef9-f3bf-455e-bb3b-784a25651b1b req-dfbdad26-0a75-4c32-bdfc-da5e842a7e41 service neutron] 10.222.0.47 "GET /v2.0/subnets?id=235adf9a-5d00-4d35-8ffd-65944fdd0c17 HTTP/1.1" status: 200 len: 856 time: 0.0661654
Jun 17 10:17:47.318443 dv-cinder-796806-1-iscsi neutron-server[93644]: INFO neutron.wsgi [req-90594362-9963-4ab6-b5ef-97bfc9d7c973 req-e91a8d49-df0f-4936-875d-3f7fa447b7f1 tempest-AttachVolumeShelveTestJSON-281332224 tempest-AttachVolumeShelveTestJSON-281332224-project] 10.222.0.22 "GET /v2.0/security-groups?id=66df205f-2a9e-4b5d-ac5b-3414ee5c524c&fields=id&fields=name HTTP/1.1" status: 200 len: 313 time: 0.1508222
Jun 17 10:17:47.375949 dv-cinder-796806-1-iscsi neutron-server[93644]: DEBUG neutron.wsgi [-] (93644) accepted ('10.222.0.22', 46072) {{(pid=93644) server /usr/local/lib/python3.8/dist-packages/eventlet/wsgi.py:992}}
Jun 17 10:17:47.443892 dv-cinder-796806-1-iscsi neutron-server[93645]: DEBUG neutron.pecan_wsgi.hooks.policy_enforcement [req-cc485ef9-f3bf-455e-bb3b-784a25651b1b req-dc2b18e1-aeb3-4698-9ac8-6891468813ef service neutron] Attributes excluded by policy engine: ['standard_attr_id'] {{(pid=93645) _exclude_attributes_by_policy /opt/stack/neutron/neutron/pecan_wsgi/hooks/policy_enforcement.py:255}}
Jun 17 10:17:47.446210 dv-cinder-796806-1-iscsi neutron-server[93645]: INFO neutron.wsgi [req-cc485ef9-f3bf-455e-bb3b-784a25651b1b req-dc2b18e1-aeb3-4698-9ac8-6891468813ef service neutron] 10.222.0.47 "GET /v2.0/ports?network_id=fb6d1dc1-5856-427b-992b-099ce227c06b&device_owner=network%3Adhcp HTTP/1.1" status: 200 len: 1175 time: 0.1164081
Jun 17 10:17:47.462627 dv-cinder-796806-1-iscsi neutron-server[93644]: INFO neutron.wsgi [req-5f583e38-da5c-4030-8f91-b3a329915940 req-07bc9ab0-6601-40e0-a4d5-f6fbbeeb4f00 service neutron] 10.222.0.47 "GET /v2.0/networks/d773beeb-675a-4b62-b751-30bf7ea2150d?fields=provider%3Aphysical_network&fields=provider%3Anetwork_type HTTP/1.1" status: 200 len: 281 time: 0.3082693
Jun 17 10:17:47.513104 dv-cinder-796806-1-iscsi neutron-server[93644]: INFO neutron.wsgi [None req-85c0092a-07be-4d30-8412-de3bf91f17a7 admin admin] 10.222.0.22 "GET /v2.0/security-groups?tenant_id=4ac426a0793d49c2a99ee793166b26e3&name=default HTTP/1.1" status: 200 len: 2979 time: 0.1319239
Jun 17 10:17:47.515830 dv-cinder-796806-1-iscsi neutron-server[93644]: DEBUG neutron.wsgi [-] (93644) accepted ('10.222.0.22', 46076) {{(pid=93644) server /usr/local/lib/python3.8/dist-packages/eventlet/wsgi.py:992}}
Jun 17 10:17:47.546916 dv-cinder-796806-1-iscsi neutron-server[93644]: DEBUG neutron.pecan_wsgi.hooks.policy_enforcement [req-1a884ad3-60a5-47e2-9ee6-26f520ef32e5 req-c798dcb3-162b-4ce3-a2b9-1c64c8bfb5a9 tempest-ServerRescueNegativeTestJSON-946809540 tempest-ServerRescueNegativeTestJSON-946809540-project] Attributes excluded by policy engine: ['standard_attr_id', 'binding:profile', 'binding:host_id', 'binding:vif_type', 'binding:vif_details'] {{(pid=93644) _exclude_attributes_by_policy /opt/stack/neutron/neutron/pecan_wsgi/hooks/policy_enforcement.py:255}}
Jun 17 10:17:47.550077 dv-cinder-796806-1-iscsi neutron-server[93644]: INFO neutron.wsgi [req-1a884ad3-60a5-47e2-9ee6-26f520ef32e5 req-c798dcb3-162b-4ce3-a2b9-1c64c8bfb5a9 tempest-ServerRescueNegativeTestJSON-946809540 tempest-ServerRescueNegativeTestJSON-946809540-project] 10.222.0.22 "GET /v2.0/ports?device_id=c115ea05-b61c-4a41-9a4a-e0185fef6be8 HTTP/1.1" status: 200 len: 943 time: 0.2540517
Jun 17 10:17:47.589775 dv-cinder-796806-1-iscsi neutron-server[93645]: INFO neutron.wsgi [req-cc485ef9-f3bf-455e-bb3b-784a25651b1b req-5f0c81f7-4a1f-4314-a907-d2f0204d38f9 service neutron] 10.222.0.47 "GET /v2.0/networks/fb6d1dc1-5856-427b-992b-099ce227c06b?fields=segments HTTP/1.1" status: 200 len: 212 time: 0.1341257
Jun 17 10:17:47.707383 dv-cinder-796806-1-iscsi neutron-server[93644]: INFO neutron.wsgi [req-1a884ad3-60a5-47e2-9ee6-26f520ef32e5 req-3738798f-9c9b-4212-a432-45c190b86028 tempest-ServerRescueNegativeTestJSON-946809540 tempest-ServerRescueNegativeTestJSON-946809540-project] 10.222.0.22 "GET /v2.0/security-groups?id=ae35eeca-cb34-4f18-92cf-2ce51eb96bfb&fields=id&fields=name HTTP/1.1" status: 200 len: 286 time: 0.1261146
Jun 17 10:17:47.740369 dv-cinder-796806-1-iscsi neutron-server[93644]: DEBUG neutron_lib.callbacks.manager [None req-9161f1a5-d745-40a5-b3c7-9bac577bd8b5 admin admin] Notify callbacks [] for security_group, before_delete {{(pid=93644) _notify_loop /usr/local/lib/python3.8/dist-packages/neutron_lib/callbacks/manager.py:192}}
Jun 17 10:17:47.802961 dv-cinder-796806-1-iscsi neutron-server[93645]: INFO neutron.wsgi [req-cc485ef9-f3bf-455e-bb3b-784a25651b1b req-870d7fee-13ca-4b07-be98-cd622001b5f4 service neutron] 10.222.0.47 "GET /v2.0/networks/fb6d1dc1-5856-427b-992b-099ce227c06b?fields=provider%3Aphysical_network&fields=provider%3Anetwork_type HTTP/1.1" status: 200 len: 281 time: 0.1987886
Jun 17 10:17:47.816477 dv-cinder-796806-1-iscsi neutron-server[93644]: DEBUG neutron_lib.callbacks.manager [None req-9161f1a5-d745-40a5-b3c7-9bac577bd8b5 admin admin] Notify callbacks [] for security_group, precommit_delete {{(pid=93644) _notify_loop /usr/local/lib/python3.8/dist-packages/neutron_lib/callbacks/manager.py:192}}
Jun 17 10:17:47.890178 dv-cinder-796806-1-iscsi neutron-server[93646]: DEBUG neutron.plugins.ml2.rpc [None req-98f8c35a-dcc5-4653-9090-a8acec94ca11 None None] Device b1924e06-caa3-4695-8bd6-e71e3f3430da details requested by agent hyperv_hv-cinder-79680 with host hv-cinder-79680 {{(pid=93646) get_device_details /opt/stack/neutron/neutron/plugins/ml2/rpc.py:88}}
Jun 17 10:17:47.969315 dv-cinder-796806-1-iscsi neutron-server[93644]: DEBUG neutron.pecan_wsgi.hooks.policy_enforcement [req-3e7f6f0f-8cfb-49e3-8f15-fba8ffdc8901 req-c6b765b4-41f1-4f96-acc7-f1df89d7ddb4 tempest-DeleteServersTestJSON-936155626 tempest-DeleteServersTestJSON-936155626-project] Attributes excluded by policy engine: ['standard_attr_id', 'binding:profile', 'binding:host_id', 'binding:vif_type', 'binding:vif_details'] {{(pid=93644) _exclude_attributes_by_policy /opt/stack/neutron/neutron/pecan_wsgi/hooks/policy_enforcement.py:255}}
Jun 17 10:17:47.971016 dv-cinder-796806-1-iscsi neutron-server[93644]: INFO neutron.wsgi [req-3e7f6f0f-8cfb-49e3-8f15-fba8ffdc8901 req-c6b765b4-41f1-4f96-acc7-f1df89d7ddb4 tempest-DeleteServersTestJSON-936155626 tempest-DeleteServersTestJSON-936155626-project] 10.222.0.22 "GET /v2.0/ports?device_id=22550391-be87-4a53-ad43-67c07ba72602 HTTP/1.1" status: 200 len: 945 time: 0.1895032
Jun 17 10:17:48.027208 dv-cinder-796806-1-iscsi neutron-server[93644]: INFO neutron.wsgi [req-3e7f6f0f-8cfb-49e3-8f15-fba8ffdc8901 req-1a40969e-fc73-4353-a7ae-1fefe80baf35 tempest-DeleteServersTestJSON-936155626 tempest-DeleteServersTestJSON-936155626-project] 10.222.0.22 "GET /v2.0/security-groups?id=a644f086-6875-492e-9fdb-6418b4e58878&fields=id&fields=name HTTP/1.1" status: 200 len: 286 time: 0.0481694
Jun 17 10:17:48.048173 dv-cinder-796806-1-iscsi neutron-server[93646]: DEBUG neutron.plugins.ml2.db [None req-98f8c35a-dcc5-4653-9090-a8acec94ca11 None None] For port b1924e06-caa3-4695-8bd6-e71e3f3430da, host hv-cinder-79680, got binding levels [PortBindingLevel(driver='hyperv',host='hv-cinder-79680',level=0,port_id=b1924e06-caa3-4695-8bd6-e71e3f3430da,segment=NetworkSegment(ec66c95e-bed2-41a1-bed7-5691438f5994),segment_id=ec66c95e-bed2-41a1-bed7-5691438f5994)] {{(pid=93646) get_binding_level_objs /opt/stack/neutron/neutron/plugins/ml2/db.py:75}}
Jun 17 10:17:48.072990 dv-cinder-796806-1-iscsi neutron-server[93646]: DEBUG neutron.plugins.ml2.rpc [None req-98f8c35a-dcc5-4653-9090-a8acec94ca11 None None] Returning: {'device': 'b1924e06-caa3-4695-8bd6-e71e3f3430da', 'network_id': 'd773beeb-675a-4b62-b751-30bf7ea2150d', 'port_id': 'b1924e06-caa3-4695-8bd6-e71e3f3430da', 'mac_address': 'fa:16:3e:32:e9:68', 'admin_state_up': True, 'network_type': 'vlan', 'segmentation_id': 624, 'physical_network': 'physnet1', 'mtu': 1500, 'fixed_ips': [{'subnet_id': 'e9682fe0-190f-4cfb-8a99-3f5500e89851', 'ip_address': '172.20.0.7'}], 'device_owner': 'compute:nova', 'allowed_address_pairs': [], 'port_security_enabled': True, 'qos_policy_id': None, 'network_qos_policy_id': None, 'profile': {}, 'propagate_uplink_status': False} {{(pid=93646) _get_device_details /opt/stack/neutron/neutron/plugins/ml2/rpc.py:168}}
Jun 17 10:17:48.081959 dv-cinder-796806-1-iscsi neutron-server[93644]: DEBUG neutron_lib.callbacks.manager [None req-9161f1a5-d745-40a5-b3c7-9bac577bd8b5 admin admin] Notify callbacks ['neutron.plugins.ml2.ovo_rpc._ObjectChangeHandler.handle_event-714665'] for security_group, after_delete {{(pid=93644) _notify_loop /usr/local/lib/python3.8/dist-packages/neutron_lib/callbacks/manager.py:192}}
Jun 17 10:17:48.087457 dv-cinder-796806-1-iscsi neutron-server[93644]: DEBUG neutron_lib.callbacks.manager [None req-9161f1a5-d745-40a5-b3c7-9bac577bd8b5 admin admin] Notify callbacks [] for security_group, before_response {{(pid=93644) _notify_loop /usr/local/lib/python3.8/dist-packages/neutron_lib/callbacks/manager.py:192}}
Jun 17 10:17:48.095034 dv-cinder-796806-1-iscsi neutron-server[93644]: INFO neutron.wsgi [None req-9161f1a5-d745-40a5-b3c7-9bac577bd8b5 admin admin] 10.222.0.22 "DELETE /v2.0/security-groups/c21195e1-85d6-4ef4-a450-d49de4270e62 HTTP/1.1" status: 204 len: 168 time: 0.5745521
Jun 17 10:17:48.095966 dv-cinder-796806-1-iscsi neutron-server[93645]: DEBUG neutron.pecan_wsgi.hooks.policy_enforcement [req-6d41a230-a268-4a25-9ea5-f4de66701ea1 req-e15d3016-2f9d-42a6-94f2-acc326dd1b44 service neutron] Attributes excluded by policy engine: ['standard_attr_id'] {{(pid=93645) _exclude_attributes_by_policy /opt/stack/neutron/neutron/pecan_wsgi/hooks/policy_enforcement.py:255}}
Jun 17 10:17:48.096960 dv-cinder-796806-1-iscsi neutron-server[93644]: DEBUG oslo_concurrency.lockutils [-] Lock "event-dispatch" acquired by "neutron.plugins.ml2.ovo_rpc._ObjectChangeHandler.dispatch_events" :: waited 0.000s {{(pid=93644) inner /usr/local/lib/python3.8/dist-packages/oslo_concurrency/lockutils.py:355}}
Jun 17 10:17:48.099112 dv-cinder-796806-1-iscsi neutron-server[93645]: INFO neutron.wsgi [req-6d41a230-a268-4a25-9ea5-f4de66701ea1 req-e15d3016-2f9d-42a6-94f2-acc326dd1b44 service neutron] 10.222.0.47 "GET /v2.0/ports?tenant_id=d3921a4980a048a78ce6c633bbba19c9&device_id=032973f9-8cea-4739-bdba-a15d9c60f256 HTTP/1.1" status: 200 len: 1096 time: 0.0900679
Jun 17 10:17:48.125156 dv-cinder-796806-1-iscsi neutron-server[93644]: DEBUG neutron.api.rpc.handlers.resources_rpc [None req-9161f1a5-d745-40a5-b3c7-9bac577bd8b5 admin admin] Pushing event deleted for resources: {'SecurityGroup': ['ID=c21195e1-85d6-4ef4-a450-d49de4270e62,revision_number=None']} {{(pid=93644) push /opt/stack/neutron/neutron/api/rpc/handlers/resources_rpc.py:237}}
Jun 17 10:17:48.140510 dv-cinder-796806-1-iscsi neutron-server[93644]: DEBUG oslo_concurrency.lockutils [None req-9161f1a5-d745-40a5-b3c7-9bac577bd8b5 admin admin] Lock "event-dispatch" released by "neutron.plugins.ml2.ovo_rpc._ObjectChangeHandler.dispatch_events" :: held 0.044s {{(pid=93644) inner /usr/local/lib/python3.8/dist-packages/oslo_concurrency/lockutils.py:367}}
Jun 17 10:17:48.255687 dv-cinder-796806-1-iscsi neutron-server[93646]: DEBUG neutron_lib.callbacks.manager [None req-98f8c35a-dcc5-4653-9090-a8acec94ca11 None None] Notify callbacks ['neutron.plugins.ml2.plugin.SecurityGroupDbMixin._ensure_default_security_group_handler_port-3930436'] for port, before_update {{(pid=93646) _notify_loop /usr/local/lib/python3.8/dist-packages/neutron_lib/callbacks/manager.py:192}}
Jun 17 10:17:48.288002 dv-cinder-796806-1-iscsi neutron-server[93646]: DEBUG neutron.notifiers.nova [None req-98f8c35a-dcc5-4653-9090-a8acec94ca11 None None] Ignoring state change previous_port_status: DOWN current_port_status: BUILD port_id b1924e06-caa3-4695-8bd6-e71e3f3430da {{(pid=93646) record_port_status_changed /opt/stack/neutron/neutron/notifiers/nova.py:224}}
Jun 17 10:17:48.331601 dv-cinder-796806-1-iscsi neutron-server[93646]: DEBUG neutron.plugins.ml2.db [None req-98f8c35a-dcc5-4653-9090-a8acec94ca11 None None] For port b1924e06-caa3-4695-8bd6-e71e3f3430da, host hv-cinder-79680, got binding levels [PortBindingLevel(driver='hyperv',host='hv-cinder-79680',level=0,port_id=b1924e06-caa3-4695-8bd6-e71e3f3430da,segment=NetworkSegment(ec66c95e-bed2-41a1-bed7-5691438f5994),segment_id=ec66c95e-bed2-41a1-bed7-5691438f5994)] {{(pid=93646) get_binding_level_objs /opt/stack/neutron/neutron/plugins/ml2/db.py:75}}
Jun 17 10:17:48.397806 dv-cinder-796806-1-iscsi neutron-server[93644]: DEBUG neutron.pecan_wsgi.hooks.policy_enforcement [req-b2874b28-63a3-42ef-ba0b-8f2fa9cc45b4 req-d93507c5-29ab-4669-aab6-8ba689bf3f85 tempest-AttachVolumeNegativeTest-2024908439 tempest-AttachVolumeNegativeTest-2024908439-project] Attributes excluded by policy engine: ['standard_attr_id', 'binding:profile', 'binding:host_id', 'binding:vif_type', 'binding:vif_details'] {{(pid=93644) _exclude_attributes_by_policy /opt/stack/neutron/neutron/pecan_wsgi/hooks/policy_enforcement.py:255}}
Jun 17 10:17:48.398846 dv-cinder-796806-1-iscsi neutron-server[93645]: DEBUG neutron.pecan_wsgi.hooks.policy_enforcement [req-6d41a230-a268-4a25-9ea5-f4de66701ea1 req-f15c5295-5d8d-4469-ba5e-766c2021da9c service neutron] Attributes excluded by policy engine: ['standard_attr_id', 'vlan_transparent'] {{(pid=93645) _exclude_attributes_by_policy /opt/stack/neutron/neutron/pecan_wsgi/hooks/policy_enforcement.py:255}}
Jun 17 10:17:48.400916 dv-cinder-796806-1-iscsi neutron-server[93644]: INFO neutron.wsgi [req-b2874b28-63a3-42ef-ba0b-8f2fa9cc45b4 req-d93507c5-29ab-4669-aab6-8ba689bf3f85 tempest-AttachVolumeNegativeTest-2024908439 tempest-AttachVolumeNegativeTest-2024908439-project] 10.222.0.22 "GET /v2.0/ports?device_id=7c7a6268-cae5-485c-b4b0-15e4829e5ec1 HTTP/1.1" status: 200 len: 945 time: 0.1631064
Jun 17 10:17:48.401380 dv-cinder-796806-1-iscsi neutron-server[93645]: INFO neutron.wsgi [req-6d41a230-a268-4a25-9ea5-f4de66701ea1 req-f15c5295-5d8d-4469-ba5e-766c2021da9c service neutron] 10.222.0.47 "GET /v2.0/networks?id=fb6d1dc1-5856-427b-992b-099ce227c06b HTTP/1.1" status: 200 len: 918 time: 0.2743192
Jun 17 10:17:48.453775 dv-cinder-796806-1-iscsi neutron-server[93646]: DEBUG neutron_lib.callbacks.manager [None req-98f8c35a-dcc5-4653-9090-a8acec94ca11 None None] Notify callbacks ['neutron.plugins.ml2.plugin.SecurityGroupServerNotifierRpcMixin.notify_sg_on_port_change-3925402', 'neutron.plugins.ml2.ovo_rpc._ObjectChangeHandler.handle_event-16186', 'neutron.api.rpc.agentnotifiers.dhcp_rpc_agent_api.DhcpAgentNotifyAPI._native_event_send_dhcp_notification-625234', 'neutron.db.l3_db.L3RpcNotifierMixin._notify_gateway_port_ip_changed-8740734277479', 'neutron.db.l3_dvrscheduler_db._notify_l3_agent_port_update-8740733869105', 'neutron.db.l3_hascheduler_db._notify_l3_agent_ha_port_update-8740733869150'] for port, after_update {{(pid=93646) _notify_loop /usr/local/lib/python3.8/dist-packages/neutron_lib/callbacks/manager.py:192}}
Jun 17 10:17:48.465317 dv-cinder-796806-1-iscsi neutron-server[93646]: DEBUG oslo_concurrency.lockutils [-] Lock "event-dispatch" acquired by "neutron.plugins.ml2.ovo_rpc._ObjectChangeHandler.dispatch_events" :: waited 0.000s {{(pid=93646) inner /usr/local/lib/python3.8/dist-packages/oslo_concurrency/lockutils.py:355}}
Jun 17 10:17:48.466066 dv-cinder-796806-1-iscsi neutron-server[93645]: INFO neutron.wsgi [req-6d41a230-a268-4a25-9ea5-f4de66701ea1 req-46130612-ae5c-4e8c-a3c7-3571da559d2d service neutron] 10.222.0.47 "GET /v2.0/floatingips?fixed_ip_address=172.20.0.9&port_id=b429b7bb-3267-47fb-ba69-c1a0ba672c9b HTTP/1.1" status: 200 len: 217 time: 0.0475206
Jun 17 10:17:48.582912 dv-cinder-796806-1-iscsi neutron-server[93644]: INFO neutron.wsgi [req-b2874b28-63a3-42ef-ba0b-8f2fa9cc45b4 req-ac96295d-98a1-4337-a355-5723fc3fd17f tempest-AttachVolumeNegativeTest-2024908439 tempest-AttachVolumeNegativeTest-2024908439-project] 10.222.0.22 "GET /v2.0/security-groups?id=4b298a6e-ca03-4b84-a35f-a75e19063a83&fields=id&fields=name HTTP/1.1" status: 200 len: 286 time: 0.1673188
Jun 17 10:17:48.589344 dv-cinder-796806-1-iscsi neutron-server[93645]: DEBUG neutron.pecan_wsgi.hooks.policy_enforcement [req-6d41a230-a268-4a25-9ea5-f4de66701ea1 req-ad1fb88a-b6de-45ab-942c-44cab645d67d service neutron] Attributes excluded by policy engine: ['standard_attr_id', 'shared', 'segment_id'] {{(pid=93645) _exclude_attributes_by_policy /opt/stack/neutron/neutron/pecan_wsgi/hooks/policy_enforcement.py:255}}
Jun 17 10:17:48.592216 dv-cinder-796806-1-iscsi neutron-server[93645]: INFO neutron.wsgi [req-6d41a230-a268-4a25-9ea5-f4de66701ea1 req-ad1fb88a-b6de-45ab-942c-44cab645d67d service neutron] 10.222.0.47 "GET /v2.0/subnets?id=235adf9a-5d00-4d35-8ffd-65944fdd0c17 HTTP/1.1" status: 200 len: 856 time: 0.1077480
Jun 17 10:17:48.616032 dv-cinder-796806-1-iscsi neutron-server[93646]: DEBUG neutron.api.rpc.handlers.resources_rpc [None req-98f8c35a-dcc5-4653-9090-a8acec94ca11 None None] Pushing event updated for resources: {'Port': ['ID=b1924e06-caa3-4695-8bd6-e71e3f3430da,revision_number=4']} {{(pid=93646) push /opt/stack/neutron/neutron/api/rpc/handlers/resources_rpc.py:237}}
Jun 17 10:17:48.622594 dv-cinder-796806-1-iscsi neutron-server[93646]: DEBUG oslo_concurrency.lockutils [None req-98f8c35a-dcc5-4653-9090-a8acec94ca11 None None] Lock "event-dispatch" released by "neutron.plugins.ml2.ovo_rpc._ObjectChangeHandler.dispatch_events" :: held 0.157s {{(pid=93646) inner /usr/local/lib/python3.8/dist-packages/oslo_concurrency/lockutils.py:367}}
Jun 17 10:17:48.800726 dv-cinder-796806-1-iscsi neutron-server[93644]: DEBUG neutron.pecan_wsgi.hooks.policy_enforcement [req-d466d31e-a811-419a-97be-df3091af3249 req-e5035ec7-8e6c-47e1-aa5d-79a09cec858c tempest-AttachVolumeShelveTestJSON-281332224 tempest-AttachVolumeShelveTestJSON-281332224-project] Attributes excluded by policy engine: ['standard_attr_id', 'binding:profile', 'binding:host_id', 'binding:vif_type', 'binding:vif_details'] {{(pid=93644) _exclude_attributes_by_policy /opt/stack/neutron/neutron/pecan_wsgi/hooks/policy_enforcement.py:255}}
Jun 17 10:17:48.816362 dv-cinder-796806-1-iscsi neutron-server[93644]: INFO neutron.wsgi [req-d466d31e-a811-419a-97be-df3091af3249 req-e5035ec7-8e6c-47e1-aa5d-79a09cec858c tempest-AttachVolumeShelveTestJSON-281332224 tempest-AttachVolumeShelveTestJSON-281332224-project] 10.222.0.22 "GET /v2.0/ports?device_id=032973f9-8cea-4739-bdba-a15d9c60f256 HTTP/1.1" status: 200 len: 943 time: 0.2697701
Jun 17 10:17:48.866576 dv-cinder-796806-1-iscsi neutron-server[93645]: DEBUG neutron.pecan_wsgi.hooks.policy_enforcement [req-6d41a230-a268-4a25-9ea5-f4de66701ea1 req-dfec6b67-16db-406c-ae17-72573a6793c2 service neutron] Attributes excluded by policy engine: ['standard_attr_id'] {{(pid=93645) _exclude_attributes_by_policy /opt/stack/neutron/neutron/pecan_wsgi/hooks/policy_enforcement.py:255}}
Jun 17 10:17:48.870757 dv-cinder-796806-1-iscsi neutron-server[93645]: INFO neutron.wsgi [req-6d41a230-a268-4a25-9ea5-f4de66701ea1 req-dfec6b67-16db-406c-ae17-72573a6793c2 service neutron] 10.222.0.47 "GET /v2.0/ports?network_id=fb6d1dc1-5856-427b-992b-099ce227c06b&device_owner=network%3Adhcp HTTP/1.1" status: 200 len: 1175 time: 0.2669737
Jun 17 10:17:48.968561 dv-cinder-796806-1-iscsi neutron-server[93644]: INFO neutron.wsgi [req-d466d31e-a811-419a-97be-df3091af3249 req-6e61a94b-797f-47f7-b0be-c0c4826fe063 tempest-AttachVolumeShelveTestJSON-281332224 tempest-AttachVolumeShelveTestJSON-281332224-project] 10.222.0.22 "GET /v2.0/security-groups?id=66df205f-2a9e-4b5d-ac5b-3414ee5c524c&fields=id&fields=name HTTP/1.1" status: 200 len: 313 time: 0.1282880
Jun 17 10:17:48.974534 dv-cinder-796806-1-iscsi neutron-server[93646]: DEBUG neutron.plugins.ml2.db [None req-98f8c35a-dcc5-4653-9090-a8acec94ca11 None None] get_ports_and_sgs() called for port_ids ['b1924e06-caa3-4695-8bd6-e71e3f3430da'] {{(pid=93646) get_ports_and_sgs /opt/stack/neutron/neutron/plugins/ml2/db.py:164}}
Jun 17 10:17:49.155851 dv-cinder-796806-1-iscsi neutron-server[93645]: INFO neutron.wsgi [req-6d41a230-a268-4a25-9ea5-f4de66701ea1 req-45225a28-205e-463f-a79f-dacab247a9e2 service neutron] 10.222.0.47 "GET /v2.0/networks/fb6d1dc1-5856-427b-992b-099ce227c06b?fields=segments HTTP/1.1" status: 200 len: 212 time: 0.2714024
Jun 17 10:17:49.365738 dv-cinder-796806-1-iscsi neutron-server[93645]: INFO neutron.wsgi [req-6d41a230-a268-4a25-9ea5-f4de66701ea1 req-3dfdb49c-b6c6-48b2-b2f7-9dace02a7755 service neutron] 10.222.0.47 "GET /v2.0/networks/fb6d1dc1-5856-427b-992b-099ce227c06b?fields=provider%3Aphysical_network&fields=provider%3Anetwork_type HTTP/1.1" status: 200 len: 281 time: 0.1969483
Jun 17 10:17:49.440152 dv-cinder-796806-1-iscsi neutron-server[93644]: DEBUG neutron.pecan_wsgi.hooks.policy_enforcement [req-d8c10023-d8e4-4566-83b4-5389a7300fd4 req-c861b239-2555-41ee-9f37-806cb64d7f1b tempest-ServerRescueNegativeTestJSON-946809540 tempest-ServerRescueNegativeTestJSON-946809540-project] Attributes excluded by policy engine: ['standard_attr_id', 'binding:profile', 'binding:host_id', 'binding:vif_type', 'binding:vif_details'] {{(pid=93644) _exclude_attributes_by_policy /opt/stack/neutron/neutron/pecan_wsgi/hooks/policy_enforcement.py:255}}
Jun 17 10:17:49.444546 dv-cinder-796806-1-iscsi neutron-server[93644]: INFO neutron.wsgi [req-d8c10023-d8e4-4566-83b4-5389a7300fd4 req-c861b239-2555-41ee-9f37-806cb64d7f1b tempest-ServerRescueNegativeTestJSON-946809540 tempest-ServerRescueNegativeTestJSON-946809540-project] 10.222.0.22 "GET /v2.0/ports?device_id=c115ea05-b61c-4a41-9a4a-e0185fef6be8 HTTP/1.1" status: 200 len: 943 time: 0.3663521
