Jun 17 10:08:22.024617 dv-cinder-796806-1-iscsi devstack@c-api.service[100498]: DEBUG cinder.api.contrib.snapshot_actions [None req-0f5ed6af-7416-4b34-9d0d-7e00cf90a61c None None] SnapshotActionsController initialized {{(pid=100498) __init__ /opt/stack/cinder/cinder/api/contrib/snapshot_actions.py:33}}
Jun 17 10:08:22.026106 dv-cinder-796806-1-iscsi devstack@c-api.service[100498]: WARNING stevedore.named [None req-0f5ed6af-7416-4b34-9d0d-7e00cf90a61c None None] Could not load cinder.keymgr.conf_key_mgr.ConfKeyManager
Jun 17 10:08:22.026778 dv-cinder-796806-1-iscsi devstack@c-api.service[100498]: WARNING castellan.key_manager [None req-0f5ed6af-7416-4b34-9d0d-7e00cf90a61c None None] Deprecation Warning : cinder.keymgr.conf_key_mgr.ConfKeyManager is not a stevedore based driver, trying to load it as a class: stevedore.exception.NoMatches: No 'castellan.drivers' driver found, looking for 'cinder.keymgr.conf_key_mgr.ConfKeyManager'
Jun 17 10:08:22.031034 dv-cinder-796806-1-iscsi devstack@c-api.service[100498]: DEBUG cinder.api.openstack [None req-0f5ed6af-7416-4b34-9d0d-7e00cf90a61c None None] Extension VolumeMigStatusAttribute extending resource: volumes {{(pid=100498) _setup_extensions /opt/stack/cinder/cinder/api/openstack/__init__.py:120}}
Jun 17 10:08:22.031706 dv-cinder-796806-1-iscsi devstack@c-api.service[100498]: DEBUG cinder.api.openstack [None req-0f5ed6af-7416-4b34-9d0d-7e00cf90a61c None None] Extension VolumeUnmanage extending resource: volumes {{(pid=100498) _setup_extensions /opt/stack/cinder/cinder/api/openstack/__init__.py:120}}
Jun 17 10:08:22.032305 dv-cinder-796806-1-iscsi devstack@c-api.service[100498]: DEBUG cinder.api.openstack [None req-0f5ed6af-7416-4b34-9d0d-7e00cf90a61c None None] Extension VolumeTypeEncryption extending resource: types {{(pid=100498) _setup_extensions /opt/stack/cinder/cinder/api/openstack/__init__.py:120}}
Jun 17 10:08:22.032889 dv-cinder-796806-1-iscsi devstack@c-api.service[100498]: DEBUG cinder.api.openstack [None req-0f5ed6af-7416-4b34-9d0d-7e00cf90a61c None None] Extension VolumeTenantAttribute extending resource: volumes {{(pid=100498) _setup_extensions /opt/stack/cinder/cinder/api/openstack/__init__.py:120}}
Jun 17 10:08:22.033511 dv-cinder-796806-1-iscsi devstack@c-api.service[100498]: DEBUG cinder.api.openstack [None req-0f5ed6af-7416-4b34-9d0d-7e00cf90a61c None None] Extension VolumeActions extending resource: volumes {{(pid=100498) _setup_extensions /opt/stack/cinder/cinder/api/openstack/__init__.py:120}}
Jun 17 10:08:22.034546 dv-cinder-796806-1-iscsi devstack@c-api.service[100498]: DEBUG cinder.api.openstack [None req-0f5ed6af-7416-4b34-9d0d-7e00cf90a61c None None] Extension AdminActions extending resource: volumes {{(pid=100498) _setup_extensions /opt/stack/cinder/cinder/api/openstack/__init__.py:120}}
Jun 17 10:08:22.035182 dv-cinder-796806-1-iscsi devstack@c-api.service[100498]: DEBUG cinder.api.openstack [None req-0f5ed6af-7416-4b34-9d0d-7e00cf90a61c None None] Extension AdminActions extending resource: snapshots {{(pid=100498) _setup_extensions /opt/stack/cinder/cinder/api/openstack/__init__.py:120}}
Jun 17 10:08:22.035902 dv-cinder-796806-1-iscsi devstack@c-api.service[100498]: DEBUG cinder.api.openstack [None req-0f5ed6af-7416-4b34-9d0d-7e00cf90a61c None None] Extension AdminActions extending resource: backups {{(pid=100498) _setup_extensions /opt/stack/cinder/cinder/api/openstack/__init__.py:120}}
Jun 17 10:08:22.036425 dv-cinder-796806-1-iscsi devstack@c-api.service[100498]: DEBUG cinder.api.openstack [None req-0f5ed6af-7416-4b34-9d0d-7e00cf90a61c None None] Extension TypesManage extending resource: types {{(pid=100498) _setup_extensions /opt/stack/cinder/cinder/api/openstack/__init__.py:120}}
Jun 17 10:08:22.037031 dv-cinder-796806-1-iscsi devstack@c-api.service[100498]: DEBUG cinder.api.openstack [None req-0f5ed6af-7416-4b34-9d0d-7e00cf90a61c None None] Extension VolumeImageMetadata extending resource: volumes {{(pid=100498) _setup_extensions /opt/stack/cinder/cinder/api/openstack/__init__.py:120}}
Jun 17 10:08:22.037656 dv-cinder-796806-1-iscsi devstack@c-api.service[100498]: DEBUG cinder.api.openstack [None req-0f5ed6af-7416-4b34-9d0d-7e00cf90a61c None None] Extension SnapshotActions extending resource: snapshots {{(pid=100498) _setup_extensions /opt/stack/cinder/cinder/api/openstack/__init__.py:120}}
Jun 17 10:08:22.038242 dv-cinder-796806-1-iscsi devstack@c-api.service[100498]: DEBUG cinder.api.openstack [None req-0f5ed6af-7416-4b34-9d0d-7e00cf90a61c None None] Extension ExtendedSnapshotAttributes extending resource: snapshots {{(pid=100498) _setup_extensions /opt/stack/cinder/cinder/api/openstack/__init__.py:120}}
Jun 17 10:08:22.038838 dv-cinder-796806-1-iscsi devstack@c-api.service[100498]: DEBUG cinder.api.openstack [None req-0f5ed6af-7416-4b34-9d0d-7e00cf90a61c None None] Extension SnapshotUnmanage extending resource: snapshots {{(pid=100498) _setup_extensions /opt/stack/cinder/cinder/api/openstack/__init__.py:120}}
Jun 17 10:08:22.039424 dv-cinder-796806-1-iscsi devstack@c-api.service[100498]: DEBUG cinder.api.openstack [None req-0f5ed6af-7416-4b34-9d0d-7e00cf90a61c None None] Extension VolumeTypeAccess extending resource: types {{(pid=100498) _setup_extensions /opt/stack/cinder/cinder/api/openstack/__init__.py:120}}
Jun 17 10:08:22.040111 dv-cinder-796806-1-iscsi devstack@c-api.service[100498]: DEBUG cinder.api.openstack [None req-0f5ed6af-7416-4b34-9d0d-7e00cf90a61c None None] Extension UsedLimits extending resource: limits {{(pid=100498) _setup_extensions /opt/stack/cinder/cinder/api/openstack/__init__.py:120}}
Jun 17 10:08:22.040716 dv-cinder-796806-1-iscsi devstack@c-api.service[100498]: DEBUG cinder.api.openstack [None req-0f5ed6af-7416-4b34-9d0d-7e00cf90a61c None None] Extension VolumeHostAttribute extending resource: volumes {{(pid=100498) _setup_extensions /opt/stack/cinder/cinder/api/openstack/__init__.py:120}}
Jun 17 10:08:22.052798 dv-cinder-796806-1-iscsi devstack@c-api.service[100498]: WARNING keystonemiddleware.auth_token [None req-0f5ed6af-7416-4b34-9d0d-7e00cf90a61c None None] AuthToken middleware is set with keystone_authtoken.service_token_roles_required set to False. This is backwards compatible but deprecated behaviour. Please set this to True.
Jun 17 10:08:22.070194 dv-cinder-796806-1-iscsi devstack@c-api.service[100498]: WARNING keystonemiddleware.auth_token [None req-0f5ed6af-7416-4b34-9d0d-7e00cf90a61c None None] Configuring www_authenticate_uri to point to the public identity endpoint is required; clients may not be able to authenticate against an admin endpoint
Jun 17 10:08:22.184652 dv-cinder-796806-1-iscsi devstack@c-api.service[100499]: INFO cinder.rpc [None req-7ed82b1c-2ecc-464c-9ee6-266a588c479f None None] Automatically selected cinder-scheduler objects version 1.38 as minimum service version.
Jun 17 10:08:22.192517 dv-cinder-796806-1-iscsi devstack@c-api.service[100499]: INFO cinder.rpc [None req-7ed82b1c-2ecc-464c-9ee6-266a588c479f None None] Automatically selected cinder-scheduler RPC version 3.12 as minimum service version.
Jun 17 10:08:22.198572 dv-cinder-796806-1-iscsi devstack@c-api.service[100499]: INFO cinder.rpc [None req-7ed82b1c-2ecc-464c-9ee6-266a588c479f None None] Automatically selected cinder-volume objects version 1.38 as minimum service version.
Jun 17 10:08:22.205240 dv-cinder-796806-1-iscsi devstack@c-api.service[100499]: INFO cinder.rpc [None req-7ed82b1c-2ecc-464c-9ee6-266a588c479f None None] Automatically selected cinder-volume RPC version 3.16 as minimum service version.
Jun 17 10:08:22.206062 dv-cinder-796806-1-iscsi devstack@c-api.service[100499]: WARNING stevedore.named [None req-7ed82b1c-2ecc-464c-9ee6-266a588c479f None None] Could not load cinder.keymgr.conf_key_mgr.ConfKeyManager
Jun 17 10:08:22.206493 dv-cinder-796806-1-iscsi devstack@c-api.service[100499]: WARNING castellan.key_manager [None req-7ed82b1c-2ecc-464c-9ee6-266a588c479f None None] Deprecation Warning : cinder.keymgr.conf_key_mgr.ConfKeyManager is not a stevedore based driver, trying to load it as a class: stevedore.exception.NoMatches: No 'castellan.drivers' driver found, looking for 'cinder.keymgr.conf_key_mgr.ConfKeyManager'
Jun 17 10:08:22.225598 dv-cinder-796806-1-iscsi devstack@c-api.service[100499]: WARNING cinder.keymgr.conf_key_mgr [None req-7ed82b1c-2ecc-464c-9ee6-266a588c479f None None] This key manager is insecure and is not recommended for production deployments: stevedore.exception.NoMatches: No 'castellan.drivers' driver found, looking for 'cinder.keymgr.conf_key_mgr.ConfKeyManager'
Jun 17 10:08:22.227848 dv-cinder-796806-1-iscsi devstack@c-api.service[100499]: WARNING stevedore.named [None req-7ed82b1c-2ecc-464c-9ee6-266a588c479f None None] Could not load cinder.keymgr.conf_key_mgr.ConfKeyManager
Jun 17 10:08:22.229074 dv-cinder-796806-1-iscsi devstack@c-api.service[100499]: WARNING castellan.key_manager [None req-7ed82b1c-2ecc-464c-9ee6-266a588c479f None None] Deprecation Warning : cinder.keymgr.conf_key_mgr.ConfKeyManager is not a stevedore based driver, trying to load it as a class: stevedore.exception.NoMatches: No 'castellan.drivers' driver found, looking for 'cinder.keymgr.conf_key_mgr.ConfKeyManager'
Jun 17 10:08:22.236959 dv-cinder-796806-1-iscsi devstack@c-api.service[100499]: WARNING stevedore.named [None req-7ed82b1c-2ecc-464c-9ee6-266a588c479f None None] Could not load cinder.keymgr.conf_key_mgr.ConfKeyManager
Jun 17 10:08:22.237439 dv-cinder-796806-1-iscsi devstack@c-api.service[100499]: WARNING castellan.key_manager [None req-7ed82b1c-2ecc-464c-9ee6-266a588c479f None None] Deprecation Warning : cinder.keymgr.conf_key_mgr.ConfKeyManager is not a stevedore based driver, trying to load it as a class: stevedore.exception.NoMatches: No 'castellan.drivers' driver found, looking for 'cinder.keymgr.conf_key_mgr.ConfKeyManager'
Jun 17 10:08:22.243085 dv-cinder-796806-1-iscsi devstack@c-api.service[100499]: WARNING stevedore.named [None req-7ed82b1c-2ecc-464c-9ee6-266a588c479f None None] Could not load cinder.keymgr.conf_key_mgr.ConfKeyManager
Jun 17 10:08:22.243491 dv-cinder-796806-1-iscsi devstack@c-api.service[100499]: WARNING castellan.key_manager [None req-7ed82b1c-2ecc-464c-9ee6-266a588c479f None None] Deprecation Warning : cinder.keymgr.conf_key_mgr.ConfKeyManager is not a stevedore based driver, trying to load it as a class: stevedore.exception.NoMatches: No 'castellan.drivers' driver found, looking for 'cinder.keymgr.conf_key_mgr.ConfKeyManager'
Jun 17 10:08:22.247554 dv-cinder-796806-1-iscsi devstack@c-api.service[100499]: WARNING stevedore.named [None req-7ed82b1c-2ecc-464c-9ee6-266a588c479f None None] Could not load cinder.keymgr.conf_key_mgr.ConfKeyManager
Jun 17 10:08:22.248011 dv-cinder-796806-1-iscsi devstack@c-api.service[100499]: WARNING castellan.key_manager [None req-7ed82b1c-2ecc-464c-9ee6-266a588c479f None None] Deprecation Warning : cinder.keymgr.conf_key_mgr.ConfKeyManager is not a stevedore based driver, trying to load it as a class: stevedore.exception.NoMatches: No 'castellan.drivers' driver found, looking for 'cinder.keymgr.conf_key_mgr.ConfKeyManager'
Jun 17 10:08:22.252909 dv-cinder-796806-1-iscsi devstack@c-api.service[100499]: WARNING stevedore.named [None req-7ed82b1c-2ecc-464c-9ee6-266a588c479f None None] Could not load cinder.keymgr.conf_key_mgr.ConfKeyManager
Jun 17 10:08:22.253325 dv-cinder-796806-1-iscsi devstack@c-api.service[100499]: WARNING castellan.key_manager [None req-7ed82b1c-2ecc-464c-9ee6-266a588c479f None None] Deprecation Warning : cinder.keymgr.conf_key_mgr.ConfKeyManager is not a stevedore based driver, trying to load it as a class: stevedore.exception.NoMatches: No 'castellan.drivers' driver found, looking for 'cinder.keymgr.conf_key_mgr.ConfKeyManager'
Jun 17 10:08:22.260719 dv-cinder-796806-1-iscsi devstack@c-api.service[100499]: DEBUG oslo_db.sqlalchemy.engines [None req-7ed82b1c-2ecc-464c-9ee6-266a588c479f None None] MySQL server mode set to STRICT_TRANS_TABLES,STRICT_ALL_TABLES,NO_ZERO_IN_DATE,NO_ZERO_DATE,ERROR_FOR_DIVISION_BY_ZERO,TRADITIONAL,NO_ENGINE_SUBSTITUTION {{(pid=100499) _check_effective_sql_mode /usr/local/lib/python3.8/dist-packages/oslo_db/sqlalchemy/engines.py:314}}
Jun 17 10:08:22.270352 dv-cinder-796806-1-iscsi devstack@c-api.service[100499]: INFO cinder.rpc [None req-7ed82b1c-2ecc-464c-9ee6-266a588c479f None None] Automatically selected cinder-backup objects version 1.38 as minimum service version.
Jun 17 10:08:22.278308 dv-cinder-796806-1-iscsi devstack@c-api.service[100499]: INFO cinder.rpc [None req-7ed82b1c-2ecc-464c-9ee6-266a588c479f None None] Automatically selected cinder-backup RPC version 2.2 as minimum service version.
Jun 17 10:08:22.282384 dv-cinder-796806-1-iscsi devstack@c-api.service[100499]: WARNING cinder.api.contrib.hosts [None req-7ed82b1c-2ecc-464c-9ee6-266a588c479f None None] Deprecated: The Host API is deprecated and will be be removed in a future version.
Jun 17 10:08:22.283855 dv-cinder-796806-1-iscsi devstack@c-api.service[100499]: WARNING stevedore.named [None req-7ed82b1c-2ecc-464c-9ee6-266a588c479f None None] Could not load cinder.keymgr.conf_key_mgr.ConfKeyManager
Jun 17 10:08:22.284559 dv-cinder-796806-1-iscsi devstack@c-api.service[100499]: WARNING castellan.key_manager [None req-7ed82b1c-2ecc-464c-9ee6-266a588c479f None None] Deprecation Warning : cinder.keymgr.conf_key_mgr.ConfKeyManager is not a stevedore based driver, trying to load it as a class: stevedore.exception.NoMatches: No 'castellan.drivers' driver found, looking for 'cinder.keymgr.conf_key_mgr.ConfKeyManager'
Jun 17 10:08:22.288791 dv-cinder-796806-1-iscsi devstack@c-api.service[100499]: WARNING stevedore.named [None req-7ed82b1c-2ecc-464c-9ee6-266a588c479f None None] Could not load cinder.keymgr.conf_key_mgr.ConfKeyManager
Jun 17 10:08:22.289466 dv-cinder-796806-1-iscsi devstack@c-api.service[100499]: WARNING castellan.key_manager [None req-7ed82b1c-2ecc-464c-9ee6-266a588c479f None None] Deprecation Warning : cinder.keymgr.conf_key_mgr.ConfKeyManager is not a stevedore based driver, trying to load it as a class: stevedore.exception.NoMatches: No 'castellan.drivers' driver found, looking for 'cinder.keymgr.conf_key_mgr.ConfKeyManager'
Jun 17 10:08:22.293116 dv-cinder-796806-1-iscsi devstack@c-api.service[100499]: WARNING stevedore.named [None req-7ed82b1c-2ecc-464c-9ee6-266a588c479f None None] Could not load cinder.keymgr.conf_key_mgr.ConfKeyManager
Jun 17 10:08:22.293803 dv-cinder-796806-1-iscsi devstack@c-api.service[100499]: WARNING castellan.key_manager [None req-7ed82b1c-2ecc-464c-9ee6-266a588c479f None None] Deprecation Warning : cinder.keymgr.conf_key_mgr.ConfKeyManager is not a stevedore based driver, trying to load it as a class: stevedore.exception.NoMatches: No 'castellan.drivers' driver found, looking for 'cinder.keymgr.conf_key_mgr.ConfKeyManager'
Jun 17 10:08:22.297152 dv-cinder-796806-1-iscsi devstack@c-api.service[100499]: WARNING stevedore.named [None req-7ed82b1c-2ecc-464c-9ee6-266a588c479f None None] Could not load cinder.keymgr.conf_key_mgr.ConfKeyManager
Jun 17 10:08:22.297744 dv-cinder-796806-1-iscsi devstack@c-api.service[100499]: WARNING castellan.key_manager [None req-7ed82b1c-2ecc-464c-9ee6-266a588c479f None None] Deprecation Warning : cinder.keymgr.conf_key_mgr.ConfKeyManager is not a stevedore based driver, trying to load it as a class: stevedore.exception.NoMatches: No 'castellan.drivers' driver found, looking for 'cinder.keymgr.conf_key_mgr.ConfKeyManager'
Jun 17 10:08:22.300878 dv-cinder-796806-1-iscsi devstack@c-api.service[100499]: WARNING stevedore.named [None req-7ed82b1c-2ecc-464c-9ee6-266a588c479f None None] Could not load cinder.keymgr.conf_key_mgr.ConfKeyManager
Jun 17 10:08:22.301535 dv-cinder-796806-1-iscsi devstack@c-api.service[100499]: WARNING castellan.key_manager [None req-7ed82b1c-2ecc-464c-9ee6-266a588c479f None None] Deprecation Warning : cinder.keymgr.conf_key_mgr.ConfKeyManager is not a stevedore based driver, trying to load it as a class: stevedore.exception.NoMatches: No 'castellan.drivers' driver found, looking for 'cinder.keymgr.conf_key_mgr.ConfKeyManager'
Jun 17 10:08:22.305960 dv-cinder-796806-1-iscsi devstack@c-api.service[100499]: WARNING stevedore.named [None req-7ed82b1c-2ecc-464c-9ee6-266a588c479f None None] Could not load cinder.keymgr.conf_key_mgr.ConfKeyManager
Jun 17 10:08:22.306618 dv-cinder-796806-1-iscsi devstack@c-api.service[100499]: WARNING castellan.key_manager [None req-7ed82b1c-2ecc-464c-9ee6-266a588c479f None None] Deprecation Warning : cinder.keymgr.conf_key_mgr.ConfKeyManager is not a stevedore based driver, trying to load it as a class: stevedore.exception.NoMatches: No 'castellan.drivers' driver found, looking for 'cinder.keymgr.conf_key_mgr.ConfKeyManager'
Jun 17 10:08:22.310559 dv-cinder-796806-1-iscsi devstack@c-api.service[100499]: WARNING stevedore.named [None req-7ed82b1c-2ecc-464c-9ee6-266a588c479f None None] Could not load cinder.keymgr.conf_key_mgr.ConfKeyManager
Jun 17 10:08:22.311567 dv-cinder-796806-1-iscsi devstack@c-api.service[100499]: WARNING castellan.key_manager [None req-7ed82b1c-2ecc-464c-9ee6-266a588c479f None None] Deprecation Warning : cinder.keymgr.conf_key_mgr.ConfKeyManager is not a stevedore based driver, trying to load it as a class: stevedore.exception.NoMatches: No 'castellan.drivers' driver found, looking for 'cinder.keymgr.conf_key_mgr.ConfKeyManager'
Jun 17 10:08:22.316281 dv-cinder-796806-1-iscsi devstack@c-api.service[100499]: WARNING stevedore.named [None req-7ed82b1c-2ecc-464c-9ee6-266a588c479f None None] Could not load cinder.keymgr.conf_key_mgr.ConfKeyManager
Jun 17 10:08:22.316977 dv-cinder-796806-1-iscsi devstack@c-api.service[100499]: WARNING castellan.key_manager [None req-7ed82b1c-2ecc-464c-9ee6-266a588c479f None None] Deprecation Warning : cinder.keymgr.conf_key_mgr.ConfKeyManager is not a stevedore based driver, trying to load it as a class: stevedore.exception.NoMatches: No 'castellan.drivers' driver found, looking for 'cinder.keymgr.conf_key_mgr.ConfKeyManager'
Jun 17 10:08:22.320794 dv-cinder-796806-1-iscsi devstack@c-api.service[100499]: DEBUG cinder.api.openstack [None req-7ed82b1c-2ecc-464c-9ee6-266a588c479f None None] Extended resource: extensions {{(pid=100499) _setup_ext_routes /opt/stack/cinder/cinder/api/openstack/__init__.py:90}}
Jun 17 10:08:22.324674 dv-cinder-796806-1-iscsi devstack@c-api.service[100499]: DEBUG cinder.api.openstack [None req-7ed82b1c-2ecc-464c-9ee6-266a588c479f None None] Extended resource: os-services {{(pid=100499) _setup_ext_routes /opt/stack/cinder/cinder/api/openstack/__init__.py:90}}
Jun 17 10:08:22.329785 dv-cinder-796806-1-iscsi devstack@c-api.service[100499]: DEBUG cinder.api.openstack [None req-7ed82b1c-2ecc-464c-9ee6-266a588c479f None None] Extended resource: os-quota-sets {{(pid=100499) _setup_ext_routes /opt/stack/cinder/cinder/api/openstack/__init__.py:90}}
Jun 17 10:08:22.334075 dv-cinder-796806-1-iscsi devstack@c-api.service[100499]: DEBUG cinder.api.openstack [None req-7ed82b1c-2ecc-464c-9ee6-266a588c479f None None] Extended resource: extra_specs {{(pid=100499) _setup_ext_routes /opt/stack/cinder/cinder/api/openstack/__init__.py:90}}
Jun 17 10:08:22.338063 dv-cinder-796806-1-iscsi devstack@c-api.service[100498]: DEBUG cinder.api.extensions [None req-0f5ed6af-7416-4b34-9d0d-7e00cf90a61c None None] Initializing extension manager. {{(pid=100498) __init__ /opt/stack/cinder/cinder/api/extensions.py:125}}
Jun 17 10:08:22.338793 dv-cinder-796806-1-iscsi devstack@c-api.service[100499]: DEBUG cinder.api.openstack [None req-7ed82b1c-2ecc-464c-9ee6-266a588c479f None None] Extended resource: os-hosts {{(pid=100499) _setup_ext_routes /opt/stack/cinder/cinder/api/openstack/__init__.py:90}}
Jun 17 10:08:22.339466 dv-cinder-796806-1-iscsi devstack@c-api.service[100498]: DEBUG cinder.api.extensions [None req-0f5ed6af-7416-4b34-9d0d-7e00cf90a61c None None] Loading extension cinder.api.contrib.standard_extensions {{(pid=100498) load_extension /opt/stack/cinder/cinder/api/extensions.py:199}}
Jun 17 10:08:22.339962 dv-cinder-796806-1-iscsi devstack@c-api.service[100498]: DEBUG cinder.api.extensions [None req-0f5ed6af-7416-4b34-9d0d-7e00cf90a61c None None] Calling extension factory cinder.api.contrib.standard_extensions {{(pid=100498) load_extension /opt/stack/cinder/cinder/api/extensions.py:205}}
Jun 17 10:08:22.340997 dv-cinder-796806-1-iscsi devstack@c-api.service[100498]: DEBUG cinder.api.extensions [None req-0f5ed6af-7416-4b34-9d0d-7e00cf90a61c None None] Loading extension cinder.api.contrib.services.Services {{(pid=100498) load_extension /opt/stack/cinder/cinder/api/extensions.py:199}}
Jun 17 10:08:22.341662 dv-cinder-796806-1-iscsi devstack@c-api.service[100498]: DEBUG cinder.api.extensions [None req-0f5ed6af-7416-4b34-9d0d-7e00cf90a61c None None] Calling extension factory cinder.api.contrib.services.Services {{(pid=100498) load_extension /opt/stack/cinder/cinder/api/extensions.py:205}}
Jun 17 10:08:22.342108 dv-cinder-796806-1-iscsi devstack@c-api.service[100498]: DEBUG cinder.api.extensions [None req-0f5ed6af-7416-4b34-9d0d-7e00cf90a61c None None] Ext name: Services {{(pid=100498) _check_extension /opt/stack/cinder/cinder/api/extensions.py:179}}
Jun 17 10:08:22.343481 dv-cinder-796806-1-iscsi devstack@c-api.service[100498]: DEBUG cinder.api.extensions [None req-0f5ed6af-7416-4b34-9d0d-7e00cf90a61c None None] Ext alias: os-services {{(pid=100498) _check_extension /opt/stack/cinder/cinder/api/extensions.py:180}}
Jun 17 10:08:22.344382 dv-cinder-796806-1-iscsi devstack@c-api.service[100498]: DEBUG cinder.api.extensions [None req-0f5ed6af-7416-4b34-9d0d-7e00cf90a61c None None] Ext description: Services support. {{(pid=100498) _check_extension /opt/stack/cinder/cinder/api/extensions.py:181}}
Jun 17 10:08:22.345034 dv-cinder-796806-1-iscsi devstack@c-api.service[100498]: DEBUG cinder.api.extensions [None req-0f5ed6af-7416-4b34-9d0d-7e00cf90a61c None None] Ext updated: 2012-10-28T00:00:00-00:00 {{(pid=100498) _check_extension /opt/stack/cinder/cinder/api/extensions.py:183}}
Jun 17 10:08:22.345510 dv-cinder-796806-1-iscsi devstack@c-api.service[100499]: DEBUG cinder.api.openstack [None req-7ed82b1c-2ecc-464c-9ee6-266a588c479f None None] Extended resource: encryption {{(pid=100499) _setup_ext_routes /opt/stack/cinder/cinder/api/openstack/__init__.py:90}}
Jun 17 10:08:22.345786 dv-cinder-796806-1-iscsi devstack@c-api.service[100498]: DEBUG cinder.api.extensions [None req-0f5ed6af-7416-4b34-9d0d-7e00cf90a61c None None] Loaded extension: os-services {{(pid=100498) register /opt/stack/cinder/cinder/api/extensions.py:140}}
Jun 17 10:08:22.346205 dv-cinder-796806-1-iscsi devstack@c-api.service[100498]: DEBUG cinder.api.extensions [None req-0f5ed6af-7416-4b34-9d0d-7e00cf90a61c None None] Loading extension cinder.api.contrib.volume_mig_status_attribute.Volume_mig_status_attribute {{(pid=100498) load_extension /opt/stack/cinder/cinder/api/extensions.py:199}}
Jun 17 10:08:22.346710 dv-cinder-796806-1-iscsi devstack@c-api.service[100498]: DEBUG cinder.api.extensions [None req-0f5ed6af-7416-4b34-9d0d-7e00cf90a61c None None] Calling extension factory cinder.api.contrib.volume_mig_status_attribute.Volume_mig_status_attribute {{(pid=100498) load_extension /opt/stack/cinder/cinder/api/extensions.py:205}}
Jun 17 10:08:22.347104 dv-cinder-796806-1-iscsi devstack@c-api.service[100498]: DEBUG cinder.api.extensions [None req-0f5ed6af-7416-4b34-9d0d-7e00cf90a61c None None] Ext name: VolumeMigStatusAttribute {{(pid=100498) _check_extension /opt/stack/cinder/cinder/api/extensions.py:179}}
Jun 17 10:08:22.347540 dv-cinder-796806-1-iscsi devstack@c-api.service[100498]: DEBUG cinder.api.extensions [None req-0f5ed6af-7416-4b34-9d0d-7e00cf90a61c None None] Ext alias: os-vol-mig-status-attr {{(pid=100498) _check_extension /opt/stack/cinder/cinder/api/extensions.py:180}}
Jun 17 10:08:22.347989 dv-cinder-796806-1-iscsi devstack@c-api.service[100498]: DEBUG cinder.api.extensions [None req-0f5ed6af-7416-4b34-9d0d-7e00cf90a61c None None] Ext description: Expose migration_status as an attribute of a volume. {{(pid=100498) _check_extension /opt/stack/cinder/cinder/api/extensions.py:181}}
Jun 17 10:08:22.348409 dv-cinder-796806-1-iscsi devstack@c-api.service[100498]: DEBUG cinder.api.extensions [None req-0f5ed6af-7416-4b34-9d0d-7e00cf90a61c None None] Ext updated: 2013-08-08T00:00:00+00:00 {{(pid=100498) _check_extension /opt/stack/cinder/cinder/api/extensions.py:183}}
Jun 17 10:08:22.348976 dv-cinder-796806-1-iscsi devstack@c-api.service[100498]: DEBUG cinder.api.extensions [None req-0f5ed6af-7416-4b34-9d0d-7e00cf90a61c None None] Loaded extension: os-vol-mig-status-attr {{(pid=100498) register /opt/stack/cinder/cinder/api/extensions.py:140}}
Jun 17 10:08:22.349413 dv-cinder-796806-1-iscsi devstack@c-api.service[100498]: DEBUG cinder.api.extensions [None req-0f5ed6af-7416-4b34-9d0d-7e00cf90a61c None None] Loading extension cinder.api.contrib.quotas.Quotas {{(pid=100498) load_extension /opt/stack/cinder/cinder/api/extensions.py:199}}
Jun 17 10:08:22.349736 dv-cinder-796806-1-iscsi devstack@c-api.service[100499]: DEBUG cinder.api.openstack [None req-7ed82b1c-2ecc-464c-9ee6-266a588c479f None None] Extended resource: qos-specs {{(pid=100499) _setup_ext_routes /opt/stack/cinder/cinder/api/openstack/__init__.py:90}}
Jun 17 10:08:22.350006 dv-cinder-796806-1-iscsi devstack@c-api.service[100498]: DEBUG cinder.api.extensions [None req-0f5ed6af-7416-4b34-9d0d-7e00cf90a61c None None] Calling extension factory cinder.api.contrib.quotas.Quotas {{(pid=100498) load_extension /opt/stack/cinder/cinder/api/extensions.py:205}}
Jun 17 10:08:22.350393 dv-cinder-796806-1-iscsi devstack@c-api.service[100498]: DEBUG cinder.api.extensions [None req-0f5ed6af-7416-4b34-9d0d-7e00cf90a61c None None] Ext name: Quotas {{(pid=100498) _check_extension /opt/stack/cinder/cinder/api/extensions.py:179}}
Jun 17 10:08:22.350820 dv-cinder-796806-1-iscsi devstack@c-api.service[100498]: DEBUG cinder.api.extensions [None req-0f5ed6af-7416-4b34-9d0d-7e00cf90a61c None None] Ext alias: os-quota-sets {{(pid=100498) _check_extension /opt/stack/cinder/cinder/api/extensions.py:180}}
Jun 17 10:08:22.351258 dv-cinder-796806-1-iscsi devstack@c-api.service[100498]: DEBUG cinder.api.extensions [None req-0f5ed6af-7416-4b34-9d0d-7e00cf90a61c None None] Ext description: Quota management support. {{(pid=100498) _check_extension /opt/stack/cinder/cinder/api/extensions.py:181}}
Jun 17 10:08:22.351721 dv-cinder-796806-1-iscsi devstack@c-api.service[100498]: DEBUG cinder.api.extensions [None req-0f5ed6af-7416-4b34-9d0d-7e00cf90a61c None None] Ext updated: 2011-08-08T00:00:00+00:00 {{(pid=100498) _check_extension /opt/stack/cinder/cinder/api/extensions.py:183}}
Jun 17 10:08:22.352150 dv-cinder-796806-1-iscsi devstack@c-api.service[100498]: DEBUG cinder.api.extensions [None req-0f5ed6af-7416-4b34-9d0d-7e00cf90a61c None None] Loaded extension: os-quota-sets {{(pid=100498) register /opt/stack/cinder/cinder/api/extensions.py:140}}
Jun 17 10:08:22.352593 dv-cinder-796806-1-iscsi devstack@c-api.service[100498]: DEBUG cinder.api.extensions [None req-0f5ed6af-7416-4b34-9d0d-7e00cf90a61c None None] Loading extension cinder.api.contrib.volume_unmanage.Volume_unmanage {{(pid=100498) load_extension /opt/stack/cinder/cinder/api/extensions.py:199}}
Jun 17 10:08:22.353214 dv-cinder-796806-1-iscsi devstack@c-api.service[100498]: DEBUG cinder.api.extensions [None req-0f5ed6af-7416-4b34-9d0d-7e00cf90a61c None None] Calling extension factory cinder.api.contrib.volume_unmanage.Volume_unmanage {{(pid=100498) load_extension /opt/stack/cinder/cinder/api/extensions.py:205}}
Jun 17 10:08:22.353688 dv-cinder-796806-1-iscsi devstack@c-api.service[100498]: DEBUG cinder.api.extensions [None req-0f5ed6af-7416-4b34-9d0d-7e00cf90a61c None None] Ext name: VolumeUnmanage {{(pid=100498) _check_extension /opt/stack/cinder/cinder/api/extensions.py:179}}
Jun 17 10:08:22.354107 dv-cinder-796806-1-iscsi devstack@c-api.service[100498]: DEBUG cinder.api.extensions [None req-0f5ed6af-7416-4b34-9d0d-7e00cf90a61c None None] Ext alias: os-volume-unmanage {{(pid=100498) _check_extension /opt/stack/cinder/cinder/api/extensions.py:180}}
Jun 17 10:08:22.354895 dv-cinder-796806-1-iscsi devstack@c-api.service[100498]: DEBUG cinder.api.extensions [None req-0f5ed6af-7416-4b34-9d0d-7e00cf90a61c None None] Ext description: Enable volume unmanage operation. {{(pid=100498) _check_extension /opt/stack/cinder/cinder/api/extensions.py:181}}
Jun 17 10:08:22.355381 dv-cinder-796806-1-iscsi devstack@c-api.service[100498]: DEBUG cinder.api.extensions [None req-0f5ed6af-7416-4b34-9d0d-7e00cf90a61c None None] Ext updated: 2012-05-31T00:00:00+00:00 {{(pid=100498) _check_extension /opt/stack/cinder/cinder/api/extensions.py:183}}
Jun 17 10:08:22.355939 dv-cinder-796806-1-iscsi devstack@c-api.service[100499]: DEBUG cinder.api.openstack [None req-7ed82b1c-2ecc-464c-9ee6-266a588c479f None None] Extended resource: encryption {{(pid=100499) _setup_ext_routes /opt/stack/cinder/cinder/api/openstack/__init__.py:90}}
Jun 17 10:08:22.356192 dv-cinder-796806-1-iscsi devstack@c-api.service[100498]: DEBUG cinder.api.extensions [None req-0f5ed6af-7416-4b34-9d0d-7e00cf90a61c None None] Loaded extension: os-volume-unmanage {{(pid=100498) register /opt/stack/cinder/cinder/api/extensions.py:140}}
Jun 17 10:08:22.356522 dv-cinder-796806-1-iscsi devstack@c-api.service[100498]: DEBUG cinder.api.extensions [None req-0f5ed6af-7416-4b34-9d0d-7e00cf90a61c None None] Loading extension cinder.api.contrib.types_extra_specs.Types_extra_specs {{(pid=100498) load_extension /opt/stack/cinder/cinder/api/extensions.py:199}}
Jun 17 10:08:22.356973 dv-cinder-796806-1-iscsi devstack@c-api.service[100498]: DEBUG cinder.api.extensions [None req-0f5ed6af-7416-4b34-9d0d-7e00cf90a61c None None] Calling extension factory cinder.api.contrib.types_extra_specs.Types_extra_specs {{(pid=100498) load_extension /opt/stack/cinder/cinder/api/extensions.py:205}}
Jun 17 10:08:22.357496 dv-cinder-796806-1-iscsi devstack@c-api.service[100498]: DEBUG cinder.api.extensions [None req-0f5ed6af-7416-4b34-9d0d-7e00cf90a61c None None] Ext name: TypesExtraSpecs {{(pid=100498) _check_extension /opt/stack/cinder/cinder/api/extensions.py:179}}
Jun 17 10:08:22.358013 dv-cinder-796806-1-iscsi devstack@c-api.service[100498]: DEBUG cinder.api.extensions [None req-0f5ed6af-7416-4b34-9d0d-7e00cf90a61c None None] Ext alias: os-types-extra-specs {{(pid=100498) _check_extension /opt/stack/cinder/cinder/api/extensions.py:180}}
Jun 17 10:08:22.358509 dv-cinder-796806-1-iscsi devstack@c-api.service[100498]: DEBUG cinder.api.extensions [None req-0f5ed6af-7416-4b34-9d0d-7e00cf90a61c None None] Ext description: Type extra specs support. {{(pid=100498) _check_extension /opt/stack/cinder/cinder/api/extensions.py:181}}
Jun 17 10:08:22.359124 dv-cinder-796806-1-iscsi devstack@c-api.service[100498]: DEBUG cinder.api.extensions [None req-0f5ed6af-7416-4b34-9d0d-7e00cf90a61c None None] Ext updated: 2011-08-24T00:00:00+00:00 {{(pid=100498) _check_extension /opt/stack/cinder/cinder/api/extensions.py:183}}
Jun 17 10:08:22.359693 dv-cinder-796806-1-iscsi devstack@c-api.service[100498]: DEBUG cinder.api.extensions [None req-0f5ed6af-7416-4b34-9d0d-7e00cf90a61c None None] Loaded extension: os-types-extra-specs {{(pid=100498) register /opt/stack/cinder/cinder/api/extensions.py:140}}
Jun 17 10:08:22.360081 dv-cinder-796806-1-iscsi devstack@c-api.service[100498]: DEBUG cinder.api.extensions [None req-0f5ed6af-7416-4b34-9d0d-7e00cf90a61c None None] Loading extension cinder.api.contrib.scheduler_hints.Scheduler_hints {{(pid=100498) load_extension /opt/stack/cinder/cinder/api/extensions.py:199}}
Jun 17 10:08:22.360601 dv-cinder-796806-1-iscsi devstack@c-api.service[100498]: DEBUG cinder.api.extensions [None req-0f5ed6af-7416-4b34-9d0d-7e00cf90a61c None None] Calling extension factory cinder.api.contrib.scheduler_hints.Scheduler_hints {{(pid=100498) load_extension /opt/stack/cinder/cinder/api/extensions.py:205}}
Jun 17 10:08:22.361029 dv-cinder-796806-1-iscsi devstack@c-api.service[100498]: DEBUG cinder.api.extensions [None req-0f5ed6af-7416-4b34-9d0d-7e00cf90a61c None None] Ext name: SchedulerHints {{(pid=100498) _check_extension /opt/stack/cinder/cinder/api/extensions.py:179}}
Jun 17 10:08:22.361273 dv-cinder-796806-1-iscsi devstack@c-api.service[100499]: DEBUG cinder.api.openstack [None req-7ed82b1c-2ecc-464c-9ee6-266a588c479f None None] Extended resource: os-quota-class-sets {{(pid=100499) _setup_ext_routes /opt/stack/cinder/cinder/api/openstack/__init__.py:90}}
Jun 17 10:08:22.361534 dv-cinder-796806-1-iscsi devstack@c-api.service[100498]: DEBUG cinder.api.extensions [None req-0f5ed6af-7416-4b34-9d0d-7e00cf90a61c None None] Ext alias: OS-SCH-HNT {{(pid=100498) _check_extension /opt/stack/cinder/cinder/api/extensions.py:180}}
Jun 17 10:08:22.361972 dv-cinder-796806-1-iscsi devstack@c-api.service[100498]: DEBUG cinder.api.extensions [None req-0f5ed6af-7416-4b34-9d0d-7e00cf90a61c None None] Ext description: Pass arbitrary key/value pairs to the scheduler. {{(pid=100498) _check_extension /opt/stack/cinder/cinder/api/extensions.py:181}}
Jun 17 10:08:22.366537 dv-cinder-796806-1-iscsi devstack@c-api.service[100498]: DEBUG cinder.api.extensions [None req-0f5ed6af-7416-4b34-9d0d-7e00cf90a61c None None] Ext updated: 2013-04-18T00:00:00+00:00 {{(pid=100498) _check_extension /opt/stack/cinder/cinder/api/extensions.py:183}}
Jun 17 10:08:22.366537 dv-cinder-796806-1-iscsi devstack@c-api.service[100498]: DEBUG cinder.api.extensions [None req-0f5ed6af-7416-4b34-9d0d-7e00cf90a61c None None] Loaded extension: OS-SCH-HNT {{(pid=100498) register /opt/stack/cinder/cinder/api/extensions.py:140}}
Jun 17 10:08:22.367155 dv-cinder-796806-1-iscsi devstack@c-api.service[100499]: DEBUG cinder.api.openstack [None req-7ed82b1c-2ecc-464c-9ee6-266a588c479f None None] Extended resource: os-volume-transfer {{(pid=100499) _setup_ext_routes /opt/stack/cinder/cinder/api/openstack/__init__.py:90}}
Jun 17 10:08:22.367382 dv-cinder-796806-1-iscsi devstack@c-api.service[100498]: DEBUG cinder.api.extensions [None req-0f5ed6af-7416-4b34-9d0d-7e00cf90a61c None None] Loading extension cinder.api.contrib.hosts.Hosts {{(pid=100498) load_extension /opt/stack/cinder/cinder/api/extensions.py:199}}
Jun 17 10:08:22.370049 dv-cinder-796806-1-iscsi devstack@c-api.service[100499]: DEBUG cinder.api.openstack [None req-7ed82b1c-2ecc-464c-9ee6-266a588c479f None None] Extended resource: os-volume-manage {{(pid=100499) _setup_ext_routes /opt/stack/cinder/cinder/api/openstack/__init__.py:90}}
Jun 17 10:08:22.372976 dv-cinder-796806-1-iscsi devstack@c-api.service[100498]: DEBUG cinder.api.extensions [None req-0f5ed6af-7416-4b34-9d0d-7e00cf90a61c None None] Calling extension factory cinder.api.contrib.hosts.Hosts {{(pid=100498) load_extension /opt/stack/cinder/cinder/api/extensions.py:205}}
Jun 17 10:08:22.374256 dv-cinder-796806-1-iscsi devstack@c-api.service[100498]: DEBUG cinder.api.extensions [None req-0f5ed6af-7416-4b34-9d0d-7e00cf90a61c None None] Ext name: Hosts {{(pid=100498) _check_extension /opt/stack/cinder/cinder/api/extensions.py:179}}
Jun 17 10:08:22.374788 dv-cinder-796806-1-iscsi devstack@c-api.service[100498]: DEBUG cinder.api.extensions [None req-0f5ed6af-7416-4b34-9d0d-7e00cf90a61c None None] Ext alias: os-hosts {{(pid=100498) _check_extension /opt/stack/cinder/cinder/api/extensions.py:180}}
Jun 17 10:08:22.375530 dv-cinder-796806-1-iscsi devstack@c-api.service[100498]: DEBUG cinder.api.extensions [None req-0f5ed6af-7416-4b34-9d0d-7e00cf90a61c None None] Ext description: Admin-only host administration. {{(pid=100498) _check_extension /opt/stack/cinder/cinder/api/extensions.py:181}}
Jun 17 10:08:22.375697 dv-cinder-796806-1-iscsi devstack@c-api.service[100499]: DEBUG cinder.api.openstack [None req-7ed82b1c-2ecc-464c-9ee6-266a588c479f None None] Extended resource: capabilities {{(pid=100499) _setup_ext_routes /opt/stack/cinder/cinder/api/openstack/__init__.py:90}}
Jun 17 10:08:22.376089 dv-cinder-796806-1-iscsi devstack@c-api.service[100498]: DEBUG cinder.api.extensions [None req-0f5ed6af-7416-4b34-9d0d-7e00cf90a61c None None] Ext updated: 2011-06-29T00:00:00+00:00 {{(pid=100498) _check_extension /opt/stack/cinder/cinder/api/extensions.py:183}}
Jun 17 10:08:22.376873 dv-cinder-796806-1-iscsi devstack@c-api.service[100498]: DEBUG cinder.api.extensions [None req-0f5ed6af-7416-4b34-9d0d-7e00cf90a61c None None] Loaded extension: os-hosts {{(pid=100498) register /opt/stack/cinder/cinder/api/extensions.py:140}}
Jun 17 10:08:22.377683 dv-cinder-796806-1-iscsi devstack@c-api.service[100498]: DEBUG cinder.api.extensions [None req-0f5ed6af-7416-4b34-9d0d-7e00cf90a61c None None] Loading extension cinder.api.contrib.volume_type_encryption.Volume_type_encryption {{(pid=100498) load_extension /opt/stack/cinder/cinder/api/extensions.py:199}}
Jun 17 10:08:22.378422 dv-cinder-796806-1-iscsi devstack@c-api.service[100498]: DEBUG cinder.api.extensions [None req-0f5ed6af-7416-4b34-9d0d-7e00cf90a61c None None] Calling extension factory cinder.api.contrib.volume_type_encryption.Volume_type_encryption {{(pid=100498) load_extension /opt/stack/cinder/cinder/api/extensions.py:205}}
Jun 17 10:08:22.379387 dv-cinder-796806-1-iscsi devstack@c-api.service[100498]: DEBUG cinder.api.extensions [None req-0f5ed6af-7416-4b34-9d0d-7e00cf90a61c None None] Ext name: VolumeTypeEncryption {{(pid=100498) _check_extension /opt/stack/cinder/cinder/api/extensions.py:179}}
Jun 17 10:08:22.379601 dv-cinder-796806-1-iscsi devstack@c-api.service[100499]: DEBUG cinder.api.openstack [None req-7ed82b1c-2ecc-464c-9ee6-266a588c479f None None] Extended resource: os-volume-type-access {{(pid=100499) _setup_ext_routes /opt/stack/cinder/cinder/api/openstack/__init__.py:90}}
Jun 17 10:08:22.380324 dv-cinder-796806-1-iscsi devstack@c-api.service[100498]: DEBUG cinder.api.extensions [None req-0f5ed6af-7416-4b34-9d0d-7e00cf90a61c None None] Ext alias: encryption {{(pid=100498) _check_extension /opt/stack/cinder/cinder/api/extensions.py:180}}
Jun 17 10:08:22.381059 dv-cinder-796806-1-iscsi devstack@c-api.service[100498]: DEBUG cinder.api.extensions [None req-0f5ed6af-7416-4b34-9d0d-7e00cf90a61c None None] Ext description: Encryption support for volume types. {{(pid=100498) _check_extension /opt/stack/cinder/cinder/api/extensions.py:181}}
Jun 17 10:08:22.381881 dv-cinder-796806-1-iscsi devstack@c-api.service[100498]: DEBUG cinder.api.extensions [None req-0f5ed6af-7416-4b34-9d0d-7e00cf90a61c None None] Ext updated: 2013-07-01T00:00:00+00:00 {{(pid=100498) _check_extension /opt/stack/cinder/cinder/api/extensions.py:183}}
Jun 17 10:08:22.382595 dv-cinder-796806-1-iscsi devstack@c-api.service[100498]: DEBUG cinder.api.extensions [None req-0f5ed6af-7416-4b34-9d0d-7e00cf90a61c None None] Loaded extension: encryption {{(pid=100498) register /opt/stack/cinder/cinder/api/extensions.py:140}}
Jun 17 10:08:22.383661 dv-cinder-796806-1-iscsi devstack@c-api.service[100498]: DEBUG cinder.api.extensions [None req-0f5ed6af-7416-4b34-9d0d-7e00cf90a61c None None] Loading extension cinder.api.contrib.volume_tenant_attribute.Volume_tenant_attribute {{(pid=100498) load_extension /opt/stack/cinder/cinder/api/extensions.py:199}}
Jun 17 10:08:22.383855 dv-cinder-796806-1-iscsi devstack@c-api.service[100499]: DEBUG cinder.api.openstack [None req-7ed82b1c-2ecc-464c-9ee6-266a588c479f None None] Extended resource: os-snapshot-manage {{(pid=100499) _setup_ext_routes /opt/stack/cinder/cinder/api/openstack/__init__.py:90}}
Jun 17 10:08:22.385328 dv-cinder-796806-1-iscsi devstack@c-api.service[100498]: DEBUG cinder.api.extensions [None req-0f5ed6af-7416-4b34-9d0d-7e00cf90a61c None None] Calling extension factory cinder.api.contrib.volume_tenant_attribute.Volume_tenant_attribute {{(pid=100498) load_extension /opt/stack/cinder/cinder/api/extensions.py:205}}
Jun 17 10:08:22.385987 dv-cinder-796806-1-iscsi devstack@c-api.service[100498]: DEBUG cinder.api.extensions [None req-0f5ed6af-7416-4b34-9d0d-7e00cf90a61c None None] Ext name: VolumeTenantAttribute {{(pid=100498) _check_extension /opt/stack/cinder/cinder/api/extensions.py:179}}
Jun 17 10:08:22.386476 dv-cinder-796806-1-iscsi devstack@c-api.service[100498]: DEBUG cinder.api.extensions [None req-0f5ed6af-7416-4b34-9d0d-7e00cf90a61c None None] Ext alias: os-vol-tenant-attr {{(pid=100498) _check_extension /opt/stack/cinder/cinder/api/extensions.py:180}}
Jun 17 10:08:22.386953 dv-cinder-796806-1-iscsi devstack@c-api.service[100498]: DEBUG cinder.api.extensions [None req-0f5ed6af-7416-4b34-9d0d-7e00cf90a61c None None] Ext description: Expose the internal project_id as an attribute of a volume. {{(pid=100498) _check_extension /opt/stack/cinder/cinder/api/extensions.py:181}}
Jun 17 10:08:22.387489 dv-cinder-796806-1-iscsi devstack@c-api.service[100498]: DEBUG cinder.api.extensions [None req-0f5ed6af-7416-4b34-9d0d-7e00cf90a61c None None] Ext updated: 2011-11-03T00:00:00+00:00 {{(pid=100498) _check_extension /opt/stack/cinder/cinder/api/extensions.py:183}}
Jun 17 10:08:22.388010 dv-cinder-796806-1-iscsi devstack@c-api.service[100498]: DEBUG cinder.api.extensions [None req-0f5ed6af-7416-4b34-9d0d-7e00cf90a61c None None] Loaded extension: os-vol-tenant-attr {{(pid=100498) register /opt/stack/cinder/cinder/api/extensions.py:140}}
Jun 17 10:08:22.388436 dv-cinder-796806-1-iscsi devstack@c-api.service[100499]: DEBUG cinder.api.openstack [None req-7ed82b1c-2ecc-464c-9ee6-266a588c479f None None] Extended resource: os-availability-zone {{(pid=100499) _setup_ext_routes /opt/stack/cinder/cinder/api/openstack/__init__.py:90}}
Jun 17 10:08:22.388766 dv-cinder-796806-1-iscsi devstack@c-api.service[100498]: DEBUG cinder.api.extensions [None req-0f5ed6af-7416-4b34-9d0d-7e00cf90a61c None None] Loading extension cinder.api.contrib.qos_specs_manage.Qos_specs_manage {{(pid=100498) load_extension /opt/stack/cinder/cinder/api/extensions.py:199}}
Jun 17 10:08:22.389463 dv-cinder-796806-1-iscsi devstack@c-api.service[100498]: DEBUG cinder.api.extensions [None req-0f5ed6af-7416-4b34-9d0d-7e00cf90a61c None None] Calling extension factory cinder.api.contrib.qos_specs_manage.Qos_specs_manage {{(pid=100498) load_extension /opt/stack/cinder/cinder/api/extensions.py:205}}
Jun 17 10:08:22.389943 dv-cinder-796806-1-iscsi devstack@c-api.service[100498]: DEBUG cinder.api.extensions [None req-0f5ed6af-7416-4b34-9d0d-7e00cf90a61c None None] Ext name: Qos_specs_manage {{(pid=100498) _check_extension /opt/stack/cinder/cinder/api/extensions.py:179}}
Jun 17 10:08:22.390518 dv-cinder-796806-1-iscsi devstack@c-api.service[100498]: DEBUG cinder.api.extensions [None req-0f5ed6af-7416-4b34-9d0d-7e00cf90a61c None None] Ext alias: qos-specs {{(pid=100498) _check_extension /opt/stack/cinder/cinder/api/extensions.py:180}}
Jun 17 10:08:22.391202 dv-cinder-796806-1-iscsi devstack@c-api.service[100498]: DEBUG cinder.api.extensions [None req-0f5ed6af-7416-4b34-9d0d-7e00cf90a61c None None] Ext description: QoS specs support. {{(pid=100498) _check_extension /opt/stack/cinder/cinder/api/extensions.py:181}}
Jun 17 10:08:22.391725 dv-cinder-796806-1-iscsi devstack@c-api.service[100498]: DEBUG cinder.api.extensions [None req-0f5ed6af-7416-4b34-9d0d-7e00cf90a61c None None] Ext updated: 2013-08-02T00:00:00+00:00 {{(pid=100498) _check_extension /opt/stack/cinder/cinder/api/extensions.py:183}}
Jun 17 10:08:22.392360 dv-cinder-796806-1-iscsi devstack@c-api.service[100498]: DEBUG cinder.api.extensions [None req-0f5ed6af-7416-4b34-9d0d-7e00cf90a61c None None] Loaded extension: qos-specs {{(pid=100498) register /opt/stack/cinder/cinder/api/extensions.py:140}}
Jun 17 10:08:22.392843 dv-cinder-796806-1-iscsi devstack@c-api.service[100498]: DEBUG cinder.api.extensions [None req-0f5ed6af-7416-4b34-9d0d-7e00cf90a61c None None] Loading extension cinder.api.contrib.volume_actions.Volume_actions {{(pid=100498) load_extension /opt/stack/cinder/cinder/api/extensions.py:199}}
Jun 17 10:08:22.393346 dv-cinder-796806-1-iscsi devstack@c-api.service[100498]: DEBUG cinder.api.extensions [None req-0f5ed6af-7416-4b34-9d0d-7e00cf90a61c None None] Calling extension factory cinder.api.contrib.volume_actions.Volume_actions {{(pid=100498) load_extension /opt/stack/cinder/cinder/api/extensions.py:205}}
Jun 17 10:08:22.393535 dv-cinder-796806-1-iscsi devstack@c-api.service[100499]: DEBUG cinder.api.openstack [None req-7ed82b1c-2ecc-464c-9ee6-266a588c479f None None] Extended resource: cgsnapshots {{(pid=100499) _setup_ext_routes /opt/stack/cinder/cinder/api/openstack/__init__.py:90}}
Jun 17 10:08:22.394006 dv-cinder-796806-1-iscsi devstack@c-api.service[100498]: DEBUG cinder.api.extensions [None req-0f5ed6af-7416-4b34-9d0d-7e00cf90a61c None None] Ext name: VolumeActions {{(pid=100498) _check_extension /opt/stack/cinder/cinder/api/extensions.py:179}}
Jun 17 10:08:22.394620 dv-cinder-796806-1-iscsi devstack@c-api.service[100498]: DEBUG cinder.api.extensions [None req-0f5ed6af-7416-4b34-9d0d-7e00cf90a61c None None] Ext alias: os-volume-actions {{(pid=100498) _check_extension /opt/stack/cinder/cinder/api/extensions.py:180}}
Jun 17 10:08:22.395089 dv-cinder-796806-1-iscsi devstack@c-api.service[100498]: DEBUG cinder.api.extensions [None req-0f5ed6af-7416-4b34-9d0d-7e00cf90a61c None None] Ext description: Enable volume actions. {{(pid=100498) _check_extension /opt/stack/cinder/cinder/api/extensions.py:181}}
Jun 17 10:08:22.395705 dv-cinder-796806-1-iscsi devstack@c-api.service[100498]: DEBUG cinder.api.extensions [None req-0f5ed6af-7416-4b34-9d0d-7e00cf90a61c None None] Ext updated: 2012-05-31T00:00:00+00:00 {{(pid=100498) _check_extension /opt/stack/cinder/cinder/api/extensions.py:183}}
Jun 17 10:08:22.396356 dv-cinder-796806-1-iscsi devstack@c-api.service[100498]: DEBUG cinder.api.extensions [None req-0f5ed6af-7416-4b34-9d0d-7e00cf90a61c None None] Loaded extension: os-volume-actions {{(pid=100498) register /opt/stack/cinder/cinder/api/extensions.py:140}}
Jun 17 10:08:22.396854 dv-cinder-796806-1-iscsi devstack@c-api.service[100498]: DEBUG cinder.api.extensions [None req-0f5ed6af-7416-4b34-9d0d-7e00cf90a61c None None] Loading extension cinder.api.contrib.volume_encryption_metadata.Volume_encryption_metadata {{(pid=100498) load_extension /opt/stack/cinder/cinder/api/extensions.py:199}}
Jun 17 10:08:22.397392 dv-cinder-796806-1-iscsi devstack@c-api.service[100498]: DEBUG cinder.api.extensions [None req-0f5ed6af-7416-4b34-9d0d-7e00cf90a61c None None] Calling extension factory cinder.api.contrib.volume_encryption_metadata.Volume_encryption_metadata {{(pid=100498) load_extension /opt/stack/cinder/cinder/api/extensions.py:205}}
Jun 17 10:08:22.397871 dv-cinder-796806-1-iscsi devstack@c-api.service[100498]: DEBUG cinder.api.extensions [None req-0f5ed6af-7416-4b34-9d0d-7e00cf90a61c None None] Ext name: VolumeEncryptionMetadata {{(pid=100498) _check_extension /opt/stack/cinder/cinder/api/extensions.py:179}}
Jun 17 10:08:22.398015 dv-cinder-796806-1-iscsi devstack@c-api.service[100499]: DEBUG cinder.api.openstack [None req-7ed82b1c-2ecc-464c-9ee6-266a588c479f None None] Extended resource: backups {{(pid=100499) _setup_ext_routes /opt/stack/cinder/cinder/api/openstack/__init__.py:90}}
Jun 17 10:08:22.398716 dv-cinder-796806-1-iscsi devstack@c-api.service[100498]: DEBUG cinder.api.extensions [None req-0f5ed6af-7416-4b34-9d0d-7e00cf90a61c None None] Ext alias: os-volume-encryption-metadata {{(pid=100498) _check_extension /opt/stack/cinder/cinder/api/extensions.py:180}}
Jun 17 10:08:22.399234 dv-cinder-796806-1-iscsi devstack@c-api.service[100498]: DEBUG cinder.api.extensions [None req-0f5ed6af-7416-4b34-9d0d-7e00cf90a61c None None] Ext description: Volume encryption metadata retrieval support. {{(pid=100498) _check_extension /opt/stack/cinder/cinder/api/extensions.py:181}}
Jun 17 10:08:22.399908 dv-cinder-796806-1-iscsi devstack@c-api.service[100498]: DEBUG cinder.api.extensions [None req-0f5ed6af-7416-4b34-9d0d-7e00cf90a61c None None] Ext updated: 2013-07-10T00:00:00+00:00 {{(pid=100498) _check_extension /opt/stack/cinder/cinder/api/extensions.py:183}}
Jun 17 10:08:22.400429 dv-cinder-796806-1-iscsi devstack@c-api.service[100498]: DEBUG cinder.api.extensions [None req-0f5ed6af-7416-4b34-9d0d-7e00cf90a61c None None] Loaded extension: os-volume-encryption-metadata {{(pid=100498) register /opt/stack/cinder/cinder/api/extensions.py:140}}
Jun 17 10:08:22.401015 dv-cinder-796806-1-iscsi devstack@c-api.service[100498]: DEBUG cinder.api.extensions [None req-0f5ed6af-7416-4b34-9d0d-7e00cf90a61c None None] Loading extension cinder.api.contrib.admin_actions.Admin_actions {{(pid=100498) load_extension /opt/stack/cinder/cinder/api/extensions.py:199}}
Jun 17 10:08:22.401628 dv-cinder-796806-1-iscsi devstack@c-api.service[100498]: DEBUG cinder.api.extensions [None req-0f5ed6af-7416-4b34-9d0d-7e00cf90a61c None None] Calling extension factory cinder.api.contrib.admin_actions.Admin_actions {{(pid=100498) load_extension /opt/stack/cinder/cinder/api/extensions.py:205}}
Jun 17 10:08:22.402227 dv-cinder-796806-1-iscsi devstack@c-api.service[100498]: DEBUG cinder.api.extensions [None req-0f5ed6af-7416-4b34-9d0d-7e00cf90a61c None None] Ext name: AdminActions {{(pid=100498) _check_extension /opt/stack/cinder/cinder/api/extensions.py:179}}
Jun 17 10:08:22.402865 dv-cinder-796806-1-iscsi devstack@c-api.service[100498]: DEBUG cinder.api.extensions [None req-0f5ed6af-7416-4b34-9d0d-7e00cf90a61c None None] Ext alias: os-admin-actions {{(pid=100498) _check_extension /opt/stack/cinder/cinder/api/extensions.py:180}}
Jun 17 10:08:22.403338 dv-cinder-796806-1-iscsi devstack@c-api.service[100498]: DEBUG cinder.api.extensions [None req-0f5ed6af-7416-4b34-9d0d-7e00cf90a61c None None] Ext description: Enable admin actions. {{(pid=100498) _check_extension /opt/stack/cinder/cinder/api/extensions.py:181}}
