Jun 22 12:45:55.355132 dv-cinder-796680-1-smb devstack@c-api.service[106314]: WARNING cinder.quota [None req-8a8bb1fd-d30c-40a7-9b6a-013863e60764 tempest-VolumeSnapshotQuotasNegativeTestJSON-959545388 tempest-VolumeSnapshotQuotasNegativeTestJSON-959545388-project-admin] Deprecated: Default quota for resource: volumes___DEFAULT__ is set by the default quota flag: quota_volumes___DEFAULT__, it is now deprecated. Please use the default quota class for default quota.
Jun 22 12:45:55.376313 dv-cinder-796680-1-smb devstack@c-api.service[106314]: INFO cinder.api.openstack.wsgi [None req-8a8bb1fd-d30c-40a7-9b6a-013863e60764 tempest-VolumeSnapshotQuotasNegativeTestJSON-959545388 tempest-VolumeSnapshotQuotasNegativeTestJSON-959545388-project-admin] http://10.222.0.20/volume/v3/28dec0c936504340bc2c74cf4a80080f/os-quota-sets/38088ec835a849dabd78c302c55905d2 returned with HTTP 200
Jun 22 12:45:55.376975 dv-cinder-796680-1-smb devstack@c-api.service[106315]: INFO cinder.api.openstack.wsgi [None req-dac976b7-0a8c-4154-935f-b8bbeae3176d tempest-SnapshotsActionsTest-689880894 tempest-SnapshotsActionsTest-689880894-project-admin] http://10.222.0.20/volume/v3/51557749226943b3b8834be756d6e2a8/snapshots/8096b431-1442-41ab-8d15-408758550bfc/action returned with HTTP 202
Jun 22 12:45:55.378810 dv-cinder-796680-1-smb devstack@c-api.service[106314]: [pid: 106314|app: 0|req: 32/69] 10.222.0.20 () {58 vars in 1331 bytes} [Tue Jun 22 12:45:54 2021] GET /volume/v3/28dec0c936504340bc2c74cf4a80080f/os-quota-sets/38088ec835a849dabd78c302c55905d2 => generated 708 bytes in 567 msecs (HTTP/1.1 200) 7 headers in 285 bytes (1 switches on core 0)
Jun 22 12:45:55.393176 dv-cinder-796680-1-smb devstack@c-api.service[106315]: [pid: 106315|app: 0|req: 38/70] 10.222.0.20 () {60 vars in 1373 bytes} [Tue Jun 22 12:45:55 2021] POST /volume/v3/51557749226943b3b8834be756d6e2a8/snapshots/8096b431-1442-41ab-8d15-408758550bfc/action => generated 0 bytes in 182 msecs (HTTP/1.1 202) 7 headers in 289 bytes (1 switches on core 0)
Jun 22 12:45:55.394302 dv-cinder-796680-1-smb devstack@c-api.service[106314]: INFO cinder.api.openstack.wsgi [None req-66ce0ce7-8bae-4801-8e0e-d90bf3acbd3c tempest-GroupsTest-744059400 tempest-GroupsTest-744059400-project] POST http://10.222.0.20/volume/v3/3c53914d385845b1b7770ba0e7925e35/volumes
Jun 22 12:45:55.397788 dv-cinder-796680-1-smb devstack@c-api.service[106314]: DEBUG cinder.api.openstack.wsgi [None req-66ce0ce7-8bae-4801-8e0e-d90bf3acbd3c tempest-GroupsTest-744059400 tempest-GroupsTest-744059400-project] Action: 'create', calling method: create, body: {"volume": {"volume_type": "e83a8f04-bb03-4458-a8cb-dae5cffcc207", "group_id": "e789b50a-2391-4bf8-bf4e-17ff03ee65f3", "size": 1, "name": "tempest-GroupsTest-Volume-189208112"}} {{(pid=106314) _process_stack /opt/stack/cinder/cinder/api/openstack/wsgi.py:864}}
Jun 22 12:45:55.401308 dv-cinder-796680-1-smb devstack@c-api.service[106315]: INFO cinder.api.openstack.wsgi [None req-2ba5c62b-edc6-4152-ae36-edf64fbf45ef tempest-VolumeSnapshotQuotasNegativeTestJSON-959545388 tempest-VolumeSnapshotQuotasNegativeTestJSON-959545388-project-admin] PUT http://10.222.0.20/volume/v3/28dec0c936504340bc2c74cf4a80080f/os-quota-sets/38088ec835a849dabd78c302c55905d2
Jun 22 12:45:55.401855 dv-cinder-796680-1-smb devstack@c-api.service[106315]: /usr/local/lib/python3.8/dist-packages/webob/acceptparse.py:1047: DeprecationWarning: The behavior of AcceptValidHeader.best_match is currently being maintained for backward compatibility, but it will be deprecated in the future, as it does not conform to the RFC.
Jun 22 12:45:55.401855 dv-cinder-796680-1-smb devstack@c-api.service[106315]: warnings.warn(
Jun 22 12:45:55.403073 dv-cinder-796680-1-smb devstack@c-api.service[106315]: DEBUG cinder.api.openstack.wsgi [None req-2ba5c62b-edc6-4152-ae36-edf64fbf45ef tempest-VolumeSnapshotQuotasNegativeTestJSON-959545388 tempest-VolumeSnapshotQuotasNegativeTestJSON-959545388-project-admin] Action: 'update', calling method: update, body: {"quota_set": {"gigabytes": 3, "volumes": 1, "snapshots": 1}} {{(pid=106315) _process_stack /opt/stack/cinder/cinder/api/openstack/wsgi.py:864}}
Jun 22 12:45:55.412566 dv-cinder-796680-1-smb devstack@c-api.service[106314]: DEBUG cinder.api.v3.volumes [None req-66ce0ce7-8bae-4801-8e0e-d90bf3acbd3c tempest-GroupsTest-744059400 tempest-GroupsTest-744059400-project] Create volume request body: {'volume': {'volume_type': 'e83a8f04-bb03-4458-a8cb-dae5cffcc207', 'group_id': 'e789b50a-2391-4bf8-bf4e-17ff03ee65f3', 'size': 1, 'name': 'tempest-GroupsTest-Volume-189208112'}} {{(pid=106314) create /opt/stack/cinder/cinder/api/v3/volumes.py:289}}
Jun 22 12:45:55.427961 dv-cinder-796680-1-smb devstack@c-api.service[106315]: /usr/local/lib/python3.8/dist-packages/oslo_context/context.py:105: DeprecationWarning: Policy enforcement is depending on the value of is_admin. This key is deprecated. Please update your policy file to use the standard policy values.
Jun 22 12:45:55.427961 dv-cinder-796680-1-smb devstack@c-api.service[106315]: warnings.warn('Policy enforcement is depending on the value of '
Jun 22 12:45:55.459580 dv-cinder-796680-1-smb devstack@c-api.service[106314]: /usr/local/lib/python3.8/dist-packages/oslo_context/context.py:105: DeprecationWarning: Policy enforcement is depending on the value of is_admin. This key is deprecated. Please update your policy file to use the standard policy values.
Jun 22 12:45:55.459580 dv-cinder-796680-1-smb devstack@c-api.service[106314]: warnings.warn('Policy enforcement is depending on the value of '
Jun 22 12:45:55.461118 dv-cinder-796680-1-smb devstack@c-api.service[106314]: INFO cinder.api.v3.volumes [None req-66ce0ce7-8bae-4801-8e0e-d90bf3acbd3c tempest-GroupsTest-744059400 tempest-GroupsTest-744059400-project] Create volume of 1 GB
Jun 22 12:45:55.474766 dv-cinder-796680-1-smb devstack@c-api.service[106314]: INFO cinder.volume.api [None req-66ce0ce7-8bae-4801-8e0e-d90bf3acbd3c tempest-GroupsTest-744059400 tempest-GroupsTest-744059400-project] Availability Zones retrieved successfully.
Jun 22 12:45:55.496941 dv-cinder-796680-1-smb devstack@c-api.service[106314]: DEBUG cinder.volume.api [None req-66ce0ce7-8bae-4801-8e0e-d90bf3acbd3c tempest-GroupsTest-744059400 tempest-GroupsTest-744059400-project] Flow 'volume_create_api' (500e628a-f250-4427-af6c-cfadf19be20e) transitioned into state 'RUNNING' from state 'PENDING' {{(pid=106314) _flow_receiver /usr/local/lib/python3.8/dist-packages/taskflow/listeners/logging.py:141}}
Jun 22 12:45:55.501950 dv-cinder-796680-1-smb devstack@c-api.service[106314]: DEBUG cinder.volume.api [None req-66ce0ce7-8bae-4801-8e0e-d90bf3acbd3c tempest-GroupsTest-744059400 tempest-GroupsTest-744059400-project] Task 'cinder.volume.flows.api.create_volume.ExtractVolumeRequestTask;volume:create' (5e095e1b-8c5d-4eb9-9d06-aad65e3475f0) transitioned into state 'RUNNING' from state 'PENDING' {{(pid=106314) _task_receiver /usr/local/lib/python3.8/dist-packages/taskflow/listeners/logging.py:190}}
Jun 22 12:45:55.504078 dv-cinder-796680-1-smb devstack@c-api.service[106314]: /usr/local/lib/python3.8/dist-packages/oslo_context/context.py:105: DeprecationWarning: Policy enforcement is depending on the value of is_admin. This key is deprecated. Please update your policy file to use the standard policy values.
Jun 22 12:45:55.504078 dv-cinder-796680-1-smb devstack@c-api.service[106314]: warnings.warn('Policy enforcement is depending on the value of '
Jun 22 12:45:55.504838 dv-cinder-796680-1-smb devstack@c-api.service[106314]: DEBUG cinder.volume.flows.api.create_volume [None req-66ce0ce7-8bae-4801-8e0e-d90bf3acbd3c tempest-GroupsTest-744059400 tempest-GroupsTest-744059400-project] Validating volume size '1' using validate_int {{(pid=106314) _extract_size /opt/stack/cinder/cinder/volume/flows/api/create_volume.py:201}}
Jun 22 12:45:55.541269 dv-cinder-796680-1-smb devstack@c-api.service[106314]: DEBUG cinder.volume.api [None req-66ce0ce7-8bae-4801-8e0e-d90bf3acbd3c tempest-GroupsTest-744059400 tempest-GroupsTest-744059400-project] Task 'cinder.volume.flows.api.create_volume.ExtractVolumeRequestTask;volume:create' (5e095e1b-8c5d-4eb9-9d06-aad65e3475f0) transitioned into state 'SUCCESS' from state 'RUNNING' with result '{'size': 1, 'snapshot_id': None, 'source_volid': None, 'volume_type': VolumeType(created_at=2021-06-22T12:45:53Z,deleted=False,deleted_at=None,description=None,extra_specs={},id=e83a8f04-bb03-4458-a8cb-dae5cffcc207,is_public=True,name='tempest-GroupsTest-volume-type-1687449028',projects=[],qos_specs=,qos_specs_id=None,updated_at=None), 'volume_type_id': 'e83a8f04-bb03-4458-a8cb-dae5cffcc207', 'encryption_key_id': None, 'qos_specs': None, 'consistencygroup_id': None, 'cgsnapshot_id': None, 'group_id': 'e789b50a-2391-4bf8-bf4e-17ff03ee65f3', 'replication_status': 'disabled', 'refresh_az': False, 'backup_id': None, 'multiattach': False, 'availability_zones': ['nova']}' {{(pid=106314) _task_receiver /usr/local/lib/python3.8/dist-packages/taskflow/listeners/logging.py:178}}
Jun 22 12:45:55.545992 dv-cinder-796680-1-smb devstack@c-api.service[106314]: DEBUG cinder.volume.api [None req-66ce0ce7-8bae-4801-8e0e-d90bf3acbd3c tempest-GroupsTest-744059400 tempest-GroupsTest-744059400-project] Task 'cinder.volume.flows.api.create_volume.QuotaReserveTask;volume:create' (46588126-931e-44c6-a250-4a345cce8f49) transitioned into state 'RUNNING' from state 'PENDING' {{(pid=106314) _task_receiver /usr/local/lib/python3.8/dist-packages/taskflow/listeners/logging.py:190}}
Jun 22 12:45:55.650583 dv-cinder-796680-1-smb devstack@c-api.service[106315]: WARNING cinder.quota [None req-2ba5c62b-edc6-4152-ae36-edf64fbf45ef tempest-VolumeSnapshotQuotasNegativeTestJSON-959545388 tempest-VolumeSnapshotQuotasNegativeTestJSON-959545388-project-admin] Deprecated: Default quota for resource: backups is set by the default quota flag: quota_backups, it is now deprecated. Please use the default quota class for default quota.
Jun 22 12:45:55.662137 dv-cinder-796680-1-smb devstack@c-api.service[106315]: WARNING cinder.quota [None req-2ba5c62b-edc6-4152-ae36-edf64fbf45ef tempest-VolumeSnapshotQuotasNegativeTestJSON-959545388 tempest-VolumeSnapshotQuotasNegativeTestJSON-959545388-project-admin] Deprecated: Default quota for resource: backup_gigabytes is set by the default quota flag: quota_backup_gigabytes, it is now deprecated. Please use the default quota class for default quota.
Jun 22 12:45:55.672765 dv-cinder-796680-1-smb devstack@c-api.service[106315]: WARNING cinder.quota [None req-2ba5c62b-edc6-4152-ae36-edf64fbf45ef tempest-VolumeSnapshotQuotasNegativeTestJSON-959545388 tempest-VolumeSnapshotQuotasNegativeTestJSON-959545388-project-admin] Deprecated: Default quota for resource: volumes_tempest-GroupsTest-volume-type-1687449028 is set by the default quota flag: quota_volumes_tempest-GroupsTest-volume-type-1687449028, it is now deprecated. Please use the default quota class for default quota.
Jun 22 12:45:55.680056 dv-cinder-796680-1-smb devstack@c-api.service[106315]: WARNING cinder.quota [None req-2ba5c62b-edc6-4152-ae36-edf64fbf45ef tempest-VolumeSnapshotQuotasNegativeTestJSON-959545388 tempest-VolumeSnapshotQuotasNegativeTestJSON-959545388-project-admin] Deprecated: Default quota for resource: gigabytes_tempest-GroupsTest-volume-type-1687449028 is set by the default quota flag: quota_gigabytes_tempest-GroupsTest-volume-type-1687449028, it is now deprecated. Please use the default quota class for default quota.
Jun 22 12:45:55.685895 dv-cinder-796680-1-smb devstack@c-api.service[106315]: WARNING cinder.quota [None req-2ba5c62b-edc6-4152-ae36-edf64fbf45ef tempest-VolumeSnapshotQuotasNegativeTestJSON-959545388 tempest-VolumeSnapshotQuotasNegativeTestJSON-959545388-project-admin] Deprecated: Default quota for resource: snapshots_tempest-GroupsTest-volume-type-1687449028 is set by the default quota flag: quota_snapshots_tempest-GroupsTest-volume-type-1687449028, it is now deprecated. Please use the default quota class for default quota.
Jun 22 12:45:55.689854 dv-cinder-796680-1-smb devstack@c-api.service[106315]: WARNING cinder.quota [None req-2ba5c62b-edc6-4152-ae36-edf64fbf45ef tempest-VolumeSnapshotQuotasNegativeTestJSON-959545388 tempest-VolumeSnapshotQuotasNegativeTestJSON-959545388-project-admin] Deprecated: Default quota for resource: volumes_tempest-GroupsTest-volume-type-367445557 is set by the default quota flag: quota_volumes_tempest-GroupsTest-volume-type-367445557, it is now deprecated. Please use the default quota class for default quota.
Jun 22 12:45:55.692415 dv-cinder-796680-1-smb devstack@c-api.service[106315]: WARNING cinder.quota [None req-2ba5c62b-edc6-4152-ae36-edf64fbf45ef tempest-VolumeSnapshotQuotasNegativeTestJSON-959545388 tempest-VolumeSnapshotQuotasNegativeTestJSON-959545388-project-admin] Deprecated: Default quota for resource: gigabytes_tempest-GroupsTest-volume-type-367445557 is set by the default quota flag: quota_gigabytes_tempest-GroupsTest-volume-type-367445557, it is now deprecated. Please use the default quota class for default quota.
Jun 22 12:45:55.699387 dv-cinder-796680-1-smb devstack@c-api.service[106315]: WARNING cinder.quota [None req-2ba5c62b-edc6-4152-ae36-edf64fbf45ef tempest-VolumeSnapshotQuotasNegativeTestJSON-959545388 tempest-VolumeSnapshotQuotasNegativeTestJSON-959545388-project-admin] Deprecated: Default quota for resource: snapshots_tempest-GroupsTest-volume-type-367445557 is set by the default quota flag: quota_snapshots_tempest-GroupsTest-volume-type-367445557, it is now deprecated. Please use the default quota class for default quota.
Jun 22 12:45:55.703086 dv-cinder-796680-1-smb devstack@c-api.service[106315]: WARNING cinder.quota [None req-2ba5c62b-edc6-4152-ae36-edf64fbf45ef tempest-VolumeSnapshotQuotasNegativeTestJSON-959545388 tempest-VolumeSnapshotQuotasNegativeTestJSON-959545388-project-admin] Deprecated: Default quota for resource: volumes_lvmdriver-1 is set by the default quota flag: quota_volumes_lvmdriver-1, it is now deprecated. Please use the default quota class for default quota.
Jun 22 12:45:55.708392 dv-cinder-796680-1-smb devstack@c-api.service[106315]: WARNING cinder.quota [None req-2ba5c62b-edc6-4152-ae36-edf64fbf45ef tempest-VolumeSnapshotQuotasNegativeTestJSON-959545388 tempest-VolumeSnapshotQuotasNegativeTestJSON-959545388-project-admin] Deprecated: Default quota for resource: gigabytes_lvmdriver-1 is set by the default quota flag: quota_gigabytes_lvmdriver-1, it is now deprecated. Please use the default quota class for default quota.
Jun 22 12:45:55.710678 dv-cinder-796680-1-smb devstack@c-api.service[106315]: WARNING cinder.quota [None req-2ba5c62b-edc6-4152-ae36-edf64fbf45ef tempest-VolumeSnapshotQuotasNegativeTestJSON-959545388 tempest-VolumeSnapshotQuotasNegativeTestJSON-959545388-project-admin] Deprecated: Default quota for resource: snapshots_lvmdriver-1 is set by the default quota flag: quota_snapshots_lvmdriver-1, it is now deprecated. Please use the default quota class for default quota.
Jun 22 12:45:55.719502 dv-cinder-796680-1-smb devstack@c-api.service[106314]: DEBUG cinder.quota [None req-66ce0ce7-8bae-4801-8e0e-d90bf3acbd3c tempest-GroupsTest-744059400 tempest-GroupsTest-744059400-project] Created reservations ['bdf35dd2-c3de-4bb1-a9ef-eeb139fd1124', 'e9d1f643-82ad-43f1-879f-6d4a2d8b1b1a', '5dc50997-b12c-4598-a9bf-cdc4453b6cca', '0a9579dd-04ce-4feb-aaf7-fce822dcb93a'] {{(pid=106314) reserve /opt/stack/cinder/cinder/quota.py:755}}
Jun 22 12:45:55.721853 dv-cinder-796680-1-smb devstack@c-api.service[106314]: DEBUG cinder.volume.api [None req-66ce0ce7-8bae-4801-8e0e-d90bf3acbd3c tempest-GroupsTest-744059400 tempest-GroupsTest-744059400-project] Task 'cinder.volume.flows.api.create_volume.QuotaReserveTask;volume:create' (46588126-931e-44c6-a250-4a345cce8f49) transitioned into state 'SUCCESS' from state 'RUNNING' with result '{'reservations': ['bdf35dd2-c3de-4bb1-a9ef-eeb139fd1124', 'e9d1f643-82ad-43f1-879f-6d4a2d8b1b1a', '5dc50997-b12c-4598-a9bf-cdc4453b6cca', '0a9579dd-04ce-4feb-aaf7-fce822dcb93a']}' {{(pid=106314) _task_receiver /usr/local/lib/python3.8/dist-packages/taskflow/listeners/logging.py:178}}
Jun 22 12:45:55.735220 dv-cinder-796680-1-smb devstack@c-api.service[106314]: DEBUG cinder.volume.api [None req-66ce0ce7-8bae-4801-8e0e-d90bf3acbd3c tempest-GroupsTest-744059400 tempest-GroupsTest-744059400-project] Task 'cinder.volume.flows.api.create_volume.EntryCreateTask;volume:create' (421b6247-c44d-4bef-a07f-0bb1c95a279f) transitioned into state 'RUNNING' from state 'PENDING' {{(pid=106314) _task_receiver /usr/local/lib/python3.8/dist-packages/taskflow/listeners/logging.py:190}}
Jun 22 12:45:55.756177 dv-cinder-796680-1-smb devstack@c-api.service[106315]: INFO cinder.api.openstack.wsgi [None req-2ba5c62b-edc6-4152-ae36-edf64fbf45ef tempest-VolumeSnapshotQuotasNegativeTestJSON-959545388 tempest-VolumeSnapshotQuotasNegativeTestJSON-959545388-project-admin] http://10.222.0.20/volume/v3/28dec0c936504340bc2c74cf4a80080f/os-quota-sets/38088ec835a849dabd78c302c55905d2 returned with HTTP 200
Jun 22 12:45:55.762675 dv-cinder-796680-1-smb devstack@c-api.service[106315]: [pid: 106315|app: 0|req: 39/71] 10.222.0.20 () {60 vars in 1351 bytes} [Tue Jun 22 12:45:55 2021] PUT /volume/v3/28dec0c936504340bc2c74cf4a80080f/os-quota-sets/38088ec835a849dabd78c302c55905d2 => generated 661 bytes in 368 msecs (HTTP/1.1 200) 7 headers in 285 bytes (1 switches on core 0)
Jun 22 12:45:55.792731 dv-cinder-796680-1-smb devstack@c-api.service[106315]: INFO cinder.api.openstack.wsgi [None req-7fe63a92-a4eb-4e34-b97c-8d6b124a2eff tempest-SnapshotsActionsTest-468141709 tempest-SnapshotsActionsTest-468141709-project] GET http://10.222.0.20/volume/v3/41ad9b512d6a485f9473224b8c69f5d6/snapshots/8096b431-1442-41ab-8d15-408758550bfc
Jun 22 12:45:55.794296 dv-cinder-796680-1-smb devstack@c-api.service[106315]: DEBUG cinder.api.openstack.wsgi [None req-7fe63a92-a4eb-4e34-b97c-8d6b124a2eff tempest-SnapshotsActionsTest-468141709 tempest-SnapshotsActionsTest-468141709-project] Empty body provided in request {{(pid=106315) get_body /opt/stack/cinder/cinder/api/openstack/wsgi.py:713}}
Jun 22 12:45:55.795841 dv-cinder-796680-1-smb devstack@c-api.service[106315]: DEBUG cinder.api.openstack.wsgi [None req-7fe63a92-a4eb-4e34-b97c-8d6b124a2eff tempest-SnapshotsActionsTest-468141709 tempest-SnapshotsActionsTest-468141709-project] Calling method 'show' {{(pid=106315) _process_stack /opt/stack/cinder/cinder/api/openstack/wsgi.py:866}}
Jun 22 12:45:55.843717 dv-cinder-796680-1-smb devstack@c-api.service[106315]: /usr/local/lib/python3.8/dist-packages/oslo_context/context.py:105: DeprecationWarning: Policy enforcement is depending on the value of is_admin. This key is deprecated. Please update your policy file to use the standard policy values.
Jun 22 12:45:55.843717 dv-cinder-796680-1-smb devstack@c-api.service[106315]: warnings.warn('Policy enforcement is depending on the value of '
Jun 22 12:45:55.849418 dv-cinder-796680-1-smb devstack@c-api.service[106315]: INFO cinder.volume.api [None req-7fe63a92-a4eb-4e34-b97c-8d6b124a2eff tempest-SnapshotsActionsTest-468141709 tempest-SnapshotsActionsTest-468141709-project] Snapshot retrieved successfully.
Jun 22 12:45:55.852495 dv-cinder-796680-1-smb devstack@c-api.service[106314]: DEBUG cinder.volume.api [None req-66ce0ce7-8bae-4801-8e0e-d90bf3acbd3c tempest-GroupsTest-744059400 tempest-GroupsTest-744059400-project] Task 'cinder.volume.flows.api.create_volume.EntryCreateTask;volume:create' (421b6247-c44d-4bef-a07f-0bb1c95a279f) transitioned into state 'SUCCESS' from state 'RUNNING' with result '{'volume_id': 'a94d7bfc-f10f-464c-afd8-3a8a167035bf', 'volume_properties': VolumeProperties(attach_status='detached',availability_zone='nova',cgsnapshot_id=None,consistencygroup_id=None,display_description=None,display_name='tempest-GroupsTest-Volume-189208112',encryption_key_id=None,group_id=e789b50a-2391-4bf8-bf4e-17ff03ee65f3,group_type_id=,metadata={},multiattach=False,project_id='3c53914d385845b1b7770ba0e7925e35',qos_specs=None,replication_status=,reservations=['bdf35dd2-c3de-4bb1-a9ef-eeb139fd1124','e9d1f643-82ad-43f1-879f-6d4a2d8b1b1a','5dc50997-b12c-4598-a9bf-cdc4453b6cca','0a9579dd-04ce-4feb-aaf7-fce822dcb93a'],size=1,snapshot_id=None,source_replicaid=,source_volid=None,status='creating',user_id='a99e9f696edb4b0589b24e4359da3033',volume_type_id=e83a8f04-bb03-4458-a8cb-dae5cffcc207), 'volume': Volume(_name_id=None,admin_metadata=,attach_status='detached',availability_zone='nova',bootable=False,cluster=,cluster_name=None,consistencygroup=,consistencygroup_id=None,created_at=2021-06-22T12:45:55Z,deleted=False,deleted_at=None,display_description=None,display_name='tempest-GroupsTest-Volume-189208112',ec2_id=None,encryption_key_id=None,glance_metadata=,group=,group_id=e789b50a-2391-4bf8-bf4e-17ff03ee65f3,host=None,id=a94d7bfc-f10f-464c-afd8-3a8a167035bf,launched_at=None,metadata={},migration_status=None,multiattach=False,previous_status=None,project_id='3c53914d385845b1b7770ba0e7925e35',provider_auth=None,provider_geometry=None,provider_id=None,provider_location=None,replication_driver_data=None,replication_extended_status=None,replication_status=None,scheduled_at=None,service_uuid=None,shared_targets=True,size=1,snapshot_id=None,snapshots=,source_volid=None,status='creating',terminated_at=None,updated_at=None,user_id='a99e9f696edb4b0589b24e4359da3033',volume_attachment=,volume_type=VolumeType(e83a8f04-bb03-4458-a8cb-dae5cffcc207),volume_type_id=e83a8f04-bb03-4458-a8cb-dae5cffcc207)}' {{(pid=106314) _task_receiver /usr/local/lib/python3.8/dist-packages/taskflow/listeners/logging.py:178}}
Jun 22 12:45:55.859331 dv-cinder-796680-1-smb devstack@c-api.service[106315]: INFO cinder.api.openstack.wsgi [None req-7fe63a92-a4eb-4e34-b97c-8d6b124a2eff tempest-SnapshotsActionsTest-468141709 tempest-SnapshotsActionsTest-468141709-project] http://10.222.0.20/volume/v3/41ad9b512d6a485f9473224b8c69f5d6/snapshots/8096b431-1442-41ab-8d15-408758550bfc returned with HTTP 200
Jun 22 12:45:55.862030 dv-cinder-796680-1-smb devstack@c-api.service[106314]: DEBUG cinder.volume.api [None req-66ce0ce7-8bae-4801-8e0e-d90bf3acbd3c tempest-GroupsTest-744059400 tempest-GroupsTest-744059400-project] Task 'cinder.volume.flows.api.create_volume.QuotaCommitTask;volume:create' (fce86dae-804f-4c3c-abbc-2ec7c3d8f390) transitioned into state 'RUNNING' from state 'PENDING' {{(pid=106314) _task_receiver /usr/local/lib/python3.8/dist-packages/taskflow/listeners/logging.py:190}}
Jun 22 12:45:55.870662 dv-cinder-796680-1-smb devstack@c-api.service[106315]: [pid: 106315|app: 0|req: 40/72] 10.222.0.20 () {58 vars in 1331 bytes} [Tue Jun 22 12:45:55 2021] GET /volume/v3/41ad9b512d6a485f9473224b8c69f5d6/snapshots/8096b431-1442-41ab-8d15-408758550bfc => generated 567 bytes in 100 msecs (HTTP/1.1 200) 7 headers in 285 bytes (1 switches on core 0)
Jun 22 12:45:55.990324 dv-cinder-796680-1-smb devstack@c-api.service[106314]: DEBUG cinder.volume.api [None req-66ce0ce7-8bae-4801-8e0e-d90bf3acbd3c tempest-GroupsTest-744059400 tempest-GroupsTest-744059400-project] Task 'cinder.volume.flows.api.create_volume.QuotaCommitTask;volume:create' (fce86dae-804f-4c3c-abbc-2ec7c3d8f390) transitioned into state 'SUCCESS' from state 'RUNNING' with result '{'volume_properties': VolumeProperties(attach_status='detached',availability_zone='nova',cgsnapshot_id=None,consistencygroup_id=None,display_description=None,display_name='tempest-GroupsTest-Volume-189208112',encryption_key_id=None,group_id=e789b50a-2391-4bf8-bf4e-17ff03ee65f3,group_type_id=,metadata={},multiattach=False,project_id='3c53914d385845b1b7770ba0e7925e35',qos_specs=None,replication_status=,reservations=['bdf35dd2-c3de-4bb1-a9ef-eeb139fd1124','e9d1f643-82ad-43f1-879f-6d4a2d8b1b1a','5dc50997-b12c-4598-a9bf-cdc4453b6cca','0a9579dd-04ce-4feb-aaf7-fce822dcb93a'],size=1,snapshot_id=None,source_replicaid=,source_volid=None,status='creating',user_id='a99e9f696edb4b0589b24e4359da3033',volume_type_id=e83a8f04-bb03-4458-a8cb-dae5cffcc207)}' {{(pid=106314) _task_receiver /usr/local/lib/python3.8/dist-packages/taskflow/listeners/logging.py:178}}
Jun 22 12:45:56.001190 dv-cinder-796680-1-smb devstack@c-api.service[106314]: DEBUG cinder.volume.api [None req-66ce0ce7-8bae-4801-8e0e-d90bf3acbd3c tempest-GroupsTest-744059400 tempest-GroupsTest-744059400-project] Task 'cinder.volume.flows.api.create_volume.VolumeCastTask;volume:create' (6fe4bf57-f1cd-4dc6-baa9-61fcd6d1d250) transitioned into state 'RUNNING' from state 'PENDING' {{(pid=106314) _task_receiver /usr/local/lib/python3.8/dist-packages/taskflow/listeners/logging.py:190}}
Jun 22 12:45:56.061995 dv-cinder-796680-1-smb devstack@c-api.service[106314]: DEBUG cinder.volume.api [None req-66ce0ce7-8bae-4801-8e0e-d90bf3acbd3c tempest-GroupsTest-744059400 tempest-GroupsTest-744059400-project] Task 'cinder.volume.flows.api.create_volume.VolumeCastTask;volume:create' (6fe4bf57-f1cd-4dc6-baa9-61fcd6d1d250) transitioned into state 'SUCCESS' from state 'RUNNING' with result 'None' {{(pid=106314) _task_receiver /usr/local/lib/python3.8/dist-packages/taskflow/listeners/logging.py:178}}
Jun 22 12:45:56.065436 dv-cinder-796680-1-smb devstack@c-api.service[106314]: DEBUG cinder.volume.api [None req-66ce0ce7-8bae-4801-8e0e-d90bf3acbd3c tempest-GroupsTest-744059400 tempest-GroupsTest-744059400-project] Flow 'volume_create_api' (500e628a-f250-4427-af6c-cfadf19be20e) transitioned into state 'SUCCESS' from state 'RUNNING' {{(pid=106314) _flow_receiver /usr/local/lib/python3.8/dist-packages/taskflow/listeners/logging.py:141}}
Jun 22 12:45:56.066554 dv-cinder-796680-1-smb devstack@c-api.service[106314]: INFO cinder.volume.api [None req-66ce0ce7-8bae-4801-8e0e-d90bf3acbd3c tempest-GroupsTest-744059400 tempest-GroupsTest-744059400-project] Create volume request issued successfully.
Jun 22 12:45:56.076520 dv-cinder-796680-1-smb devstack@c-api.service[106314]: WARNING stevedore.named [None req-66ce0ce7-8bae-4801-8e0e-d90bf3acbd3c tempest-GroupsTest-744059400 tempest-GroupsTest-744059400-project] Could not load cinder.keymgr.conf_key_mgr.ConfKeyManager
Jun 22 12:45:56.077090 dv-cinder-796680-1-smb devstack@c-api.service[106314]: WARNING castellan.key_manager [None req-66ce0ce7-8bae-4801-8e0e-d90bf3acbd3c tempest-GroupsTest-744059400 tempest-GroupsTest-744059400-project] Deprecation Warning : cinder.keymgr.conf_key_mgr.ConfKeyManager is not a stevedore based driver, trying to load it as a class: stevedore.exception.NoMatches: No 'castellan.drivers' driver found, looking for 'cinder.keymgr.conf_key_mgr.ConfKeyManager'
Jun 22 12:45:56.088985 dv-cinder-796680-1-smb devstack@c-api.service[106314]: DEBUG oslo_db.sqlalchemy.engines [None req-66ce0ce7-8bae-4801-8e0e-d90bf3acbd3c tempest-GroupsTest-744059400 tempest-GroupsTest-744059400-project] MySQL server mode set to STRICT_TRANS_TABLES,STRICT_ALL_TABLES,NO_ZERO_IN_DATE,NO_ZERO_DATE,ERROR_FOR_DIVISION_BY_ZERO,TRADITIONAL,NO_ENGINE_SUBSTITUTION {{(pid=106314) _check_effective_sql_mode /usr/local/lib/python3.8/dist-packages/oslo_db/sqlalchemy/engines.py:314}}
Jun 22 12:45:56.100702 dv-cinder-796680-1-smb devstack@c-api.service[106314]: /usr/local/lib/python3.8/dist-packages/oslo_context/context.py:105: DeprecationWarning: Policy enforcement is depending on the value of is_admin. This key is deprecated. Please update your policy file to use the standard policy values.
Jun 22 12:45:56.100702 dv-cinder-796680-1-smb devstack@c-api.service[106314]: warnings.warn('Policy enforcement is depending on the value of '
Jun 22 12:45:56.109562 dv-cinder-796680-1-smb devstack@c-api.service[106314]: INFO cinder.api.openstack.wsgi [None req-66ce0ce7-8bae-4801-8e0e-d90bf3acbd3c tempest-GroupsTest-744059400 tempest-GroupsTest-744059400-project] http://10.222.0.20/volume/v3/3c53914d385845b1b7770ba0e7925e35/volumes returned with HTTP 202
Jun 22 12:45:56.125105 dv-cinder-796680-1-smb devstack@c-api.service[106314]: [pid: 106314|app: 0|req: 33/73] 10.222.0.20 () {62 vars in 1277 bytes} [Tue Jun 22 12:45:55 2021] POST /volume/v3/3c53914d385845b1b7770ba0e7925e35/volumes => generated 891 bytes in 731 msecs (HTTP/1.1 202) 7 headers in 292 bytes (1 switches on core 0)
Jun 22 12:45:56.125105 dv-cinder-796680-1-smb devstack@c-api.service[106314]: INFO cinder.api.openstack.wsgi [None req-e9b90e67-dfa9-4c50-881e-8df0f6d991af tempest-SnapshotsActionsTest-689880894 tempest-SnapshotsActionsTest-689880894-project-admin] POST http://10.222.0.20/volume/v3/51557749226943b3b8834be756d6e2a8/snapshots/8096b431-1442-41ab-8d15-408758550bfc/action
Jun 22 12:45:56.125105 dv-cinder-796680-1-smb devstack@c-api.service[106314]: /usr/local/lib/python3.8/dist-packages/webob/acceptparse.py:1047: DeprecationWarning: The behavior of AcceptValidHeader.best_match is currently being maintained for backward compatibility, but it will be deprecated in the future, as it does not conform to the RFC.
Jun 22 12:45:56.125105 dv-cinder-796680-1-smb devstack@c-api.service[106314]: warnings.warn(
Jun 22 12:45:56.125105 dv-cinder-796680-1-smb devstack@c-api.service[106314]: DEBUG cinder.api.openstack.wsgi [None req-e9b90e67-dfa9-4c50-881e-8df0f6d991af tempest-SnapshotsActionsTest-689880894 tempest-SnapshotsActionsTest-689880894-project-admin] Action body: b'{"os-force_delete": {}}' {{(pid=106314) get_method /opt/stack/cinder/cinder/api/openstack/wsgi.py:981}}
Jun 22 12:45:56.125105 dv-cinder-796680-1-smb devstack@c-api.service[106314]: DEBUG cinder.api.openstack.wsgi [None req-e9b90e67-dfa9-4c50-881e-8df0f6d991af tempest-SnapshotsActionsTest-689880894 tempest-SnapshotsActionsTest-689880894-project-admin] Action: 'action', calling method: _force_delete, body: {"os-force_delete": {}} {{(pid=106314) _process_stack /opt/stack/cinder/cinder/api/openstack/wsgi.py:864}}
Jun 22 12:45:56.132285 dv-cinder-796680-1-smb devstack@c-api.service[106314]: /usr/local/lib/python3.8/dist-packages/oslo_context/context.py:105: DeprecationWarning: Policy enforcement is depending on the value of is_admin. This key is deprecated. Please update your policy file to use the standard policy values.
Jun 22 12:45:56.132285 dv-cinder-796680-1-smb devstack@c-api.service[106314]: warnings.warn('Policy enforcement is depending on the value of '
Jun 22 12:45:56.132285 dv-cinder-796680-1-smb devstack@c-api.service[106314]: INFO cinder.volume.api [None req-e9b90e67-dfa9-4c50-881e-8df0f6d991af tempest-SnapshotsActionsTest-689880894 tempest-SnapshotsActionsTest-689880894-project-admin] Snapshot retrieved successfully.
Jun 22 12:45:56.228498 dv-cinder-796680-1-smb devstack@c-api.service[106314]: INFO cinder.volume.api [None req-e9b90e67-dfa9-4c50-881e-8df0f6d991af tempest-SnapshotsActionsTest-689880894 tempest-SnapshotsActionsTest-689880894-project-admin] Snapshot delete request issued successfully.
Jun 22 12:45:56.229210 dv-cinder-796680-1-smb devstack@c-api.service[106314]: INFO cinder.api.openstack.wsgi [None req-e9b90e67-dfa9-4c50-881e-8df0f6d991af tempest-SnapshotsActionsTest-689880894 tempest-SnapshotsActionsTest-689880894-project-admin] http://10.222.0.20/volume/v3/51557749226943b3b8834be756d6e2a8/snapshots/8096b431-1442-41ab-8d15-408758550bfc/action returned with HTTP 202
Jun 22 12:45:56.250967 dv-cinder-796680-1-smb devstack@c-api.service[106314]: [pid: 106314|app: 0|req: 34/74] 10.222.0.20 () {60 vars in 1373 bytes} [Tue Jun 22 12:45:56 2021] POST /volume/v3/51557749226943b3b8834be756d6e2a8/snapshots/8096b431-1442-41ab-8d15-408758550bfc/action => generated 0 bytes in 140 msecs (HTTP/1.1 202) 7 headers in 289 bytes (1 switches on core 0)
Jun 22 12:45:56.265567 dv-cinder-796680-1-smb devstack@c-api.service[106314]: INFO cinder.api.openstack.wsgi [None req-ba0c0e28-4543-425a-8962-0c10654d5fe3 tempest-GroupsTest-744059400 tempest-GroupsTest-744059400-project] GET http://10.222.0.20/volume/v3/3c53914d385845b1b7770ba0e7925e35/volumes/a94d7bfc-f10f-464c-afd8-3a8a167035bf
Jun 22 12:45:56.269659 dv-cinder-796680-1-smb devstack@c-api.service[106314]: DEBUG cinder.api.openstack.wsgi [None req-ba0c0e28-4543-425a-8962-0c10654d5fe3 tempest-GroupsTest-744059400 tempest-GroupsTest-744059400-project] Empty body provided in request {{(pid=106314) get_body /opt/stack/cinder/cinder/api/openstack/wsgi.py:713}}
Jun 22 12:45:56.272955 dv-cinder-796680-1-smb devstack@c-api.service[106314]: /usr/local/lib/python3.8/dist-packages/webob/acceptparse.py:1047: DeprecationWarning: The behavior of AcceptValidHeader.best_match is currently being maintained for backward compatibility, but it will be deprecated in the future, as it does not conform to the RFC.
Jun 22 12:45:56.272955 dv-cinder-796680-1-smb devstack@c-api.service[106314]: warnings.warn(
Jun 22 12:45:56.274114 dv-cinder-796680-1-smb devstack@c-api.service[106314]: DEBUG cinder.api.openstack.wsgi [None req-ba0c0e28-4543-425a-8962-0c10654d5fe3 tempest-GroupsTest-744059400 tempest-GroupsTest-744059400-project] Calling method 'show' {{(pid=106314) _process_stack /opt/stack/cinder/cinder/api/openstack/wsgi.py:866}}
Jun 22 12:45:56.315281 dv-cinder-796680-1-smb devstack@c-api.service[106314]: /usr/local/lib/python3.8/dist-packages/oslo_context/context.py:105: DeprecationWarning: Policy enforcement is depending on the value of is_admin. This key is deprecated. Please update your policy file to use the standard policy values.
Jun 22 12:45:56.315281 dv-cinder-796680-1-smb devstack@c-api.service[106314]: warnings.warn('Policy enforcement is depending on the value of '
Jun 22 12:45:56.344967 dv-cinder-796680-1-smb devstack@c-api.service[106314]: INFO cinder.volume.api [None req-ba0c0e28-4543-425a-8962-0c10654d5fe3 tempest-GroupsTest-744059400 tempest-GroupsTest-744059400-project] Volume info retrieved successfully.
Jun 22 12:45:56.404087 dv-cinder-796680-1-smb devstack@c-api.service[106314]: WARNING stevedore.named [None req-ba0c0e28-4543-425a-8962-0c10654d5fe3 tempest-GroupsTest-744059400 tempest-GroupsTest-744059400-project] Could not load cinder.keymgr.conf_key_mgr.ConfKeyManager
Jun 22 12:45:56.404608 dv-cinder-796680-1-smb devstack@c-api.service[106314]: WARNING castellan.key_manager [None req-ba0c0e28-4543-425a-8962-0c10654d5fe3 tempest-GroupsTest-744059400 tempest-GroupsTest-744059400-project] Deprecation Warning : cinder.keymgr.conf_key_mgr.ConfKeyManager is not a stevedore based driver, trying to load it as a class: stevedore.exception.NoMatches: No 'castellan.drivers' driver found, looking for 'cinder.keymgr.conf_key_mgr.ConfKeyManager'
Jun 22 12:45:56.427035 dv-cinder-796680-1-smb devstack@c-api.service[106314]: DEBUG oslo_db.sqlalchemy.engines [None req-ba0c0e28-4543-425a-8962-0c10654d5fe3 tempest-GroupsTest-744059400 tempest-GroupsTest-744059400-project] MySQL server mode set to STRICT_TRANS_TABLES,STRICT_ALL_TABLES,NO_ZERO_IN_DATE,NO_ZERO_DATE,ERROR_FOR_DIVISION_BY_ZERO,TRADITIONAL,NO_ENGINE_SUBSTITUTION {{(pid=106314) _check_effective_sql_mode /usr/local/lib/python3.8/dist-packages/oslo_db/sqlalchemy/engines.py:314}}
Jun 22 12:45:56.438739 dv-cinder-796680-1-smb devstack@c-api.service[106315]: INFO cinder.api.openstack.wsgi [None req-034011df-6903-4da0-9416-800c342ddfc4 tempest-VolumeSnapshotQuotasNegativeTestJSON-1572575090 tempest-VolumeSnapshotQuotasNegativeTestJSON-1572575090-project] POST http://10.222.0.20/volume/v3/38088ec835a849dabd78c302c55905d2/volumes
Jun 22 12:45:56.439591 dv-cinder-796680-1-smb devstack@c-api.service[106315]: /usr/local/lib/python3.8/dist-packages/webob/acceptparse.py:1047: DeprecationWarning: The behavior of AcceptValidHeader.best_match is currently being maintained for backward compatibility, but it will be deprecated in the future, as it does not conform to the RFC.
Jun 22 12:45:56.439591 dv-cinder-796680-1-smb devstack@c-api.service[106315]: warnings.warn(
Jun 22 12:45:56.439591 dv-cinder-796680-1-smb devstack@c-api.service[106315]: DEBUG cinder.api.openstack.wsgi [None req-034011df-6903-4da0-9416-800c342ddfc4 tempest-VolumeSnapshotQuotasNegativeTestJSON-1572575090 tempest-VolumeSnapshotQuotasNegativeTestJSON-1572575090-project] Action: 'create', calling method: create, body: {"volume": {"size": 1, "name": "tempest-VolumeSnapshotQuotasNegativeTestJSON-Volume-206650108"}} {{(pid=106315) _process_stack /opt/stack/cinder/cinder/api/openstack/wsgi.py:864}}
Jun 22 12:45:56.440418 dv-cinder-796680-1-smb devstack@c-api.service[106315]: DEBUG cinder.api.v3.volumes [None req-034011df-6903-4da0-9416-800c342ddfc4 tempest-VolumeSnapshotQuotasNegativeTestJSON-1572575090 tempest-VolumeSnapshotQuotasNegativeTestJSON-1572575090-project] Create volume request body: {'volume': {'size': 1, 'name': 'tempest-VolumeSnapshotQuotasNegativeTestJSON-Volume-206650108'}} {{(pid=106315) create /opt/stack/cinder/cinder/api/v3/volumes.py:289}}
Jun 22 12:45:56.440733 dv-cinder-796680-1-smb devstack@c-api.service[106315]: INFO cinder.api.v3.volumes [None req-034011df-6903-4da0-9416-800c342ddfc4 tempest-VolumeSnapshotQuotasNegativeTestJSON-1572575090 tempest-VolumeSnapshotQuotasNegativeTestJSON-1572575090-project] Create volume of 1 GB
Jun 22 12:45:56.465336 dv-cinder-796680-1-smb devstack@c-api.service[106314]: /usr/local/lib/python3.8/dist-packages/oslo_context/context.py:105: DeprecationWarning: Policy enforcement is depending on the value of is_admin. This key is deprecated. Please update your policy file to use the standard policy values.
Jun 22 12:45:56.465336 dv-cinder-796680-1-smb devstack@c-api.service[106314]: warnings.warn('Policy enforcement is depending on the value of '
Jun 22 12:45:56.471443 dv-cinder-796680-1-smb devstack@c-api.service[106315]: INFO cinder.volume.api [None req-034011df-6903-4da0-9416-800c342ddfc4 tempest-VolumeSnapshotQuotasNegativeTestJSON-1572575090 tempest-VolumeSnapshotQuotasNegativeTestJSON-1572575090-project] Availability Zones retrieved successfully.
Jun 22 12:45:56.521219 dv-cinder-796680-1-smb devstack@c-api.service[106314]: INFO cinder.api.openstack.wsgi [None req-ba0c0e28-4543-425a-8962-0c10654d5fe3 tempest-GroupsTest-744059400 tempest-GroupsTest-744059400-project] http://10.222.0.20/volume/v3/3c53914d385845b1b7770ba0e7925e35/volumes/a94d7bfc-f10f-464c-afd8-3a8a167035bf returned with HTTP 200
Jun 22 12:45:56.521989 dv-cinder-796680-1-smb devstack@c-api.service[106314]: [pid: 106314|app: 0|req: 35/75] 10.222.0.20 () {60 vars in 1366 bytes} [Tue Jun 22 12:45:56 2021] GET /volume/v3/3c53914d385845b1b7770ba0e7925e35/volumes/a94d7bfc-f10f-464c-afd8-3a8a167035bf => generated 983 bytes in 270 msecs (HTTP/1.1 200) 7 headers in 286 bytes (1 switches on core 0)
Jun 22 12:45:56.531829 dv-cinder-796680-1-smb devstack@c-api.service[106315]: DEBUG cinder.volume.api [None req-034011df-6903-4da0-9416-800c342ddfc4 tempest-VolumeSnapshotQuotasNegativeTestJSON-1572575090 tempest-VolumeSnapshotQuotasNegativeTestJSON-1572575090-project] Flow 'volume_create_api' (e2df6a5d-450d-4310-8894-c004a5a380ee) transitioned into state 'RUNNING' from state 'PENDING' {{(pid=106315) _flow_receiver /usr/local/lib/python3.8/dist-packages/taskflow/listeners/logging.py:141}}
Jun 22 12:45:56.558232 dv-cinder-796680-1-smb devstack@c-api.service[106315]: DEBUG cinder.volume.api [None req-034011df-6903-4da0-9416-800c342ddfc4 tempest-VolumeSnapshotQuotasNegativeTestJSON-1572575090 tempest-VolumeSnapshotQuotasNegativeTestJSON-1572575090-project] Task 'cinder.volume.flows.api.create_volume.ExtractVolumeRequestTask;volume:create' (e0461802-2f81-49fb-a438-0ccab3749681) transitioned into state 'RUNNING' from state 'PENDING' {{(pid=106315) _task_receiver /usr/local/lib/python3.8/dist-packages/taskflow/listeners/logging.py:190}}
Jun 22 12:45:56.560444 dv-cinder-796680-1-smb devstack@c-api.service[106315]: DEBUG cinder.volume.flows.api.create_volume [None req-034011df-6903-4da0-9416-800c342ddfc4 tempest-VolumeSnapshotQuotasNegativeTestJSON-1572575090 tempest-VolumeSnapshotQuotasNegativeTestJSON-1572575090-project] Validating volume size '1' using validate_int {{(pid=106315) _extract_size /opt/stack/cinder/cinder/volume/flows/api/create_volume.py:201}}
Jun 22 12:45:56.564834 dv-cinder-796680-1-smb devstack@c-api.service[106314]: INFO cinder.api.openstack.wsgi [None req-be1ad779-035d-4a1f-8746-5422d89d6be6 tempest-SnapshotsActionsTest-468141709 tempest-SnapshotsActionsTest-468141709-project] GET http://10.222.0.20/volume/v3/41ad9b512d6a485f9473224b8c69f5d6/snapshots/8096b431-1442-41ab-8d15-408758550bfc
Jun 22 12:45:56.566537 dv-cinder-796680-1-smb devstack@c-api.service[106314]: DEBUG cinder.api.openstack.wsgi [None req-be1ad779-035d-4a1f-8746-5422d89d6be6 tempest-SnapshotsActionsTest-468141709 tempest-SnapshotsActionsTest-468141709-project] Empty body provided in request {{(pid=106314) get_body /opt/stack/cinder/cinder/api/openstack/wsgi.py:713}}
Jun 22 12:45:56.567224 dv-cinder-796680-1-smb devstack@c-api.service[106314]: /usr/local/lib/python3.8/dist-packages/webob/acceptparse.py:1047: DeprecationWarning: The behavior of AcceptValidHeader.best_match is currently being maintained for backward compatibility, but it will be deprecated in the future, as it does not conform to the RFC.
Jun 22 12:45:56.567224 dv-cinder-796680-1-smb devstack@c-api.service[106314]: warnings.warn(
Jun 22 12:45:56.568395 dv-cinder-796680-1-smb devstack@c-api.service[106314]: DEBUG cinder.api.openstack.wsgi [None req-be1ad779-035d-4a1f-8746-5422d89d6be6 tempest-SnapshotsActionsTest-468141709 tempest-SnapshotsActionsTest-468141709-project] Calling method 'show' {{(pid=106314) _process_stack /opt/stack/cinder/cinder/api/openstack/wsgi.py:866}}
Jun 22 12:45:56.623347 dv-cinder-796680-1-smb devstack@c-api.service[106314]: /usr/local/lib/python3.8/dist-packages/oslo_context/context.py:105: DeprecationWarning: Policy enforcement is depending on the value of is_admin. This key is deprecated. Please update your policy file to use the standard policy values.
Jun 22 12:45:56.623347 dv-cinder-796680-1-smb devstack@c-api.service[106314]: warnings.warn('Policy enforcement is depending on the value of '
Jun 22 12:45:56.626166 dv-cinder-796680-1-smb devstack@c-api.service[106314]: INFO cinder.volume.api [None req-be1ad779-035d-4a1f-8746-5422d89d6be6 tempest-SnapshotsActionsTest-468141709 tempest-SnapshotsActionsTest-468141709-project] Snapshot retrieved successfully.
Jun 22 12:45:56.638125 dv-cinder-796680-1-smb devstack@c-api.service[106314]: INFO cinder.api.openstack.wsgi [None req-be1ad779-035d-4a1f-8746-5422d89d6be6 tempest-SnapshotsActionsTest-468141709 tempest-SnapshotsActionsTest-468141709-project] http://10.222.0.20/volume/v3/41ad9b512d6a485f9473224b8c69f5d6/snapshots/8096b431-1442-41ab-8d15-408758550bfc returned with HTTP 200
Jun 22 12:45:56.653774 dv-cinder-796680-1-smb devstack@c-api.service[106314]: [pid: 106314|app: 0|req: 36/76] 10.222.0.20 () {58 vars in 1331 bytes} [Tue Jun 22 12:45:56 2021] GET /volume/v3/41ad9b512d6a485f9473224b8c69f5d6/snapshots/8096b431-1442-41ab-8d15-408758550bfc => generated 567 bytes in 131 msecs (HTTP/1.1 200) 7 headers in 285 bytes (1 switches on core 0)
Jun 22 12:45:56.690756 dv-cinder-796680-1-smb devstack@c-api.service[106315]: DEBUG cinder.volume.api [None req-034011df-6903-4da0-9416-800c342ddfc4 tempest-VolumeSnapshotQuotasNegativeTestJSON-1572575090 tempest-VolumeSnapshotQuotasNegativeTestJSON-1572575090-project] Task 'cinder.volume.flows.api.create_volume.ExtractVolumeRequestTask;volume:create' (e0461802-2f81-49fb-a438-0ccab3749681) transitioned into state 'SUCCESS' from state 'RUNNING' with result '{'size': 1, 'snapshot_id': None, 'source_volid': None, 'volume_type': VolumeType(created_at=2021-06-22T12:35:43Z,deleted=False,deleted_at=None,description='Default Volume Type',extra_specs={},id=256cdd18-79e1-467a-826f-399c1a5352b6,is_public=True,name='__DEFAULT__',projects=[],qos_specs=,qos_specs_id=None,updated_at=2021-06-22T12:35:43Z), 'volume_type_id': '256cdd18-79e1-467a-826f-399c1a5352b6', 'encryption_key_id': None, 'qos_specs': None, 'consistencygroup_id': None, 'cgsnapshot_id': None, 'group_id': None, 'replication_status': 'disabled', 'refresh_az': False, 'backup_id': None, 'multiattach': False, 'availability_zones': ['nova']}' {{(pid=106315) _task_receiver /usr/local/lib/python3.8/dist-packages/taskflow/listeners/logging.py:178}}
Jun 22 12:45:56.692890 dv-cinder-796680-1-smb devstack@c-api.service[106315]: DEBUG cinder.volume.api [None req-034011df-6903-4da0-9416-800c342ddfc4 tempest-VolumeSnapshotQuotasNegativeTestJSON-1572575090 tempest-VolumeSnapshotQuotasNegativeTestJSON-1572575090-project] Task 'cinder.volume.flows.api.create_volume.QuotaReserveTask;volume:create' (0903a802-dbc4-49be-98fd-75e1200fc0b5) transitioned into state 'RUNNING' from state 'PENDING' {{(pid=106315) _task_receiver /usr/local/lib/python3.8/dist-packages/taskflow/listeners/logging.py:190}}
Jun 22 12:45:56.974155 dv-cinder-796680-1-smb devstack@c-api.service[106315]: DEBUG cinder.quota [None req-034011df-6903-4da0-9416-800c342ddfc4 tempest-VolumeSnapshotQuotasNegativeTestJSON-1572575090 tempest-VolumeSnapshotQuotasNegativeTestJSON-1572575090-project] Created reservations ['1a2a10a8-b429-4ba5-8520-b2df4b82788f', '2a2c7b3f-0b79-418b-be26-b5d0e138100b', '5e0586b9-1f6c-48c7-96c9-b4be7b506349', 'd7880503-cce0-4873-8f1b-a60eda23495a'] {{(pid=106315) reserve /opt/stack/cinder/cinder/quota.py:755}}
Jun 22 12:45:56.978334 dv-cinder-796680-1-smb devstack@c-api.service[106315]: DEBUG cinder.volume.api [None req-034011df-6903-4da0-9416-800c342ddfc4 tempest-VolumeSnapshotQuotasNegativeTestJSON-1572575090 tempest-VolumeSnapshotQuotasNegativeTestJSON-1572575090-project] Task 'cinder.volume.flows.api.create_volume.QuotaReserveTask;volume:create' (0903a802-dbc4-49be-98fd-75e1200fc0b5) transitioned into state 'SUCCESS' from state 'RUNNING' with result '{'reservations': ['1a2a10a8-b429-4ba5-8520-b2df4b82788f', '2a2c7b3f-0b79-418b-be26-b5d0e138100b', '5e0586b9-1f6c-48c7-96c9-b4be7b506349', 'd7880503-cce0-4873-8f1b-a60eda23495a']}' {{(pid=106315) _task_receiver /usr/local/lib/python3.8/dist-packages/taskflow/listeners/logging.py:178}}
Jun 22 12:45:56.983964 dv-cinder-796680-1-smb devstack@c-api.service[106315]: DEBUG cinder.volume.api [None req-034011df-6903-4da0-9416-800c342ddfc4 tempest-VolumeSnapshotQuotasNegativeTestJSON-1572575090 tempest-VolumeSnapshotQuotasNegativeTestJSON-1572575090-project] Task 'cinder.volume.flows.api.create_volume.EntryCreateTask;volume:create' (6efcc1fc-3675-46de-9ab0-edc1a379b592) transitioned into state 'RUNNING' from state 'PENDING' {{(pid=106315) _task_receiver /usr/local/lib/python3.8/dist-packages/taskflow/listeners/logging.py:190}}
Jun 22 12:45:57.090474 dv-cinder-796680-1-smb devstack@c-api.service[106315]: DEBUG cinder.volume.api [None req-034011df-6903-4da0-9416-800c342ddfc4 tempest-VolumeSnapshotQuotasNegativeTestJSON-1572575090 tempest-VolumeSnapshotQuotasNegativeTestJSON-1572575090-project] Task 'cinder.volume.flows.api.create_volume.EntryCreateTask;volume:create' (6efcc1fc-3675-46de-9ab0-edc1a379b592) transitioned into state 'SUCCESS' from state 'RUNNING' with result '{'volume_id': '16737aa3-fcf9-47b7-81ca-f135eb664b48', 'volume_properties': VolumeProperties(attach_status='detached',availability_zone='nova',cgsnapshot_id=None,consistencygroup_id=None,display_description=None,display_name='tempest-VolumeSnapshotQuotasNegativeTestJSON-Volume-206650108',encryption_key_id=None,group_id=None,group_type_id=,metadata={},multiattach=False,project_id='38088ec835a849dabd78c302c55905d2',qos_specs=None,replication_status=,reservations=['1a2a10a8-b429-4ba5-8520-b2df4b82788f','2a2c7b3f-0b79-418b-be26-b5d0e138100b','5e0586b9-1f6c-48c7-96c9-b4be7b506349','d7880503-cce0-4873-8f1b-a60eda23495a'],size=1,snapshot_id=None,source_replicaid=,source_volid=None,status='creating',user_id='c6e392312f17482ca46d9af97cbc0bfc',volume_type_id=256cdd18-79e1-467a-826f-399c1a5352b6), 'volume': Volume(_name_id=None,admin_metadata=,attach_status='detached',availability_zone='nova',bootable=False,cluster=,cluster_name=None,consistencygroup=,consistencygroup_id=None,created_at=2021-06-22T12:45:57Z,deleted=False,deleted_at=None,display_description=None,display_name='tempest-VolumeSnapshotQuotasNegativeTestJSON-Volume-206650108',ec2_id=None,encryption_key_id=None,glance_metadata=,group=,group_id=None,host=None,id=16737aa3-fcf9-47b7-81ca-f135eb664b48,launched_at=None,metadata={},migration_status=None,multiattach=False,previous_status=None,project_id='38088ec835a849dabd78c302c55905d2',provider_auth=None,provider_geometry=None,provider_id=None,provider_location=None,replication_driver_data=None,replication_extended_status=None,replication_status=None,scheduled_at=None,service_uuid=None,shared_targets=True,size=1,snapshot_id=None,snapshots=,source_volid=None,status='creating',terminated_at=None,updated_at=None,user_id='c6e392312f17482ca46d9af97cbc0bfc',volume_attachment=,volume_type=VolumeType(256cdd18-79e1-467a-826f-399c1a5352b6),volume_type_id=256cdd18-79e1-467a-826f-399c1a5352b6)}' {{(pid=106315) _task_receiver /usr/local/lib/python3.8/dist-packages/taskflow/listeners/logging.py:178}}
Jun 22 12:45:57.097099 dv-cinder-796680-1-smb devstack@c-api.service[106315]: DEBUG cinder.volume.api [None req-034011df-6903-4da0-9416-800c342ddfc4 tempest-VolumeSnapshotQuotasNegativeTestJSON-1572575090 tempest-VolumeSnapshotQuotasNegativeTestJSON-1572575090-project] Task 'cinder.volume.flows.api.create_volume.QuotaCommitTask;volume:create' (12d500f9-9fa8-4dc5-ae6c-494be9cb1f8f) transitioned into state 'RUNNING' from state 'PENDING' {{(pid=106315) _task_receiver /usr/local/lib/python3.8/dist-packages/taskflow/listeners/logging.py:190}}
