Jun 22 12:45:57.189922 dv-cinder-796680-1-smb devstack@c-api.service[106315]: DEBUG cinder.volume.api [None req-034011df-6903-4da0-9416-800c342ddfc4 tempest-VolumeSnapshotQuotasNegativeTestJSON-1572575090 tempest-VolumeSnapshotQuotasNegativeTestJSON-1572575090-project] Task 'cinder.volume.flows.api.create_volume.QuotaCommitTask;volume:create' (12d500f9-9fa8-4dc5-ae6c-494be9cb1f8f) transitioned into state 'SUCCESS' from state 'RUNNING' with result '{'volume_properties': VolumeProperties(attach_status='detached',availability_zone='nova',cgsnapshot_id=None,consistencygroup_id=None,display_description=None,display_name='tempest-VolumeSnapshotQuotasNegativeTestJSON-Volume-206650108',encryption_key_id=None,group_id=None,group_type_id=,metadata={},multiattach=False,project_id='38088ec835a849dabd78c302c55905d2',qos_specs=None,replication_status=,reservations=['1a2a10a8-b429-4ba5-8520-b2df4b82788f','2a2c7b3f-0b79-418b-be26-b5d0e138100b','5e0586b9-1f6c-48c7-96c9-b4be7b506349','d7880503-cce0-4873-8f1b-a60eda23495a'],size=1,snapshot_id=None,source_replicaid=,source_volid=None,status='creating',user_id='c6e392312f17482ca46d9af97cbc0bfc',volume_type_id=256cdd18-79e1-467a-826f-399c1a5352b6)}' {{(pid=106315) _task_receiver /usr/local/lib/python3.8/dist-packages/taskflow/listeners/logging.py:178}}
Jun 22 12:45:57.194351 dv-cinder-796680-1-smb devstack@c-api.service[106315]: DEBUG cinder.volume.api [None req-034011df-6903-4da0-9416-800c342ddfc4 tempest-VolumeSnapshotQuotasNegativeTestJSON-1572575090 tempest-VolumeSnapshotQuotasNegativeTestJSON-1572575090-project] Task 'cinder.volume.flows.api.create_volume.VolumeCastTask;volume:create' (9a11bb7d-aee2-4691-800b-ba3adea2d50b) transitioned into state 'RUNNING' from state 'PENDING' {{(pid=106315) _task_receiver /usr/local/lib/python3.8/dist-packages/taskflow/listeners/logging.py:190}}
Jun 22 12:45:57.283866 dv-cinder-796680-1-smb devstack@c-api.service[106315]: DEBUG cinder.volume.api [None req-034011df-6903-4da0-9416-800c342ddfc4 tempest-VolumeSnapshotQuotasNegativeTestJSON-1572575090 tempest-VolumeSnapshotQuotasNegativeTestJSON-1572575090-project] Task 'cinder.volume.flows.api.create_volume.VolumeCastTask;volume:create' (9a11bb7d-aee2-4691-800b-ba3adea2d50b) transitioned into state 'SUCCESS' from state 'RUNNING' with result 'None' {{(pid=106315) _task_receiver /usr/local/lib/python3.8/dist-packages/taskflow/listeners/logging.py:178}}
Jun 22 12:45:57.288628 dv-cinder-796680-1-smb devstack@c-api.service[106315]: DEBUG cinder.volume.api [None req-034011df-6903-4da0-9416-800c342ddfc4 tempest-VolumeSnapshotQuotasNegativeTestJSON-1572575090 tempest-VolumeSnapshotQuotasNegativeTestJSON-1572575090-project] Flow 'volume_create_api' (e2df6a5d-450d-4310-8894-c004a5a380ee) transitioned into state 'SUCCESS' from state 'RUNNING' {{(pid=106315) _flow_receiver /usr/local/lib/python3.8/dist-packages/taskflow/listeners/logging.py:141}}
Jun 22 12:45:57.314774 dv-cinder-796680-1-smb devstack@c-api.service[106315]: INFO cinder.volume.api [None req-034011df-6903-4da0-9416-800c342ddfc4 tempest-VolumeSnapshotQuotasNegativeTestJSON-1572575090 tempest-VolumeSnapshotQuotasNegativeTestJSON-1572575090-project] Create volume request issued successfully.
Jun 22 12:45:57.358921 dv-cinder-796680-1-smb devstack@c-api.service[106315]: INFO cinder.api.openstack.wsgi [None req-034011df-6903-4da0-9416-800c342ddfc4 tempest-VolumeSnapshotQuotasNegativeTestJSON-1572575090 tempest-VolumeSnapshotQuotasNegativeTestJSON-1572575090-project] http://10.222.0.20/volume/v3/38088ec835a849dabd78c302c55905d2/volumes returned with HTTP 202
Jun 22 12:45:57.360578 dv-cinder-796680-1-smb devstack@c-api.service[106315]: [pid: 106315|app: 0|req: 41/77] 10.222.0.20 () {60 vars in 1235 bytes} [Tue Jun 22 12:45:55 2021] POST /volume/v3/38088ec835a849dabd78c302c55905d2/volumes => generated 835 bytes in 1496 msecs (HTTP/1.1 202) 7 headers in 291 bytes (1 switches on core 0)
Jun 22 12:45:57.384783 dv-cinder-796680-1-smb devstack@c-api.service[106314]: INFO cinder.api.openstack.wsgi [None req-edd8162a-aa9c-4f59-9d84-e2ac4e65fce7 tempest-VolumeSnapshotQuotasNegativeTestJSON-1572575090 tempest-VolumeSnapshotQuotasNegativeTestJSON-1572575090-project] GET http://10.222.0.20/volume/v3/38088ec835a849dabd78c302c55905d2/volumes/16737aa3-fcf9-47b7-81ca-f135eb664b48
Jun 22 12:45:57.386440 dv-cinder-796680-1-smb devstack@c-api.service[106314]: DEBUG cinder.api.openstack.wsgi [None req-edd8162a-aa9c-4f59-9d84-e2ac4e65fce7 tempest-VolumeSnapshotQuotasNegativeTestJSON-1572575090 tempest-VolumeSnapshotQuotasNegativeTestJSON-1572575090-project] Empty body provided in request {{(pid=106314) get_body /opt/stack/cinder/cinder/api/openstack/wsgi.py:713}}
Jun 22 12:45:57.387073 dv-cinder-796680-1-smb devstack@c-api.service[106314]: /usr/local/lib/python3.8/dist-packages/webob/acceptparse.py:1047: DeprecationWarning: The behavior of AcceptValidHeader.best_match is currently being maintained for backward compatibility, but it will be deprecated in the future, as it does not conform to the RFC.
Jun 22 12:45:57.387073 dv-cinder-796680-1-smb devstack@c-api.service[106314]: warnings.warn(
Jun 22 12:45:57.388493 dv-cinder-796680-1-smb devstack@c-api.service[106314]: DEBUG cinder.api.openstack.wsgi [None req-edd8162a-aa9c-4f59-9d84-e2ac4e65fce7 tempest-VolumeSnapshotQuotasNegativeTestJSON-1572575090 tempest-VolumeSnapshotQuotasNegativeTestJSON-1572575090-project] Calling method 'show' {{(pid=106314) _process_stack /opt/stack/cinder/cinder/api/openstack/wsgi.py:866}}
Jun 22 12:45:57.476107 dv-cinder-796680-1-smb devstack@c-api.service[106314]: /usr/local/lib/python3.8/dist-packages/oslo_context/context.py:105: DeprecationWarning: Policy enforcement is depending on the value of is_admin. This key is deprecated. Please update your policy file to use the standard policy values.
Jun 22 12:45:57.476107 dv-cinder-796680-1-smb devstack@c-api.service[106314]: warnings.warn('Policy enforcement is depending on the value of '
Jun 22 12:45:57.515068 dv-cinder-796680-1-smb devstack@c-api.service[106314]: INFO cinder.volume.api [None req-edd8162a-aa9c-4f59-9d84-e2ac4e65fce7 tempest-VolumeSnapshotQuotasNegativeTestJSON-1572575090 tempest-VolumeSnapshotQuotasNegativeTestJSON-1572575090-project] Volume info retrieved successfully.
Jun 22 12:45:57.542440 dv-cinder-796680-1-smb devstack@c-api.service[106315]: INFO cinder.api.openstack.wsgi [None req-dda0e96c-3b35-484c-8706-a23cfa54a804 tempest-GroupsTest-744059400 tempest-GroupsTest-744059400-project] GET http://10.222.0.20/volume/v3/3c53914d385845b1b7770ba0e7925e35/volumes/a94d7bfc-f10f-464c-afd8-3a8a167035bf
Jun 22 12:45:57.543866 dv-cinder-796680-1-smb devstack@c-api.service[106315]: DEBUG cinder.api.openstack.wsgi [None req-dda0e96c-3b35-484c-8706-a23cfa54a804 tempest-GroupsTest-744059400 tempest-GroupsTest-744059400-project] Empty body provided in request {{(pid=106315) get_body /opt/stack/cinder/cinder/api/openstack/wsgi.py:713}}
Jun 22 12:45:57.544146 dv-cinder-796680-1-smb devstack@c-api.service[106315]: /usr/local/lib/python3.8/dist-packages/webob/acceptparse.py:1047: DeprecationWarning: The behavior of AcceptValidHeader.best_match is currently being maintained for backward compatibility, but it will be deprecated in the future, as it does not conform to the RFC.
Jun 22 12:45:57.544146 dv-cinder-796680-1-smb devstack@c-api.service[106315]: warnings.warn(
Jun 22 12:45:57.559673 dv-cinder-796680-1-smb devstack@c-api.service[106315]: DEBUG cinder.api.openstack.wsgi [None req-dda0e96c-3b35-484c-8706-a23cfa54a804 tempest-GroupsTest-744059400 tempest-GroupsTest-744059400-project] Calling method 'show' {{(pid=106315) _process_stack /opt/stack/cinder/cinder/api/openstack/wsgi.py:866}}
Jun 22 12:45:57.627938 dv-cinder-796680-1-smb devstack@c-api.service[106314]: INFO cinder.api.openstack.wsgi [None req-edd8162a-aa9c-4f59-9d84-e2ac4e65fce7 tempest-VolumeSnapshotQuotasNegativeTestJSON-1572575090 tempest-VolumeSnapshotQuotasNegativeTestJSON-1572575090-project] http://10.222.0.20/volume/v3/38088ec835a849dabd78c302c55905d2/volumes/16737aa3-fcf9-47b7-81ca-f135eb664b48 returned with HTTP 200
Jun 22 12:45:57.660464 dv-cinder-796680-1-smb devstack@c-api.service[106314]: [pid: 106314|app: 0|req: 37/78] 10.222.0.20 () {58 vars in 1325 bytes} [Tue Jun 22 12:45:57 2021] GET /volume/v3/38088ec835a849dabd78c302c55905d2/volumes/16737aa3-fcf9-47b7-81ca-f135eb664b48 => generated 903 bytes in 286 msecs (HTTP/1.1 200) 7 headers in 285 bytes (1 switches on core 0)
Jun 22 12:45:57.667031 dv-cinder-796680-1-smb devstack@c-api.service[106314]: INFO cinder.api.openstack.wsgi [None req-d591f535-6a94-46c4-bcb7-4421cac327c1 tempest-SnapshotsActionsTest-468141709 tempest-SnapshotsActionsTest-468141709-project] GET http://10.222.0.20/volume/v3/41ad9b512d6a485f9473224b8c69f5d6/snapshots/8096b431-1442-41ab-8d15-408758550bfc
Jun 22 12:45:57.667500 dv-cinder-796680-1-smb devstack@c-api.service[106314]: DEBUG cinder.api.openstack.wsgi [None req-d591f535-6a94-46c4-bcb7-4421cac327c1 tempest-SnapshotsActionsTest-468141709 tempest-SnapshotsActionsTest-468141709-project] Empty body provided in request {{(pid=106314) get_body /opt/stack/cinder/cinder/api/openstack/wsgi.py:713}}
Jun 22 12:45:57.667678 dv-cinder-796680-1-smb devstack@c-api.service[106314]: /usr/local/lib/python3.8/dist-packages/webob/acceptparse.py:1047: DeprecationWarning: The behavior of AcceptValidHeader.best_match is currently being maintained for backward compatibility, but it will be deprecated in the future, as it does not conform to the RFC.
Jun 22 12:45:57.667678 dv-cinder-796680-1-smb devstack@c-api.service[106314]: warnings.warn(
Jun 22 12:45:57.668571 dv-cinder-796680-1-smb devstack@c-api.service[106314]: DEBUG cinder.api.openstack.wsgi [None req-d591f535-6a94-46c4-bcb7-4421cac327c1 tempest-SnapshotsActionsTest-468141709 tempest-SnapshotsActionsTest-468141709-project] Calling method 'show' {{(pid=106314) _process_stack /opt/stack/cinder/cinder/api/openstack/wsgi.py:866}}
Jun 22 12:45:57.672370 dv-cinder-796680-1-smb devstack@c-api.service[106315]: /usr/local/lib/python3.8/dist-packages/oslo_context/context.py:105: DeprecationWarning: Policy enforcement is depending on the value of is_admin. This key is deprecated. Please update your policy file to use the standard policy values.
Jun 22 12:45:57.672370 dv-cinder-796680-1-smb devstack@c-api.service[106315]: warnings.warn('Policy enforcement is depending on the value of '
Jun 22 12:45:57.695396 dv-cinder-796680-1-smb devstack@c-api.service[106314]: INFO cinder.api.openstack.wsgi [None req-d591f535-6a94-46c4-bcb7-4421cac327c1 tempest-SnapshotsActionsTest-468141709 tempest-SnapshotsActionsTest-468141709-project] http://10.222.0.20/volume/v3/41ad9b512d6a485f9473224b8c69f5d6/snapshots/8096b431-1442-41ab-8d15-408758550bfc returned with HTTP 404
Jun 22 12:45:57.696544 dv-cinder-796680-1-smb devstack@c-api.service[106314]: [pid: 106314|app: 0|req: 38/79] 10.222.0.20 () {58 vars in 1331 bytes} [Tue Jun 22 12:45:57 2021] GET /volume/v3/41ad9b512d6a485f9473224b8c69f5d6/snapshots/8096b431-1442-41ab-8d15-408758550bfc => generated 111 bytes in 36 msecs (HTTP/1.1 404) 7 headers in 292 bytes (1 switches on core 0)
Jun 22 12:45:57.697441 dv-cinder-796680-1-smb devstack@c-api.service[106315]: INFO cinder.volume.api [None req-dda0e96c-3b35-484c-8706-a23cfa54a804 tempest-GroupsTest-744059400 tempest-GroupsTest-744059400-project] Volume info retrieved successfully.
Jun 22 12:45:57.712427 dv-cinder-796680-1-smb devstack@c-api.service[106314]: INFO cinder.api.openstack.wsgi [None req-655fe4dd-81c2-4e2b-add8-9427d30426b7 tempest-SnapshotsActionsTest-689880894 tempest-SnapshotsActionsTest-689880894-project-admin] POST http://10.222.0.20/volume/v3/51557749226943b3b8834be756d6e2a8/snapshots/f57472b6-e8ff-4198-861d-3003382c8b94/action
Jun 22 12:45:57.716551 dv-cinder-796680-1-smb devstack@c-api.service[106315]: WARNING stevedore.named [None req-dda0e96c-3b35-484c-8706-a23cfa54a804 tempest-GroupsTest-744059400 tempest-GroupsTest-744059400-project] Could not load cinder.keymgr.conf_key_mgr.ConfKeyManager
Jun 22 12:45:57.716949 dv-cinder-796680-1-smb devstack@c-api.service[106315]: WARNING castellan.key_manager [None req-dda0e96c-3b35-484c-8706-a23cfa54a804 tempest-GroupsTest-744059400 tempest-GroupsTest-744059400-project] Deprecation Warning : cinder.keymgr.conf_key_mgr.ConfKeyManager is not a stevedore based driver, trying to load it as a class: stevedore.exception.NoMatches: No 'castellan.drivers' driver found, looking for 'cinder.keymgr.conf_key_mgr.ConfKeyManager'
Jun 22 12:45:57.717980 dv-cinder-796680-1-smb devstack@c-api.service[106314]: DEBUG cinder.api.openstack.wsgi [None req-655fe4dd-81c2-4e2b-add8-9427d30426b7 tempest-SnapshotsActionsTest-689880894 tempest-SnapshotsActionsTest-689880894-project-admin] Action body: b'{"os-reset_status": {"status": "available"}}' {{(pid=106314) get_method /opt/stack/cinder/cinder/api/openstack/wsgi.py:981}}
Jun 22 12:45:57.718374 dv-cinder-796680-1-smb devstack@c-api.service[106314]: DEBUG cinder.api.openstack.wsgi [None req-655fe4dd-81c2-4e2b-add8-9427d30426b7 tempest-SnapshotsActionsTest-689880894 tempest-SnapshotsActionsTest-689880894-project-admin] Action: 'action', calling method: _reset_status, body: {"os-reset_status": {"status": "available"}} {{(pid=106314) _process_stack /opt/stack/cinder/cinder/api/openstack/wsgi.py:864}}
Jun 22 12:45:57.719312 dv-cinder-796680-1-smb devstack@c-api.service[106314]: DEBUG cinder.api.contrib.admin_actions [None req-655fe4dd-81c2-4e2b-add8-9427d30426b7 tempest-SnapshotsActionsTest-689880894 tempest-SnapshotsActionsTest-689880894-project-admin] Updating snapshot 'f57472b6-e8ff-4198-861d-3003382c8b94' with '{'status': 'available'}' {{(pid=106314) _reset_status /opt/stack/cinder/cinder/api/contrib/admin_actions.py:100}}
Jun 22 12:45:57.731803 dv-cinder-796680-1-smb devstack@c-api.service[106315]: DEBUG oslo_db.sqlalchemy.engines [None req-dda0e96c-3b35-484c-8706-a23cfa54a804 tempest-GroupsTest-744059400 tempest-GroupsTest-744059400-project] MySQL server mode set to STRICT_TRANS_TABLES,STRICT_ALL_TABLES,NO_ZERO_IN_DATE,NO_ZERO_DATE,ERROR_FOR_DIVISION_BY_ZERO,TRADITIONAL,NO_ENGINE_SUBSTITUTION {{(pid=106315) _check_effective_sql_mode /usr/local/lib/python3.8/dist-packages/oslo_db/sqlalchemy/engines.py:314}}
Jun 22 12:45:57.741628 dv-cinder-796680-1-smb devstack@c-api.service[106315]: /usr/local/lib/python3.8/dist-packages/oslo_context/context.py:105: DeprecationWarning: Policy enforcement is depending on the value of is_admin. This key is deprecated. Please update your policy file to use the standard policy values.
Jun 22 12:45:57.741628 dv-cinder-796680-1-smb devstack@c-api.service[106315]: warnings.warn('Policy enforcement is depending on the value of '
Jun 22 12:45:57.757643 dv-cinder-796680-1-smb devstack@c-api.service[106314]: /usr/local/lib/python3.8/dist-packages/oslo_context/context.py:105: DeprecationWarning: Policy enforcement is depending on the value of is_admin. This key is deprecated. Please update your policy file to use the standard policy values.
Jun 22 12:45:57.757643 dv-cinder-796680-1-smb devstack@c-api.service[106314]: warnings.warn('Policy enforcement is depending on the value of '
Jun 22 12:45:57.773016 dv-cinder-796680-1-smb devstack@c-api.service[106315]: INFO cinder.api.openstack.wsgi [None req-dda0e96c-3b35-484c-8706-a23cfa54a804 tempest-GroupsTest-744059400 tempest-GroupsTest-744059400-project] http://10.222.0.20/volume/v3/3c53914d385845b1b7770ba0e7925e35/volumes/a94d7bfc-f10f-464c-afd8-3a8a167035bf returned with HTTP 200
Jun 22 12:45:57.789835 dv-cinder-796680-1-smb devstack@c-api.service[106315]: [pid: 106315|app: 0|req: 42/80] 10.222.0.20 () {60 vars in 1366 bytes} [Tue Jun 22 12:45:57 2021] GET /volume/v3/3c53914d385845b1b7770ba0e7925e35/volumes/a94d7bfc-f10f-464c-afd8-3a8a167035bf => generated 984 bytes in 251 msecs (HTTP/1.1 200) 7 headers in 286 bytes (1 switches on core 0)
Jun 22 12:45:57.806717 dv-cinder-796680-1-smb devstack@c-api.service[106315]: INFO cinder.api.openstack.wsgi [None req-553e9acb-9d12-4245-8a10-3fc3b2be9007 tempest-GroupsTest-744059400 tempest-GroupsTest-744059400-project] POST http://10.222.0.20/volume/v3/3c53914d385845b1b7770ba0e7925e35/volumes
Jun 22 12:45:57.817641 dv-cinder-796680-1-smb devstack@c-api.service[106314]: INFO cinder.api.openstack.wsgi [None req-655fe4dd-81c2-4e2b-add8-9427d30426b7 tempest-SnapshotsActionsTest-689880894 tempest-SnapshotsActionsTest-689880894-project-admin] http://10.222.0.20/volume/v3/51557749226943b3b8834be756d6e2a8/snapshots/f57472b6-e8ff-4198-861d-3003382c8b94/action returned with HTTP 202
Jun 22 12:45:57.822152 dv-cinder-796680-1-smb devstack@c-api.service[106315]: /usr/local/lib/python3.8/dist-packages/webob/acceptparse.py:1047: DeprecationWarning: The behavior of AcceptValidHeader.best_match is currently being maintained for backward compatibility, but it will be deprecated in the future, as it does not conform to the RFC.
Jun 22 12:45:57.822152 dv-cinder-796680-1-smb devstack@c-api.service[106315]: warnings.warn(
Jun 22 12:45:57.822687 dv-cinder-796680-1-smb devstack@c-api.service[106315]: DEBUG cinder.api.openstack.wsgi [None req-553e9acb-9d12-4245-8a10-3fc3b2be9007 tempest-GroupsTest-744059400 tempest-GroupsTest-744059400-project] Action: 'create', calling method: create, body: {"volume": {"volume_type": "e83a8f04-bb03-4458-a8cb-dae5cffcc207", "group_id": "e789b50a-2391-4bf8-bf4e-17ff03ee65f3", "size": 1, "name": "tempest-GroupsTest-Volume-923724470"}} {{(pid=106315) _process_stack /opt/stack/cinder/cinder/api/openstack/wsgi.py:864}}
Jun 22 12:45:57.823954 dv-cinder-796680-1-smb devstack@c-api.service[106315]: DEBUG cinder.api.v3.volumes [None req-553e9acb-9d12-4245-8a10-3fc3b2be9007 tempest-GroupsTest-744059400 tempest-GroupsTest-744059400-project] Create volume request body: {'volume': {'volume_type': 'e83a8f04-bb03-4458-a8cb-dae5cffcc207', 'group_id': 'e789b50a-2391-4bf8-bf4e-17ff03ee65f3', 'size': 1, 'name': 'tempest-GroupsTest-Volume-923724470'}} {{(pid=106315) create /opt/stack/cinder/cinder/api/v3/volumes.py:289}}
Jun 22 12:45:57.826776 dv-cinder-796680-1-smb devstack@c-api.service[106314]: [pid: 106314|app: 0|req: 39/81] 10.222.0.20 () {60 vars in 1373 bytes} [Tue Jun 22 12:45:57 2021] POST /volume/v3/51557749226943b3b8834be756d6e2a8/snapshots/f57472b6-e8ff-4198-861d-3003382c8b94/action => generated 0 bytes in 121 msecs (HTTP/1.1 202) 7 headers in 289 bytes (1 switches on core 0)
Jun 22 12:45:57.835995 dv-cinder-796680-1-smb devstack@c-api.service[106314]: INFO cinder.api.openstack.wsgi [None req-6f8505b8-6a88-463e-b4d4-c5298c00f1d6 tempest-SnapshotsActionsTest-468141709 tempest-SnapshotsActionsTest-468141709-project] GET http://10.222.0.20/volume/v3/41ad9b512d6a485f9473224b8c69f5d6/snapshots/f57472b6-e8ff-4198-861d-3003382c8b94
Jun 22 12:45:57.836217 dv-cinder-796680-1-smb devstack@c-api.service[106314]: DEBUG cinder.api.openstack.wsgi [None req-6f8505b8-6a88-463e-b4d4-c5298c00f1d6 tempest-SnapshotsActionsTest-468141709 tempest-SnapshotsActionsTest-468141709-project] Empty body provided in request {{(pid=106314) get_body /opt/stack/cinder/cinder/api/openstack/wsgi.py:713}}
Jun 22 12:45:57.843823 dv-cinder-796680-1-smb devstack@c-api.service[106314]: /usr/local/lib/python3.8/dist-packages/webob/acceptparse.py:1047: DeprecationWarning: The behavior of AcceptValidHeader.best_match is currently being maintained for backward compatibility, but it will be deprecated in the future, as it does not conform to the RFC.
Jun 22 12:45:57.843823 dv-cinder-796680-1-smb devstack@c-api.service[106314]: warnings.warn(
Jun 22 12:45:57.844380 dv-cinder-796680-1-smb devstack@c-api.service[106314]: DEBUG cinder.api.openstack.wsgi [None req-6f8505b8-6a88-463e-b4d4-c5298c00f1d6 tempest-SnapshotsActionsTest-468141709 tempest-SnapshotsActionsTest-468141709-project] Calling method 'show' {{(pid=106314) _process_stack /opt/stack/cinder/cinder/api/openstack/wsgi.py:866}}
Jun 22 12:45:57.881149 dv-cinder-796680-1-smb devstack@c-api.service[106315]: /usr/local/lib/python3.8/dist-packages/oslo_context/context.py:105: DeprecationWarning: Policy enforcement is depending on the value of is_admin. This key is deprecated. Please update your policy file to use the standard policy values.
Jun 22 12:45:57.881149 dv-cinder-796680-1-smb devstack@c-api.service[106315]: warnings.warn('Policy enforcement is depending on the value of '
Jun 22 12:45:57.888949 dv-cinder-796680-1-smb devstack@c-api.service[106314]: /usr/local/lib/python3.8/dist-packages/oslo_context/context.py:105: DeprecationWarning: Policy enforcement is depending on the value of is_admin. This key is deprecated. Please update your policy file to use the standard policy values.
Jun 22 12:45:57.888949 dv-cinder-796680-1-smb devstack@c-api.service[106314]: warnings.warn('Policy enforcement is depending on the value of '
Jun 22 12:45:57.890930 dv-cinder-796680-1-smb devstack@c-api.service[106315]: INFO cinder.api.v3.volumes [None req-553e9acb-9d12-4245-8a10-3fc3b2be9007 tempest-GroupsTest-744059400 tempest-GroupsTest-744059400-project] Create volume of 1 GB
Jun 22 12:45:57.893373 dv-cinder-796680-1-smb devstack@c-api.service[106314]: INFO cinder.volume.api [None req-6f8505b8-6a88-463e-b4d4-c5298c00f1d6 tempest-SnapshotsActionsTest-468141709 tempest-SnapshotsActionsTest-468141709-project] Snapshot retrieved successfully.
Jun 22 12:45:57.908970 dv-cinder-796680-1-smb devstack@c-api.service[106314]: INFO cinder.api.openstack.wsgi [None req-6f8505b8-6a88-463e-b4d4-c5298c00f1d6 tempest-SnapshotsActionsTest-468141709 tempest-SnapshotsActionsTest-468141709-project] http://10.222.0.20/volume/v3/41ad9b512d6a485f9473224b8c69f5d6/snapshots/f57472b6-e8ff-4198-861d-3003382c8b94 returned with HTTP 200
Jun 22 12:45:57.909763 dv-cinder-796680-1-smb devstack@c-api.service[106314]: [pid: 106314|app: 0|req: 40/82] 10.222.0.20 () {58 vars in 1331 bytes} [Tue Jun 22 12:45:57 2021] GET /volume/v3/41ad9b512d6a485f9473224b8c69f5d6/snapshots/f57472b6-e8ff-4198-861d-3003382c8b94 => generated 532 bytes in 82 msecs (HTTP/1.1 200) 7 headers in 285 bytes (1 switches on core 0)
Jun 22 12:45:57.931867 dv-cinder-796680-1-smb devstack@c-api.service[106315]: INFO cinder.volume.api [None req-553e9acb-9d12-4245-8a10-3fc3b2be9007 tempest-GroupsTest-744059400 tempest-GroupsTest-744059400-project] Availability Zones retrieved successfully.
Jun 22 12:45:57.932374 dv-cinder-796680-1-smb devstack@c-api.service[106314]: INFO cinder.api.openstack.wsgi [None req-2d3d1df6-6e18-4e72-92ff-593d61d76c12 tempest-SnapshotsActionsTest-468141709 tempest-SnapshotsActionsTest-468141709-project] POST http://10.222.0.20/volume/v3/41ad9b512d6a485f9473224b8c69f5d6/snapshots
Jun 22 12:45:57.934072 dv-cinder-796680-1-smb devstack@c-api.service[106314]: /usr/local/lib/python3.8/dist-packages/webob/acceptparse.py:1047: DeprecationWarning: The behavior of AcceptValidHeader.best_match is currently being maintained for backward compatibility, but it will be deprecated in the future, as it does not conform to the RFC.
Jun 22 12:45:57.934072 dv-cinder-796680-1-smb devstack@c-api.service[106314]: warnings.warn(
Jun 22 12:45:57.934985 dv-cinder-796680-1-smb devstack@c-api.service[106314]: DEBUG cinder.api.openstack.wsgi [None req-2d3d1df6-6e18-4e72-92ff-593d61d76c12 tempest-SnapshotsActionsTest-468141709 tempest-SnapshotsActionsTest-468141709-project] Action: 'create', calling method: create, body: {"snapshot": {"volume_id": "4ae8e0a4-4268-413a-a987-ac023401bd47", "name": "tempest-SnapshotsActionsTest-Snapshot-1673729328"}} {{(pid=106314) _process_stack /opt/stack/cinder/cinder/api/openstack/wsgi.py:864}}
Jun 22 12:45:57.993013 dv-cinder-796680-1-smb devstack@c-api.service[106314]: /usr/local/lib/python3.8/dist-packages/oslo_context/context.py:105: DeprecationWarning: Policy enforcement is depending on the value of is_admin. This key is deprecated. Please update your policy file to use the standard policy values.
Jun 22 12:45:57.993013 dv-cinder-796680-1-smb devstack@c-api.service[106314]: warnings.warn('Policy enforcement is depending on the value of '
Jun 22 12:45:57.998550 dv-cinder-796680-1-smb devstack@c-api.service[106315]: DEBUG cinder.volume.api [None req-553e9acb-9d12-4245-8a10-3fc3b2be9007 tempest-GroupsTest-744059400 tempest-GroupsTest-744059400-project] Flow 'volume_create_api' (f9d38418-9e35-42cc-b898-c1e66e400ba1) transitioned into state 'RUNNING' from state 'PENDING' {{(pid=106315) _flow_receiver /usr/local/lib/python3.8/dist-packages/taskflow/listeners/logging.py:141}}
Jun 22 12:45:57.999000 dv-cinder-796680-1-smb devstack@c-api.service[106314]: INFO cinder.volume.api [None req-2d3d1df6-6e18-4e72-92ff-593d61d76c12 tempest-SnapshotsActionsTest-468141709 tempest-SnapshotsActionsTest-468141709-project] Volume info retrieved successfully.
Jun 22 12:45:57.999432 dv-cinder-796680-1-smb devstack@c-api.service[106314]: INFO cinder.api.v2.snapshots [None req-2d3d1df6-6e18-4e72-92ff-593d61d76c12 tempest-SnapshotsActionsTest-468141709 tempest-SnapshotsActionsTest-468141709-project] Create snapshot from volume 4ae8e0a4-4268-413a-a987-ac023401bd47
Jun 22 12:45:58.010522 dv-cinder-796680-1-smb devstack@c-api.service[106315]: DEBUG cinder.volume.api [None req-553e9acb-9d12-4245-8a10-3fc3b2be9007 tempest-GroupsTest-744059400 tempest-GroupsTest-744059400-project] Task 'cinder.volume.flows.api.create_volume.ExtractVolumeRequestTask;volume:create' (23921899-8bfc-4a39-a45a-3bb7f4c19a37) transitioned into state 'RUNNING' from state 'PENDING' {{(pid=106315) _task_receiver /usr/local/lib/python3.8/dist-packages/taskflow/listeners/logging.py:190}}
Jun 22 12:45:58.012939 dv-cinder-796680-1-smb devstack@c-api.service[106315]: /usr/local/lib/python3.8/dist-packages/oslo_context/context.py:105: DeprecationWarning: Policy enforcement is depending on the value of is_admin. This key is deprecated. Please update your policy file to use the standard policy values.
Jun 22 12:45:58.012939 dv-cinder-796680-1-smb devstack@c-api.service[106315]: warnings.warn('Policy enforcement is depending on the value of '
Jun 22 12:45:58.013504 dv-cinder-796680-1-smb devstack@c-api.service[106315]: DEBUG cinder.volume.flows.api.create_volume [None req-553e9acb-9d12-4245-8a10-3fc3b2be9007 tempest-GroupsTest-744059400 tempest-GroupsTest-744059400-project] Validating volume size '1' using validate_int {{(pid=106315) _extract_size /opt/stack/cinder/cinder/volume/flows/api/create_volume.py:201}}
Jun 22 12:45:58.115521 dv-cinder-796680-1-smb devstack@c-api.service[106315]: DEBUG cinder.volume.api [None req-553e9acb-9d12-4245-8a10-3fc3b2be9007 tempest-GroupsTest-744059400 tempest-GroupsTest-744059400-project] Task 'cinder.volume.flows.api.create_volume.ExtractVolumeRequestTask;volume:create' (23921899-8bfc-4a39-a45a-3bb7f4c19a37) transitioned into state 'SUCCESS' from state 'RUNNING' with result '{'size': 1, 'snapshot_id': None, 'source_volid': None, 'volume_type': VolumeType(created_at=2021-06-22T12:45:53Z,deleted=False,deleted_at=None,description=None,extra_specs={},id=e83a8f04-bb03-4458-a8cb-dae5cffcc207,is_public=True,name='tempest-GroupsTest-volume-type-1687449028',projects=[],qos_specs=,qos_specs_id=None,updated_at=None), 'volume_type_id': 'e83a8f04-bb03-4458-a8cb-dae5cffcc207', 'encryption_key_id': None, 'qos_specs': None, 'consistencygroup_id': None, 'cgsnapshot_id': None, 'group_id': 'e789b50a-2391-4bf8-bf4e-17ff03ee65f3', 'replication_status': 'disabled', 'refresh_az': False, 'backup_id': None, 'multiattach': False, 'availability_zones': ['nova']}' {{(pid=106315) _task_receiver /usr/local/lib/python3.8/dist-packages/taskflow/listeners/logging.py:178}}
Jun 22 12:45:58.117771 dv-cinder-796680-1-smb devstack@c-api.service[106315]: DEBUG cinder.volume.api [None req-553e9acb-9d12-4245-8a10-3fc3b2be9007 tempest-GroupsTest-744059400 tempest-GroupsTest-744059400-project] Task 'cinder.volume.flows.api.create_volume.QuotaReserveTask;volume:create' (eb3c36cb-b3a4-4bb1-a05c-c68ad14be498) transitioned into state 'RUNNING' from state 'PENDING' {{(pid=106315) _task_receiver /usr/local/lib/python3.8/dist-packages/taskflow/listeners/logging.py:190}}
Jun 22 12:45:58.220469 dv-cinder-796680-1-smb devstack@c-api.service[106314]: DEBUG cinder.quota [None req-2d3d1df6-6e18-4e72-92ff-593d61d76c12 tempest-SnapshotsActionsTest-468141709 tempest-SnapshotsActionsTest-468141709-project] Created reservations ['151dbcc1-a784-48d1-9268-1e1ed25aea31', '175e4b16-1513-4d7e-b3f0-15a6e9a74379', 'e882fb31-4e47-4e75-9b19-cc90f6818570', '79a8fc18-9ab1-4b02-b9e8-f6ceee8e124b'] {{(pid=106314) reserve /opt/stack/cinder/cinder/quota.py:755}}
Jun 22 12:45:58.298354 dv-cinder-796680-1-smb devstack@c-api.service[106315]: DEBUG cinder.quota [None req-553e9acb-9d12-4245-8a10-3fc3b2be9007 tempest-GroupsTest-744059400 tempest-GroupsTest-744059400-project] Created reservations ['8050db02-2f34-4ee8-8c27-6d035cc62a20', '5f36a762-3c3c-47c3-bc6f-793df10ab2fd', '71aee8dd-3d78-40e5-9a72-138141d653fd', 'b500a37e-e38b-4566-81f1-09567e9f0b08'] {{(pid=106315) reserve /opt/stack/cinder/cinder/quota.py:755}}
Jun 22 12:45:58.306194 dv-cinder-796680-1-smb devstack@c-api.service[106315]: DEBUG cinder.volume.api [None req-553e9acb-9d12-4245-8a10-3fc3b2be9007 tempest-GroupsTest-744059400 tempest-GroupsTest-744059400-project] Task 'cinder.volume.flows.api.create_volume.QuotaReserveTask;volume:create' (eb3c36cb-b3a4-4bb1-a05c-c68ad14be498) transitioned into state 'SUCCESS' from state 'RUNNING' with result '{'reservations': ['8050db02-2f34-4ee8-8c27-6d035cc62a20', '5f36a762-3c3c-47c3-bc6f-793df10ab2fd', '71aee8dd-3d78-40e5-9a72-138141d653fd', 'b500a37e-e38b-4566-81f1-09567e9f0b08']}' {{(pid=106315) _task_receiver /usr/local/lib/python3.8/dist-packages/taskflow/listeners/logging.py:178}}
Jun 22 12:45:58.327720 dv-cinder-796680-1-smb devstack@c-api.service[106315]: DEBUG cinder.volume.api [None req-553e9acb-9d12-4245-8a10-3fc3b2be9007 tempest-GroupsTest-744059400 tempest-GroupsTest-744059400-project] Task 'cinder.volume.flows.api.create_volume.EntryCreateTask;volume:create' (6100b965-a1ce-43f0-a7a3-1e353b9e771b) transitioned into state 'RUNNING' from state 'PENDING' {{(pid=106315) _task_receiver /usr/local/lib/python3.8/dist-packages/taskflow/listeners/logging.py:190}}
Jun 22 12:45:58.398587 dv-cinder-796680-1-smb devstack@c-api.service[106314]: INFO cinder.volume.api [None req-2d3d1df6-6e18-4e72-92ff-593d61d76c12 tempest-SnapshotsActionsTest-468141709 tempest-SnapshotsActionsTest-468141709-project] Snapshot create request issued successfully.
Jun 22 12:45:58.403717 dv-cinder-796680-1-smb devstack@c-api.service[106314]: INFO cinder.api.openstack.wsgi [None req-2d3d1df6-6e18-4e72-92ff-593d61d76c12 tempest-SnapshotsActionsTest-468141709 tempest-SnapshotsActionsTest-468141709-project] http://10.222.0.20/volume/v3/41ad9b512d6a485f9473224b8c69f5d6/snapshots returned with HTTP 202
Jun 22 12:45:58.425014 dv-cinder-796680-1-smb devstack@c-api.service[106314]: [pid: 106314|app: 0|req: 41/83] 10.222.0.20 () {60 vars in 1242 bytes} [Tue Jun 22 12:45:57 2021] POST /volume/v3/41ad9b512d6a485f9473224b8c69f5d6/snapshots => generated 307 bytes in 495 msecs (HTTP/1.1 202) 7 headers in 291 bytes (1 switches on core 0)
Jun 22 12:45:58.444495 dv-cinder-796680-1-smb devstack@c-api.service[106314]: INFO cinder.api.openstack.wsgi [None req-3e9edf5c-0423-4853-bfde-803c28349839 tempest-SnapshotsActionsTest-468141709 tempest-SnapshotsActionsTest-468141709-project] GET http://10.222.0.20/volume/v3/41ad9b512d6a485f9473224b8c69f5d6/snapshots/6be45d63-5ab5-4a79-84b4-c7f1067655fd
Jun 22 12:45:58.455235 dv-cinder-796680-1-smb devstack@c-api.service[106314]: DEBUG cinder.api.openstack.wsgi [None req-3e9edf5c-0423-4853-bfde-803c28349839 tempest-SnapshotsActionsTest-468141709 tempest-SnapshotsActionsTest-468141709-project] Empty body provided in request {{(pid=106314) get_body /opt/stack/cinder/cinder/api/openstack/wsgi.py:713}}
Jun 22 12:45:58.455912 dv-cinder-796680-1-smb devstack@c-api.service[106314]: /usr/local/lib/python3.8/dist-packages/webob/acceptparse.py:1047: DeprecationWarning: The behavior of AcceptValidHeader.best_match is currently being maintained for backward compatibility, but it will be deprecated in the future, as it does not conform to the RFC.
Jun 22 12:45:58.455912 dv-cinder-796680-1-smb devstack@c-api.service[106314]: warnings.warn(
Jun 22 12:45:58.456632 dv-cinder-796680-1-smb devstack@c-api.service[106314]: DEBUG cinder.api.openstack.wsgi [None req-3e9edf5c-0423-4853-bfde-803c28349839 tempest-SnapshotsActionsTest-468141709 tempest-SnapshotsActionsTest-468141709-project] Calling method 'show' {{(pid=106314) _process_stack /opt/stack/cinder/cinder/api/openstack/wsgi.py:866}}
Jun 22 12:45:58.497683 dv-cinder-796680-1-smb devstack@c-api.service[106314]: /usr/local/lib/python3.8/dist-packages/oslo_context/context.py:105: DeprecationWarning: Policy enforcement is depending on the value of is_admin. This key is deprecated. Please update your policy file to use the standard policy values.
Jun 22 12:45:58.497683 dv-cinder-796680-1-smb devstack@c-api.service[106314]: warnings.warn('Policy enforcement is depending on the value of '
Jun 22 12:45:58.500493 dv-cinder-796680-1-smb devstack@c-api.service[106314]: INFO cinder.volume.api [None req-3e9edf5c-0423-4853-bfde-803c28349839 tempest-SnapshotsActionsTest-468141709 tempest-SnapshotsActionsTest-468141709-project] Snapshot retrieved successfully.
Jun 22 12:45:58.502916 dv-cinder-796680-1-smb devstack@c-api.service[106314]: INFO cinder.api.openstack.wsgi [None req-3e9edf5c-0423-4853-bfde-803c28349839 tempest-SnapshotsActionsTest-468141709 tempest-SnapshotsActionsTest-468141709-project] http://10.222.0.20/volume/v3/41ad9b512d6a485f9473224b8c69f5d6/snapshots/6be45d63-5ab5-4a79-84b4-c7f1067655fd returned with HTTP 200
Jun 22 12:45:58.512194 dv-cinder-796680-1-smb devstack@c-api.service[106314]: [pid: 106314|app: 0|req: 42/84] 10.222.0.20 () {58 vars in 1331 bytes} [Tue Jun 22 12:45:58 2021] GET /volume/v3/41ad9b512d6a485f9473224b8c69f5d6/snapshots/6be45d63-5ab5-4a79-84b4-c7f1067655fd => generated 439 bytes in 78 msecs (HTTP/1.1 200) 7 headers in 285 bytes (1 switches on core 0)
Jun 22 12:45:58.532250 dv-cinder-796680-1-smb devstack@c-api.service[106315]: DEBUG cinder.volume.api [None req-553e9acb-9d12-4245-8a10-3fc3b2be9007 tempest-GroupsTest-744059400 tempest-GroupsTest-744059400-project] Task 'cinder.volume.flows.api.create_volume.EntryCreateTask;volume:create' (6100b965-a1ce-43f0-a7a3-1e353b9e771b) transitioned into state 'SUCCESS' from state 'RUNNING' with result '{'volume_id': '4bb4a706-940f-46ed-917b-239f47b7ff9f', 'volume_properties': VolumeProperties(attach_status='detached',availability_zone='nova',cgsnapshot_id=None,consistencygroup_id=None,display_description=None,display_name='tempest-GroupsTest-Volume-923724470',encryption_key_id=None,group_id=e789b50a-2391-4bf8-bf4e-17ff03ee65f3,group_type_id=,metadata={},multiattach=False,project_id='3c53914d385845b1b7770ba0e7925e35',qos_specs=None,replication_status=,reservations=['8050db02-2f34-4ee8-8c27-6d035cc62a20','5f36a762-3c3c-47c3-bc6f-793df10ab2fd','71aee8dd-3d78-40e5-9a72-138141d653fd','b500a37e-e38b-4566-81f1-09567e9f0b08'],size=1,snapshot_id=None,source_replicaid=,source_volid=None,status='creating',user_id='a99e9f696edb4b0589b24e4359da3033',volume_type_id=e83a8f04-bb03-4458-a8cb-dae5cffcc207), 'volume': Volume(_name_id=None,admin_metadata=,attach_status='detached',availability_zone='nova',bootable=False,cluster=,cluster_name=None,consistencygroup=,consistencygroup_id=None,created_at=2021-06-22T12:45:58Z,deleted=False,deleted_at=None,display_description=None,display_name='tempest-GroupsTest-Volume-923724470',ec2_id=None,encryption_key_id=None,glance_metadata=,group=,group_id=e789b50a-2391-4bf8-bf4e-17ff03ee65f3,host=None,id=4bb4a706-940f-46ed-917b-239f47b7ff9f,launched_at=None,metadata={},migration_status=None,multiattach=False,previous_status=None,project_id='3c53914d385845b1b7770ba0e7925e35',provider_auth=None,provider_geometry=None,provider_id=None,provider_location=None,replication_driver_data=None,replication_extended_status=None,replication_status=None,scheduled_at=None,service_uuid=None,shared_targets=True,size=1,snapshot_id=None,snapshots=,source_volid=None,status='creating',terminated_at=None,updated_at=None,user_id='a99e9f696edb4b0589b24e4359da3033',volume_attachment=,volume_type=VolumeType(e83a8f04-bb03-4458-a8cb-dae5cffcc207),volume_type_id=e83a8f04-bb03-4458-a8cb-dae5cffcc207)}' {{(pid=106315) _task_receiver /usr/local/lib/python3.8/dist-packages/taskflow/listeners/logging.py:178}}
Jun 22 12:45:58.540565 dv-cinder-796680-1-smb devstack@c-api.service[106315]: DEBUG cinder.volume.api [None req-553e9acb-9d12-4245-8a10-3fc3b2be9007 tempest-GroupsTest-744059400 tempest-GroupsTest-744059400-project] Task 'cinder.volume.flows.api.create_volume.QuotaCommitTask;volume:create' (6a5b27fb-4300-4702-9681-4b1a70bd2ee0) transitioned into state 'RUNNING' from state 'PENDING' {{(pid=106315) _task_receiver /usr/local/lib/python3.8/dist-packages/taskflow/listeners/logging.py:190}}
Jun 22 12:45:58.629740 dv-cinder-796680-1-smb devstack@c-api.service[106315]: DEBUG cinder.volume.api [None req-553e9acb-9d12-4245-8a10-3fc3b2be9007 tempest-GroupsTest-744059400 tempest-GroupsTest-744059400-project] Task 'cinder.volume.flows.api.create_volume.QuotaCommitTask;volume:create' (6a5b27fb-4300-4702-9681-4b1a70bd2ee0) transitioned into state 'SUCCESS' from state 'RUNNING' with result '{'volume_properties': VolumeProperties(attach_status='detached',availability_zone='nova',cgsnapshot_id=None,consistencygroup_id=None,display_description=None,display_name='tempest-GroupsTest-Volume-923724470',encryption_key_id=None,group_id=e789b50a-2391-4bf8-bf4e-17ff03ee65f3,group_type_id=,metadata={},multiattach=False,project_id='3c53914d385845b1b7770ba0e7925e35',qos_specs=None,replication_status=,reservations=['8050db02-2f34-4ee8-8c27-6d035cc62a20','5f36a762-3c3c-47c3-bc6f-793df10ab2fd','71aee8dd-3d78-40e5-9a72-138141d653fd','b500a37e-e38b-4566-81f1-09567e9f0b08'],size=1,snapshot_id=None,source_replicaid=,source_volid=None,status='creating',user_id='a99e9f696edb4b0589b24e4359da3033',volume_type_id=e83a8f04-bb03-4458-a8cb-dae5cffcc207)}' {{(pid=106315) _task_receiver /usr/local/lib/python3.8/dist-packages/taskflow/listeners/logging.py:178}}
Jun 22 12:45:58.639061 dv-cinder-796680-1-smb devstack@c-api.service[106315]: DEBUG cinder.volume.api [None req-553e9acb-9d12-4245-8a10-3fc3b2be9007 tempest-GroupsTest-744059400 tempest-GroupsTest-744059400-project] Task 'cinder.volume.flows.api.create_volume.VolumeCastTask;volume:create' (61df8650-deaf-41ec-9c41-0cd2e981c62e) transitioned into state 'RUNNING' from state 'PENDING' {{(pid=106315) _task_receiver /usr/local/lib/python3.8/dist-packages/taskflow/listeners/logging.py:190}}
Jun 22 12:45:58.671398 dv-cinder-796680-1-smb devstack@c-api.service[106314]: INFO cinder.api.openstack.wsgi [None req-5381ff64-27bb-438c-9e84-cc438388ac4f tempest-VolumeSnapshotQuotasNegativeTestJSON-1572575090 tempest-VolumeSnapshotQuotasNegativeTestJSON-1572575090-project] GET http://10.222.0.20/volume/v3/38088ec835a849dabd78c302c55905d2/volumes/16737aa3-fcf9-47b7-81ca-f135eb664b48
Jun 22 12:45:58.671871 dv-cinder-796680-1-smb devstack@c-api.service[106314]: DEBUG cinder.api.openstack.wsgi [None req-5381ff64-27bb-438c-9e84-cc438388ac4f tempest-VolumeSnapshotQuotasNegativeTestJSON-1572575090 tempest-VolumeSnapshotQuotasNegativeTestJSON-1572575090-project] Empty body provided in request {{(pid=106314) get_body /opt/stack/cinder/cinder/api/openstack/wsgi.py:713}}
Jun 22 12:45:58.672082 dv-cinder-796680-1-smb devstack@c-api.service[106314]: /usr/local/lib/python3.8/dist-packages/webob/acceptparse.py:1047: DeprecationWarning: The behavior of AcceptValidHeader.best_match is currently being maintained for backward compatibility, but it will be deprecated in the future, as it does not conform to the RFC.
Jun 22 12:45:58.672082 dv-cinder-796680-1-smb devstack@c-api.service[106314]: warnings.warn(
Jun 22 12:45:58.672540 dv-cinder-796680-1-smb devstack@c-api.service[106314]: DEBUG cinder.api.openstack.wsgi [None req-5381ff64-27bb-438c-9e84-cc438388ac4f tempest-VolumeSnapshotQuotasNegativeTestJSON-1572575090 tempest-VolumeSnapshotQuotasNegativeTestJSON-1572575090-project] Calling method 'show' {{(pid=106314) _process_stack /opt/stack/cinder/cinder/api/openstack/wsgi.py:866}}
Jun 22 12:45:58.703106 dv-cinder-796680-1-smb devstack@c-api.service[106315]: DEBUG cinder.volume.api [None req-553e9acb-9d12-4245-8a10-3fc3b2be9007 tempest-GroupsTest-744059400 tempest-GroupsTest-744059400-project] Task 'cinder.volume.flows.api.create_volume.VolumeCastTask;volume:create' (61df8650-deaf-41ec-9c41-0cd2e981c62e) transitioned into state 'SUCCESS' from state 'RUNNING' with result 'None' {{(pid=106315) _task_receiver /usr/local/lib/python3.8/dist-packages/taskflow/listeners/logging.py:178}}
Jun 22 12:45:58.707889 dv-cinder-796680-1-smb devstack@c-api.service[106315]: DEBUG cinder.volume.api [None req-553e9acb-9d12-4245-8a10-3fc3b2be9007 tempest-GroupsTest-744059400 tempest-GroupsTest-744059400-project] Flow 'volume_create_api' (f9d38418-9e35-42cc-b898-c1e66e400ba1) transitioned into state 'SUCCESS' from state 'RUNNING' {{(pid=106315) _flow_receiver /usr/local/lib/python3.8/dist-packages/taskflow/listeners/logging.py:141}}
Jun 22 12:45:58.709884 dv-cinder-796680-1-smb devstack@c-api.service[106315]: INFO cinder.volume.api [None req-553e9acb-9d12-4245-8a10-3fc3b2be9007 tempest-GroupsTest-744059400 tempest-GroupsTest-744059400-project] Create volume request issued successfully.
Jun 22 12:45:58.721813 dv-cinder-796680-1-smb devstack@c-api.service[106315]: WARNING stevedore.named [None req-553e9acb-9d12-4245-8a10-3fc3b2be9007 tempest-GroupsTest-744059400 tempest-GroupsTest-744059400-project] Could not load cinder.keymgr.conf_key_mgr.ConfKeyManager
Jun 22 12:45:58.722729 dv-cinder-796680-1-smb devstack@c-api.service[106315]: WARNING castellan.key_manager [None req-553e9acb-9d12-4245-8a10-3fc3b2be9007 tempest-GroupsTest-744059400 tempest-GroupsTest-744059400-project] Deprecation Warning : cinder.keymgr.conf_key_mgr.ConfKeyManager is not a stevedore based driver, trying to load it as a class: stevedore.exception.NoMatches: No 'castellan.drivers' driver found, looking for 'cinder.keymgr.conf_key_mgr.ConfKeyManager'
Jun 22 12:45:58.732863 dv-cinder-796680-1-smb devstack@c-api.service[106315]: DEBUG oslo_db.sqlalchemy.engines [None req-553e9acb-9d12-4245-8a10-3fc3b2be9007 tempest-GroupsTest-744059400 tempest-GroupsTest-744059400-project] MySQL server mode set to STRICT_TRANS_TABLES,STRICT_ALL_TABLES,NO_ZERO_IN_DATE,NO_ZERO_DATE,ERROR_FOR_DIVISION_BY_ZERO,TRADITIONAL,NO_ENGINE_SUBSTITUTION {{(pid=106315) _check_effective_sql_mode /usr/local/lib/python3.8/dist-packages/oslo_db/sqlalchemy/engines.py:314}}
Jun 22 12:45:58.741415 dv-cinder-796680-1-smb devstack@c-api.service[106315]: /usr/local/lib/python3.8/dist-packages/oslo_context/context.py:105: DeprecationWarning: Policy enforcement is depending on the value of is_admin. This key is deprecated. Please update your policy file to use the standard policy values.
Jun 22 12:45:58.741415 dv-cinder-796680-1-smb devstack@c-api.service[106315]: warnings.warn('Policy enforcement is depending on the value of '
Jun 22 12:45:58.748891 dv-cinder-796680-1-smb devstack@c-api.service[106314]: /usr/local/lib/python3.8/dist-packages/oslo_context/context.py:105: DeprecationWarning: Policy enforcement is depending on the value of is_admin. This key is deprecated. Please update your policy file to use the standard policy values.
Jun 22 12:45:58.748891 dv-cinder-796680-1-smb devstack@c-api.service[106314]: warnings.warn('Policy enforcement is depending on the value of '
Jun 22 12:45:58.752148 dv-cinder-796680-1-smb devstack@c-api.service[106315]: INFO cinder.api.openstack.wsgi [None req-553e9acb-9d12-4245-8a10-3fc3b2be9007 tempest-GroupsTest-744059400 tempest-GroupsTest-744059400-project] http://10.222.0.20/volume/v3/3c53914d385845b1b7770ba0e7925e35/volumes returned with HTTP 202
Jun 22 12:45:58.757622 dv-cinder-796680-1-smb devstack@c-api.service[106315]: [pid: 106315|app: 0|req: 43/85] 10.222.0.20 () {62 vars in 1277 bytes} [Tue Jun 22 12:45:57 2021] POST /volume/v3/3c53914d385845b1b7770ba0e7925e35/volumes => generated 891 bytes in 967 msecs (HTTP/1.1 202) 7 headers in 292 bytes (1 switches on core 0)
Jun 22 12:45:58.785546 dv-cinder-796680-1-smb devstack@c-api.service[106315]: INFO cinder.api.openstack.wsgi [None req-94173b13-4bf8-40dc-a84f-f54a306d9092 tempest-GroupsTest-744059400 tempest-GroupsTest-744059400-project] GET http://10.222.0.20/volume/v3/3c53914d385845b1b7770ba0e7925e35/volumes/4bb4a706-940f-46ed-917b-239f47b7ff9f
Jun 22 12:45:58.786074 dv-cinder-796680-1-smb devstack@c-api.service[106315]: DEBUG cinder.api.openstack.wsgi [None req-94173b13-4bf8-40dc-a84f-f54a306d9092 tempest-GroupsTest-744059400 tempest-GroupsTest-744059400-project] Empty body provided in request {{(pid=106315) get_body /opt/stack/cinder/cinder/api/openstack/wsgi.py:713}}
Jun 22 12:45:58.786256 dv-cinder-796680-1-smb devstack@c-api.service[106315]: /usr/local/lib/python3.8/dist-packages/webob/acceptparse.py:1047: DeprecationWarning: The behavior of AcceptValidHeader.best_match is currently being maintained for backward compatibility, but it will be deprecated in the future, as it does not conform to the RFC.
Jun 22 12:45:58.786256 dv-cinder-796680-1-smb devstack@c-api.service[106315]: warnings.warn(
Jun 22 12:45:58.786646 dv-cinder-796680-1-smb devstack@c-api.service[106315]: DEBUG cinder.api.openstack.wsgi [None req-94173b13-4bf8-40dc-a84f-f54a306d9092 tempest-GroupsTest-744059400 tempest-GroupsTest-744059400-project] Calling method 'show' {{(pid=106315) _process_stack /opt/stack/cinder/cinder/api/openstack/wsgi.py:866}}
Jun 22 12:45:58.791311 dv-cinder-796680-1-smb devstack@c-api.service[106314]: INFO cinder.volume.api [None req-5381ff64-27bb-438c-9e84-cc438388ac4f tempest-VolumeSnapshotQuotasNegativeTestJSON-1572575090 tempest-VolumeSnapshotQuotasNegativeTestJSON-1572575090-project] Volume info retrieved successfully.
Jun 22 12:45:58.822910 dv-cinder-796680-1-smb devstack@c-api.service[106315]: /usr/local/lib/python3.8/dist-packages/oslo_context/context.py:105: DeprecationWarning: Policy enforcement is depending on the value of is_admin. This key is deprecated. Please update your policy file to use the standard policy values.
Jun 22 12:45:58.822910 dv-cinder-796680-1-smb devstack@c-api.service[106315]: warnings.warn('Policy enforcement is depending on the value of '
Jun 22 12:45:58.846222 dv-cinder-796680-1-smb devstack@c-api.service[106315]: INFO cinder.volume.api [None req-94173b13-4bf8-40dc-a84f-f54a306d9092 tempest-GroupsTest-744059400 tempest-GroupsTest-744059400-project] Volume info retrieved successfully.
Jun 22 12:45:58.857885 dv-cinder-796680-1-smb devstack@c-api.service[106315]: WARNING stevedore.named [None req-94173b13-4bf8-40dc-a84f-f54a306d9092 tempest-GroupsTest-744059400 tempest-GroupsTest-744059400-project] Could not load cinder.keymgr.conf_key_mgr.ConfKeyManager
Jun 22 12:45:58.858292 dv-cinder-796680-1-smb devstack@c-api.service[106315]: WARNING castellan.key_manager [None req-94173b13-4bf8-40dc-a84f-f54a306d9092 tempest-GroupsTest-744059400 tempest-GroupsTest-744059400-project] Deprecation Warning : cinder.keymgr.conf_key_mgr.ConfKeyManager is not a stevedore based driver, trying to load it as a class: stevedore.exception.NoMatches: No 'castellan.drivers' driver found, looking for 'cinder.keymgr.conf_key_mgr.ConfKeyManager'
Jun 22 12:45:58.879770 dv-cinder-796680-1-smb devstack@c-api.service[106315]: DEBUG oslo_db.sqlalchemy.engines [None req-94173b13-4bf8-40dc-a84f-f54a306d9092 tempest-GroupsTest-744059400 tempest-GroupsTest-744059400-project] MySQL server mode set to STRICT_TRANS_TABLES,STRICT_ALL_TABLES,NO_ZERO_IN_DATE,NO_ZERO_DATE,ERROR_FOR_DIVISION_BY_ZERO,TRADITIONAL,NO_ENGINE_SUBSTITUTION {{(pid=106315) _check_effective_sql_mode /usr/local/lib/python3.8/dist-packages/oslo_db/sqlalchemy/engines.py:314}}
Jun 22 12:45:58.889810 dv-cinder-796680-1-smb devstack@c-api.service[106315]: /usr/local/lib/python3.8/dist-packages/oslo_context/context.py:105: DeprecationWarning: Policy enforcement is depending on the value of is_admin. This key is deprecated. Please update your policy file to use the standard policy values.
Jun 22 12:45:58.889810 dv-cinder-796680-1-smb devstack@c-api.service[106315]: warnings.warn('Policy enforcement is depending on the value of '
Jun 22 12:45:58.897193 dv-cinder-796680-1-smb devstack@c-api.service[106314]: INFO cinder.api.openstack.wsgi [None req-5381ff64-27bb-438c-9e84-cc438388ac4f tempest-VolumeSnapshotQuotasNegativeTestJSON-1572575090 tempest-VolumeSnapshotQuotasNegativeTestJSON-1572575090-project] http://10.222.0.20/volume/v3/38088ec835a849dabd78c302c55905d2/volumes/16737aa3-fcf9-47b7-81ca-f135eb664b48 returned with HTTP 200
Jun 22 12:45:58.901580 dv-cinder-796680-1-smb devstack@c-api.service[106314]: [pid: 106314|app: 0|req: 43/86] 10.222.0.20 () {58 vars in 1325 bytes} [Tue Jun 22 12:45:58 2021] GET /volume/v3/38088ec835a849dabd78c302c55905d2/volumes/16737aa3-fcf9-47b7-81ca-f135eb664b48 => generated 928 bytes in 246 msecs (HTTP/1.1 200) 7 headers in 285 bytes (1 switches on core 0)
Jun 22 12:45:58.924078 dv-cinder-796680-1-smb devstack@c-api.service[106314]: INFO cinder.api.openstack.wsgi [None req-390555ce-6687-44bf-85ae-9c5d0f1595ef tempest-VolumeSnapshotQuotasNegativeTestJSON-1572575090 tempest-VolumeSnapshotQuotasNegativeTestJSON-1572575090-project] POST http://10.222.0.20/volume/v3/38088ec835a849dabd78c302c55905d2/snapshots
Jun 22 12:45:58.924345 dv-cinder-796680-1-smb devstack@c-api.service[106315]: INFO cinder.api.openstack.wsgi [None req-94173b13-4bf8-40dc-a84f-f54a306d9092 tempest-GroupsTest-744059400 tempest-GroupsTest-744059400-project] http://10.222.0.20/volume/v3/3c53914d385845b1b7770ba0e7925e35/volumes/4bb4a706-940f-46ed-917b-239f47b7ff9f returned with HTTP 200
