Jun 17 14:30:53.989333 dv-cinder-796286-6-smb devstack@c-api.service[100119]: DEBUG cinder.volume.flows.api.create_volume [None req-289a2e8c-9e44-438c-aa67-6847f6d3dc10 tempest-UserMessagesTest-1103785198 tempest-UserMessagesTest-1103785198-project] Validating volume size '1' using validate_int {{(pid=100119) _extract_size /opt/stack/cinder/cinder/volume/flows/api/create_volume.py:201}}
Jun 17 14:30:54.016594 dv-cinder-796286-6-smb devstack@c-api.service[100118]: INFO cinder.volume.api [None req-eb4564c8-154d-4a17-b18a-aca449889d96 tempest-GroupSnapshotsTest-79330382 tempest-GroupSnapshotsTest-79330382-project] Get all volumes completed successfully.
Jun 17 14:30:54.019015 dv-cinder-796286-6-smb devstack@c-api.service[100118]: WARNING stevedore.named [None req-eb4564c8-154d-4a17-b18a-aca449889d96 tempest-GroupSnapshotsTest-79330382 tempest-GroupSnapshotsTest-79330382-project] Could not load cinder.keymgr.conf_key_mgr.ConfKeyManager
Jun 17 14:30:54.019560 dv-cinder-796286-6-smb devstack@c-api.service[100118]: WARNING castellan.key_manager [None req-eb4564c8-154d-4a17-b18a-aca449889d96 tempest-GroupSnapshotsTest-79330382 tempest-GroupSnapshotsTest-79330382-project] Deprecation Warning : cinder.keymgr.conf_key_mgr.ConfKeyManager is not a stevedore based driver, trying to load it as a class: stevedore.exception.NoMatches: No 'castellan.drivers' driver found, looking for 'cinder.keymgr.conf_key_mgr.ConfKeyManager'
Jun 17 14:30:54.027770 dv-cinder-796286-6-smb devstack@c-api.service[100118]: DEBUG oslo_db.sqlalchemy.engines [None req-eb4564c8-154d-4a17-b18a-aca449889d96 tempest-GroupSnapshotsTest-79330382 tempest-GroupSnapshotsTest-79330382-project] MySQL server mode set to STRICT_TRANS_TABLES,STRICT_ALL_TABLES,NO_ZERO_IN_DATE,NO_ZERO_DATE,ERROR_FOR_DIVISION_BY_ZERO,TRADITIONAL,NO_ENGINE_SUBSTITUTION {{(pid=100118) _check_effective_sql_mode /usr/local/lib/python3.8/dist-packages/oslo_db/sqlalchemy/engines.py:314}}
Jun 17 14:30:54.036729 dv-cinder-796286-6-smb devstack@c-api.service[100118]: /usr/local/lib/python3.8/dist-packages/oslo_context/context.py:105: DeprecationWarning: Policy enforcement is depending on the value of is_admin. This key is deprecated. Please update your policy file to use the standard policy values.
Jun 17 14:30:54.036729 dv-cinder-796286-6-smb devstack@c-api.service[100118]: warnings.warn('Policy enforcement is depending on the value of '
Jun 17 14:30:54.044984 dv-cinder-796286-6-smb devstack@c-api.service[100118]: WARNING stevedore.named [None req-eb4564c8-154d-4a17-b18a-aca449889d96 tempest-GroupSnapshotsTest-79330382 tempest-GroupSnapshotsTest-79330382-project] Could not load cinder.keymgr.conf_key_mgr.ConfKeyManager
Jun 17 14:30:54.045611 dv-cinder-796286-6-smb devstack@c-api.service[100118]: WARNING castellan.key_manager [None req-eb4564c8-154d-4a17-b18a-aca449889d96 tempest-GroupSnapshotsTest-79330382 tempest-GroupSnapshotsTest-79330382-project] Deprecation Warning : cinder.keymgr.conf_key_mgr.ConfKeyManager is not a stevedore based driver, trying to load it as a class: stevedore.exception.NoMatches: No 'castellan.drivers' driver found, looking for 'cinder.keymgr.conf_key_mgr.ConfKeyManager'
Jun 17 14:30:54.053801 dv-cinder-796286-6-smb devstack@c-api.service[100118]: DEBUG oslo_db.sqlalchemy.engines [None req-eb4564c8-154d-4a17-b18a-aca449889d96 tempest-GroupSnapshotsTest-79330382 tempest-GroupSnapshotsTest-79330382-project] MySQL server mode set to STRICT_TRANS_TABLES,STRICT_ALL_TABLES,NO_ZERO_IN_DATE,NO_ZERO_DATE,ERROR_FOR_DIVISION_BY_ZERO,TRADITIONAL,NO_ENGINE_SUBSTITUTION {{(pid=100118) _check_effective_sql_mode /usr/local/lib/python3.8/dist-packages/oslo_db/sqlalchemy/engines.py:314}}
Jun 17 14:30:54.060778 dv-cinder-796286-6-smb devstack@c-api.service[100119]: DEBUG cinder.volume.api [None req-289a2e8c-9e44-438c-aa67-6847f6d3dc10 tempest-UserMessagesTest-1103785198 tempest-UserMessagesTest-1103785198-project] Task 'cinder.volume.flows.api.create_volume.ExtractVolumeRequestTask;volume:create' (33c1e82c-54bb-458d-b865-0b13bec41f19) transitioned into state 'SUCCESS' from state 'RUNNING' with result '{'size': 1, 'snapshot_id': None, 'source_volid': None, 'volume_type': VolumeType(created_at=2021-06-17T14:30:54Z,deleted=False,deleted_at=None,description=None,extra_specs={storage_protocol='tempest-storage_protocol-482761575',vendor_name='tempest-vendor_name-1218593458'},id=3da709ea-ab0d-47bf-b1d4-8754d367e5e0,is_public=True,name='tempest-UserMessagesTest-volume-type-1634986649',projects=[],qos_specs=,qos_specs_id=None,updated_at=None), 'volume_type_id': '3da709ea-ab0d-47bf-b1d4-8754d367e5e0', 'encryption_key_id': None, 'qos_specs': None, 'consistencygroup_id': None, 'cgsnapshot_id': None, 'group_id': None, 'replication_status': 'disabled', 'refresh_az': False, 'backup_id': None, 'multiattach': False, 'availability_zones': ['nova']}' {{(pid=100119) _task_receiver /usr/local/lib/python3.8/dist-packages/taskflow/listeners/logging.py:178}}
Jun 17 14:30:54.062477 dv-cinder-796286-6-smb devstack@c-api.service[100118]: /usr/local/lib/python3.8/dist-packages/oslo_context/context.py:105: DeprecationWarning: Policy enforcement is depending on the value of is_admin. This key is deprecated. Please update your policy file to use the standard policy values.
Jun 17 14:30:54.062477 dv-cinder-796286-6-smb devstack@c-api.service[100118]: warnings.warn('Policy enforcement is depending on the value of '
Jun 17 14:30:54.064603 dv-cinder-796286-6-smb devstack@c-api.service[100119]: DEBUG cinder.volume.api [None req-289a2e8c-9e44-438c-aa67-6847f6d3dc10 tempest-UserMessagesTest-1103785198 tempest-UserMessagesTest-1103785198-project] Task 'cinder.volume.flows.api.create_volume.QuotaReserveTask;volume:create' (de2c95e1-144c-4d39-8534-bbe7ac8af217) transitioned into state 'RUNNING' from state 'PENDING' {{(pid=100119) _task_receiver /usr/local/lib/python3.8/dist-packages/taskflow/listeners/logging.py:190}}
Jun 17 14:30:54.113947 dv-cinder-796286-6-smb devstack@c-api.service[100118]: INFO cinder.api.openstack.wsgi [None req-eb4564c8-154d-4a17-b18a-aca449889d96 tempest-GroupSnapshotsTest-79330382 tempest-GroupSnapshotsTest-79330382-project] http://10.222.0.86/volume/v3/326ec992ac364b818a7ba19c61e52fa4/volumes/detail returned with HTTP 200
Jun 17 14:30:54.117450 dv-cinder-796286-6-smb devstack@c-api.service[100118]: [pid: 100118|app: 0|req: 97/188] 10.222.0.86 () {60 vars in 1276 bytes} [Thu Jun 17 14:30:53 2021] GET /volume/v3/326ec992ac364b818a7ba19c61e52fa4/volumes/detail => generated 1994 bytes in 183 msecs (HTTP/1.1 200) 7 headers in 287 bytes (1 switches on core 0)
Jun 17 14:30:54.126644 dv-cinder-796286-6-smb devstack@c-api.service[100119]: WARNING cinder.quota [None req-289a2e8c-9e44-438c-aa67-6847f6d3dc10 tempest-UserMessagesTest-1103785198 tempest-UserMessagesTest-1103785198-project] Deprecated: Default quota for resource: volumes_tempest-UserMessagesTest-volume-type-1634986649 is set by the default quota flag: quota_volumes_tempest-UserMessagesTest-volume-type-1634986649, it is now deprecated. Please use the default quota class for default quota.
Jun 17 14:30:54.127698 dv-cinder-796286-6-smb devstack@c-api.service[100119]: WARNING cinder.quota [None req-289a2e8c-9e44-438c-aa67-6847f6d3dc10 tempest-UserMessagesTest-1103785198 tempest-UserMessagesTest-1103785198-project] Deprecated: Default quota for resource: gigabytes_tempest-UserMessagesTest-volume-type-1634986649 is set by the default quota flag: quota_gigabytes_tempest-UserMessagesTest-volume-type-1634986649, it is now deprecated. Please use the default quota class for default quota.
Jun 17 14:30:54.141298 dv-cinder-796286-6-smb devstack@c-api.service[100118]: INFO cinder.api.openstack.wsgi [None req-6ec54bba-da7d-49eb-b0da-d1bac246d49d tempest-GroupSnapshotsTest-79330382 tempest-GroupSnapshotsTest-79330382-project] POST http://10.222.0.86/volume/v3/326ec992ac364b818a7ba19c61e52fa4/groups/21e7009d-e82b-44e7-8c19-7e89bbf16499/action
Jun 17 14:30:54.142025 dv-cinder-796286-6-smb devstack@c-api.service[100118]: /usr/local/lib/python3.8/dist-packages/webob/acceptparse.py:1047: DeprecationWarning: The behavior of AcceptValidHeader.best_match is currently being maintained for backward compatibility, but it will be deprecated in the future, as it does not conform to the RFC.
Jun 17 14:30:54.142025 dv-cinder-796286-6-smb devstack@c-api.service[100118]: warnings.warn(
Jun 17 14:30:54.143485 dv-cinder-796286-6-smb devstack@c-api.service[100118]: DEBUG cinder.api.openstack.wsgi [None req-6ec54bba-da7d-49eb-b0da-d1bac246d49d tempest-GroupSnapshotsTest-79330382 tempest-GroupSnapshotsTest-79330382-project] Action body: b'{"delete": {"delete-volumes": true}}' {{(pid=100118) get_method /opt/stack/cinder/cinder/api/openstack/wsgi.py:981}}
Jun 17 14:30:54.154375 dv-cinder-796286-6-smb devstack@c-api.service[100118]: DEBUG cinder.api.openstack.wsgi [None req-6ec54bba-da7d-49eb-b0da-d1bac246d49d tempest-GroupSnapshotsTest-79330382 tempest-GroupSnapshotsTest-79330382-project] Action: 'action', calling method: delete_group, body: {"delete": {"delete-volumes": true}} {{(pid=100118) _process_stack /opt/stack/cinder/cinder/api/openstack/wsgi.py:864}}
Jun 17 14:30:54.154375 dv-cinder-796286-6-smb devstack@c-api.service[100118]: DEBUG cinder.api.v3.groups [None req-6ec54bba-da7d-49eb-b0da-d1bac246d49d tempest-GroupSnapshotsTest-79330382 tempest-GroupSnapshotsTest-79330382-project] delete called for group 21e7009d-e82b-44e7-8c19-7e89bbf16499 {{(pid=100118) _delete /opt/stack/cinder/cinder/api/v3/groups.py:117}}
Jun 17 14:30:54.154375 dv-cinder-796286-6-smb devstack@c-api.service[100118]: INFO cinder.api.v3.groups [None req-6ec54bba-da7d-49eb-b0da-d1bac246d49d tempest-GroupSnapshotsTest-79330382 tempest-GroupSnapshotsTest-79330382-project] Delete group with id: 21e7009d-e82b-44e7-8c19-7e89bbf16499
Jun 17 14:30:54.161166 dv-cinder-796286-6-smb devstack@c-api.service[100118]: /usr/local/lib/python3.8/dist-packages/oslo_context/context.py:105: DeprecationWarning: Policy enforcement is depending on the value of is_admin. This key is deprecated. Please update your policy file to use the standard policy values.
Jun 17 14:30:54.161166 dv-cinder-796286-6-smb devstack@c-api.service[100118]: warnings.warn('Policy enforcement is depending on the value of '
Jun 17 14:30:54.385948 dv-cinder-796286-6-smb devstack@c-api.service[100119]: DEBUG cinder.quota [None req-289a2e8c-9e44-438c-aa67-6847f6d3dc10 tempest-UserMessagesTest-1103785198 tempest-UserMessagesTest-1103785198-project] Created reservations ['ad65432e-0518-4936-8039-68ff3bbdadcd', 'c969dfdc-17f1-47dc-9409-5b940f8dc095', 'e74db2e6-274c-4457-8793-bf7ea1fe8104', '1cf16809-c06b-4891-9193-9d4e847f4c81'] {{(pid=100119) reserve /opt/stack/cinder/cinder/quota.py:755}}
Jun 17 14:30:54.387835 dv-cinder-796286-6-smb devstack@c-api.service[100119]: DEBUG cinder.volume.api [None req-289a2e8c-9e44-438c-aa67-6847f6d3dc10 tempest-UserMessagesTest-1103785198 tempest-UserMessagesTest-1103785198-project] Task 'cinder.volume.flows.api.create_volume.QuotaReserveTask;volume:create' (de2c95e1-144c-4d39-8534-bbe7ac8af217) transitioned into state 'SUCCESS' from state 'RUNNING' with result '{'reservations': ['ad65432e-0518-4936-8039-68ff3bbdadcd', 'c969dfdc-17f1-47dc-9409-5b940f8dc095', 'e74db2e6-274c-4457-8793-bf7ea1fe8104', '1cf16809-c06b-4891-9193-9d4e847f4c81']}' {{(pid=100119) _task_receiver /usr/local/lib/python3.8/dist-packages/taskflow/listeners/logging.py:178}}
Jun 17 14:30:54.389821 dv-cinder-796286-6-smb devstack@c-api.service[100119]: DEBUG cinder.volume.api [None req-289a2e8c-9e44-438c-aa67-6847f6d3dc10 tempest-UserMessagesTest-1103785198 tempest-UserMessagesTest-1103785198-project] Task 'cinder.volume.flows.api.create_volume.EntryCreateTask;volume:create' (c8c0204e-e8d9-4c3a-8073-7abeb16de74e) transitioned into state 'RUNNING' from state 'PENDING' {{(pid=100119) _task_receiver /usr/local/lib/python3.8/dist-packages/taskflow/listeners/logging.py:190}}
Jun 17 14:30:54.488661 dv-cinder-796286-6-smb devstack@c-api.service[100118]: INFO cinder.api.openstack.wsgi [None req-6ec54bba-da7d-49eb-b0da-d1bac246d49d tempest-GroupSnapshotsTest-79330382 tempest-GroupSnapshotsTest-79330382-project] http://10.222.0.86/volume/v3/326ec992ac364b818a7ba19c61e52fa4/groups/21e7009d-e82b-44e7-8c19-7e89bbf16499/action returned with HTTP 202
Jun 17 14:30:54.497276 dv-cinder-796286-6-smb devstack@c-api.service[100118]: [pid: 100118|app: 0|req: 98/189] 10.222.0.86 () {62 vars in 1405 bytes} [Thu Jun 17 14:30:54 2021] POST /volume/v3/326ec992ac364b818a7ba19c61e52fa4/groups/21e7009d-e82b-44e7-8c19-7e89bbf16499/action => generated 0 bytes in 368 msecs (HTTP/1.1 202) 6 headers in 234 bytes (1 switches on core 0)
Jun 17 14:30:54.504501 dv-cinder-796286-6-smb devstack@c-api.service[100118]: INFO cinder.api.openstack.wsgi [None req-031e01ea-2fcf-4888-9904-458a3394012d tempest-GroupSnapshotsTest-79330382 tempest-GroupSnapshotsTest-79330382-project] GET http://10.222.0.86/volume/v3/326ec992ac364b818a7ba19c61e52fa4/volumes/91431060-e2a1-4403-ace9-378bc554ecb9
Jun 17 14:30:54.510936 dv-cinder-796286-6-smb devstack@c-api.service[100118]: DEBUG cinder.api.openstack.wsgi [None req-031e01ea-2fcf-4888-9904-458a3394012d tempest-GroupSnapshotsTest-79330382 tempest-GroupSnapshotsTest-79330382-project] Empty body provided in request {{(pid=100118) get_body /opt/stack/cinder/cinder/api/openstack/wsgi.py:713}}
Jun 17 14:30:54.511153 dv-cinder-796286-6-smb devstack@c-api.service[100118]: /usr/local/lib/python3.8/dist-packages/webob/acceptparse.py:1047: DeprecationWarning: The behavior of AcceptValidHeader.best_match is currently being maintained for backward compatibility, but it will be deprecated in the future, as it does not conform to the RFC.
Jun 17 14:30:54.511153 dv-cinder-796286-6-smb devstack@c-api.service[100118]: warnings.warn(
Jun 17 14:30:54.511778 dv-cinder-796286-6-smb devstack@c-api.service[100118]: DEBUG cinder.api.openstack.wsgi [None req-031e01ea-2fcf-4888-9904-458a3394012d tempest-GroupSnapshotsTest-79330382 tempest-GroupSnapshotsTest-79330382-project] Calling method 'show' {{(pid=100118) _process_stack /opt/stack/cinder/cinder/api/openstack/wsgi.py:866}}
Jun 17 14:30:54.542241 dv-cinder-796286-6-smb devstack@c-api.service[100118]: /usr/local/lib/python3.8/dist-packages/oslo_context/context.py:105: DeprecationWarning: Policy enforcement is depending on the value of is_admin. This key is deprecated. Please update your policy file to use the standard policy values.
Jun 17 14:30:54.542241 dv-cinder-796286-6-smb devstack@c-api.service[100118]: warnings.warn('Policy enforcement is depending on the value of '
Jun 17 14:30:54.581749 dv-cinder-796286-6-smb devstack@c-api.service[100118]: INFO cinder.volume.api [None req-031e01ea-2fcf-4888-9904-458a3394012d tempest-GroupSnapshotsTest-79330382 tempest-GroupSnapshotsTest-79330382-project] Volume info retrieved successfully.
Jun 17 14:30:54.584521 dv-cinder-796286-6-smb devstack@c-api.service[100119]: DEBUG cinder.volume.api [None req-289a2e8c-9e44-438c-aa67-6847f6d3dc10 tempest-UserMessagesTest-1103785198 tempest-UserMessagesTest-1103785198-project] Task 'cinder.volume.flows.api.create_volume.EntryCreateTask;volume:create' (c8c0204e-e8d9-4c3a-8073-7abeb16de74e) transitioned into state 'SUCCESS' from state 'RUNNING' with result '{'volume_id': '078c5ec3-04dc-425a-8709-93dcbbf612b8', 'volume_properties': VolumeProperties(attach_status='detached',availability_zone='nova',cgsnapshot_id=None,consistencygroup_id=None,display_description=None,display_name='tempest-UserMessagesTest-Volume-564874083',encryption_key_id=None,group_id=None,group_type_id=,metadata={},multiattach=False,project_id='bc367788f25d482db1f6875ba7b53c3f',qos_specs=None,replication_status=,reservations=['ad65432e-0518-4936-8039-68ff3bbdadcd','c969dfdc-17f1-47dc-9409-5b940f8dc095','e74db2e6-274c-4457-8793-bf7ea1fe8104','1cf16809-c06b-4891-9193-9d4e847f4c81'],size=1,snapshot_id=None,source_replicaid=,source_volid=None,status='creating',user_id='a3cf0759f171488a9bf1dea851508f4e',volume_type_id=3da709ea-ab0d-47bf-b1d4-8754d367e5e0), 'volume': Volume(_name_id=None,admin_metadata=,attach_status='detached',availability_zone='nova',bootable=False,cluster=,cluster_name=None,consistencygroup=,consistencygroup_id=None,created_at=2021-06-17T14:30:54Z,deleted=False,deleted_at=None,display_description=None,display_name='tempest-UserMessagesTest-Volume-564874083',ec2_id=None,encryption_key_id=None,glance_metadata=,group=,group_id=None,host=None,id=078c5ec3-04dc-425a-8709-93dcbbf612b8,launched_at=None,metadata={},migration_status=None,multiattach=False,previous_status=None,project_id='bc367788f25d482db1f6875ba7b53c3f',provider_auth=None,provider_geometry=None,provider_id=None,provider_location=None,replication_driver_data=None,replication_extended_status=None,replication_status=None,scheduled_at=None,service_uuid=None,shared_targets=True,size=1,snapshot_id=None,snapshots=,source_volid=None,status='creating',terminated_at=None,updated_at=None,user_id='a3cf0759f171488a9bf1dea851508f4e',volume_attachment=,volume_type=VolumeType(3da709ea-ab0d-47bf-b1d4-8754d367e5e0),volume_type_id=3da709ea-ab0d-47bf-b1d4-8754d367e5e0)}' {{(pid=100119) _task_receiver /usr/local/lib/python3.8/dist-packages/taskflow/listeners/logging.py:178}}
Jun 17 14:30:54.586562 dv-cinder-796286-6-smb devstack@c-api.service[100119]: DEBUG cinder.volume.api [None req-289a2e8c-9e44-438c-aa67-6847f6d3dc10 tempest-UserMessagesTest-1103785198 tempest-UserMessagesTest-1103785198-project] Task 'cinder.volume.flows.api.create_volume.QuotaCommitTask;volume:create' (ab6ee741-a2cc-456f-8e54-2fc9ed444944) transitioned into state 'RUNNING' from state 'PENDING' {{(pid=100119) _task_receiver /usr/local/lib/python3.8/dist-packages/taskflow/listeners/logging.py:190}}
Jun 17 14:30:54.615414 dv-cinder-796286-6-smb devstack@c-api.service[100118]: WARNING stevedore.named [None req-031e01ea-2fcf-4888-9904-458a3394012d tempest-GroupSnapshotsTest-79330382 tempest-GroupSnapshotsTest-79330382-project] Could not load cinder.keymgr.conf_key_mgr.ConfKeyManager
Jun 17 14:30:54.615857 dv-cinder-796286-6-smb devstack@c-api.service[100118]: WARNING castellan.key_manager [None req-031e01ea-2fcf-4888-9904-458a3394012d tempest-GroupSnapshotsTest-79330382 tempest-GroupSnapshotsTest-79330382-project] Deprecation Warning : cinder.keymgr.conf_key_mgr.ConfKeyManager is not a stevedore based driver, trying to load it as a class: stevedore.exception.NoMatches: No 'castellan.drivers' driver found, looking for 'cinder.keymgr.conf_key_mgr.ConfKeyManager'
Jun 17 14:30:54.645680 dv-cinder-796286-6-smb devstack@c-api.service[100118]: DEBUG oslo_db.sqlalchemy.engines [None req-031e01ea-2fcf-4888-9904-458a3394012d tempest-GroupSnapshotsTest-79330382 tempest-GroupSnapshotsTest-79330382-project] MySQL server mode set to STRICT_TRANS_TABLES,STRICT_ALL_TABLES,NO_ZERO_IN_DATE,NO_ZERO_DATE,ERROR_FOR_DIVISION_BY_ZERO,TRADITIONAL,NO_ENGINE_SUBSTITUTION {{(pid=100118) _check_effective_sql_mode /usr/local/lib/python3.8/dist-packages/oslo_db/sqlalchemy/engines.py:314}}
Jun 17 14:30:54.667278 dv-cinder-796286-6-smb devstack@c-api.service[100118]: /usr/local/lib/python3.8/dist-packages/oslo_context/context.py:105: DeprecationWarning: Policy enforcement is depending on the value of is_admin. This key is deprecated. Please update your policy file to use the standard policy values.
Jun 17 14:30:54.667278 dv-cinder-796286-6-smb devstack@c-api.service[100118]: warnings.warn('Policy enforcement is depending on the value of '
Jun 17 14:30:54.698102 dv-cinder-796286-6-smb devstack@c-api.service[100118]: INFO cinder.api.openstack.wsgi [None req-031e01ea-2fcf-4888-9904-458a3394012d tempest-GroupSnapshotsTest-79330382 tempest-GroupSnapshotsTest-79330382-project] http://10.222.0.86/volume/v3/326ec992ac364b818a7ba19c61e52fa4/volumes/91431060-e2a1-4403-ace9-378bc554ecb9 returned with HTTP 200
Jun 17 14:30:54.700763 dv-cinder-796286-6-smb devstack@c-api.service[100118]: [pid: 100118|app: 0|req: 99/190] 10.222.0.86 () {60 vars in 1366 bytes} [Thu Jun 17 14:30:54 2021] GET /volume/v3/326ec992ac364b818a7ba19c61e52fa4/volumes/91431060-e2a1-4403-ace9-378bc554ecb9 => generated 999 bytes in 203 msecs (HTTP/1.1 200) 7 headers in 286 bytes (1 switches on core 0)
Jun 17 14:30:54.718668 dv-cinder-796286-6-smb devstack@c-api.service[100119]: DEBUG cinder.volume.api [None req-289a2e8c-9e44-438c-aa67-6847f6d3dc10 tempest-UserMessagesTest-1103785198 tempest-UserMessagesTest-1103785198-project] Task 'cinder.volume.flows.api.create_volume.QuotaCommitTask;volume:create' (ab6ee741-a2cc-456f-8e54-2fc9ed444944) transitioned into state 'SUCCESS' from state 'RUNNING' with result '{'volume_properties': VolumeProperties(attach_status='detached',availability_zone='nova',cgsnapshot_id=None,consistencygroup_id=None,display_description=None,display_name='tempest-UserMessagesTest-Volume-564874083',encryption_key_id=None,group_id=None,group_type_id=,metadata={},multiattach=False,project_id='bc367788f25d482db1f6875ba7b53c3f',qos_specs=None,replication_status=,reservations=['ad65432e-0518-4936-8039-68ff3bbdadcd','c969dfdc-17f1-47dc-9409-5b940f8dc095','e74db2e6-274c-4457-8793-bf7ea1fe8104','1cf16809-c06b-4891-9193-9d4e847f4c81'],size=1,snapshot_id=None,source_replicaid=,source_volid=None,status='creating',user_id='a3cf0759f171488a9bf1dea851508f4e',volume_type_id=3da709ea-ab0d-47bf-b1d4-8754d367e5e0)}' {{(pid=100119) _task_receiver /usr/local/lib/python3.8/dist-packages/taskflow/listeners/logging.py:178}}
Jun 17 14:30:54.724286 dv-cinder-796286-6-smb devstack@c-api.service[100119]: DEBUG cinder.volume.api [None req-289a2e8c-9e44-438c-aa67-6847f6d3dc10 tempest-UserMessagesTest-1103785198 tempest-UserMessagesTest-1103785198-project] Task 'cinder.volume.flows.api.create_volume.VolumeCastTask;volume:create' (aaf94419-f9f4-4560-9f18-ac79a1bc0573) transitioned into state 'RUNNING' from state 'PENDING' {{(pid=100119) _task_receiver /usr/local/lib/python3.8/dist-packages/taskflow/listeners/logging.py:190}}
Jun 17 14:30:54.824769 dv-cinder-796286-6-smb devstack@c-api.service[100119]: DEBUG cinder.volume.api [None req-289a2e8c-9e44-438c-aa67-6847f6d3dc10 tempest-UserMessagesTest-1103785198 tempest-UserMessagesTest-1103785198-project] Task 'cinder.volume.flows.api.create_volume.VolumeCastTask;volume:create' (aaf94419-f9f4-4560-9f18-ac79a1bc0573) transitioned into state 'SUCCESS' from state 'RUNNING' with result 'None' {{(pid=100119) _task_receiver /usr/local/lib/python3.8/dist-packages/taskflow/listeners/logging.py:178}}
Jun 17 14:30:54.831669 dv-cinder-796286-6-smb devstack@c-api.service[100119]: DEBUG cinder.volume.api [None req-289a2e8c-9e44-438c-aa67-6847f6d3dc10 tempest-UserMessagesTest-1103785198 tempest-UserMessagesTest-1103785198-project] Flow 'volume_create_api' (904f81e3-e920-4c5c-a3c0-d0c96f4446e5) transitioned into state 'SUCCESS' from state 'RUNNING' {{(pid=100119) _flow_receiver /usr/local/lib/python3.8/dist-packages/taskflow/listeners/logging.py:141}}
Jun 17 14:30:54.835895 dv-cinder-796286-6-smb devstack@c-api.service[100119]: INFO cinder.volume.api [None req-289a2e8c-9e44-438c-aa67-6847f6d3dc10 tempest-UserMessagesTest-1103785198 tempest-UserMessagesTest-1103785198-project] Create volume request issued successfully.
Jun 17 14:30:54.845586 dv-cinder-796286-6-smb devstack@c-api.service[100119]: INFO cinder.api.openstack.wsgi [None req-289a2e8c-9e44-438c-aa67-6847f6d3dc10 tempest-UserMessagesTest-1103785198 tempest-UserMessagesTest-1103785198-project] http://10.222.0.86/volume/v3/bc367788f25d482db1f6875ba7b53c3f/volumes returned with HTTP 202
Jun 17 14:30:54.848174 dv-cinder-796286-6-smb devstack@c-api.service[100119]: [pid: 100119|app: 0|req: 92/191] 10.222.0.86 () {62 vars in 1276 bytes} [Thu Jun 17 14:30:53 2021] POST /volume/v3/bc367788f25d482db1f6875ba7b53c3f/volumes => generated 851 bytes in 970 msecs (HTTP/1.1 202) 7 headers in 291 bytes (2 switches on core 0)
Jun 17 14:30:54.866767 dv-cinder-796286-6-smb devstack@c-api.service[100118]: INFO cinder.api.openstack.wsgi [None req-5e6a3c63-e22f-4b5a-9f14-60fa44cdc72a tempest-UserMessagesTest-1103785198 tempest-UserMessagesTest-1103785198-project] GET http://10.222.0.86/volume/v3/bc367788f25d482db1f6875ba7b53c3f/volumes/078c5ec3-04dc-425a-8709-93dcbbf612b8
Jun 17 14:30:54.867272 dv-cinder-796286-6-smb devstack@c-api.service[100118]: DEBUG cinder.api.openstack.wsgi [None req-5e6a3c63-e22f-4b5a-9f14-60fa44cdc72a tempest-UserMessagesTest-1103785198 tempest-UserMessagesTest-1103785198-project] Empty body provided in request {{(pid=100118) get_body /opt/stack/cinder/cinder/api/openstack/wsgi.py:713}}
Jun 17 14:30:54.867442 dv-cinder-796286-6-smb devstack@c-api.service[100118]: /usr/local/lib/python3.8/dist-packages/webob/acceptparse.py:1047: DeprecationWarning: The behavior of AcceptValidHeader.best_match is currently being maintained for backward compatibility, but it will be deprecated in the future, as it does not conform to the RFC.
Jun 17 14:30:54.867442 dv-cinder-796286-6-smb devstack@c-api.service[100118]: warnings.warn(
Jun 17 14:30:54.867763 dv-cinder-796286-6-smb devstack@c-api.service[100118]: DEBUG cinder.api.openstack.wsgi [None req-5e6a3c63-e22f-4b5a-9f14-60fa44cdc72a tempest-UserMessagesTest-1103785198 tempest-UserMessagesTest-1103785198-project] Calling method 'show' {{(pid=100118) _process_stack /opt/stack/cinder/cinder/api/openstack/wsgi.py:866}}
Jun 17 14:30:54.897308 dv-cinder-796286-6-smb devstack@c-api.service[100118]: /usr/local/lib/python3.8/dist-packages/oslo_context/context.py:105: DeprecationWarning: Policy enforcement is depending on the value of is_admin. This key is deprecated. Please update your policy file to use the standard policy values.
Jun 17 14:30:54.897308 dv-cinder-796286-6-smb devstack@c-api.service[100118]: warnings.warn('Policy enforcement is depending on the value of '
Jun 17 14:30:54.927750 dv-cinder-796286-6-smb devstack@c-api.service[100118]: INFO cinder.volume.api [None req-5e6a3c63-e22f-4b5a-9f14-60fa44cdc72a tempest-UserMessagesTest-1103785198 tempest-UserMessagesTest-1103785198-project] Volume info retrieved successfully.
Jun 17 14:30:54.964419 dv-cinder-796286-6-smb devstack@c-api.service[100118]: INFO cinder.api.openstack.wsgi [None req-5e6a3c63-e22f-4b5a-9f14-60fa44cdc72a tempest-UserMessagesTest-1103785198 tempest-UserMessagesTest-1103785198-project] http://10.222.0.86/volume/v3/bc367788f25d482db1f6875ba7b53c3f/volumes/078c5ec3-04dc-425a-8709-93dcbbf612b8 returned with HTTP 200
Jun 17 14:30:54.973178 dv-cinder-796286-6-smb devstack@c-api.service[100118]: [pid: 100118|app: 0|req: 100/192] 10.222.0.86 () {60 vars in 1365 bytes} [Thu Jun 17 14:30:54 2021] GET /volume/v3/bc367788f25d482db1f6875ba7b53c3f/volumes/078c5ec3-04dc-425a-8709-93dcbbf612b8 => generated 919 bytes in 110 msecs (HTTP/1.1 200) 7 headers in 285 bytes (1 switches on core 0)
Jun 17 14:30:55.718298 dv-cinder-796286-6-smb devstack@c-api.service[100119]: INFO cinder.api.openstack.wsgi [None req-97d08c43-e2c7-42b6-89bc-3f4dd507998a tempest-GroupSnapshotsTest-79330382 tempest-GroupSnapshotsTest-79330382-project] GET http://10.222.0.86/volume/v3/326ec992ac364b818a7ba19c61e52fa4/volumes/91431060-e2a1-4403-ace9-378bc554ecb9
Jun 17 14:30:55.719450 dv-cinder-796286-6-smb devstack@c-api.service[100119]: DEBUG cinder.api.openstack.wsgi [None req-97d08c43-e2c7-42b6-89bc-3f4dd507998a tempest-GroupSnapshotsTest-79330382 tempest-GroupSnapshotsTest-79330382-project] Empty body provided in request {{(pid=100119) get_body /opt/stack/cinder/cinder/api/openstack/wsgi.py:713}}
Jun 17 14:30:55.719845 dv-cinder-796286-6-smb devstack@c-api.service[100119]: /usr/local/lib/python3.8/dist-packages/webob/acceptparse.py:1047: DeprecationWarning: The behavior of AcceptValidHeader.best_match is currently being maintained for backward compatibility, but it will be deprecated in the future, as it does not conform to the RFC.
Jun 17 14:30:55.719845 dv-cinder-796286-6-smb devstack@c-api.service[100119]: warnings.warn(
Jun 17 14:30:55.720432 dv-cinder-796286-6-smb devstack@c-api.service[100119]: DEBUG cinder.api.openstack.wsgi [None req-97d08c43-e2c7-42b6-89bc-3f4dd507998a tempest-GroupSnapshotsTest-79330382 tempest-GroupSnapshotsTest-79330382-project] Calling method 'show' {{(pid=100119) _process_stack /opt/stack/cinder/cinder/api/openstack/wsgi.py:866}}
Jun 17 14:30:55.740607 dv-cinder-796286-6-smb devstack@c-api.service[100119]: INFO cinder.api.openstack.wsgi [None req-97d08c43-e2c7-42b6-89bc-3f4dd507998a tempest-GroupSnapshotsTest-79330382 tempest-GroupSnapshotsTest-79330382-project] http://10.222.0.86/volume/v3/326ec992ac364b818a7ba19c61e52fa4/volumes/91431060-e2a1-4403-ace9-378bc554ecb9 returned with HTTP 404
Jun 17 14:30:55.746292 dv-cinder-796286-6-smb devstack@c-api.service[100119]: [pid: 100119|app: 0|req: 93/193] 10.222.0.86 () {60 vars in 1366 bytes} [Thu Jun 17 14:30:55 2021] GET /volume/v3/326ec992ac364b818a7ba19c61e52fa4/volumes/91431060-e2a1-4403-ace9-378bc554ecb9 => generated 109 bytes in 32 msecs (HTTP/1.1 404) 7 headers in 293 bytes (1 switches on core 0)
Jun 17 14:30:55.759968 dv-cinder-796286-6-smb devstack@c-api.service[100118]: INFO cinder.api.openstack.wsgi [None req-541e735f-8fe2-4bd3-b4b2-b1169865ccdd tempest-GroupSnapshotsTest-79330382 tempest-GroupSnapshotsTest-79330382-project] GET http://10.222.0.86/volume/v3/326ec992ac364b818a7ba19c61e52fa4/volumes/dcaa97d2-2f0c-4c22-85c5-cb89cb3c189a
Jun 17 14:30:55.760595 dv-cinder-796286-6-smb devstack@c-api.service[100118]: DEBUG cinder.api.openstack.wsgi [None req-541e735f-8fe2-4bd3-b4b2-b1169865ccdd tempest-GroupSnapshotsTest-79330382 tempest-GroupSnapshotsTest-79330382-project] Empty body provided in request {{(pid=100118) get_body /opt/stack/cinder/cinder/api/openstack/wsgi.py:713}}
Jun 17 14:30:55.760691 dv-cinder-796286-6-smb devstack@c-api.service[100118]: /usr/local/lib/python3.8/dist-packages/webob/acceptparse.py:1047: DeprecationWarning: The behavior of AcceptValidHeader.best_match is currently being maintained for backward compatibility, but it will be deprecated in the future, as it does not conform to the RFC.
Jun 17 14:30:55.760691 dv-cinder-796286-6-smb devstack@c-api.service[100118]: warnings.warn(
Jun 17 14:30:55.761024 dv-cinder-796286-6-smb devstack@c-api.service[100118]: DEBUG cinder.api.openstack.wsgi [None req-541e735f-8fe2-4bd3-b4b2-b1169865ccdd tempest-GroupSnapshotsTest-79330382 tempest-GroupSnapshotsTest-79330382-project] Calling method 'show' {{(pid=100118) _process_stack /opt/stack/cinder/cinder/api/openstack/wsgi.py:866}}
Jun 17 14:30:55.787622 dv-cinder-796286-6-smb devstack@c-api.service[100118]: INFO cinder.api.openstack.wsgi [None req-541e735f-8fe2-4bd3-b4b2-b1169865ccdd tempest-GroupSnapshotsTest-79330382 tempest-GroupSnapshotsTest-79330382-project] http://10.222.0.86/volume/v3/326ec992ac364b818a7ba19c61e52fa4/volumes/dcaa97d2-2f0c-4c22-85c5-cb89cb3c189a returned with HTTP 404
Jun 17 14:30:55.796001 dv-cinder-796286-6-smb devstack@c-api.service[100118]: [pid: 100118|app: 0|req: 101/194] 10.222.0.86 () {60 vars in 1366 bytes} [Thu Jun 17 14:30:55 2021] GET /volume/v3/326ec992ac364b818a7ba19c61e52fa4/volumes/dcaa97d2-2f0c-4c22-85c5-cb89cb3c189a => generated 109 bytes in 35 msecs (HTTP/1.1 404) 7 headers in 293 bytes (1 switches on core 0)
Jun 17 14:30:55.800559 dv-cinder-796286-6-smb devstack@c-api.service[100119]: INFO cinder.api.openstack.wsgi [None req-558324bc-868c-44c7-b479-2ac6ee582a1b tempest-GroupSnapshotsTest-79330382 tempest-GroupSnapshotsTest-79330382-project] GET http://10.222.0.86/volume/v3/326ec992ac364b818a7ba19c61e52fa4/groups/21e7009d-e82b-44e7-8c19-7e89bbf16499
Jun 17 14:30:55.801393 dv-cinder-796286-6-smb devstack@c-api.service[100119]: DEBUG cinder.api.openstack.wsgi [None req-558324bc-868c-44c7-b479-2ac6ee582a1b tempest-GroupSnapshotsTest-79330382 tempest-GroupSnapshotsTest-79330382-project] Empty body provided in request {{(pid=100119) get_body /opt/stack/cinder/cinder/api/openstack/wsgi.py:713}}
Jun 17 14:30:55.802032 dv-cinder-796286-6-smb devstack@c-api.service[100119]: DEBUG cinder.api.openstack.wsgi [None req-558324bc-868c-44c7-b479-2ac6ee582a1b tempest-GroupSnapshotsTest-79330382 tempest-GroupSnapshotsTest-79330382-project] Calling method 'version_select' {{(pid=100119) _process_stack /opt/stack/cinder/cinder/api/openstack/wsgi.py:866}}
Jun 17 14:30:55.802396 dv-cinder-796286-6-smb devstack@c-api.service[100119]: DEBUG cinder.api.v3.groups [None req-558324bc-868c-44c7-b479-2ac6ee582a1b tempest-GroupSnapshotsTest-79330382 tempest-GroupSnapshotsTest-79330382-project] show called for member 21e7009d-e82b-44e7-8c19-7e89bbf16499 {{(pid=100119) show /opt/stack/cinder/cinder/api/v3/groups.py:58}}
Jun 17 14:30:55.817687 dv-cinder-796286-6-smb devstack@c-api.service[100119]: /usr/local/lib/python3.8/dist-packages/oslo_context/context.py:105: DeprecationWarning: Policy enforcement is depending on the value of is_admin. This key is deprecated. Please update your policy file to use the standard policy values.
Jun 17 14:30:55.817687 dv-cinder-796286-6-smb devstack@c-api.service[100119]: warnings.warn('Policy enforcement is depending on the value of '
Jun 17 14:30:55.850092 dv-cinder-796286-6-smb devstack@c-api.service[100119]: INFO cinder.api.openstack.wsgi [None req-558324bc-868c-44c7-b479-2ac6ee582a1b tempest-GroupSnapshotsTest-79330382 tempest-GroupSnapshotsTest-79330382-project] http://10.222.0.86/volume/v3/326ec992ac364b818a7ba19c61e52fa4/groups/21e7009d-e82b-44e7-8c19-7e89bbf16499 returned with HTTP 200
Jun 17 14:30:55.855665 dv-cinder-796286-6-smb devstack@c-api.service[100119]: [pid: 100119|app: 0|req: 94/195] 10.222.0.86 () {60 vars in 1363 bytes} [Thu Jun 17 14:30:55 2021] GET /volume/v3/326ec992ac364b818a7ba19c61e52fa4/groups/21e7009d-e82b-44e7-8c19-7e89bbf16499 => generated 391 bytes in 54 msecs (HTTP/1.1 200) 7 headers in 286 bytes (2 switches on core 0)
Jun 17 14:30:55.982969 dv-cinder-796286-6-smb devstack@c-api.service[100118]: INFO cinder.api.openstack.wsgi [None req-de3aca6f-59a3-4d03-ac0d-c2ac10f8af43 tempest-UserMessagesTest-1103785198 tempest-UserMessagesTest-1103785198-project] GET http://10.222.0.86/volume/v3/bc367788f25d482db1f6875ba7b53c3f/volumes/078c5ec3-04dc-425a-8709-93dcbbf612b8
Jun 17 14:30:55.983859 dv-cinder-796286-6-smb devstack@c-api.service[100118]: DEBUG cinder.api.openstack.wsgi [None req-de3aca6f-59a3-4d03-ac0d-c2ac10f8af43 tempest-UserMessagesTest-1103785198 tempest-UserMessagesTest-1103785198-project] Empty body provided in request {{(pid=100118) get_body /opt/stack/cinder/cinder/api/openstack/wsgi.py:713}}
Jun 17 14:30:55.984645 dv-cinder-796286-6-smb devstack@c-api.service[100118]: DEBUG cinder.api.openstack.wsgi [None req-de3aca6f-59a3-4d03-ac0d-c2ac10f8af43 tempest-UserMessagesTest-1103785198 tempest-UserMessagesTest-1103785198-project] Calling method 'show' {{(pid=100118) _process_stack /opt/stack/cinder/cinder/api/openstack/wsgi.py:866}}
Jun 17 14:30:56.009295 dv-cinder-796286-6-smb devstack@c-api.service[100118]: /usr/local/lib/python3.8/dist-packages/oslo_context/context.py:105: DeprecationWarning: Policy enforcement is depending on the value of is_admin. This key is deprecated. Please update your policy file to use the standard policy values.
Jun 17 14:30:56.009295 dv-cinder-796286-6-smb devstack@c-api.service[100118]: warnings.warn('Policy enforcement is depending on the value of '
Jun 17 14:30:56.039125 dv-cinder-796286-6-smb devstack@c-api.service[100118]: INFO cinder.volume.api [None req-de3aca6f-59a3-4d03-ac0d-c2ac10f8af43 tempest-UserMessagesTest-1103785198 tempest-UserMessagesTest-1103785198-project] Volume info retrieved successfully.
Jun 17 14:30:56.082667 dv-cinder-796286-6-smb devstack@c-api.service[100118]: INFO cinder.api.openstack.wsgi [None req-de3aca6f-59a3-4d03-ac0d-c2ac10f8af43 tempest-UserMessagesTest-1103785198 tempest-UserMessagesTest-1103785198-project] http://10.222.0.86/volume/v3/bc367788f25d482db1f6875ba7b53c3f/volumes/078c5ec3-04dc-425a-8709-93dcbbf612b8 returned with HTTP 200
Jun 17 14:30:56.084911 dv-cinder-796286-6-smb devstack@c-api.service[100118]: [pid: 100118|app: 0|req: 102/196] 10.222.0.86 () {60 vars in 1365 bytes} [Thu Jun 17 14:30:55 2021] GET /volume/v3/bc367788f25d482db1f6875ba7b53c3f/volumes/078c5ec3-04dc-425a-8709-93dcbbf612b8 => generated 940 bytes in 107 msecs (HTTP/1.1 200) 7 headers in 285 bytes (2 switches on core 0)
Jun 17 14:30:56.100670 dv-cinder-796286-6-smb devstack@c-api.service[100119]: INFO cinder.api.openstack.wsgi [None req-c2b15dfb-9f7e-485a-bdff-f31f1bcf471f tempest-UserMessagesTest-1103785198 tempest-UserMessagesTest-1103785198-project] GET http://10.222.0.86/volume/v3/bc367788f25d482db1f6875ba7b53c3f/messages
Jun 17 14:30:56.101832 dv-cinder-796286-6-smb devstack@c-api.service[100119]: DEBUG cinder.api.openstack.wsgi [None req-c2b15dfb-9f7e-485a-bdff-f31f1bcf471f tempest-UserMessagesTest-1103785198 tempest-UserMessagesTest-1103785198-project] Empty body provided in request {{(pid=100119) get_body /opt/stack/cinder/cinder/api/openstack/wsgi.py:713}}
Jun 17 14:30:56.102218 dv-cinder-796286-6-smb devstack@c-api.service[100119]: /usr/local/lib/python3.8/dist-packages/webob/acceptparse.py:1047: DeprecationWarning: The behavior of AcceptValidHeader.best_match is currently being maintained for backward compatibility, but it will be deprecated in the future, as it does not conform to the RFC.
Jun 17 14:30:56.102218 dv-cinder-796286-6-smb devstack@c-api.service[100119]: warnings.warn(
Jun 17 14:30:56.102884 dv-cinder-796286-6-smb devstack@c-api.service[100119]: DEBUG cinder.api.openstack.wsgi [None req-c2b15dfb-9f7e-485a-bdff-f31f1bcf471f tempest-UserMessagesTest-1103785198 tempest-UserMessagesTest-1103785198-project] Calling method 'version_select' {{(pid=100119) _process_stack /opt/stack/cinder/cinder/api/openstack/wsgi.py:866}}
Jun 17 14:30:56.104028 dv-cinder-796286-6-smb devstack@c-api.service[100119]: /usr/local/lib/python3.8/dist-packages/oslo_context/context.py:105: DeprecationWarning: Policy enforcement is depending on the value of is_admin. This key is deprecated. Please update your policy file to use the standard policy values.
Jun 17 14:30:56.104028 dv-cinder-796286-6-smb devstack@c-api.service[100119]: warnings.warn('Policy enforcement is depending on the value of '
Jun 17 14:30:56.113838 dv-cinder-796286-6-smb devstack@c-api.service[100119]: INFO cinder.api.openstack.wsgi [None req-c2b15dfb-9f7e-485a-bdff-f31f1bcf471f tempest-UserMessagesTest-1103785198 tempest-UserMessagesTest-1103785198-project] http://10.222.0.86/volume/v3/bc367788f25d482db1f6875ba7b53c3f/messages returned with HTTP 200
Jun 17 14:30:56.117053 dv-cinder-796286-6-smb devstack@c-api.service[100119]: [pid: 100119|app: 0|req: 95/197] 10.222.0.86 () {60 vars in 1257 bytes} [Thu Jun 17 14:30:56 2021] GET /volume/v3/bc367788f25d482db1f6875ba7b53c3f/messages => generated 736 bytes in 20 msecs (HTTP/1.1 200) 7 headers in 285 bytes (1 switches on core 0)
Jun 17 14:30:56.138309 dv-cinder-796286-6-smb devstack@c-api.service[100118]: INFO cinder.api.openstack.wsgi [None req-3586fafc-51bc-4f40-9588-d2add0b316dd tempest-UserMessagesTest-1103785198 tempest-UserMessagesTest-1103785198-project] GET http://10.222.0.86/volume/v3/bc367788f25d482db1f6875ba7b53c3f/messages/166d7936-d5dc-4bff-8919-ba233947a8e1
Jun 17 14:30:56.139702 dv-cinder-796286-6-smb devstack@c-api.service[100118]: DEBUG cinder.api.openstack.wsgi [None req-3586fafc-51bc-4f40-9588-d2add0b316dd tempest-UserMessagesTest-1103785198 tempest-UserMessagesTest-1103785198-project] Empty body provided in request {{(pid=100118) get_body /opt/stack/cinder/cinder/api/openstack/wsgi.py:713}}
Jun 17 14:30:56.140072 dv-cinder-796286-6-smb devstack@c-api.service[100118]: /usr/local/lib/python3.8/dist-packages/webob/acceptparse.py:1047: DeprecationWarning: The behavior of AcceptValidHeader.best_match is currently being maintained for backward compatibility, but it will be deprecated in the future, as it does not conform to the RFC.
Jun 17 14:30:56.140072 dv-cinder-796286-6-smb devstack@c-api.service[100118]: warnings.warn(
Jun 17 14:30:56.140774 dv-cinder-796286-6-smb devstack@c-api.service[100118]: DEBUG cinder.api.openstack.wsgi [None req-3586fafc-51bc-4f40-9588-d2add0b316dd tempest-UserMessagesTest-1103785198 tempest-UserMessagesTest-1103785198-project] Calling method 'version_select' {{(pid=100118) _process_stack /opt/stack/cinder/cinder/api/openstack/wsgi.py:866}}
Jun 17 14:30:56.148783 dv-cinder-796286-6-smb devstack@c-api.service[100118]: INFO cinder.api.openstack.wsgi [None req-3586fafc-51bc-4f40-9588-d2add0b316dd tempest-UserMessagesTest-1103785198 tempest-UserMessagesTest-1103785198-project] http://10.222.0.86/volume/v3/bc367788f25d482db1f6875ba7b53c3f/messages/166d7936-d5dc-4bff-8919-ba233947a8e1 returned with HTTP 200
Jun 17 14:30:56.156222 dv-cinder-796286-6-smb devstack@c-api.service[100118]: [pid: 100118|app: 0|req: 103/198] 10.222.0.86 () {60 vars in 1368 bytes} [Thu Jun 17 14:30:56 2021] GET /volume/v3/bc367788f25d482db1f6875ba7b53c3f/messages/166d7936-d5dc-4bff-8919-ba233947a8e1 => generated 733 bytes in 23 msecs (HTTP/1.1 200) 7 headers in 285 bytes (1 switches on core 0)
Jun 17 14:30:56.159334 dv-cinder-796286-6-smb devstack@c-api.service[100119]: INFO cinder.api.openstack.wsgi [None req-5faf54af-851d-4aa7-bce4-192cfb8c0dba tempest-UserMessagesTest-1103785198 tempest-UserMessagesTest-1103785198-project] GET http://10.222.0.86/volume/v3/bc367788f25d482db1f6875ba7b53c3f/messages
Jun 17 14:30:56.159847 dv-cinder-796286-6-smb devstack@c-api.service[100119]: DEBUG cinder.api.openstack.wsgi [None req-5faf54af-851d-4aa7-bce4-192cfb8c0dba tempest-UserMessagesTest-1103785198 tempest-UserMessagesTest-1103785198-project] Empty body provided in request {{(pid=100119) get_body /opt/stack/cinder/cinder/api/openstack/wsgi.py:713}}
Jun 17 14:30:56.162294 dv-cinder-796286-6-smb devstack@c-api.service[100119]: DEBUG cinder.api.openstack.wsgi [None req-5faf54af-851d-4aa7-bce4-192cfb8c0dba tempest-UserMessagesTest-1103785198 tempest-UserMessagesTest-1103785198-project] Calling method 'version_select' {{(pid=100119) _process_stack /opt/stack/cinder/cinder/api/openstack/wsgi.py:866}}
Jun 17 14:30:56.170739 dv-cinder-796286-6-smb devstack@c-api.service[100119]: INFO cinder.api.openstack.wsgi [None req-5faf54af-851d-4aa7-bce4-192cfb8c0dba tempest-UserMessagesTest-1103785198 tempest-UserMessagesTest-1103785198-project] http://10.222.0.86/volume/v3/bc367788f25d482db1f6875ba7b53c3f/messages returned with HTTP 200
Jun 17 14:30:56.174089 dv-cinder-796286-6-smb devstack@c-api.service[100119]: [pid: 100119|app: 0|req: 96/199] 10.222.0.86 () {60 vars in 1257 bytes} [Thu Jun 17 14:30:56 2021] GET /volume/v3/bc367788f25d482db1f6875ba7b53c3f/messages => generated 736 bytes in 19 msecs (HTTP/1.1 200) 7 headers in 285 bytes (1 switches on core 0)
Jun 17 14:30:56.185031 dv-cinder-796286-6-smb devstack@c-api.service[100118]: INFO cinder.api.openstack.wsgi [None req-6ee21116-f14b-4d16-b84d-1dd8049d290a tempest-UserMessagesTest-1103785198 tempest-UserMessagesTest-1103785198-project] DELETE http://10.222.0.86/volume/v3/bc367788f25d482db1f6875ba7b53c3f/messages/166d7936-d5dc-4bff-8919-ba233947a8e1
Jun 17 14:30:56.185596 dv-cinder-796286-6-smb devstack@c-api.service[100118]: DEBUG cinder.api.openstack.wsgi [None req-6ee21116-f14b-4d16-b84d-1dd8049d290a tempest-UserMessagesTest-1103785198 tempest-UserMessagesTest-1103785198-project] Empty body provided in request {{(pid=100118) get_body /opt/stack/cinder/cinder/api/openstack/wsgi.py:713}}
Jun 17 14:30:56.186086 dv-cinder-796286-6-smb devstack@c-api.service[100118]: DEBUG cinder.api.openstack.wsgi [None req-6ee21116-f14b-4d16-b84d-1dd8049d290a tempest-UserMessagesTest-1103785198 tempest-UserMessagesTest-1103785198-project] Calling method 'version_select' {{(pid=100118) _process_stack /opt/stack/cinder/cinder/api/openstack/wsgi.py:866}}
Jun 17 14:30:56.375599 dv-cinder-796286-6-smb devstack@c-api.service[100118]: INFO cinder.api.openstack.wsgi [None req-6ee21116-f14b-4d16-b84d-1dd8049d290a tempest-UserMessagesTest-1103785198 tempest-UserMessagesTest-1103785198-project] http://10.222.0.86/volume/v3/bc367788f25d482db1f6875ba7b53c3f/messages/166d7936-d5dc-4bff-8919-ba233947a8e1 returned with HTTP 204
Jun 17 14:30:56.378940 dv-cinder-796286-6-smb devstack@c-api.service[100118]: [pid: 100118|app: 0|req: 104/200] 10.222.0.86 () {60 vars in 1371 bytes} [Thu Jun 17 14:30:56 2021] DELETE /volume/v3/bc367788f25d482db1f6875ba7b53c3f/messages/166d7936-d5dc-4bff-8919-ba233947a8e1 => generated 0 bytes in 199 msecs (HTTP/1.1 204) 6 headers in 235 bytes (1 switches on core 0)
Jun 17 14:30:56.396366 dv-cinder-796286-6-smb devstack@c-api.service[100119]: INFO cinder.api.openstack.wsgi [None req-5e044888-4d67-40de-9726-e0958d2c4dd2 tempest-UserMessagesTest-1103785198 tempest-UserMessagesTest-1103785198-project] DELETE http://10.222.0.86/volume/v3/bc367788f25d482db1f6875ba7b53c3f/volumes/078c5ec3-04dc-425a-8709-93dcbbf612b8
Jun 17 14:30:56.397260 dv-cinder-796286-6-smb devstack@c-api.service[100119]: DEBUG cinder.api.openstack.wsgi [None req-5e044888-4d67-40de-9726-e0958d2c4dd2 tempest-UserMessagesTest-1103785198 tempest-UserMessagesTest-1103785198-project] Empty body provided in request {{(pid=100119) get_body /opt/stack/cinder/cinder/api/openstack/wsgi.py:713}}
Jun 17 14:30:56.398736 dv-cinder-796286-6-smb devstack@c-api.service[100119]: DEBUG cinder.api.openstack.wsgi [None req-5e044888-4d67-40de-9726-e0958d2c4dd2 tempest-UserMessagesTest-1103785198 tempest-UserMessagesTest-1103785198-project] Calling method 'delete' {{(pid=100119) _process_stack /opt/stack/cinder/cinder/api/openstack/wsgi.py:866}}
Jun 17 14:30:56.400274 dv-cinder-796286-6-smb devstack@c-api.service[100119]: INFO cinder.api.v3.volumes [None req-5e044888-4d67-40de-9726-e0958d2c4dd2 tempest-UserMessagesTest-1103785198 tempest-UserMessagesTest-1103785198-project] Delete volume with id: 078c5ec3-04dc-425a-8709-93dcbbf612b8
Jun 17 14:30:56.436030 dv-cinder-796286-6-smb devstack@c-api.service[100119]: /usr/local/lib/python3.8/dist-packages/oslo_context/context.py:105: DeprecationWarning: Policy enforcement is depending on the value of is_admin. This key is deprecated. Please update your policy file to use the standard policy values.
Jun 17 14:30:56.436030 dv-cinder-796286-6-smb devstack@c-api.service[100119]: warnings.warn('Policy enforcement is depending on the value of '
Jun 17 14:30:56.439812 dv-cinder-796286-6-smb devstack@c-api.service[100119]: INFO cinder.volume.api [None req-5e044888-4d67-40de-9726-e0958d2c4dd2 tempest-UserMessagesTest-1103785198 tempest-UserMessagesTest-1103785198-project] Volume info retrieved successfully.
Jun 17 14:30:56.449600 dv-cinder-796286-6-smb devstack@c-api.service[100119]: DEBUG cinder.volume.api [None req-5e044888-4d67-40de-9726-e0958d2c4dd2 tempest-UserMessagesTest-1103785198 tempest-UserMessagesTest-1103785198-project] Decrease volume quotas only if status is not error_managing. {{(pid=100119) delete /opt/stack/cinder/cinder/volume/api.py:406}}
Jun 17 14:30:56.502763 dv-cinder-796286-6-smb devstack@c-api.service[100118]: INFO cinder.api.openstack.wsgi [None req-c31599f7-992c-43cf-8a0e-f002bc3b1d4e tempest-DeleteServersTestJSON-923107255 tempest-DeleteServersTestJSON-923107255-project] POST http://10.222.0.86/volume/v3/c5ee367a2b464762a0daffd2dcf1cc80/volumes
Jun 17 14:30:56.504546 dv-cinder-796286-6-smb devstack@c-api.service[100118]: DEBUG cinder.api.openstack.wsgi [None req-c31599f7-992c-43cf-8a0e-f002bc3b1d4e tempest-DeleteServersTestJSON-923107255 tempest-DeleteServersTestJSON-923107255-project] Action: 'create', calling method: create, body: {"volume": {"size": 1, "display_name": "tempest-DeleteServersTestJSON-volume-678786635"}} {{(pid=100118) _process_stack /opt/stack/cinder/cinder/api/openstack/wsgi.py:864}}
Jun 17 14:30:56.506127 dv-cinder-796286-6-smb devstack@c-api.service[100118]: DEBUG cinder.api.v3.volumes [None req-c31599f7-992c-43cf-8a0e-f002bc3b1d4e tempest-DeleteServersTestJSON-923107255 tempest-DeleteServersTestJSON-923107255-project] Create volume request body: {'volume': {'size': 1, 'display_name': 'tempest-DeleteServersTestJSON-volume-678786635'}} {{(pid=100118) create /opt/stack/cinder/cinder/api/v3/volumes.py:289}}
Jun 17 14:30:56.506590 dv-cinder-796286-6-smb devstack@c-api.service[100118]: INFO cinder.api.v3.volumes [None req-c31599f7-992c-43cf-8a0e-f002bc3b1d4e tempest-DeleteServersTestJSON-923107255 tempest-DeleteServersTestJSON-923107255-project] Create volume of 1 GB
Jun 17 14:30:56.520537 dv-cinder-796286-6-smb devstack@c-api.service[100118]: INFO cinder.volume.api [None req-c31599f7-992c-43cf-8a0e-f002bc3b1d4e tempest-DeleteServersTestJSON-923107255 tempest-DeleteServersTestJSON-923107255-project] Availability Zones retrieved successfully.
Jun 17 14:30:56.557586 dv-cinder-796286-6-smb devstack@c-api.service[100118]: DEBUG cinder.volume.api [None req-c31599f7-992c-43cf-8a0e-f002bc3b1d4e tempest-DeleteServersTestJSON-923107255 tempest-DeleteServersTestJSON-923107255-project] Flow 'volume_create_api' (fe8468d5-2824-4895-ba07-018c1d928f85) transitioned into state 'RUNNING' from state 'PENDING' {{(pid=100118) _flow_receiver /usr/local/lib/python3.8/dist-packages/taskflow/listeners/logging.py:141}}
Jun 17 14:30:56.575215 dv-cinder-796286-6-smb devstack@c-api.service[100118]: DEBUG cinder.volume.api [None req-c31599f7-992c-43cf-8a0e-f002bc3b1d4e tempest-DeleteServersTestJSON-923107255 tempest-DeleteServersTestJSON-923107255-project] Task 'cinder.volume.flows.api.create_volume.ExtractVolumeRequestTask;volume:create' (d7709706-a0c3-464f-8f09-a2672cc3293b) transitioned into state 'RUNNING' from state 'PENDING' {{(pid=100118) _task_receiver /usr/local/lib/python3.8/dist-packages/taskflow/listeners/logging.py:190}}
