Jun 15 14:31:16.380875 dv-cinder-796286-3-smb neutron-server[92288]: DEBUG neutron_lib.callbacks.manager [None req-6badaaf2-b6e9-4fd7-a5e9-cfad897a9b74 admin admin] Notify callbacks [] for security_group, before_response {{(pid=92288) _notify_loop /usr/local/lib/python3.8/dist-packages/neutron_lib/callbacks/manager.py:192}}
Jun 15 14:31:16.384302 dv-cinder-796286-3-smb neutron-server[92288]: INFO neutron.wsgi [None req-6badaaf2-b6e9-4fd7-a5e9-cfad897a9b74 admin admin] 10.222.0.22 "DELETE /v2.0/security-groups/0935273e-0244-45b5-a335-e249e79dce7c HTTP/1.1" status: 204 len: 168 time: 0.3721654
Jun 15 14:31:16.385647 dv-cinder-796286-3-smb neutron-server[92288]: DEBUG oslo_concurrency.lockutils [-] Lock "event-dispatch" acquired by "neutron.plugins.ml2.ovo_rpc._ObjectChangeHandler.dispatch_events" :: waited 0.000s {{(pid=92288) inner /usr/local/lib/python3.8/dist-packages/oslo_concurrency/lockutils.py:355}}
Jun 15 14:31:16.419159 dv-cinder-796286-3-smb neutron-server[92288]: DEBUG neutron.api.rpc.handlers.resources_rpc [None req-6badaaf2-b6e9-4fd7-a5e9-cfad897a9b74 admin admin] Pushing event deleted for resources: {'SecurityGroup': ['ID=0935273e-0244-45b5-a335-e249e79dce7c,revision_number=None']} {{(pid=92288) push /opt/stack/neutron/neutron/api/rpc/handlers/resources_rpc.py:237}}
Jun 15 14:31:16.425206 dv-cinder-796286-3-smb neutron-server[92288]: DEBUG oslo_concurrency.lockutils [None req-6badaaf2-b6e9-4fd7-a5e9-cfad897a9b74 admin admin] Lock "event-dispatch" released by "neutron.plugins.ml2.ovo_rpc._ObjectChangeHandler.dispatch_events" :: held 0.039s {{(pid=92288) inner /usr/local/lib/python3.8/dist-packages/oslo_concurrency/lockutils.py:367}}
Jun 15 14:31:16.460101 dv-cinder-796286-3-smb neutron-server[92289]: DEBUG neutron.api.rpc.handlers.resources_rpc [None req-35a91bfe-7c20-476b-8b00-9fa51c45b3d0 None None] Pushing event updated for resources: {'Port': ['ID=d78c255d-ffc0-4d77-baa5-fe1297edfb44,revision_number=4']} {{(pid=92289) push /opt/stack/neutron/neutron/api/rpc/handlers/resources_rpc.py:237}}
Jun 15 14:31:16.465434 dv-cinder-796286-3-smb neutron-server[92289]: DEBUG oslo_concurrency.lockutils [None req-35a91bfe-7c20-476b-8b00-9fa51c45b3d0 None None] Lock "event-dispatch" released by "neutron.plugins.ml2.ovo_rpc._ObjectChangeHandler.dispatch_events" :: held 0.118s {{(pid=92289) inner /usr/local/lib/python3.8/dist-packages/oslo_concurrency/lockutils.py:367}}
Jun 15 14:31:16.493469 dv-cinder-796286-3-smb neutron-server[92288]: DEBUG neutron.pecan_wsgi.hooks.policy_enforcement [req-438278b1-8090-4c4d-8f72-092057b06a32 req-14d95bf5-8b96-46c9-a016-3d71bceb8a77 tempest-AttachVolumeNegativeTest-1540136767 tempest-AttachVolumeNegativeTest-1540136767-project] Attributes excluded by policy engine: ['standard_attr_id', 'binding:profile', 'binding:host_id', 'binding:vif_type', 'binding:vif_details'] {{(pid=92288) _exclude_attributes_by_policy /opt/stack/neutron/neutron/pecan_wsgi/hooks/policy_enforcement.py:255}}
Jun 15 14:31:16.495312 dv-cinder-796286-3-smb neutron-server[92288]: INFO neutron.wsgi [req-438278b1-8090-4c4d-8f72-092057b06a32 req-14d95bf5-8b96-46c9-a016-3d71bceb8a77 tempest-AttachVolumeNegativeTest-1540136767 tempest-AttachVolumeNegativeTest-1540136767-project] 10.222.0.22 "GET /v2.0/ports?device_id=e6a9313c-4e68-4587-8a54-8bd0c8e00fe2 HTTP/1.1" status: 200 len: 943 time: 0.1652279
Jun 15 14:31:16.547098 dv-cinder-796286-3-smb neutron-server[92288]: INFO neutron.wsgi [req-438278b1-8090-4c4d-8f72-092057b06a32 req-f5a54ddf-aef6-46d8-ad8a-74e762f3d1cf tempest-AttachVolumeNegativeTest-1540136767 tempest-AttachVolumeNegativeTest-1540136767-project] 10.222.0.22 "GET /v2.0/security-groups?id=5188d6ce-ec33-43b5-8bae-a661c7b81482&fields=id&fields=name HTTP/1.1" status: 200 len: 286 time: 0.0451360
Jun 15 14:31:16.887718 dv-cinder-796286-3-smb neutron-server[92289]: DEBUG neutron.plugins.ml2.db [None req-35a91bfe-7c20-476b-8b00-9fa51c45b3d0 None None] get_ports_and_sgs() called for port_ids ['d78c255d-ffc0-4d77-baa5-fe1297edfb44'] {{(pid=92289) get_ports_and_sgs /opt/stack/neutron/neutron/plugins/ml2/db.py:164}}
Jun 15 14:31:17.861274 dv-cinder-796286-3-smb neutron-server[92288]: DEBUG neutron.pecan_wsgi.hooks.policy_enforcement [req-65a7a2c8-45c8-4a4d-9381-9c78688d7ad4 req-4da7c5bb-9f43-48df-8477-f4536802e205 tempest-AttachVolumeNegativeTest-1540136767 tempest-AttachVolumeNegativeTest-1540136767-project] Attributes excluded by policy engine: ['standard_attr_id', 'binding:profile', 'binding:host_id', 'binding:vif_type', 'binding:vif_details'] {{(pid=92288) _exclude_attributes_by_policy /opt/stack/neutron/neutron/pecan_wsgi/hooks/policy_enforcement.py:255}}
Jun 15 14:31:17.862999 dv-cinder-796286-3-smb neutron-server[92288]: INFO neutron.wsgi [req-65a7a2c8-45c8-4a4d-9381-9c78688d7ad4 req-4da7c5bb-9f43-48df-8477-f4536802e205 tempest-AttachVolumeNegativeTest-1540136767 tempest-AttachVolumeNegativeTest-1540136767-project] 10.222.0.22 "GET /v2.0/ports?device_id=e6a9313c-4e68-4587-8a54-8bd0c8e00fe2 HTTP/1.1" status: 200 len: 944 time: 0.1206188
Jun 15 14:31:17.933243 dv-cinder-796286-3-smb neutron-server[92288]: INFO neutron.wsgi [req-65a7a2c8-45c8-4a4d-9381-9c78688d7ad4 req-9005bebb-c453-4980-8d4b-27d5c70fc878 tempest-AttachVolumeNegativeTest-1540136767 tempest-AttachVolumeNegativeTest-1540136767-project] 10.222.0.22 "GET /v2.0/security-groups?id=5188d6ce-ec33-43b5-8bae-a661c7b81482&fields=id&fields=name HTTP/1.1" status: 200 len: 286 time: 0.0627468
Jun 15 14:31:18.395133 dv-cinder-796286-3-smb neutron-server[92288]: DEBUG neutron.pecan_wsgi.hooks.policy_enforcement [req-103884d6-342b-442a-a0c7-a5db28ba6d82 req-5d31a3bc-4459-4650-ba60-140e5a481560 tempest-ServerRescueNegativeTestJSON-1441370915 tempest-ServerRescueNegativeTestJSON-1441370915-project] Attributes excluded by policy engine: ['standard_attr_id', 'binding:profile', 'binding:host_id', 'binding:vif_type', 'binding:vif_details'] {{(pid=92288) _exclude_attributes_by_policy /opt/stack/neutron/neutron/pecan_wsgi/hooks/policy_enforcement.py:255}}
Jun 15 14:31:18.396744 dv-cinder-796286-3-smb neutron-server[92288]: INFO neutron.wsgi [req-103884d6-342b-442a-a0c7-a5db28ba6d82 req-5d31a3bc-4459-4650-ba60-140e5a481560 tempest-ServerRescueNegativeTestJSON-1441370915 tempest-ServerRescueNegativeTestJSON-1441370915-project] 10.222.0.22 "GET /v2.0/ports?device_id=df88ded0-6ad2-4e4a-a2f3-f794a960d9ce HTTP/1.1" status: 200 len: 945 time: 0.1313221
Jun 15 14:31:18.400063 dv-cinder-796286-3-smb neutron-server[92288]: DEBUG neutron.pecan_wsgi.hooks.policy_enforcement [req-305ca2c5-ee3f-47ef-a612-1e9047e806ca req-8dc657f8-d99f-4163-8aec-4f2470c726c4 service neutron] Attributes excluded by policy engine: ['standard_attr_id'] {{(pid=92288) _exclude_attributes_by_policy /opt/stack/neutron/neutron/pecan_wsgi/hooks/policy_enforcement.py:255}}
Jun 15 14:31:18.400280 dv-cinder-796286-3-smb neutron-server[92288]: INFO neutron.wsgi [req-305ca2c5-ee3f-47ef-a612-1e9047e806ca req-8dc657f8-d99f-4163-8aec-4f2470c726c4 service neutron] 10.222.0.45 "GET /v2.0/ports?tenant_id=b1df2f5647b54a7d9cb901f10ff67d57&device_id=df88ded0-6ad2-4e4a-a2f3-f794a960d9ce HTTP/1.1" status: 200 len: 1098 time: 0.1230896
Jun 15 14:31:18.525692 dv-cinder-796286-3-smb neutron-server[92288]: INFO neutron.wsgi [req-103884d6-342b-442a-a0c7-a5db28ba6d82 req-0e4e1964-cb8d-4972-83cf-1dd4efdb0efd tempest-ServerRescueNegativeTestJSON-1441370915 tempest-ServerRescueNegativeTestJSON-1441370915-project] 10.222.0.22 "GET /v2.0/security-groups?id=6f7041ae-c08d-489d-92fa-eece98ec0e94&fields=id&fields=name HTTP/1.1" status: 200 len: 286 time: 0.1209042
Jun 15 14:31:18.572088 dv-cinder-796286-3-smb neutron-server[92288]: DEBUG neutron.pecan_wsgi.hooks.policy_enforcement [req-305ca2c5-ee3f-47ef-a612-1e9047e806ca req-04fa1f74-143c-4a70-a20c-a4e750110a12 service neutron] Attributes excluded by policy engine: ['standard_attr_id', 'vlan_transparent'] {{(pid=92288) _exclude_attributes_by_policy /opt/stack/neutron/neutron/pecan_wsgi/hooks/policy_enforcement.py:255}}
Jun 15 14:31:18.573808 dv-cinder-796286-3-smb neutron-server[92288]: INFO neutron.wsgi [req-305ca2c5-ee3f-47ef-a612-1e9047e806ca req-04fa1f74-143c-4a70-a20c-a4e750110a12 service neutron] 10.222.0.45 "GET /v2.0/networks?id=43342815-6762-4438-b9a1-4b70885d1710 HTTP/1.1" status: 200 len: 919 time: 0.1618550
Jun 15 14:31:18.633542 dv-cinder-796286-3-smb neutron-server[92288]: INFO neutron.wsgi [req-305ca2c5-ee3f-47ef-a612-1e9047e806ca req-1b752333-9604-4fa2-a048-9988a5feba1e service neutron] 10.222.0.45 "GET /v2.0/floatingips?fixed_ip_address=172.20.0.2&port_id=5feb99ad-1def-4f9f-8899-b622d0c994d6 HTTP/1.1" status: 200 len: 217 time: 0.0520198
Jun 15 14:31:18.710872 dv-cinder-796286-3-smb neutron-server[92288]: DEBUG neutron.pecan_wsgi.hooks.policy_enforcement [req-305ca2c5-ee3f-47ef-a612-1e9047e806ca req-95142541-4d92-45a8-9746-a2fa18f293ef service neutron] Attributes excluded by policy engine: ['standard_attr_id', 'shared'] {{(pid=92288) _exclude_attributes_by_policy /opt/stack/neutron/neutron/pecan_wsgi/hooks/policy_enforcement.py:255}}
Jun 15 14:31:18.712711 dv-cinder-796286-3-smb neutron-server[92288]: INFO neutron.wsgi [req-305ca2c5-ee3f-47ef-a612-1e9047e806ca req-95142541-4d92-45a8-9746-a2fa18f293ef service neutron] 10.222.0.45 "GET /v2.0/subnets?id=8da61677-3add-4c47-9772-b76c56b3c144 HTTP/1.1" status: 200 len: 858 time: 0.0720196
Jun 15 14:31:18.770083 dv-cinder-796286-3-smb neutron-server[92288]: INFO neutron.wsgi [req-305ca2c5-ee3f-47ef-a612-1e9047e806ca req-3011f081-9c2d-432b-8dd5-0c02ed65d485 service neutron] 10.222.0.45 "GET /v2.0/ports?network_id=43342815-6762-4438-b9a1-4b70885d1710&device_owner=network%3Adhcp HTTP/1.1" status: 200 len: 210 time: 0.0481200
Jun 15 14:31:18.908412 dv-cinder-796286-3-smb neutron-server[92288]: INFO neutron.wsgi [req-305ca2c5-ee3f-47ef-a612-1e9047e806ca req-3f98ffe6-30b1-4c46-ade5-385c048c4916 service neutron] 10.222.0.45 "GET /v2.0/networks/43342815-6762-4438-b9a1-4b70885d1710?fields=segments HTTP/1.1" status: 200 len: 212 time: 0.1311080
Jun 15 14:31:19.070641 dv-cinder-796286-3-smb neutron-server[92288]: INFO neutron.wsgi [req-305ca2c5-ee3f-47ef-a612-1e9047e806ca req-64dc7cc9-81c5-4da7-ab65-e52e9821a8f9 service neutron] 10.222.0.45 "GET /v2.0/networks/43342815-6762-4438-b9a1-4b70885d1710?fields=provider%3Aphysical_network&fields=provider%3Anetwork_type HTTP/1.1" status: 200 len: 281 time: 0.1534142
Jun 15 14:31:19.276537 dv-cinder-796286-3-smb neutron-server[92288]: DEBUG neutron.pecan_wsgi.hooks.policy_enforcement [req-e1ef80c4-3f96-4b6c-ad63-e4efd1639225 req-2438e019-3a03-49e8-b663-7e865f604a8d tempest-AttachVolumeNegativeTest-1540136767 tempest-AttachVolumeNegativeTest-1540136767-project] Attributes excluded by policy engine: ['standard_attr_id', 'binding:profile', 'binding:host_id', 'binding:vif_type', 'binding:vif_details'] {{(pid=92288) _exclude_attributes_by_policy /opt/stack/neutron/neutron/pecan_wsgi/hooks/policy_enforcement.py:255}}
Jun 15 14:31:19.276537 dv-cinder-796286-3-smb neutron-server[92288]: INFO neutron.wsgi [req-e1ef80c4-3f96-4b6c-ad63-e4efd1639225 req-2438e019-3a03-49e8-b663-7e865f604a8d tempest-AttachVolumeNegativeTest-1540136767 tempest-AttachVolumeNegativeTest-1540136767-project] 10.222.0.22 "GET /v2.0/ports?device_id=e6a9313c-4e68-4587-8a54-8bd0c8e00fe2 HTTP/1.1" status: 200 len: 944 time: 0.1693587
Jun 15 14:31:19.357320 dv-cinder-796286-3-smb neutron-server[92289]: DEBUG neutron_lib.callbacks.manager [None req-60a81b04-712d-4b02-ad47-ca40926b20d0 None None] Notify callbacks ['neutron.services.segments.db._update_segment_host_mapping_for_agent-8769604465318', 'neutron.plugins.ml2.plugin.Ml2Plugin._retry_binding_revived_agents-1433650'] for agent, after_update {{(pid=92289) _notify_loop /usr/local/lib/python3.8/dist-packages/neutron_lib/callbacks/manager.py:192}}
Jun 15 14:31:19.396663 dv-cinder-796286-3-smb neutron-server[92288]: INFO neutron.wsgi [req-e1ef80c4-3f96-4b6c-ad63-e4efd1639225 req-442e74be-d624-41f0-9b01-75097c0dc0f8 tempest-AttachVolumeNegativeTest-1540136767 tempest-AttachVolumeNegativeTest-1540136767-project] 10.222.0.22 "GET /v2.0/security-groups?id=5188d6ce-ec33-43b5-8bae-a661c7b81482&fields=id&fields=name HTTP/1.1" status: 200 len: 286 time: 0.1142223
Jun 15 14:31:19.787795 dv-cinder-796286-3-smb neutron-server[92288]: DEBUG neutron.pecan_wsgi.hooks.policy_enforcement [req-1c45bd73-5359-4ff0-949c-7360755947d8 req-3cee389b-4d1d-41bc-bb75-5f8d232f8535 tempest-ServerRescueNegativeTestJSON-1441370915 tempest-ServerRescueNegativeTestJSON-1441370915-project] Attributes excluded by policy engine: ['standard_attr_id', 'binding:profile', 'binding:host_id', 'binding:vif_type', 'binding:vif_details'] {{(pid=92288) _exclude_attributes_by_policy /opt/stack/neutron/neutron/pecan_wsgi/hooks/policy_enforcement.py:255}}
Jun 15 14:31:19.789763 dv-cinder-796286-3-smb neutron-server[92288]: INFO neutron.wsgi [req-1c45bd73-5359-4ff0-949c-7360755947d8 req-3cee389b-4d1d-41bc-bb75-5f8d232f8535 tempest-ServerRescueNegativeTestJSON-1441370915 tempest-ServerRescueNegativeTestJSON-1441370915-project] 10.222.0.22 "GET /v2.0/ports?device_id=df88ded0-6ad2-4e4a-a2f3-f794a960d9ce HTTP/1.1" status: 200 len: 945 time: 0.1020715
Jun 15 14:31:19.837863 dv-cinder-796286-3-smb neutron-server[92289]: DEBUG neutron.plugins.ml2.rpc [None req-35a91bfe-7c20-476b-8b00-9fa51c45b3d0 None None] Device d78c255d-ffc0-4d77-baa5-fe1297edfb44 up at agent hyperv_hv-cinder-79628 {{(pid=92289) update_device_up /opt/stack/neutron/neutron/plugins/ml2/rpc.py:278}}
Jun 15 14:31:19.864578 dv-cinder-796286-3-smb neutron-server[92288]: INFO neutron.wsgi [req-1c45bd73-5359-4ff0-949c-7360755947d8 req-188aceac-73c0-4117-9a8e-a706b12edc16 tempest-ServerRescueNegativeTestJSON-1441370915 tempest-ServerRescueNegativeTestJSON-1441370915-project] 10.222.0.22 "GET /v2.0/security-groups?id=6f7041ae-c08d-489d-92fa-eece98ec0e94&fields=id&fields=name HTTP/1.1" status: 200 len: 286 time: 0.0666494
Jun 15 14:31:20.151119 dv-cinder-796286-3-smb neutron-server[92289]: DEBUG neutron.db.provisioning_blocks [None req-35a91bfe-7c20-476b-8b00-9fa51c45b3d0 None None] Provisioning for port d78c255d-ffc0-4d77-baa5-fe1297edfb44 completed by entity L2. {{(pid=92289) provisioning_complete /opt/stack/neutron/neutron/db/provisioning_blocks.py:133}}
Jun 15 14:31:20.155289 dv-cinder-796286-3-smb neutron-server[92289]: DEBUG neutron.db.provisioning_blocks [None req-35a91bfe-7c20-476b-8b00-9fa51c45b3d0 None None] Provisioning complete for port d78c255d-ffc0-4d77-baa5-fe1297edfb44 triggered by entity L2. {{(pid=92289) provisioning_complete /opt/stack/neutron/neutron/db/provisioning_blocks.py:139}}
Jun 15 14:31:20.155723 dv-cinder-796286-3-smb neutron-server[92289]: DEBUG neutron_lib.callbacks.manager [None req-35a91bfe-7c20-476b-8b00-9fa51c45b3d0 None None] Notify callbacks ['neutron.plugins.ml2.plugin.Ml2Plugin._port_provisioned-1433699'] for port, provisioning_complete {{(pid=92289) _notify_loop /usr/local/lib/python3.8/dist-packages/neutron_lib/callbacks/manager.py:192}}
Jun 15 14:31:20.277357 dv-cinder-796286-3-smb neutron-server[92289]: DEBUG neutron_lib.callbacks.manager [None req-35a91bfe-7c20-476b-8b00-9fa51c45b3d0 None None] Notify callbacks ['neutron.plugins.ml2.plugin.SecurityGroupDbMixin._ensure_default_security_group_handler_port-1716523'] for port, before_update {{(pid=92289) _notify_loop /usr/local/lib/python3.8/dist-packages/neutron_lib/callbacks/manager.py:192}}
Jun 15 14:31:20.307850 dv-cinder-796286-3-smb neutron-server[92289]: DEBUG neutron.notifiers.nova [-] Sending events: [{'server_uuid': 'e6a9313c-4e68-4587-8a54-8bd0c8e00fe2', 'name': 'network-vif-plugged', 'status': 'completed', 'tag': 'd78c255d-ffc0-4d77-baa5-fe1297edfb44'}] {{(pid=92289) send_events /opt/stack/neutron/neutron/notifiers/nova.py:262}}
Jun 15 14:31:20.310682 dv-cinder-796286-3-smb neutron-server[92289]: DEBUG novaclient.v2.client [-] REQ: curl -g -i --cacert "/opt/stack/data/ca-bundle.pem" -X POST http://10.222.0.22/compute/v2.1/os-server-external-events -H "Accept: application/json" -H "Content-Type: application/json" -H "User-Agent: python-novaclient" -H "X-Auth-Token: {SHA256}aabce4317c321392a4e9ea703527fbdf1df8e764619bbcfd8b844a6e79616591" -H "X-OpenStack-Nova-API-Version: 2.1" -H "X-OpenStack-Request-ID: req-7ec9d95c-f2b1-4f14-a1e8-3d98d693401d" -d '{"events": [{"server_uuid": "e6a9313c-4e68-4587-8a54-8bd0c8e00fe2", "name": "network-vif-plugged", "status": "completed", "tag": "d78c255d-ffc0-4d77-baa5-fe1297edfb44"}]}' {{(pid=92289) _http_log_request /usr/local/lib/python3.8/dist-packages/keystoneauth1/session.py:519}}
Jun 15 14:31:20.333591 dv-cinder-796286-3-smb neutron-server[92289]: DEBUG neutron.plugins.ml2.db [None req-35a91bfe-7c20-476b-8b00-9fa51c45b3d0 None None] For port d78c255d-ffc0-4d77-baa5-fe1297edfb44, host hv-cinder-79628, got binding levels [PortBindingLevel(driver='hyperv',host='hv-cinder-79628',level=0,port_id=d78c255d-ffc0-4d77-baa5-fe1297edfb44,segment=NetworkSegment(3631f569-5d8c-4ca8-a676-5a64a774edfd),segment_id=3631f569-5d8c-4ca8-a676-5a64a774edfd)] {{(pid=92289) get_binding_level_objs /opt/stack/neutron/neutron/plugins/ml2/db.py:75}}
Jun 15 14:31:20.367007 dv-cinder-796286-3-smb neutron-server[92289]: DEBUG novaclient.v2.client [-] RESP: [200] Connection: close Content-Length: 183 Content-Type: application/json Date: Tue, 15 Jun 2021 14:31:20 GMT OpenStack-API-Version: compute 2.1 Server: Apache/2.4.41 (Ubuntu) Vary: OpenStack-API-Version,X-OpenStack-Nova-API-Version X-OpenStack-Nova-API-Version: 2.1 x-compute-request-id: req-79a8206f-1391-488b-95a9-d78b6be9c705 x-openstack-request-id: req-79a8206f-1391-488b-95a9-d78b6be9c705 {{(pid=92289) _http_log_response /usr/local/lib/python3.8/dist-packages/keystoneauth1/session.py:550}}
Jun 15 14:31:20.367787 dv-cinder-796286-3-smb neutron-server[92289]: DEBUG novaclient.v2.client [-] RESP BODY: {"events": [{"server_uuid": "e6a9313c-4e68-4587-8a54-8bd0c8e00fe2", "name": "network-vif-plugged", "status": "completed", "tag": "d78c255d-ffc0-4d77-baa5-fe1297edfb44", "code": 200}]} {{(pid=92289) _http_log_response /usr/local/lib/python3.8/dist-packages/keystoneauth1/session.py:582}}
Jun 15 14:31:20.367787 dv-cinder-796286-3-smb neutron-server[92289]: DEBUG novaclient.v2.client [-] POST call to compute for http://10.222.0.22/compute/v2.1/os-server-external-events used request id req-79a8206f-1391-488b-95a9-d78b6be9c705 {{(pid=92289) request /usr/local/lib/python3.8/dist-packages/keystoneauth1/session.py:954}}
Jun 15 14:31:20.368254 dv-cinder-796286-3-smb neutron-server[92289]: INFO neutron.notifiers.nova [-] Nova event response: {'server_uuid': 'e6a9313c-4e68-4587-8a54-8bd0c8e00fe2', 'name': 'network-vif-plugged', 'status': 'completed', 'tag': 'd78c255d-ffc0-4d77-baa5-fe1297edfb44', 'code': 200}
Jun 15 14:31:20.486092 dv-cinder-796286-3-smb neutron-server[92289]: DEBUG neutron_lib.callbacks.manager [None req-35a91bfe-7c20-476b-8b00-9fa51c45b3d0 None None] Notify callbacks ['neutron.plugins.ml2.plugin.SecurityGroupServerNotifierRpcMixin.notify_sg_on_port_change-1716673', 'neutron.plugins.ml2.ovo_rpc._ObjectChangeHandler.handle_event-70350', 'neutron.api.rpc.agentnotifiers.dhcp_rpc_agent_api.DhcpAgentNotifyAPI._native_event_send_dhcp_notification-537377', 'neutron.db.l3_db.L3RpcNotifierMixin._notify_gateway_port_ip_changed-8769604449347', 'neutron.db.l3_dvrscheduler_db._notify_l3_agent_port_update-8769604007994', 'neutron.db.l3_hascheduler_db._notify_l3_agent_ha_port_update-8769604008039'] for port, after_update {{(pid=92289) _notify_loop /usr/local/lib/python3.8/dist-packages/neutron_lib/callbacks/manager.py:192}}
Jun 15 14:31:20.495313 dv-cinder-796286-3-smb neutron-server[92289]: DEBUG oslo_concurrency.lockutils [-] Lock "event-dispatch" acquired by "neutron.plugins.ml2.ovo_rpc._ObjectChangeHandler.dispatch_events" :: waited 0.000s {{(pid=92289) inner /usr/local/lib/python3.8/dist-packages/oslo_concurrency/lockutils.py:355}}
Jun 15 14:31:20.695605 dv-cinder-796286-3-smb neutron-server[92289]: DEBUG neutron.api.rpc.handlers.resources_rpc [None req-35a91bfe-7c20-476b-8b00-9fa51c45b3d0 None None] Pushing event updated for resources: {'Port': ['ID=d78c255d-ffc0-4d77-baa5-fe1297edfb44,revision_number=5']} {{(pid=92289) push /opt/stack/neutron/neutron/api/rpc/handlers/resources_rpc.py:237}}
Jun 15 14:31:20.713942 dv-cinder-796286-3-smb neutron-server[92289]: DEBUG oslo_concurrency.lockutils [None req-35a91bfe-7c20-476b-8b00-9fa51c45b3d0 None None] Lock "event-dispatch" released by "neutron.plugins.ml2.ovo_rpc._ObjectChangeHandler.dispatch_events" :: held 0.220s {{(pid=92289) inner /usr/local/lib/python3.8/dist-packages/oslo_concurrency/lockutils.py:367}}
Jun 15 14:31:20.793660 dv-cinder-796286-3-smb neutron-server[92288]: DEBUG neutron.pecan_wsgi.hooks.policy_enforcement [req-28d8abb2-574f-43fe-9143-d1673b5b1705 req-f61ead26-8511-4bc6-a0bb-6f34103358d4 tempest-AttachVolumeNegativeTest-1540136767 tempest-AttachVolumeNegativeTest-1540136767-project] Attributes excluded by policy engine: ['standard_attr_id', 'binding:profile', 'binding:host_id', 'binding:vif_type', 'binding:vif_details'] {{(pid=92288) _exclude_attributes_by_policy /opt/stack/neutron/neutron/pecan_wsgi/hooks/policy_enforcement.py:255}}
Jun 15 14:31:20.799024 dv-cinder-796286-3-smb neutron-server[92288]: INFO neutron.wsgi [req-28d8abb2-574f-43fe-9143-d1673b5b1705 req-f61ead26-8511-4bc6-a0bb-6f34103358d4 tempest-AttachVolumeNegativeTest-1540136767 tempest-AttachVolumeNegativeTest-1540136767-project] 10.222.0.22 "GET /v2.0/ports?device_id=e6a9313c-4e68-4587-8a54-8bd0c8e00fe2 HTTP/1.1" status: 200 len: 945 time: 0.2001145
Jun 15 14:31:20.847049 dv-cinder-796286-3-smb neutron-server[92288]: INFO neutron.wsgi [req-28d8abb2-574f-43fe-9143-d1673b5b1705 req-d66312b1-1213-432c-a09a-524aa7190621 tempest-AttachVolumeNegativeTest-1540136767 tempest-AttachVolumeNegativeTest-1540136767-project] 10.222.0.22 "GET /v2.0/security-groups?id=5188d6ce-ec33-43b5-8bae-a661c7b81482&fields=id&fields=name HTTP/1.1" status: 200 len: 286 time: 0.0435362
Jun 15 14:31:21.004826 dv-cinder-796286-3-smb neutron-server[92288]: DEBUG neutron.pecan_wsgi.hooks.policy_enforcement [req-a0bd6ca7-2cb9-4dd9-8d66-b26674fd85c4 req-3b58f521-12ed-43e2-8ce8-6e1b027b12ba service neutron] Attributes excluded by policy engine: ['standard_attr_id'] {{(pid=92288) _exclude_attributes_by_policy /opt/stack/neutron/neutron/pecan_wsgi/hooks/policy_enforcement.py:255}}
Jun 15 14:31:21.010732 dv-cinder-796286-3-smb neutron-server[92288]: INFO neutron.wsgi [req-a0bd6ca7-2cb9-4dd9-8d66-b26674fd85c4 req-3b58f521-12ed-43e2-8ce8-6e1b027b12ba service neutron] 10.222.0.45 "GET /v2.0/ports?device_id=e6a9313c-4e68-4587-8a54-8bd0c8e00fe2 HTTP/1.1" status: 200 len: 1098 time: 0.0934680
Jun 15 14:31:21.143397 dv-cinder-796286-3-smb neutron-server[92288]: INFO neutron.wsgi [req-a0bd6ca7-2cb9-4dd9-8d66-b26674fd85c4 req-6b7c6dfb-9247-4405-933d-939b6b6e1fa4 service neutron] 10.222.0.45 "GET /v2.0/security-groups?id=5188d6ce-ec33-43b5-8bae-a661c7b81482&fields=id&fields=name HTTP/1.1" status: 200 len: 286 time: 0.1218209
Jun 15 14:31:21.195984 dv-cinder-796286-3-smb neutron-server[92288]: DEBUG neutron.pecan_wsgi.hooks.policy_enforcement [req-d4b34887-44f0-482b-b0a6-5f88898236a3 req-74dcaab7-e9a0-4754-9cc1-b834d480e9d9 tempest-ServerRescueNegativeTestJSON-1441370915 tempest-ServerRescueNegativeTestJSON-1441370915-project] Attributes excluded by policy engine: ['standard_attr_id', 'binding:profile', 'binding:host_id', 'binding:vif_type', 'binding:vif_details'] {{(pid=92288) _exclude_attributes_by_policy /opt/stack/neutron/neutron/pecan_wsgi/hooks/policy_enforcement.py:255}}
Jun 15 14:31:21.195984 dv-cinder-796286-3-smb neutron-server[92288]: INFO neutron.wsgi [req-d4b34887-44f0-482b-b0a6-5f88898236a3 req-74dcaab7-e9a0-4754-9cc1-b834d480e9d9 tempest-ServerRescueNegativeTestJSON-1441370915 tempest-ServerRescueNegativeTestJSON-1441370915-project] 10.222.0.22 "GET /v2.0/ports?device_id=df88ded0-6ad2-4e4a-a2f3-f794a960d9ce HTTP/1.1" status: 200 len: 945 time: 0.1406112
Jun 15 14:31:21.252281 dv-cinder-796286-3-smb neutron-server[92288]: INFO neutron.wsgi [req-d4b34887-44f0-482b-b0a6-5f88898236a3 req-37322444-e415-4e90-a8eb-4b88bdd87f55 tempest-ServerRescueNegativeTestJSON-1441370915 tempest-ServerRescueNegativeTestJSON-1441370915-project] 10.222.0.22 "GET /v2.0/security-groups?id=6f7041ae-c08d-489d-92fa-eece98ec0e94&fields=id&fields=name HTTP/1.1" status: 200 len: 286 time: 0.0434756
Jun 15 14:31:21.345372 dv-cinder-796286-3-smb neutron-server[92287]: DEBUG neutron.wsgi [-] (92287) accepted ('10.222.0.22', 56108) {{(pid=92287) server /usr/local/lib/python3.8/dist-packages/eventlet/wsgi.py:992}}
Jun 15 14:31:21.498022 dv-cinder-796286-3-smb neutron-server[92287]: DEBUG neutron_lib.callbacks.manager [None req-3c556e94-64b2-4ea6-a9a7-745db83be7e7 admin admin] Notify callbacks [] for security_group, before_create {{(pid=92287) _notify_loop /usr/local/lib/python3.8/dist-packages/neutron_lib/callbacks/manager.py:192}}
Jun 15 14:31:21.657265 dv-cinder-796286-3-smb neutron-server[92287]: DEBUG neutron_lib.callbacks.manager [None req-3c556e94-64b2-4ea6-a9a7-745db83be7e7 admin admin] Notify callbacks [] for security_group, precommit_create {{(pid=92287) _notify_loop /usr/local/lib/python3.8/dist-packages/neutron_lib/callbacks/manager.py:192}}
Jun 15 14:31:21.853935 dv-cinder-796286-3-smb neutron-server[92287]: DEBUG neutron_lib.callbacks.manager [None req-3c556e94-64b2-4ea6-a9a7-745db83be7e7 admin admin] Notify callbacks ['neutron.plugins.ml2.ovo_rpc._ObjectChangeHandler.handle_event-387462'] for security_group, after_create {{(pid=92287) _notify_loop /usr/local/lib/python3.8/dist-packages/neutron_lib/callbacks/manager.py:192}}
Jun 15 14:31:21.857799 dv-cinder-796286-3-smb neutron-server[92287]: DEBUG oslo_concurrency.lockutils [None req-8f3142e6-d020-4153-a7cc-aa5e434d85dd admin admin] Lock "event-dispatch" acquired by "neutron.plugins.ml2.ovo_rpc._ObjectChangeHandler.dispatch_events" :: waited 0.000s {{(pid=92287) inner /usr/local/lib/python3.8/dist-packages/oslo_concurrency/lockutils.py:355}}
Jun 15 14:31:21.903109 dv-cinder-796286-3-smb neutron-server[92289]: DEBUG neutron_lib.callbacks.manager [None req-6e053c6f-6218-463f-8316-0e2f952758df None None] Notify callbacks ['neutron.services.segments.db._update_segment_host_mapping_for_agent-8769604465318', 'neutron.plugins.ml2.plugin.Ml2Plugin._retry_binding_revived_agents-1433650'] for agent, after_update {{(pid=92289) _notify_loop /usr/local/lib/python3.8/dist-packages/neutron_lib/callbacks/manager.py:192}}
Jun 15 14:31:21.906351 dv-cinder-796286-3-smb neutron-server[92287]: INFO neutron.wsgi [None req-3c556e94-64b2-4ea6-a9a7-745db83be7e7 admin admin] 10.222.0.22 "GET /v2.0/security-groups?tenant_id=bafa9b53e13842e88f17025faa8b3d64&name=default HTTP/1.1" status: 200 len: 2979 time: 0.5579860
Jun 15 14:31:21.906593 dv-cinder-796286-3-smb neutron-server[92288]: DEBUG neutron.wsgi [-] (92288) accepted ('10.222.0.22', 56124) {{(pid=92288) server /usr/local/lib/python3.8/dist-packages/eventlet/wsgi.py:992}}
Jun 15 14:31:21.915052 dv-cinder-796286-3-smb neutron-server[92287]: DEBUG neutron.api.rpc.handlers.resources_rpc [None req-3c556e94-64b2-4ea6-a9a7-745db83be7e7 admin admin] Pushing event updated for resources: {'SecurityGroup': ['ID=0842dabe-1a71-4a3b-a503-b6bd8b932b3e,revision_number=1']} {{(pid=92287) push /opt/stack/neutron/neutron/api/rpc/handlers/resources_rpc.py:237}}
Jun 15 14:31:21.921155 dv-cinder-796286-3-smb neutron-server[92287]: DEBUG oslo_concurrency.lockutils [None req-3c556e94-64b2-4ea6-a9a7-745db83be7e7 admin admin] Lock "event-dispatch" released by "neutron.plugins.ml2.ovo_rpc._ObjectChangeHandler.dispatch_events" :: held 0.063s {{(pid=92287) inner /usr/local/lib/python3.8/dist-packages/oslo_concurrency/lockutils.py:367}}
Jun 15 14:31:22.010191 dv-cinder-796286-3-smb neutron-server[92288]: DEBUG neutron_lib.callbacks.manager [None req-00d6ea14-6a05-4dc6-a71c-f44f70cc7d24 admin admin] Notify callbacks [] for security_group, before_delete {{(pid=92288) _notify_loop /usr/local/lib/python3.8/dist-packages/neutron_lib/callbacks/manager.py:192}}
Jun 15 14:31:22.094222 dv-cinder-796286-3-smb neutron-server[92289]: DEBUG neutron_lib.callbacks.manager [None req-7277a100-7f34-495f-b9d8-503043679f60 None None] Notify callbacks ['neutron.services.segments.db._update_segment_host_mapping_for_agent-8769604465318', 'neutron.plugins.ml2.plugin.Ml2Plugin._retry_binding_revived_agents-1433650'] for agent, after_update {{(pid=92289) _notify_loop /usr/local/lib/python3.8/dist-packages/neutron_lib/callbacks/manager.py:192}}
Jun 15 14:31:22.119758 dv-cinder-796286-3-smb neutron-server[92288]: DEBUG neutron_lib.callbacks.manager [None req-00d6ea14-6a05-4dc6-a71c-f44f70cc7d24 admin admin] Notify callbacks [] for security_group, precommit_delete {{(pid=92288) _notify_loop /usr/local/lib/python3.8/dist-packages/neutron_lib/callbacks/manager.py:192}}
Jun 15 14:31:22.211693 dv-cinder-796286-3-smb neutron-server[92288]: DEBUG neutron.pecan_wsgi.hooks.policy_enforcement [req-9c65e592-4acd-4c29-80ae-2883dc184966 req-3351fe8e-1405-49db-a864-c56c5a1e24ed tempest-AttachVolumeNegativeTest-1540136767 tempest-AttachVolumeNegativeTest-1540136767-project] Attributes excluded by policy engine: ['standard_attr_id', 'binding:profile', 'binding:host_id', 'binding:vif_type', 'binding:vif_details'] {{(pid=92288) _exclude_attributes_by_policy /opt/stack/neutron/neutron/pecan_wsgi/hooks/policy_enforcement.py:255}}
Jun 15 14:31:22.213396 dv-cinder-796286-3-smb neutron-server[92288]: INFO neutron.wsgi [req-9c65e592-4acd-4c29-80ae-2883dc184966 req-3351fe8e-1405-49db-a864-c56c5a1e24ed tempest-AttachVolumeNegativeTest-1540136767 tempest-AttachVolumeNegativeTest-1540136767-project] 10.222.0.22 "GET /v2.0/ports?device_id=e6a9313c-4e68-4587-8a54-8bd0c8e00fe2 HTTP/1.1" status: 200 len: 945 time: 0.2070270
Jun 15 14:31:22.303827 dv-cinder-796286-3-smb neutron-server[92288]: INFO neutron.wsgi [req-9c65e592-4acd-4c29-80ae-2883dc184966 req-3dc154bf-b267-4a9b-b4b2-d634db75d71d tempest-AttachVolumeNegativeTest-1540136767 tempest-AttachVolumeNegativeTest-1540136767-project] 10.222.0.22 "GET /v2.0/security-groups?id=5188d6ce-ec33-43b5-8bae-a661c7b81482&fields=id&fields=name HTTP/1.1" status: 200 len: 286 time: 0.0604620
Jun 15 14:31:22.385225 dv-cinder-796286-3-smb neutron-server[92288]: DEBUG neutron_lib.callbacks.manager [None req-00d6ea14-6a05-4dc6-a71c-f44f70cc7d24 admin admin] Notify callbacks ['neutron.plugins.ml2.ovo_rpc._ObjectChangeHandler.handle_event-387462'] for security_group, after_delete {{(pid=92288) _notify_loop /usr/local/lib/python3.8/dist-packages/neutron_lib/callbacks/manager.py:192}}
Jun 15 14:31:22.388126 dv-cinder-796286-3-smb neutron-server[92288]: DEBUG neutron_lib.callbacks.manager [None req-00d6ea14-6a05-4dc6-a71c-f44f70cc7d24 admin admin] Notify callbacks [] for security_group, before_response {{(pid=92288) _notify_loop /usr/local/lib/python3.8/dist-packages/neutron_lib/callbacks/manager.py:192}}
Jun 15 14:31:22.389356 dv-cinder-796286-3-smb neutron-server[92288]: INFO neutron.wsgi [None req-00d6ea14-6a05-4dc6-a71c-f44f70cc7d24 admin admin] 10.222.0.22 "DELETE /v2.0/security-groups/0842dabe-1a71-4a3b-a503-b6bd8b932b3e HTTP/1.1" status: 204 len: 168 time: 0.4826174
Jun 15 14:31:22.390356 dv-cinder-796286-3-smb neutron-server[92288]: DEBUG oslo_concurrency.lockutils [None req-b4478b4a-e14e-44e1-80d4-5443820e2c0d admin admin] Lock "event-dispatch" acquired by "neutron.plugins.ml2.ovo_rpc._ObjectChangeHandler.dispatch_events" :: waited 0.000s {{(pid=92288) inner /usr/local/lib/python3.8/dist-packages/oslo_concurrency/lockutils.py:355}}
Jun 15 14:31:22.403726 dv-cinder-796286-3-smb neutron-server[92288]: DEBUG neutron.api.rpc.handlers.resources_rpc [None req-00d6ea14-6a05-4dc6-a71c-f44f70cc7d24 admin admin] Pushing event deleted for resources: {'SecurityGroup': ['ID=0842dabe-1a71-4a3b-a503-b6bd8b932b3e,revision_number=None']} {{(pid=92288) push /opt/stack/neutron/neutron/api/rpc/handlers/resources_rpc.py:237}}
Jun 15 14:31:22.406274 dv-cinder-796286-3-smb neutron-server[92288]: DEBUG oslo_concurrency.lockutils [None req-00d6ea14-6a05-4dc6-a71c-f44f70cc7d24 admin admin] Lock "event-dispatch" released by "neutron.plugins.ml2.ovo_rpc._ObjectChangeHandler.dispatch_events" :: held 0.016s {{(pid=92288) inner /usr/local/lib/python3.8/dist-packages/oslo_concurrency/lockutils.py:367}}
Jun 15 14:31:22.530220 dv-cinder-796286-3-smb neutron-server[92288]: DEBUG neutron.pecan_wsgi.hooks.policy_enforcement [req-838f3062-bb91-4c1e-ac47-b2eb54e5fa2a req-9981c93b-e50f-4592-b249-a85e43582298 tempest-ServerRescueNegativeTestJSON-1441370915 tempest-ServerRescueNegativeTestJSON-1441370915-project] Attributes excluded by policy engine: ['standard_attr_id', 'binding:profile', 'binding:host_id', 'binding:vif_type', 'binding:vif_details'] {{(pid=92288) _exclude_attributes_by_policy /opt/stack/neutron/neutron/pecan_wsgi/hooks/policy_enforcement.py:255}}
Jun 15 14:31:22.531816 dv-cinder-796286-3-smb neutron-server[92288]: INFO neutron.wsgi [req-838f3062-bb91-4c1e-ac47-b2eb54e5fa2a req-9981c93b-e50f-4592-b249-a85e43582298 tempest-ServerRescueNegativeTestJSON-1441370915 tempest-ServerRescueNegativeTestJSON-1441370915-project] 10.222.0.22 "GET /v2.0/ports?device_id=df88ded0-6ad2-4e4a-a2f3-f794a960d9ce HTTP/1.1" status: 200 len: 945 time: 0.1022210
Jun 15 14:31:22.888782 dv-cinder-796286-3-smb neutron-server[92288]: INFO neutron.wsgi [req-838f3062-bb91-4c1e-ac47-b2eb54e5fa2a req-2d8634cd-ffb1-4f4a-bc4c-b9b122617917 tempest-ServerRescueNegativeTestJSON-1441370915 tempest-ServerRescueNegativeTestJSON-1441370915-project] 10.222.0.22 "GET /v2.0/security-groups?id=6f7041ae-c08d-489d-92fa-eece98ec0e94&fields=id&fields=name HTTP/1.1" status: 200 len: 286 time: 0.3502624
Jun 15 14:31:22.954081 dv-cinder-796286-3-smb neutron-server[92289]: DEBUG neutron_lib.callbacks.manager [None req-efc31128-0f9b-4416-ab9f-5d48625df4b4 None None] Notify callbacks ['neutron.services.segments.db._update_segment_host_mapping_for_agent-8769604465318', 'neutron.plugins.ml2.plugin.Ml2Plugin._retry_binding_revived_agents-1433650'] for agent, after_update {{(pid=92289) _notify_loop /usr/local/lib/python3.8/dist-packages/neutron_lib/callbacks/manager.py:192}}
Jun 15 14:31:23.577825 dv-cinder-796286-3-smb neutron-server[92288]: DEBUG neutron.pecan_wsgi.hooks.policy_enforcement [req-6695c897-adf6-426b-9261-d02d992635f2 req-b5ccbd1b-867a-402a-85d4-a9937eee61d3 tempest-AttachVolumeNegativeTest-1540136767 tempest-AttachVolumeNegativeTest-1540136767-project] Attributes excluded by policy engine: ['standard_attr_id', 'binding:profile', 'binding:host_id', 'binding:vif_type', 'binding:vif_details'] {{(pid=92288) _exclude_attributes_by_policy /opt/stack/neutron/neutron/pecan_wsgi/hooks/policy_enforcement.py:255}}
Jun 15 14:31:23.589626 dv-cinder-796286-3-smb neutron-server[92288]: INFO neutron.wsgi [req-6695c897-adf6-426b-9261-d02d992635f2 req-b5ccbd1b-867a-402a-85d4-a9937eee61d3 tempest-AttachVolumeNegativeTest-1540136767 tempest-AttachVolumeNegativeTest-1540136767-project] 10.222.0.22 "GET /v2.0/ports?device_id=e6a9313c-4e68-4587-8a54-8bd0c8e00fe2 HTTP/1.1" status: 200 len: 945 time: 0.1352046
Jun 15 14:31:23.650191 dv-cinder-796286-3-smb neutron-server[92288]: INFO neutron.wsgi [req-6695c897-adf6-426b-9261-d02d992635f2 req-a7bef7b4-d254-4712-a271-dcd5df1f0385 tempest-AttachVolumeNegativeTest-1540136767 tempest-AttachVolumeNegativeTest-1540136767-project] 10.222.0.22 "GET /v2.0/security-groups?id=5188d6ce-ec33-43b5-8bae-a661c7b81482&fields=id&fields=name HTTP/1.1" status: 200 len: 286 time: 0.0593529
Jun 15 14:31:23.915682 dv-cinder-796286-3-smb neutron-server[92287]: DEBUG neutron.wsgi [-] (92287) accepted ('10.222.0.22', 56200) {{(pid=92287) server /usr/local/lib/python3.8/dist-packages/eventlet/wsgi.py:992}}
Jun 15 14:31:24.009831 dv-cinder-796286-3-smb neutron-server[92288]: DEBUG neutron.wsgi [-] (92288) accepted ('10.222.0.22', 56206) {{(pid=92288) server /usr/local/lib/python3.8/dist-packages/eventlet/wsgi.py:992}}
Jun 15 14:31:24.188693 dv-cinder-796286-3-smb neutron-server[92287]: DEBUG neutron.api.v2.base [None req-4e0df982-7979-4294-9d1d-0d651b75f682 admin admin] Request body: {'network': {'name': 'tempest-TestMinimumBasicScenario-166678601-network', 'tenant_id': 'ecf405e21b1b4dbb91a74872b400a4eb'}} {{(pid=92287) prepare_request_body /opt/stack/neutron/neutron/api/v2/base.py:729}}
Jun 15 14:31:24.208565 dv-cinder-796286-3-smb neutron-server[92288]: DEBUG neutron.pecan_wsgi.hooks.policy_enforcement [req-5a15e6a5-1a77-4596-a5fc-46df6a2a315e req-fffe8fbe-6003-452e-8af5-c439655d9ed0 tempest-ServerRescueNegativeTestJSON-1441370915 tempest-ServerRescueNegativeTestJSON-1441370915-project] Attributes excluded by policy engine: ['standard_attr_id', 'binding:profile', 'binding:host_id', 'binding:vif_type', 'binding:vif_details'] {{(pid=92288) _exclude_attributes_by_policy /opt/stack/neutron/neutron/pecan_wsgi/hooks/policy_enforcement.py:255}}
Jun 15 14:31:24.210628 dv-cinder-796286-3-smb neutron-server[92288]: INFO neutron.wsgi [req-5a15e6a5-1a77-4596-a5fc-46df6a2a315e req-fffe8fbe-6003-452e-8af5-c439655d9ed0 tempest-ServerRescueNegativeTestJSON-1441370915 tempest-ServerRescueNegativeTestJSON-1441370915-project] 10.222.0.22 "GET /v2.0/ports?device_id=df88ded0-6ad2-4e4a-a2f3-f794a960d9ce HTTP/1.1" status: 200 len: 945 time: 0.1093295
Jun 15 14:31:24.280611 dv-cinder-796286-3-smb neutron-server[92288]: DEBUG neutron_lib.callbacks.manager [None req-599d826b-d3a8-4337-88cd-4e7180668a4d admin admin] Notify callbacks [] for security_group, before_create {{(pid=92288) _notify_loop /usr/local/lib/python3.8/dist-packages/neutron_lib/callbacks/manager.py:192}}
Jun 15 14:31:24.285247 dv-cinder-796286-3-smb neutron-server[92288]: INFO neutron.wsgi [req-5a15e6a5-1a77-4596-a5fc-46df6a2a315e req-e3dad9ea-44f9-4ad7-a0dc-4f8411ec4ba2 tempest-ServerRescueNegativeTestJSON-1441370915 tempest-ServerRescueNegativeTestJSON-1441370915-project] 10.222.0.22 "GET /v2.0/security-groups?id=6f7041ae-c08d-489d-92fa-eece98ec0e94&fields=id&fields=name HTTP/1.1" status: 200 len: 286 time: 0.0679648
Jun 15 14:31:24.362464 dv-cinder-796286-3-smb neutron-server[92287]: DEBUG neutron.pecan_wsgi.hooks.quota_enforcement [None req-4e0df982-7979-4294-9d1d-0d651b75f682 admin admin] Made reservation on behalf of ecf405e21b1b4dbb91a74872b400a4eb for: {'network': 1} {{(pid=92287) before /opt/stack/neutron/neutron/pecan_wsgi/hooks/quota_enforcement.py:53}}
Jun 15 14:31:24.367085 dv-cinder-796286-3-smb neutron-server[92287]: DEBUG neutron_lib.callbacks.manager [None req-4e0df982-7979-4294-9d1d-0d651b75f682 admin admin] Notify callbacks ['neutron.plugins.ml2.plugin.SecurityGroupDbMixin._ensure_default_security_group_handler_before_create-1716537'] for network, before_create {{(pid=92287) _notify_loop /usr/local/lib/python3.8/dist-packages/neutron_lib/callbacks/manager.py:192}}
Jun 15 14:31:24.386006 dv-cinder-796286-3-smb neutron-server[92287]: DEBUG neutron_lib.callbacks.manager [None req-4e0df982-7979-4294-9d1d-0d651b75f682 admin admin] Notify callbacks [] for security_group, before_create {{(pid=92287) _notify_loop /usr/local/lib/python3.8/dist-packages/neutron_lib/callbacks/manager.py:192}}
Jun 15 14:31:24.477540 dv-cinder-796286-3-smb neutron-server[92288]: DEBUG neutron_lib.callbacks.manager [None req-599d826b-d3a8-4337-88cd-4e7180668a4d admin admin] Notify callbacks [] for security_group, precommit_create {{(pid=92288) _notify_loop /usr/local/lib/python3.8/dist-packages/neutron_lib/callbacks/manager.py:192}}
Jun 15 14:31:24.587377 dv-cinder-796286-3-smb neutron-server[92288]: DEBUG neutron_lib.callbacks.manager [None req-599d826b-d3a8-4337-88cd-4e7180668a4d admin admin] Notify callbacks ['neutron.plugins.ml2.ovo_rpc._ObjectChangeHandler.handle_event-387462'] for security_group, after_create {{(pid=92288) _notify_loop /usr/local/lib/python3.8/dist-packages/neutron_lib/callbacks/manager.py:192}}
Jun 15 14:31:24.591895 dv-cinder-796286-3-smb neutron-server[92288]: DEBUG oslo_concurrency.lockutils [None req-20c8429a-933f-42fa-bc02-82d616acf814 admin admin] Lock "event-dispatch" acquired by "neutron.plugins.ml2.ovo_rpc._ObjectChangeHandler.dispatch_events" :: waited 0.000s {{(pid=92288) inner /usr/local/lib/python3.8/dist-packages/oslo_concurrency/lockutils.py:355}}
Jun 15 14:31:24.704735 dv-cinder-796286-3-smb neutron-server[92288]: INFO neutron.wsgi [None req-599d826b-d3a8-4337-88cd-4e7180668a4d admin admin] 10.222.0.22 "GET /v2.0/security-groups?tenant_id=f7532b422cea4b908810cd3026e273a1&name=default HTTP/1.1" status: 200 len: 2979 time: 0.6935692
Jun 15 14:31:24.708527 dv-cinder-796286-3-smb neutron-server[92288]: DEBUG neutron.api.rpc.handlers.resources_rpc [None req-599d826b-d3a8-4337-88cd-4e7180668a4d admin admin] Pushing event updated for resources: {'SecurityGroup': ['ID=86a20560-1f9c-438f-ae04-06c5f8e6cfc9,revision_number=1']} {{(pid=92288) push /opt/stack/neutron/neutron/api/rpc/handlers/resources_rpc.py:237}}
Jun 15 14:31:24.715624 dv-cinder-796286-3-smb neutron-server[92288]: DEBUG neutron.wsgi [-] (92288) accepted ('10.222.0.22', 56224) {{(pid=92288) server /usr/local/lib/python3.8/dist-packages/eventlet/wsgi.py:992}}
Jun 15 14:31:24.727903 dv-cinder-796286-3-smb neutron-server[92288]: DEBUG neutron.wsgi [-] (92288) accepted ('10.222.0.22', 56226) {{(pid=92288) server /usr/local/lib/python3.8/dist-packages/eventlet/wsgi.py:992}}
Jun 15 14:31:24.744258 dv-cinder-796286-3-smb neutron-server[92288]: DEBUG oslo_concurrency.lockutils [None req-599d826b-d3a8-4337-88cd-4e7180668a4d admin admin] Lock "event-dispatch" released by "neutron.plugins.ml2.ovo_rpc._ObjectChangeHandler.dispatch_events" :: held 0.153s {{(pid=92288) inner /usr/local/lib/python3.8/dist-packages/oslo_concurrency/lockutils.py:367}}
Jun 15 14:31:24.804594 dv-cinder-796286-3-smb neutron-server[92289]: DEBUG neutron_lib.callbacks.manager [None req-7193a1e9-1e28-4097-947e-9cbeec33542d None None] Notify callbacks ['neutron.services.segments.db._update_segment_host_mapping_for_agent-8769604465318', 'neutron.plugins.ml2.plugin.Ml2Plugin._retry_binding_revived_agents-1433650'] for agent, after_update {{(pid=92289) _notify_loop /usr/local/lib/python3.8/dist-packages/neutron_lib/callbacks/manager.py:192}}
Jun 15 14:31:24.815347 dv-cinder-796286-3-smb neutron-server[92288]: DEBUG neutron_lib.callbacks.manager [None req-307c18c3-4817-4f63-8f9e-8e3426aa6cb7 admin admin] Notify callbacks [] for security_group, before_delete {{(pid=92288) _notify_loop /usr/local/lib/python3.8/dist-packages/neutron_lib/callbacks/manager.py:192}}
Jun 15 14:31:24.818159 dv-cinder-796286-3-smb neutron-server[92287]: DEBUG neutron_lib.callbacks.manager [None req-4e0df982-7979-4294-9d1d-0d651b75f682 admin admin] Notify callbacks [] for security_group, precommit_create {{(pid=92287) _notify_loop /usr/local/lib/python3.8/dist-packages/neutron_lib/callbacks/manager.py:192}}
Jun 15 14:31:24.854803 dv-cinder-796286-3-smb neutron-server[92288]: DEBUG neutron_lib.callbacks.manager [None req-307c18c3-4817-4f63-8f9e-8e3426aa6cb7 admin admin] Notify callbacks [] for security_group, precommit_delete {{(pid=92288) _notify_loop /usr/local/lib/python3.8/dist-packages/neutron_lib/callbacks/manager.py:192}}
Jun 15 14:31:24.929571 dv-cinder-796286-3-smb neutron-server[92287]: DEBUG neutron_lib.callbacks.manager [None req-4e0df982-7979-4294-9d1d-0d651b75f682 admin admin] Notify callbacks ['neutron.plugins.ml2.ovo_rpc._ObjectChangeHandler.handle_event-387462'] for security_group, after_create {{(pid=92287) _notify_loop /usr/local/lib/python3.8/dist-packages/neutron_lib/callbacks/manager.py:192}}
Jun 15 14:31:24.934481 dv-cinder-796286-3-smb neutron-server[92287]: DEBUG oslo_concurrency.lockutils [None req-6cfce58a-f3b2-420d-a425-2cf7f3779cec admin admin] Lock "event-dispatch" acquired by "neutron.plugins.ml2.ovo_rpc._ObjectChangeHandler.dispatch_events" :: waited 0.000s {{(pid=92287) inner /usr/local/lib/python3.8/dist-packages/oslo_concurrency/lockutils.py:355}}
Jun 15 14:31:24.938647 dv-cinder-796286-3-smb neutron-server[92288]: DEBUG neutron_lib.callbacks.manager [None req-1e93d311-2216-4976-b136-bcc72073bf0b admin admin] Notify callbacks [] for security_group, before_create {{(pid=92288) _notify_loop /usr/local/lib/python3.8/dist-packages/neutron_lib/callbacks/manager.py:192}}
Jun 15 14:31:24.974147 dv-cinder-796286-3-smb neutron-server[92287]: DEBUG neutron.api.rpc.handlers.resources_rpc [None req-4e0df982-7979-4294-9d1d-0d651b75f682 admin admin] Pushing event updated for resources: {'SecurityGroup': ['ID=05d484c3-c6d7-4f8a-b455-eb48c2082874,revision_number=1']} {{(pid=92287) push /opt/stack/neutron/neutron/api/rpc/handlers/resources_rpc.py:237}}
Jun 15 14:31:24.977673 dv-cinder-796286-3-smb neutron-server[92287]: DEBUG oslo_concurrency.lockutils [None req-4e0df982-7979-4294-9d1d-0d651b75f682 admin admin] Lock "event-dispatch" released by "neutron.plugins.ml2.ovo_rpc._ObjectChangeHandler.dispatch_events" :: held 0.043s {{(pid=92287) inner /usr/local/lib/python3.8/dist-packages/oslo_concurrency/lockutils.py:367}}
Jun 15 14:31:25.058497 dv-cinder-796286-3-smb neutron-server[92288]: DEBUG neutron_lib.callbacks.manager [None req-1e93d311-2216-4976-b136-bcc72073bf0b admin admin] Notify callbacks [] for security_group, precommit_create {{(pid=92288) _notify_loop /usr/local/lib/python3.8/dist-packages/neutron_lib/callbacks/manager.py:192}}
Jun 15 14:31:25.071420 dv-cinder-796286-3-smb neutron-server[92288]: DEBUG neutron_lib.callbacks.manager [None req-307c18c3-4817-4f63-8f9e-8e3426aa6cb7 admin admin] Notify callbacks ['neutron.plugins.ml2.ovo_rpc._ObjectChangeHandler.handle_event-387462'] for security_group, after_delete {{(pid=92288) _notify_loop /usr/local/lib/python3.8/dist-packages/neutron_lib/callbacks/manager.py:192}}
Jun 15 14:31:25.075299 dv-cinder-796286-3-smb neutron-server[92288]: DEBUG neutron_lib.callbacks.manager [None req-307c18c3-4817-4f63-8f9e-8e3426aa6cb7 admin admin] Notify callbacks [] for security_group, before_response {{(pid=92288) _notify_loop /usr/local/lib/python3.8/dist-packages/neutron_lib/callbacks/manager.py:192}}
Jun 15 14:31:25.076756 dv-cinder-796286-3-smb neutron-server[92288]: INFO neutron.wsgi [None req-307c18c3-4817-4f63-8f9e-8e3426aa6cb7 admin admin] 10.222.0.22 "DELETE /v2.0/security-groups/86a20560-1f9c-438f-ae04-06c5f8e6cfc9 HTTP/1.1" status: 204 len: 168 time: 0.3474767
Jun 15 14:31:25.077939 dv-cinder-796286-3-smb neutron-server[92288]: DEBUG oslo_concurrency.lockutils [None req-cec3c8ea-d041-4416-bb8e-27c8003c0877 admin admin] Lock "event-dispatch" acquired by "neutron.plugins.ml2.ovo_rpc._ObjectChangeHandler.dispatch_events" :: waited 0.000s {{(pid=92288) inner /usr/local/lib/python3.8/dist-packages/oslo_concurrency/lockutils.py:355}}
Jun 15 14:31:25.078926 dv-cinder-796286-3-smb neutron-server[92287]: DEBUG neutron.plugins.ml2.drivers.helpers [None req-4e0df982-7979-4294-9d1d-0d651b75f682 admin admin] vlan segment allocate from pool success with {'vlan_id': 664, 'physical_network': 'physnet1'} {{(pid=92287) allocate_partially_specified_segment /opt/stack/neutron/neutron/plugins/ml2/drivers/helpers.py:153}}
Jun 15 14:31:25.093809 dv-cinder-796286-3-smb neutron-server[92288]: DEBUG neutron.api.rpc.handlers.resources_rpc [None req-307c18c3-4817-4f63-8f9e-8e3426aa6cb7 admin admin] Pushing event deleted for resources: {'SecurityGroup': ['ID=86a20560-1f9c-438f-ae04-06c5f8e6cfc9,revision_number=None']} {{(pid=92288) push /opt/stack/neutron/neutron/api/rpc/handlers/resources_rpc.py:237}}
Jun 15 14:31:25.096962 dv-cinder-796286-3-smb neutron-server[92287]: DEBUG neutron_lib.callbacks.manager [None req-4e0df982-7979-4294-9d1d-0d651b75f682 admin admin] Notify callbacks ['neutron.plugins.ml2.plugin.Ml2Plugin._handle_segment_change-1427492'] for segment, precommit_create {{(pid=92287) _notify_loop /usr/local/lib/python3.8/dist-packages/neutron_lib/callbacks/manager.py:192}}
Jun 15 14:31:25.098646 dv-cinder-796286-3-smb neutron-server[92287]: INFO neutron.db.segments_db [None req-4e0df982-7979-4294-9d1d-0d651b75f682 admin admin] Added segment e7c16b14-fd4d-4084-9d33-fdee8cb9806d of type vlan for network af35941b-f8ed-47d2-9605-fa5f4492e103
Jun 15 14:31:25.101040 dv-cinder-796286-3-smb neutron-server[92288]: DEBUG oslo_concurrency.lockutils [None req-307c18c3-4817-4f63-8f9e-8e3426aa6cb7 admin admin] Lock "event-dispatch" released by "neutron.plugins.ml2.ovo_rpc._ObjectChangeHandler.dispatch_events" :: held 0.019s {{(pid=92288) inner /usr/local/lib/python3.8/dist-packages/oslo_concurrency/lockutils.py:367}}
Jun 15 14:31:25.134597 dv-cinder-796286-3-smb neutron-server[92288]: DEBUG neutron_lib.callbacks.manager [None req-1e93d311-2216-4976-b136-bcc72073bf0b admin admin] Notify callbacks ['neutron.plugins.ml2.ovo_rpc._ObjectChangeHandler.handle_event-387462'] for security_group, after_create {{(pid=92288) _notify_loop /usr/local/lib/python3.8/dist-packages/neutron_lib/callbacks/manager.py:192}}
Jun 15 14:31:25.153660 dv-cinder-796286-3-smb neutron-server[92288]: DEBUG oslo_concurrency.lockutils [None req-c56a953e-b305-4bf1-b117-e90b2f6fc963 admin admin] Lock "event-dispatch" acquired by "neutron.plugins.ml2.ovo_rpc._ObjectChangeHandler.dispatch_events" :: waited 0.000s {{(pid=92288) inner /usr/local/lib/python3.8/dist-packages/oslo_concurrency/lockutils.py:355}}
Jun 15 14:31:25.183133 dv-cinder-796286-3-smb neutron-server[92287]: DEBUG neutron_lib.callbacks.manager [None req-4e0df982-7979-4294-9d1d-0d651b75f682 admin admin] Notify callbacks ['neutron.services.auto_allocate.db._ensure_external_network_default_value_callback-8769603994040'] for network, precommit_create {{(pid=92287) _notify_loop /usr/local/lib/python3.8/dist-packages/neutron_lib/callbacks/manager.py:192}}
