Dec 13 22:54:53.207957 dv-cinder-796286-23-iscsi devstack@n-api.service[101865]: DEBUG oslo_concurrency.lockutils [None req-08f837c9-e484-40ee-9ef1-7dfe1757c3b1 None None] Lock "6ef68d83-174b-4609-9936-379f3e54427a" acquired by "nova.context.set_target_cell..get_or_set_cached_cell_and_set_connections" :: waited 0.000s {{(pid=101865) inner /usr/local/lib/python3.8/dist-packages/oslo_concurrency/lockutils.py:386}}
Dec 13 22:54:53.209748 dv-cinder-796286-23-iscsi devstack@n-api.service[101864]: DEBUG oslo_concurrency.lockutils [None req-7fe89ce9-c4b4-4b2d-abad-74bd1ad5138a None None] Lock "00000000-0000-0000-0000-000000000000" acquired by "nova.context.set_target_cell..get_or_set_cached_cell_and_set_connections" :: waited 0.000s {{(pid=101864) inner /usr/local/lib/python3.8/dist-packages/oslo_concurrency/lockutils.py:386}}
Dec 13 22:54:53.209886 dv-cinder-796286-23-iscsi devstack@n-api.service[101865]: DEBUG oslo_concurrency.lockutils [None req-08f837c9-e484-40ee-9ef1-7dfe1757c3b1 None None] Lock "6ef68d83-174b-4609-9936-379f3e54427a" "released" by "nova.context.set_target_cell..get_or_set_cached_cell_and_set_connections" :: held 0.002s {{(pid=101865) inner /usr/local/lib/python3.8/dist-packages/oslo_concurrency/lockutils.py:400}}
Dec 13 22:54:53.211305 dv-cinder-796286-23-iscsi devstack@n-api.service[101864]: DEBUG oslo_concurrency.lockutils [None req-7fe89ce9-c4b4-4b2d-abad-74bd1ad5138a None None] Lock "00000000-0000-0000-0000-000000000000" "released" by "nova.context.set_target_cell..get_or_set_cached_cell_and_set_connections" :: held 0.002s {{(pid=101864) inner /usr/local/lib/python3.8/dist-packages/oslo_concurrency/lockutils.py:400}}
Dec 13 22:54:53.212126 dv-cinder-796286-23-iscsi devstack@n-api.service[101864]: DEBUG oslo_concurrency.lockutils [None req-7fe89ce9-c4b4-4b2d-abad-74bd1ad5138a None None] Lock "6ef68d83-174b-4609-9936-379f3e54427a" acquired by "nova.context.set_target_cell..get_or_set_cached_cell_and_set_connections" :: waited 0.000s {{(pid=101864) inner /usr/local/lib/python3.8/dist-packages/oslo_concurrency/lockutils.py:386}}
Dec 13 22:54:53.214332 dv-cinder-796286-23-iscsi devstack@n-api.service[101864]: DEBUG oslo_concurrency.lockutils [None req-7fe89ce9-c4b4-4b2d-abad-74bd1ad5138a None None] Lock "6ef68d83-174b-4609-9936-379f3e54427a" "released" by "nova.context.set_target_cell..get_or_set_cached_cell_and_set_connections" :: held 0.002s {{(pid=101864) inner /usr/local/lib/python3.8/dist-packages/oslo_concurrency/lockutils.py:400}}
Dec 13 22:54:53.220666 dv-cinder-796286-23-iscsi devstack@n-api.service[101865]: DEBUG oslo_db.sqlalchemy.engines [None req-08f837c9-e484-40ee-9ef1-7dfe1757c3b1 None None] MySQL server mode set to STRICT_TRANS_TABLES,STRICT_ALL_TABLES,NO_ZERO_IN_DATE,NO_ZERO_DATE,ERROR_FOR_DIVISION_BY_ZERO,TRADITIONAL,NO_ENGINE_SUBSTITUTION {{(pid=101865) _check_effective_sql_mode /usr/local/lib/python3.8/dist-packages/oslo_db/sqlalchemy/engines.py:314}}
Dec 13 22:54:53.224065 dv-cinder-796286-23-iscsi devstack@n-api.service[101865]: DEBUG oslo_db.sqlalchemy.engines [None req-08f837c9-e484-40ee-9ef1-7dfe1757c3b1 None None] MySQL server mode set to STRICT_TRANS_TABLES,STRICT_ALL_TABLES,NO_ZERO_IN_DATE,NO_ZERO_DATE,ERROR_FOR_DIVISION_BY_ZERO,TRADITIONAL,NO_ENGINE_SUBSTITUTION {{(pid=101865) _check_effective_sql_mode /usr/local/lib/python3.8/dist-packages/oslo_db/sqlalchemy/engines.py:314}}
Dec 13 22:54:53.228116 dv-cinder-796286-23-iscsi devstack@n-api.service[101864]: DEBUG oslo_db.sqlalchemy.engines [None req-7fe89ce9-c4b4-4b2d-abad-74bd1ad5138a None None] MySQL server mode set to STRICT_TRANS_TABLES,STRICT_ALL_TABLES,NO_ZERO_IN_DATE,NO_ZERO_DATE,ERROR_FOR_DIVISION_BY_ZERO,TRADITIONAL,NO_ENGINE_SUBSTITUTION {{(pid=101864) _check_effective_sql_mode /usr/local/lib/python3.8/dist-packages/oslo_db/sqlalchemy/engines.py:314}}
Dec 13 22:54:53.230809 dv-cinder-796286-23-iscsi devstack@n-api.service[101864]: DEBUG oslo_db.sqlalchemy.engines [None req-7fe89ce9-c4b4-4b2d-abad-74bd1ad5138a None None] MySQL server mode set to STRICT_TRANS_TABLES,STRICT_ALL_TABLES,NO_ZERO_IN_DATE,NO_ZERO_DATE,ERROR_FOR_DIVISION_BY_ZERO,TRADITIONAL,NO_ENGINE_SUBSTITUTION {{(pid=101864) _check_effective_sql_mode /usr/local/lib/python3.8/dist-packages/oslo_db/sqlalchemy/engines.py:314}}
Dec 13 22:54:53.389849 dv-cinder-796286-23-iscsi devstack@n-api.service[101865]: DEBUG oslo_db.sqlalchemy.engines [None req-08f837c9-e484-40ee-9ef1-7dfe1757c3b1 None None] MySQL server mode set to STRICT_TRANS_TABLES,STRICT_ALL_TABLES,NO_ZERO_IN_DATE,NO_ZERO_DATE,ERROR_FOR_DIVISION_BY_ZERO,TRADITIONAL,NO_ENGINE_SUBSTITUTION {{(pid=101865) _check_effective_sql_mode /usr/local/lib/python3.8/dist-packages/oslo_db/sqlalchemy/engines.py:314}}
Dec 13 22:54:53.390801 dv-cinder-796286-23-iscsi devstack@n-api.service[101864]: DEBUG oslo_db.sqlalchemy.engines [None req-7fe89ce9-c4b4-4b2d-abad-74bd1ad5138a None None] MySQL server mode set to STRICT_TRANS_TABLES,STRICT_ALL_TABLES,NO_ZERO_IN_DATE,NO_ZERO_DATE,ERROR_FOR_DIVISION_BY_ZERO,TRADITIONAL,NO_ENGINE_SUBSTITUTION {{(pid=101864) _check_effective_sql_mode /usr/local/lib/python3.8/dist-packages/oslo_db/sqlalchemy/engines.py:314}}
Dec 13 22:54:53.730404 dv-cinder-796286-23-iscsi devstack@n-api.service[101865]: WARNING keystonemiddleware.auth_token [None req-08f837c9-e484-40ee-9ef1-7dfe1757c3b1 None None] AuthToken middleware is set with keystone_authtoken.service_token_roles_required set to False. This is backwards compatible but deprecated behaviour. Please set this to True.
Dec 13 22:54:53.731208 dv-cinder-796286-23-iscsi devstack@n-api.service[101864]: WARNING keystonemiddleware.auth_token [None req-7fe89ce9-c4b4-4b2d-abad-74bd1ad5138a None None] AuthToken middleware is set with keystone_authtoken.service_token_roles_required set to False. This is backwards compatible but deprecated behaviour. Please set this to True.
Dec 13 22:54:53.737002 dv-cinder-796286-23-iscsi devstack@n-api.service[101865]: WARNING keystonemiddleware.auth_token [None req-08f837c9-e484-40ee-9ef1-7dfe1757c3b1 None None] Configuring www_authenticate_uri to point to the public identity endpoint is required; clients may not be able to authenticate against an admin endpoint
Dec 13 22:54:53.737771 dv-cinder-796286-23-iscsi devstack@n-api.service[101864]: WARNING keystonemiddleware.auth_token [None req-7fe89ce9-c4b4-4b2d-abad-74bd1ad5138a None None] Configuring www_authenticate_uri to point to the public identity endpoint is required; clients may not be able to authenticate against an admin endpoint
Dec 13 22:54:54.078420 dv-cinder-796286-23-iscsi devstack@n-api.service[101864]: WARNING keystonemiddleware.auth_token [None req-7fe89ce9-c4b4-4b2d-abad-74bd1ad5138a None None] AuthToken middleware is set with keystone_authtoken.service_token_roles_required set to False. This is backwards compatible but deprecated behaviour. Please set this to True.
Dec 13 22:54:54.079084 dv-cinder-796286-23-iscsi devstack@n-api.service[101865]: WARNING keystonemiddleware.auth_token [None req-08f837c9-e484-40ee-9ef1-7dfe1757c3b1 None None] AuthToken middleware is set with keystone_authtoken.service_token_roles_required set to False. This is backwards compatible but deprecated behaviour. Please set this to True.
Dec 13 22:54:54.083597 dv-cinder-796286-23-iscsi devstack@n-api.service[101865]: WARNING keystonemiddleware.auth_token [None req-08f837c9-e484-40ee-9ef1-7dfe1757c3b1 None None] Configuring www_authenticate_uri to point to the public identity endpoint is required; clients may not be able to authenticate against an admin endpoint
Dec 13 22:54:54.083733 dv-cinder-796286-23-iscsi devstack@n-api.service[101864]: WARNING keystonemiddleware.auth_token [None req-7fe89ce9-c4b4-4b2d-abad-74bd1ad5138a None None] Configuring www_authenticate_uri to point to the public identity endpoint is required; clients may not be able to authenticate against an admin endpoint
Dec 13 22:54:54.088788 dv-cinder-796286-23-iscsi devstack@n-api.service[101864]: WSGI app 0 (mountpoint='') ready in 6 seconds on interpreter 0x55db53f679c0 pid: 101864 (default app)
Dec 13 22:54:54.089136 dv-cinder-796286-23-iscsi devstack@n-api.service[101865]: WSGI app 0 (mountpoint='') ready in 6 seconds on interpreter 0x55db53f679c0 pid: 101865 (default app)
Dec 13 22:54:54.090898 dv-cinder-796286-23-iscsi devstack@n-api.service[101864]: DEBUG nova.api.openstack.wsgi [None req-7fe89ce9-c4b4-4b2d-abad-74bd1ad5138a None None] Calling method '>' {{(pid=101864) _process_stack /opt/stack/nova/nova/api/openstack/wsgi.py:513}}
Dec 13 22:54:54.092082 dv-cinder-796286-23-iscsi devstack@n-api.service[101864]: INFO nova.api.openstack.requestlog [None req-7fe89ce9-c4b4-4b2d-abad-74bd1ad5138a None None] 10.222.0.13 "GET /compute/v2.1/" status: 200 len: 388 microversion: 2.1 time: 0.001731
Dec 13 22:54:54.092491 dv-cinder-796286-23-iscsi devstack@n-api.service[101864]: [pid: 101864|app: 0|req: 1/1] 10.222.0.13 () {50 vars in 788 bytes} [Mon Dec 13 22:54:54 2021] GET /compute/v2.1/ => generated 388 bytes in 3 msecs (HTTP/1.1 200) 9 headers in 357 bytes (1 switches on core 0)
Dec 13 22:56:16.887161 dv-cinder-796286-23-iscsi devstack@n-api.service[101865]: DEBUG nova.api.openstack.wsgi [None req-08f837c9-e484-40ee-9ef1-7dfe1757c3b1 None None] Calling method '>' {{(pid=101865) _process_stack /opt/stack/nova/nova/api/openstack/wsgi.py:513}}
Dec 13 22:56:16.888759 dv-cinder-796286-23-iscsi devstack@n-api.service[101865]: INFO nova.api.openstack.requestlog [None req-08f837c9-e484-40ee-9ef1-7dfe1757c3b1 None None] 10.222.0.13 "GET /compute/v2.1" status: 200 len: 388 microversion: 2.1 time: 0.002446
Dec 13 22:56:16.889470 dv-cinder-796286-23-iscsi devstack@n-api.service[101865]: [pid: 101865|app: 0|req: 1/2] 10.222.0.13 () {54 vars in 930 bytes} [Mon Dec 13 22:56:16 2021] GET /compute/v2.1 => generated 388 bytes in 5 msecs (HTTP/1.1 200) 9 headers in 357 bytes (2 switches on core 0)
Dec 13 22:56:17.330982 dv-cinder-796286-23-iscsi devstack@n-api.service[101864]: DEBUG nova.api.openstack.wsgi [None req-8134ac39-2a1d-4dce-bef1-e209bb4f84d9 admin admin] Calling method '>' {{(pid=101864) _process_stack /opt/stack/nova/nova/api/openstack/wsgi.py:513}}
Dec 13 22:56:17.360628 dv-cinder-796286-23-iscsi devstack@n-api.service[101864]: INFO nova.api.openstack.requestlog [None req-8134ac39-2a1d-4dce-bef1-e209bb4f84d9 admin admin] 10.222.0.13 "GET /compute/v2.1/flavors/detail?is_public=True" status: 200 len: 15 microversion: 2.61 time: 0.464465
Dec 13 22:56:17.369422 dv-cinder-796286-23-iscsi devstack@n-api.service[101864]: [pid: 101864|app: 0|req: 2/3] 10.222.0.13 () {60 vars in 1291 bytes} [Mon Dec 13 22:56:16 2021] GET /compute/v2.1/flavors/detail?is_public=True => generated 15 bytes in 466 msecs (HTTP/1.1 200) 9 headers in 358 bytes (1 switches on core 0)
Dec 13 22:56:19.800469 dv-cinder-796286-23-iscsi devstack@n-api.service[101865]: DEBUG nova.api.openstack.wsgi [None req-08f837c9-e484-40ee-9ef1-7dfe1757c3b1 None None] Calling method '>' {{(pid=101865) _process_stack /opt/stack/nova/nova/api/openstack/wsgi.py:513}}
Dec 13 22:56:19.801429 dv-cinder-796286-23-iscsi devstack@n-api.service[101865]: INFO nova.api.openstack.requestlog [None req-08f837c9-e484-40ee-9ef1-7dfe1757c3b1 None None] 10.222.0.13 "GET /compute/v2.1" status: 200 len: 388 microversion: 2.1 time: 0.001467
Dec 13 22:56:19.802118 dv-cinder-796286-23-iscsi devstack@n-api.service[101865]: [pid: 101865|app: 0|req: 2/4] 10.222.0.13 () {54 vars in 930 bytes} [Mon Dec 13 22:56:19 2021] GET /compute/v2.1 => generated 388 bytes in 2 msecs (HTTP/1.1 200) 9 headers in 357 bytes (1 switches on core 0)
Dec 13 22:56:19.872175 dv-cinder-796286-23-iscsi devstack@n-api.service[101864]: DEBUG nova.api.openstack.wsgi [None req-cf12c9f3-06d8-44f2-a064-8c9023b8a6ed admin admin] Action: 'create', calling method: >, body: {"flavor": {"vcpus": 1, "name": "cirros256", "OS-FLV-EXT-DATA:ephemeral": 0, "rxtx_factor": 1.0, "os-flavor-access:is_public": true, "disk": 1, "swap": 0, "id": "c1", "ram": 256}} {{(pid=101864) _process_stack /opt/stack/nova/nova/api/openstack/wsgi.py:511}}
Dec 13 22:56:19.891125 dv-cinder-796286-23-iscsi devstack@n-api.service[101864]: /usr/local/lib/python3.8/dist-packages/oslo_policy/policy.py:1117: UserWarning: Policy "os_compute_api:os-flavor-manage:create": "rule:system_admin_api" failed scope check. The token used to make the request was project scoped but the policy requires ['system'] scope. This behavior may change in the future where using the intended scope is required
Dec 13 22:56:19.891125 dv-cinder-796286-23-iscsi devstack@n-api.service[101864]: warnings.warn(msg)
Dec 13 22:56:19.921306 dv-cinder-796286-23-iscsi devstack@n-api.service[101864]: INFO nova.api.openstack.requestlog [None req-cf12c9f3-06d8-44f2-a064-8c9023b8a6ed admin admin] 10.222.0.13 "POST /compute/v2.1/flavors" status: 200 len: 407 microversion: 2.61 time: 0.112415
Dec 13 22:56:19.922258 dv-cinder-796286-23-iscsi devstack@n-api.service[101864]: [pid: 101864|app: 0|req: 3/5] 10.222.0.13 () {64 vars in 1282 bytes} [Mon Dec 13 22:56:19 2021] POST /compute/v2.1/flavors => generated 407 bytes in 114 msecs (HTTP/1.1 200) 9 headers in 359 bytes (1 switches on core 0)
Dec 13 22:56:20.138621 dv-cinder-796286-23-iscsi devstack@n-api.service[101865]: DEBUG nova.api.openstack.wsgi [None req-7b31c2f3-f4fa-4f71-b56f-c646f50c1621 admin admin] Action: 'create', calling method: >, body: {"extra_specs": {"hw_rng:allowed": "True"}} {{(pid=101865) _process_stack /opt/stack/nova/nova/api/openstack/wsgi.py:511}}
Dec 13 22:56:20.141099 dv-cinder-796286-23-iscsi devstack@n-api.service[101865]: /usr/local/lib/python3.8/dist-packages/oslo_policy/policy.py:1117: UserWarning: Policy "os_compute_api:os-flavor-extra-specs:create": "rule:system_admin_api" failed scope check. The token used to make the request was project scoped but the policy requires ['system'] scope. This behavior may change in the future where using the intended scope is required
Dec 13 22:56:20.141099 dv-cinder-796286-23-iscsi devstack@n-api.service[101865]: warnings.warn(msg)
Dec 13 22:56:20.190248 dv-cinder-796286-23-iscsi devstack@n-api.service[101865]: INFO nova.api.openstack.requestlog [None req-7b31c2f3-f4fa-4f71-b56f-c646f50c1621 admin admin] 10.222.0.13 "POST /compute/v2.1/flavors/c1/os-extra_specs" status: 200 len: 43 microversion: 2.61 time: 0.259182
Dec 13 22:56:20.192691 dv-cinder-796286-23-iscsi devstack@n-api.service[101865]: [pid: 101865|app: 0|req: 3/6] 10.222.0.13 () {64 vars in 1335 bytes} [Mon Dec 13 22:56:19 2021] POST /compute/v2.1/flavors/c1/os-extra_specs => generated 43 bytes in 262 msecs (HTTP/1.1 200) 9 headers in 358 bytes (1 switches on core 0)
Dec 13 22:56:22.621239 dv-cinder-796286-23-iscsi devstack@n-api.service[101864]: DEBUG nova.api.openstack.wsgi [None req-cf12c9f3-06d8-44f2-a064-8c9023b8a6ed admin admin] Calling method '>' {{(pid=101864) _process_stack /opt/stack/nova/nova/api/openstack/wsgi.py:513}}
Dec 13 22:56:22.622898 dv-cinder-796286-23-iscsi devstack@n-api.service[101864]: INFO nova.api.openstack.requestlog [None req-cf12c9f3-06d8-44f2-a064-8c9023b8a6ed admin admin] 10.222.0.13 "GET /compute/v2.1" status: 200 len: 388 microversion: 2.1 time: 0.002121
Dec 13 22:56:22.623596 dv-cinder-796286-23-iscsi devstack@n-api.service[101864]: [pid: 101864|app: 0|req: 4/7] 10.222.0.13 () {54 vars in 930 bytes} [Mon Dec 13 22:56:22 2021] GET /compute/v2.1 => generated 388 bytes in 3 msecs (HTTP/1.1 200) 9 headers in 357 bytes (2 switches on core 0)
Dec 13 22:56:22.760121 dv-cinder-796286-23-iscsi devstack@n-api.service[101865]: DEBUG nova.api.openstack.wsgi [None req-64926b52-4051-481f-9c1e-0dd679f40928 admin admin] Action: 'create', calling method: >, body: {"flavor": {"ram": 512, "os-flavor-access:is_public": true, "swap": 0, "id": "d1", "name": "ds512M", "disk": 5, "rxtx_factor": 1.0, "OS-FLV-EXT-DATA:ephemeral": 0, "vcpus": 1}} {{(pid=101865) _process_stack /opt/stack/nova/nova/api/openstack/wsgi.py:511}}
Dec 13 22:56:22.781773 dv-cinder-796286-23-iscsi devstack@n-api.service[101865]: /usr/local/lib/python3.8/dist-packages/oslo_policy/policy.py:1117: UserWarning: Policy "os_compute_api:os-flavor-manage:create": "rule:system_admin_api" failed scope check. The token used to make the request was project scoped but the policy requires ['system'] scope. This behavior may change in the future where using the intended scope is required
Dec 13 22:56:22.781773 dv-cinder-796286-23-iscsi devstack@n-api.service[101865]: warnings.warn(msg)
Dec 13 22:56:22.805087 dv-cinder-796286-23-iscsi devstack@n-api.service[101865]: INFO nova.api.openstack.requestlog [None req-64926b52-4051-481f-9c1e-0dd679f40928 admin admin] 10.222.0.13 "POST /compute/v2.1/flavors" status: 200 len: 404 microversion: 2.61 time: 0.174629
Dec 13 22:56:22.806135 dv-cinder-796286-23-iscsi devstack@n-api.service[101865]: [pid: 101865|app: 0|req: 4/8] 10.222.0.13 () {64 vars in 1282 bytes} [Mon Dec 13 22:56:22 2021] POST /compute/v2.1/flavors => generated 404 bytes in 176 msecs (HTTP/1.1 200) 9 headers in 359 bytes (2 switches on core 0)
Dec 13 22:56:22.818604 dv-cinder-796286-23-iscsi devstack@n-api.service[101864]: DEBUG nova.api.openstack.wsgi [None req-6934e04c-ed8f-4311-82f1-752677399d62 admin admin] Action: 'create', calling method: >, body: {"extra_specs": {"hw_rng:allowed": "True"}} {{(pid=101864) _process_stack /opt/stack/nova/nova/api/openstack/wsgi.py:511}}
Dec 13 22:56:22.820175 dv-cinder-796286-23-iscsi devstack@n-api.service[101864]: /usr/local/lib/python3.8/dist-packages/oslo_policy/policy.py:1117: UserWarning: Policy "os_compute_api:os-flavor-extra-specs:create": "rule:system_admin_api" failed scope check. The token used to make the request was project scoped but the policy requires ['system'] scope. This behavior may change in the future where using the intended scope is required
Dec 13 22:56:22.820175 dv-cinder-796286-23-iscsi devstack@n-api.service[101864]: warnings.warn(msg)
Dec 13 22:56:22.856621 dv-cinder-796286-23-iscsi devstack@n-api.service[101864]: INFO nova.api.openstack.requestlog [None req-6934e04c-ed8f-4311-82f1-752677399d62 admin admin] 10.222.0.13 "POST /compute/v2.1/flavors/d1/os-extra_specs" status: 200 len: 43 microversion: 2.61 time: 0.041779
Dec 13 22:56:22.857222 dv-cinder-796286-23-iscsi devstack@n-api.service[101864]: [pid: 101864|app: 0|req: 5/9] 10.222.0.13 () {64 vars in 1335 bytes} [Mon Dec 13 22:56:22 2021] POST /compute/v2.1/flavors/d1/os-extra_specs => generated 43 bytes in 43 msecs (HTTP/1.1 200) 9 headers in 358 bytes (1 switches on core 0)
Dec 13 22:56:25.284510 dv-cinder-796286-23-iscsi devstack@n-api.service[101865]: DEBUG nova.api.openstack.wsgi [None req-64926b52-4051-481f-9c1e-0dd679f40928 admin admin] Calling method '>' {{(pid=101865) _process_stack /opt/stack/nova/nova/api/openstack/wsgi.py:513}}
Dec 13 22:56:25.285561 dv-cinder-796286-23-iscsi devstack@n-api.service[101865]: INFO nova.api.openstack.requestlog [None req-64926b52-4051-481f-9c1e-0dd679f40928 admin admin] 10.222.0.13 "GET /compute/v2.1" status: 200 len: 388 microversion: 2.1 time: 0.001476
Dec 13 22:56:25.286209 dv-cinder-796286-23-iscsi devstack@n-api.service[101865]: [pid: 101865|app: 0|req: 5/10] 10.222.0.13 () {54 vars in 930 bytes} [Mon Dec 13 22:56:25 2021] GET /compute/v2.1 => generated 388 bytes in 2 msecs (HTTP/1.1 200) 9 headers in 357 bytes (1 switches on core 0)
Dec 13 22:56:25.343402 dv-cinder-796286-23-iscsi devstack@n-api.service[101864]: DEBUG nova.api.openstack.wsgi [None req-037061c1-c34a-4677-84ba-9009b5cdcaf1 admin admin] Action: 'create', calling method: >, body: {"flavor": {"ram": 1024, "swap": 0, "name": "ds1G", "vcpus": 1, "disk": 10, "OS-FLV-EXT-DATA:ephemeral": 0, "os-flavor-access:is_public": true, "id": "d2", "rxtx_factor": 1.0}} {{(pid=101864) _process_stack /opt/stack/nova/nova/api/openstack/wsgi.py:511}}
Dec 13 22:56:25.364194 dv-cinder-796286-23-iscsi devstack@n-api.service[101864]: INFO nova.api.openstack.requestlog [None req-037061c1-c34a-4677-84ba-9009b5cdcaf1 admin admin] 10.222.0.13 "POST /compute/v2.1/flavors" status: 200 len: 404 microversion: 2.61 time: 0.071533
Dec 13 22:56:25.371252 dv-cinder-796286-23-iscsi devstack@n-api.service[101864]: [pid: 101864|app: 0|req: 6/11] 10.222.0.13 () {64 vars in 1282 bytes} [Mon Dec 13 22:56:25 2021] POST /compute/v2.1/flavors => generated 404 bytes in 79 msecs (HTTP/1.1 200) 9 headers in 359 bytes (1 switches on core 0)
Dec 13 22:56:25.377207 dv-cinder-796286-23-iscsi devstack@n-api.service[101865]: DEBUG nova.api.openstack.wsgi [None req-203299e0-f2b6-49de-92d3-455211519455 admin admin] Action: 'create', calling method: >, body: {"extra_specs": {"hw_rng:allowed": "True"}} {{(pid=101865) _process_stack /opt/stack/nova/nova/api/openstack/wsgi.py:511}}
Dec 13 22:56:25.401787 dv-cinder-796286-23-iscsi devstack@n-api.service[101865]: INFO nova.api.openstack.requestlog [None req-203299e0-f2b6-49de-92d3-455211519455 admin admin] 10.222.0.13 "POST /compute/v2.1/flavors/d2/os-extra_specs" status: 200 len: 43 microversion: 2.61 time: 0.027947
Dec 13 22:56:25.407813 dv-cinder-796286-23-iscsi devstack@n-api.service[101865]: [pid: 101865|app: 0|req: 6/12] 10.222.0.13 () {64 vars in 1335 bytes} [Mon Dec 13 22:56:25 2021] POST /compute/v2.1/flavors/d2/os-extra_specs => generated 43 bytes in 35 msecs (HTTP/1.1 200) 9 headers in 358 bytes (1 switches on core 0)
Dec 13 22:56:27.826995 dv-cinder-796286-23-iscsi devstack@n-api.service[101864]: DEBUG nova.api.openstack.wsgi [None req-037061c1-c34a-4677-84ba-9009b5cdcaf1 admin admin] Calling method '>' {{(pid=101864) _process_stack /opt/stack/nova/nova/api/openstack/wsgi.py:513}}
Dec 13 22:56:27.828678 dv-cinder-796286-23-iscsi devstack@n-api.service[101864]: INFO nova.api.openstack.requestlog [None req-037061c1-c34a-4677-84ba-9009b5cdcaf1 admin admin] 10.222.0.13 "GET /compute/v2.1" status: 200 len: 388 microversion: 2.1 time: 0.002073
Dec 13 22:56:27.829227 dv-cinder-796286-23-iscsi devstack@n-api.service[101864]: [pid: 101864|app: 0|req: 7/13] 10.222.0.13 () {54 vars in 930 bytes} [Mon Dec 13 22:56:27 2021] GET /compute/v2.1 => generated 388 bytes in 3 msecs (HTTP/1.1 200) 9 headers in 357 bytes (1 switches on core 0)
Dec 13 22:56:27.889730 dv-cinder-796286-23-iscsi devstack@n-api.service[101865]: DEBUG nova.api.openstack.wsgi [None req-ed8347ae-adf2-47ec-81cd-f1605aa4de5c admin admin] Action: 'create', calling method: >, body: {"flavor": {"disk": 10, "OS-FLV-EXT-DATA:ephemeral": 0, "os-flavor-access:is_public": true, "swap": 0, "ram": 2048, "id": "d3", "rxtx_factor": 1.0, "vcpus": 2, "name": "ds2G"}} {{(pid=101865) _process_stack /opt/stack/nova/nova/api/openstack/wsgi.py:511}}
Dec 13 22:56:27.908544 dv-cinder-796286-23-iscsi devstack@n-api.service[101865]: INFO nova.api.openstack.requestlog [None req-ed8347ae-adf2-47ec-81cd-f1605aa4de5c admin admin] 10.222.0.13 "POST /compute/v2.1/flavors" status: 200 len: 404 microversion: 2.61 time: 0.072748
Dec 13 22:56:27.909130 dv-cinder-796286-23-iscsi devstack@n-api.service[101865]: [pid: 101865|app: 0|req: 7/14] 10.222.0.13 () {64 vars in 1282 bytes} [Mon Dec 13 22:56:27 2021] POST /compute/v2.1/flavors => generated 404 bytes in 74 msecs (HTTP/1.1 200) 9 headers in 359 bytes (2 switches on core 0)
Dec 13 22:56:27.922024 dv-cinder-796286-23-iscsi devstack@n-api.service[101864]: DEBUG nova.api.openstack.wsgi [None req-856b2d4b-0980-4fb5-b96b-3115a440ce8a admin admin] Action: 'create', calling method: >, body: {"extra_specs": {"hw_rng:allowed": "True"}} {{(pid=101864) _process_stack /opt/stack/nova/nova/api/openstack/wsgi.py:511}}
Dec 13 22:56:27.947924 dv-cinder-796286-23-iscsi devstack@n-api.service[101864]: INFO nova.api.openstack.requestlog [None req-856b2d4b-0980-4fb5-b96b-3115a440ce8a admin admin] 10.222.0.13 "POST /compute/v2.1/flavors/d3/os-extra_specs" status: 200 len: 43 microversion: 2.61 time: 0.029521
Dec 13 22:56:27.948544 dv-cinder-796286-23-iscsi devstack@n-api.service[101864]: [pid: 101864|app: 0|req: 8/15] 10.222.0.13 () {64 vars in 1335 bytes} [Mon Dec 13 22:56:27 2021] POST /compute/v2.1/flavors/d3/os-extra_specs => generated 43 bytes in 31 msecs (HTTP/1.1 200) 9 headers in 358 bytes (1 switches on core 0)
Dec 13 22:56:30.347766 dv-cinder-796286-23-iscsi devstack@n-api.service[101865]: DEBUG nova.api.openstack.wsgi [None req-ed8347ae-adf2-47ec-81cd-f1605aa4de5c admin admin] Calling method '>' {{(pid=101865) _process_stack /opt/stack/nova/nova/api/openstack/wsgi.py:513}}
Dec 13 22:56:30.348760 dv-cinder-796286-23-iscsi devstack@n-api.service[101865]: INFO nova.api.openstack.requestlog [None req-ed8347ae-adf2-47ec-81cd-f1605aa4de5c admin admin] 10.222.0.13 "GET /compute/v2.1" status: 200 len: 388 microversion: 2.1 time: 0.001446
Dec 13 22:56:30.349153 dv-cinder-796286-23-iscsi devstack@n-api.service[101865]: [pid: 101865|app: 0|req: 8/16] 10.222.0.13 () {54 vars in 930 bytes} [Mon Dec 13 22:56:30 2021] GET /compute/v2.1 => generated 388 bytes in 2 msecs (HTTP/1.1 200) 9 headers in 357 bytes (1 switches on core 0)
Dec 13 22:56:30.408639 dv-cinder-796286-23-iscsi devstack@n-api.service[101864]: DEBUG nova.api.openstack.wsgi [None req-2112c105-fb7a-48ea-83fb-20fbf9c2caeb admin admin] Action: 'create', calling method: >, body: {"flavor": {"rxtx_factor": 1.0, "vcpus": 4, "disk": 20, "swap": 0, "id": "d4", "ram": 4096, "name": "ds4G", "OS-FLV-EXT-DATA:ephemeral": 0, "os-flavor-access:is_public": true}} {{(pid=101864) _process_stack /opt/stack/nova/nova/api/openstack/wsgi.py:511}}
Dec 13 22:56:30.430287 dv-cinder-796286-23-iscsi devstack@n-api.service[101864]: INFO nova.api.openstack.requestlog [None req-2112c105-fb7a-48ea-83fb-20fbf9c2caeb admin admin] 10.222.0.13 "POST /compute/v2.1/flavors" status: 200 len: 404 microversion: 2.61 time: 0.074450
Dec 13 22:56:30.430961 dv-cinder-796286-23-iscsi devstack@n-api.service[101864]: [pid: 101864|app: 0|req: 9/17] 10.222.0.13 () {64 vars in 1282 bytes} [Mon Dec 13 22:56:30 2021] POST /compute/v2.1/flavors => generated 404 bytes in 76 msecs (HTTP/1.1 200) 9 headers in 359 bytes (2 switches on core 0)
Dec 13 22:56:30.443197 dv-cinder-796286-23-iscsi devstack@n-api.service[101865]: DEBUG nova.api.openstack.wsgi [None req-6030e706-86d4-47e3-ac64-2f244e3c0618 admin admin] Action: 'create', calling method: >, body: {"extra_specs": {"hw_rng:allowed": "True"}} {{(pid=101865) _process_stack /opt/stack/nova/nova/api/openstack/wsgi.py:511}}
Dec 13 22:56:30.467569 dv-cinder-796286-23-iscsi devstack@n-api.service[101865]: INFO nova.api.openstack.requestlog [None req-6030e706-86d4-47e3-ac64-2f244e3c0618 admin admin] 10.222.0.13 "POST /compute/v2.1/flavors/d4/os-extra_specs" status: 200 len: 43 microversion: 2.61 time: 0.028048
Dec 13 22:56:30.468141 dv-cinder-796286-23-iscsi devstack@n-api.service[101865]: [pid: 101865|app: 0|req: 9/18] 10.222.0.13 () {64 vars in 1335 bytes} [Mon Dec 13 22:56:30 2021] POST /compute/v2.1/flavors/d4/os-extra_specs => generated 43 bytes in 29 msecs (HTTP/1.1 200) 9 headers in 358 bytes (1 switches on core 0)
Dec 13 22:56:32.881059 dv-cinder-796286-23-iscsi devstack@n-api.service[101864]: DEBUG nova.api.openstack.wsgi [None req-2112c105-fb7a-48ea-83fb-20fbf9c2caeb admin admin] Calling method '>' {{(pid=101864) _process_stack /opt/stack/nova/nova/api/openstack/wsgi.py:513}}
Dec 13 22:56:32.882106 dv-cinder-796286-23-iscsi devstack@n-api.service[101864]: INFO nova.api.openstack.requestlog [None req-2112c105-fb7a-48ea-83fb-20fbf9c2caeb admin admin] 10.222.0.13 "GET /compute/v2.1" status: 200 len: 388 microversion: 2.1 time: 0.001592
Dec 13 22:56:32.882541 dv-cinder-796286-23-iscsi devstack@n-api.service[101864]: [pid: 101864|app: 0|req: 10/19] 10.222.0.13 () {54 vars in 930 bytes} [Mon Dec 13 22:56:32 2021] GET /compute/v2.1 => generated 388 bytes in 3 msecs (HTTP/1.1 200) 9 headers in 357 bytes (1 switches on core 0)
Dec 13 22:56:32.961171 dv-cinder-796286-23-iscsi devstack@n-api.service[101865]: DEBUG nova.api.openstack.wsgi [None req-8b616bbb-5342-4d12-8889-2121f91848d5 admin admin] Calling method '>' {{(pid=101865) _process_stack /opt/stack/nova/nova/api/openstack/wsgi.py:513}}
Dec 13 22:56:32.984763 dv-cinder-796286-23-iscsi devstack@n-api.service[101865]: INFO nova.api.openstack.requestlog [None req-8b616bbb-5342-4d12-8889-2121f91848d5 admin admin] 10.222.0.13 "GET /compute/v2.1/flavors/detail?is_public=True" status: 200 len: 2106 microversion: 2.61 time: 0.093251
Dec 13 22:56:32.985313 dv-cinder-796286-23-iscsi devstack@n-api.service[101865]: [pid: 101865|app: 0|req: 10/20] 10.222.0.13 () {60 vars in 1291 bytes} [Mon Dec 13 22:56:32 2021] GET /compute/v2.1/flavors/detail?is_public=True => generated 2106 bytes in 95 msecs (HTTP/1.1 200) 9 headers in 360 bytes (2 switches on core 0)
Dec 13 22:56:35.682155 dv-cinder-796286-23-iscsi devstack@n-api.service[101864]: DEBUG nova.api.openstack.wsgi [None req-2112c105-fb7a-48ea-83fb-20fbf9c2caeb admin admin] Calling method '>' {{(pid=101864) _process_stack /opt/stack/nova/nova/api/openstack/wsgi.py:513}}
Dec 13 22:56:35.683217 dv-cinder-796286-23-iscsi devstack@n-api.service[101864]: INFO nova.api.openstack.requestlog [None req-2112c105-fb7a-48ea-83fb-20fbf9c2caeb admin admin] 10.222.0.13 "GET /compute/v2.1" status: 200 len: 388 microversion: 2.1 time: 0.001640
Dec 13 22:56:35.683649 dv-cinder-796286-23-iscsi devstack@n-api.service[101864]: [pid: 101864|app: 0|req: 11/21] 10.222.0.13 () {54 vars in 930 bytes} [Mon Dec 13 22:56:35 2021] GET /compute/v2.1 => generated 388 bytes in 3 msecs (HTTP/1.1 200) 9 headers in 357 bytes (1 switches on core 0)
Dec 13 22:56:35.748057 dv-cinder-796286-23-iscsi devstack@n-api.service[101865]: DEBUG nova.api.openstack.wsgi [None req-faf0327c-2bda-4540-8b70-68599199a158 admin admin] Action: 'create', calling method: >, body: {"flavor": {"name": "m1.tiny", "os-flavor-access:is_public": true, "OS-FLV-EXT-DATA:ephemeral": 0, "disk": 1, "swap": 0, "rxtx_factor": 1.0, "vcpus": 1, "id": "1", "ram": 512}} {{(pid=101865) _process_stack /opt/stack/nova/nova/api/openstack/wsgi.py:511}}
Dec 13 22:56:35.768478 dv-cinder-796286-23-iscsi devstack@n-api.service[101865]: INFO nova.api.openstack.requestlog [None req-faf0327c-2bda-4540-8b70-68599199a158 admin admin] 10.222.0.13 "POST /compute/v2.1/flavors" status: 200 len: 402 microversion: 2.61 time: 0.077715
Dec 13 22:56:35.769021 dv-cinder-796286-23-iscsi devstack@n-api.service[101865]: [pid: 101865|app: 0|req: 11/22] 10.222.0.13 () {64 vars in 1282 bytes} [Mon Dec 13 22:56:35 2021] POST /compute/v2.1/flavors => generated 402 bytes in 79 msecs (HTTP/1.1 200) 9 headers in 359 bytes (2 switches on core 0)
Dec 13 22:56:35.782019 dv-cinder-796286-23-iscsi devstack@n-api.service[101864]: DEBUG nova.api.openstack.wsgi [None req-264d5752-79ce-4a60-b796-6244f65bf198 admin admin] Action: 'create', calling method: >, body: {"extra_specs": {"hw_rng:allowed": "True"}} {{(pid=101864) _process_stack /opt/stack/nova/nova/api/openstack/wsgi.py:511}}
Dec 13 22:56:35.806496 dv-cinder-796286-23-iscsi devstack@n-api.service[101864]: INFO nova.api.openstack.requestlog [None req-264d5752-79ce-4a60-b796-6244f65bf198 admin admin] 10.222.0.13 "POST /compute/v2.1/flavors/1/os-extra_specs" status: 200 len: 43 microversion: 2.61 time: 0.028203
Dec 13 22:56:35.807251 dv-cinder-796286-23-iscsi devstack@n-api.service[101864]: [pid: 101864|app: 0|req: 12/23] 10.222.0.13 () {64 vars in 1332 bytes} [Mon Dec 13 22:56:35 2021] POST /compute/v2.1/flavors/1/os-extra_specs => generated 43 bytes in 30 msecs (HTTP/1.1 200) 9 headers in 358 bytes (1 switches on core 0)
Dec 13 22:56:38.226139 dv-cinder-796286-23-iscsi devstack@n-api.service[101865]: DEBUG nova.api.openstack.wsgi [None req-faf0327c-2bda-4540-8b70-68599199a158 admin admin] Calling method '>' {{(pid=101865) _process_stack /opt/stack/nova/nova/api/openstack/wsgi.py:513}}
Dec 13 22:56:38.227500 dv-cinder-796286-23-iscsi devstack@n-api.service[101865]: INFO nova.api.openstack.requestlog [None req-faf0327c-2bda-4540-8b70-68599199a158 admin admin] 10.222.0.13 "GET /compute/v2.1" status: 200 len: 388 microversion: 2.1 time: 0.002035
Dec 13 22:56:38.229885 dv-cinder-796286-23-iscsi devstack@n-api.service[101865]: [pid: 101865|app: 0|req: 12/24] 10.222.0.13 () {54 vars in 930 bytes} [Mon Dec 13 22:56:38 2021] GET /compute/v2.1 => generated 388 bytes in 5 msecs (HTTP/1.1 200) 9 headers in 357 bytes (1 switches on core 0)
Dec 13 22:56:38.292983 dv-cinder-796286-23-iscsi devstack@n-api.service[101864]: DEBUG nova.api.openstack.wsgi [None req-0e0d5ff5-aca7-4d30-be2c-2a7369deafea admin admin] Action: 'create', calling method: >, body: {"flavor": {"swap": 0, "rxtx_factor": 1.0, "id": "2", "vcpus": 1, "os-flavor-access:is_public": true, "name": "m1.small", "ram": 2048, "disk": 20, "OS-FLV-EXT-DATA:ephemeral": 0}} {{(pid=101864) _process_stack /opt/stack/nova/nova/api/openstack/wsgi.py:511}}
Dec 13 22:56:38.313269 dv-cinder-796286-23-iscsi devstack@n-api.service[101864]: INFO nova.api.openstack.requestlog [None req-0e0d5ff5-aca7-4d30-be2c-2a7369deafea admin admin] 10.222.0.13 "POST /compute/v2.1/flavors" status: 200 len: 405 microversion: 2.61 time: 0.076454
Dec 13 22:56:38.313995 dv-cinder-796286-23-iscsi devstack@n-api.service[101864]: [pid: 101864|app: 0|req: 13/25] 10.222.0.13 () {64 vars in 1282 bytes} [Mon Dec 13 22:56:38 2021] POST /compute/v2.1/flavors => generated 405 bytes in 78 msecs (HTTP/1.1 200) 9 headers in 359 bytes (1 switches on core 0)
Dec 13 22:56:38.326852 dv-cinder-796286-23-iscsi devstack@n-api.service[101865]: DEBUG nova.api.openstack.wsgi [None req-0a27dcd9-c9d3-44be-a19c-f9374bfd668f admin admin] Action: 'create', calling method: >, body: {"extra_specs": {"hw_rng:allowed": "True"}} {{(pid=101865) _process_stack /opt/stack/nova/nova/api/openstack/wsgi.py:511}}
Dec 13 22:56:38.350734 dv-cinder-796286-23-iscsi devstack@n-api.service[101865]: INFO nova.api.openstack.requestlog [None req-0a27dcd9-c9d3-44be-a19c-f9374bfd668f admin admin] 10.222.0.13 "POST /compute/v2.1/flavors/2/os-extra_specs" status: 200 len: 43 microversion: 2.61 time: 0.027869
Dec 13 22:56:38.351448 dv-cinder-796286-23-iscsi devstack@n-api.service[101865]: [pid: 101865|app: 0|req: 13/26] 10.222.0.13 () {64 vars in 1332 bytes} [Mon Dec 13 22:56:38 2021] POST /compute/v2.1/flavors/2/os-extra_specs => generated 43 bytes in 29 msecs (HTTP/1.1 200) 9 headers in 358 bytes (1 switches on core 0)
Dec 13 22:56:40.736953 dv-cinder-796286-23-iscsi devstack@n-api.service[101864]: DEBUG nova.api.openstack.wsgi [None req-0e0d5ff5-aca7-4d30-be2c-2a7369deafea admin admin] Calling method '>' {{(pid=101864) _process_stack /opt/stack/nova/nova/api/openstack/wsgi.py:513}}
Dec 13 22:56:40.738532 dv-cinder-796286-23-iscsi devstack@n-api.service[101864]: INFO nova.api.openstack.requestlog [None req-0e0d5ff5-aca7-4d30-be2c-2a7369deafea admin admin] 10.222.0.13 "GET /compute/v2.1" status: 200 len: 388 microversion: 2.1 time: 0.002210
Dec 13 22:56:40.749535 dv-cinder-796286-23-iscsi devstack@n-api.service[101864]: [pid: 101864|app: 0|req: 14/27] 10.222.0.13 () {54 vars in 930 bytes} [Mon Dec 13 22:56:40 2021] GET /compute/v2.1 => generated 388 bytes in 10 msecs (HTTP/1.1 200) 9 headers in 357 bytes (1 switches on core 0)
Dec 13 22:56:40.801315 dv-cinder-796286-23-iscsi devstack@n-api.service[101865]: DEBUG nova.api.openstack.wsgi [None req-611bec79-be31-4bf6-a408-ee23556e18a8 admin admin] Action: 'create', calling method: >, body: {"flavor": {"name": "m1.medium", "swap": 0, "vcpus": 2, "rxtx_factor": 1.0, "ram": 4096, "id": "3", "disk": 40, "OS-FLV-EXT-DATA:ephemeral": 0, "os-flavor-access:is_public": true}} {{(pid=101865) _process_stack /opt/stack/nova/nova/api/openstack/wsgi.py:511}}
Dec 13 22:56:40.820981 dv-cinder-796286-23-iscsi devstack@n-api.service[101865]: INFO nova.api.openstack.requestlog [None req-611bec79-be31-4bf6-a408-ee23556e18a8 admin admin] 10.222.0.13 "POST /compute/v2.1/flavors" status: 200 len: 406 microversion: 2.61 time: 0.074054
Dec 13 22:56:40.821677 dv-cinder-796286-23-iscsi devstack@n-api.service[101865]: [pid: 101865|app: 0|req: 14/28] 10.222.0.13 () {64 vars in 1282 bytes} [Mon Dec 13 22:56:40 2021] POST /compute/v2.1/flavors => generated 406 bytes in 75 msecs (HTTP/1.1 200) 9 headers in 359 bytes (1 switches on core 0)
Dec 13 22:56:40.834576 dv-cinder-796286-23-iscsi devstack@n-api.service[101864]: DEBUG nova.api.openstack.wsgi [None req-68f2b947-837f-49a9-8fdd-00bdc6b0cc88 admin admin] Action: 'create', calling method: >, body: {"extra_specs": {"hw_rng:allowed": "True"}} {{(pid=101864) _process_stack /opt/stack/nova/nova/api/openstack/wsgi.py:511}}
Dec 13 22:56:40.863734 dv-cinder-796286-23-iscsi devstack@n-api.service[101864]: INFO nova.api.openstack.requestlog [None req-68f2b947-837f-49a9-8fdd-00bdc6b0cc88 admin admin] 10.222.0.13 "POST /compute/v2.1/flavors/3/os-extra_specs" status: 200 len: 43 microversion: 2.61 time: 0.032947
Dec 13 22:56:40.864313 dv-cinder-796286-23-iscsi devstack@n-api.service[101864]: [pid: 101864|app: 0|req: 15/29] 10.222.0.13 () {64 vars in 1332 bytes} [Mon Dec 13 22:56:40 2021] POST /compute/v2.1/flavors/3/os-extra_specs => generated 43 bytes in 34 msecs (HTTP/1.1 200) 9 headers in 358 bytes (2 switches on core 0)
Dec 13 22:56:43.321436 dv-cinder-796286-23-iscsi devstack@n-api.service[101865]: DEBUG nova.api.openstack.wsgi [None req-611bec79-be31-4bf6-a408-ee23556e18a8 admin admin] Calling method '>' {{(pid=101865) _process_stack /opt/stack/nova/nova/api/openstack/wsgi.py:513}}
Dec 13 22:56:43.323089 dv-cinder-796286-23-iscsi devstack@n-api.service[101865]: INFO nova.api.openstack.requestlog [None req-611bec79-be31-4bf6-a408-ee23556e18a8 admin admin] 10.222.0.13 "GET /compute/v2.1" status: 200 len: 388 microversion: 2.1 time: 0.002295
Dec 13 22:56:43.323669 dv-cinder-796286-23-iscsi devstack@n-api.service[101865]: [pid: 101865|app: 0|req: 15/30] 10.222.0.13 () {54 vars in 930 bytes} [Mon Dec 13 22:56:43 2021] GET /compute/v2.1 => generated 388 bytes in 3 msecs (HTTP/1.1 200) 9 headers in 357 bytes (1 switches on core 0)
Dec 13 22:56:43.391225 dv-cinder-796286-23-iscsi devstack@n-api.service[101864]: DEBUG nova.api.openstack.wsgi [None req-8f81b685-ebd2-4eb5-ab0b-4ed4d9b1f281 admin admin] Action: 'create', calling method: >, body: {"flavor": {"os-flavor-access:is_public": true, "disk": 80, "vcpus": 4, "ram": 8192, "rxtx_factor": 1.0, "swap": 0, "id": "4", "name": "m1.large", "OS-FLV-EXT-DATA:ephemeral": 0}} {{(pid=101864) _process_stack /opt/stack/nova/nova/api/openstack/wsgi.py:511}}
Dec 13 22:56:43.412608 dv-cinder-796286-23-iscsi devstack@n-api.service[101864]: INFO nova.api.openstack.requestlog [None req-8f81b685-ebd2-4eb5-ab0b-4ed4d9b1f281 admin admin] 10.222.0.13 "POST /compute/v2.1/flavors" status: 200 len: 405 microversion: 2.61 time: 0.082207
Dec 13 22:56:43.413552 dv-cinder-796286-23-iscsi devstack@n-api.service[101864]: [pid: 101864|app: 0|req: 16/31] 10.222.0.13 () {64 vars in 1282 bytes} [Mon Dec 13 22:56:43 2021] POST /compute/v2.1/flavors => generated 405 bytes in 84 msecs (HTTP/1.1 200) 9 headers in 359 bytes (1 switches on core 0)
Dec 13 22:56:43.426060 dv-cinder-796286-23-iscsi devstack@n-api.service[101865]: DEBUG nova.api.openstack.wsgi [None req-9aa4fbdf-a265-4d17-ac36-56982d7711ca admin admin] Action: 'create', calling method: >, body: {"extra_specs": {"hw_rng:allowed": "True"}} {{(pid=101865) _process_stack /opt/stack/nova/nova/api/openstack/wsgi.py:511}}
Dec 13 22:56:43.451893 dv-cinder-796286-23-iscsi devstack@n-api.service[101865]: INFO nova.api.openstack.requestlog [None req-9aa4fbdf-a265-4d17-ac36-56982d7711ca admin admin] 10.222.0.13 "POST /compute/v2.1/flavors/4/os-extra_specs" status: 200 len: 43 microversion: 2.61 time: 0.029365
Dec 13 22:56:43.465364 dv-cinder-796286-23-iscsi devstack@n-api.service[101865]: [pid: 101865|app: 0|req: 16/32] 10.222.0.13 () {64 vars in 1332 bytes} [Mon Dec 13 22:56:43 2021] POST /compute/v2.1/flavors/4/os-extra_specs => generated 43 bytes in 32 msecs (HTTP/1.1 200) 9 headers in 358 bytes (1 switches on core 0)
Dec 13 22:56:45.877696 dv-cinder-796286-23-iscsi devstack@n-api.service[101864]: DEBUG nova.api.openstack.wsgi [None req-8f81b685-ebd2-4eb5-ab0b-4ed4d9b1f281 admin admin] Calling method '>' {{(pid=101864) _process_stack /opt/stack/nova/nova/api/openstack/wsgi.py:513}}
Dec 13 22:56:45.878723 dv-cinder-796286-23-iscsi devstack@n-api.service[101864]: INFO nova.api.openstack.requestlog [None req-8f81b685-ebd2-4eb5-ab0b-4ed4d9b1f281 admin admin] 10.222.0.13 "GET /compute/v2.1" status: 200 len: 388 microversion: 2.1 time: 0.001569
Dec 13 22:56:45.879136 dv-cinder-796286-23-iscsi devstack@n-api.service[101864]: [pid: 101864|app: 0|req: 17/33] 10.222.0.13 () {54 vars in 930 bytes} [Mon Dec 13 22:56:45 2021] GET /compute/v2.1 => generated 388 bytes in 2 msecs (HTTP/1.1 200) 9 headers in 357 bytes (1 switches on core 0)
Dec 13 22:56:45.940348 dv-cinder-796286-23-iscsi devstack@n-api.service[101865]: DEBUG nova.api.openstack.wsgi [None req-cec4d942-e83a-43d2-b3f9-9ad25068ae52 admin admin] Action: 'create', calling method: >, body: {"flavor": {"ram": 16384, "name": "m1.xlarge", "swap": 0, "vcpus": 8, "os-flavor-access:is_public": true, "id": "5", "OS-FLV-EXT-DATA:ephemeral": 0, "disk": 160, "rxtx_factor": 1.0}} {{(pid=101865) _process_stack /opt/stack/nova/nova/api/openstack/wsgi.py:511}}
Dec 13 22:56:45.961173 dv-cinder-796286-23-iscsi devstack@n-api.service[101865]: INFO nova.api.openstack.requestlog [None req-cec4d942-e83a-43d2-b3f9-9ad25068ae52 admin admin] 10.222.0.13 "POST /compute/v2.1/flavors" status: 200 len: 408 microversion: 2.61 time: 0.075618
Dec 13 22:56:45.961955 dv-cinder-796286-23-iscsi devstack@n-api.service[101865]: [pid: 101865|app: 0|req: 17/34] 10.222.0.13 () {64 vars in 1282 bytes} [Mon Dec 13 22:56:45 2021] POST /compute/v2.1/flavors => generated 408 bytes in 77 msecs (HTTP/1.1 200) 9 headers in 359 bytes (2 switches on core 0)
Dec 13 22:56:45.975170 dv-cinder-796286-23-iscsi devstack@n-api.service[101864]: DEBUG nova.api.openstack.wsgi [None req-87766865-c5ae-41ea-a8ac-f15c8fa5ee80 admin admin] Action: 'create', calling method: >, body: {"extra_specs": {"hw_rng:allowed": "True"}} {{(pid=101864) _process_stack /opt/stack/nova/nova/api/openstack/wsgi.py:511}}
Dec 13 22:56:45.999417 dv-cinder-796286-23-iscsi devstack@n-api.service[101864]: INFO nova.api.openstack.requestlog [None req-87766865-c5ae-41ea-a8ac-f15c8fa5ee80 admin admin] 10.222.0.13 "POST /compute/v2.1/flavors/5/os-extra_specs" status: 200 len: 43 microversion: 2.61 time: 0.027967
Dec 13 22:56:46.000324 dv-cinder-796286-23-iscsi devstack@n-api.service[101864]: [pid: 101864|app: 0|req: 18/35] 10.222.0.13 () {64 vars in 1332 bytes} [Mon Dec 13 22:56:45 2021] POST /compute/v2.1/flavors/5/os-extra_specs => generated 43 bytes in 29 msecs (HTTP/1.1 200) 9 headers in 358 bytes (2 switches on core 0)
Dec 13 22:57:06.710459 dv-cinder-796286-23-iscsi devstack@n-api.service[101865]: DEBUG nova.api.openstack.wsgi [None req-cec4d942-e83a-43d2-b3f9-9ad25068ae52 admin admin] Calling method '>' {{(pid=101865) _process_stack /opt/stack/nova/nova/api/openstack/wsgi.py:513}}
Dec 13 22:57:06.711471 dv-cinder-796286-23-iscsi devstack@n-api.service[101865]: INFO nova.api.openstack.requestlog [None req-cec4d942-e83a-43d2-b3f9-9ad25068ae52 admin admin] 10.222.0.13 "GET /compute/v2.1" status: 200 len: 388 microversion: 2.1 time: 0.001463
Dec 13 22:57:06.711974 dv-cinder-796286-23-iscsi devstack@n-api.service[101865]: [pid: 101865|app: 0|req: 18/36] 10.222.0.13 () {54 vars in 930 bytes} [Mon Dec 13 22:57:06 2021] GET /compute/v2.1 => generated 388 bytes in 2 msecs (HTTP/1.1 200) 9 headers in 357 bytes (1 switches on core 0)
Dec 13 22:57:06.783605 dv-cinder-796286-23-iscsi devstack@n-api.service[101864]: DEBUG nova.api.openstack.wsgi [None req-69829953-5fe4-44e7-9825-1ed20a5d0598 admin admin] Calling method '>' {{(pid=101864) _process_stack /opt/stack/nova/nova/api/openstack/wsgi.py:513}}
Dec 13 22:57:06.808595 dv-cinder-796286-23-iscsi devstack@n-api.service[101864]: INFO nova.api.openstack.requestlog [None req-69829953-5fe4-44e7-9825-1ed20a5d0598 admin admin] 10.222.0.13 "GET /compute/v2.1/flavors/detail?is_public=True" status: 200 len: 4202 microversion: 2.61 time: 0.086187
Dec 13 22:57:06.809137 dv-cinder-796286-23-iscsi devstack@n-api.service[101864]: [pid: 101864|app: 0|req: 19/37] 10.222.0.13 () {60 vars in 1291 bytes} [Mon Dec 13 22:57:06 2021] GET /compute/v2.1/flavors/detail?is_public=True => generated 4202 bytes in 88 msecs (HTTP/1.1 200) 9 headers in 360 bytes (1 switches on core 0)
Dec 13 22:57:08.432463 dv-cinder-796286-23-iscsi devstack@n-api.service[101865]: DEBUG nova.api.openstack.wsgi [None req-cec4d942-e83a-43d2-b3f9-9ad25068ae52 admin admin] Calling method '>' {{(pid=101865) _process_stack /opt/stack/nova/nova/api/openstack/wsgi.py:513}}
Dec 13 22:57:08.433852 dv-cinder-796286-23-iscsi devstack@n-api.service[101865]: INFO nova.api.openstack.requestlog [None req-cec4d942-e83a-43d2-b3f9-9ad25068ae52 admin admin] 10.222.0.13 "GET /compute/v2.1" status: 200 len: 388 microversion: 2.1 time: 0.002412
Dec 13 22:57:08.434406 dv-cinder-796286-23-iscsi devstack@n-api.service[101865]: [pid: 101865|app: 0|req: 19/38] 10.222.0.13 () {56 vars in 1074 bytes} [Mon Dec 13 22:57:08 2021] GET /compute/v2.1 => generated 388 bytes in 4 msecs (HTTP/1.1 200) 9 headers in 357 bytes (1 switches on core 0)
Dec 13 22:57:08.642056 dv-cinder-796286-23-iscsi devstack@n-api.service[101864]: DEBUG nova.api.openstack.wsgi [None req-eba49b92-ba4b-4dc2-9ce1-3cd2f48e468d admin admin] Calling method '>' {{(pid=101864) _process_stack /opt/stack/nova/nova/api/openstack/wsgi.py:513}}
Dec 13 22:57:08.648500 dv-cinder-796286-23-iscsi devstack@n-api.service[101864]: INFO nova.api.openstack.wsgi [None req-eba49b92-ba4b-4dc2-9ce1-3cd2f48e468d admin admin] HTTP exception thrown: Flavor 42 could not be found.
Dec 13 22:57:08.649118 dv-cinder-796286-23-iscsi devstack@n-api.service[101864]: DEBUG nova.api.openstack.wsgi [None req-eba49b92-ba4b-4dc2-9ce1-3cd2f48e468d admin admin] Returning 404 to user: Flavor 42 could not be found. {{(pid=101864) __call__ /opt/stack/nova/nova/api/openstack/wsgi.py:936}}
Dec 13 22:57:08.649947 dv-cinder-796286-23-iscsi devstack@n-api.service[101864]: INFO nova.api.openstack.requestlog [None req-eba49b92-ba4b-4dc2-9ce1-3cd2f48e468d admin admin] 10.222.0.13 "GET /compute/v2.1/flavors/42" status: 404 len: 75 microversion: 2.90 time: 0.076785
Dec 13 22:57:08.650482 dv-cinder-796286-23-iscsi devstack@n-api.service[101864]: [pid: 101864|app: 0|req: 20/39] 10.222.0.13 () {60 vars in 1190 bytes} [Mon Dec 13 22:57:08 2021] GET /compute/v2.1/flavors/42 => generated 75 bytes in 78 msecs (HTTP/1.1 404) 9 headers in 380 bytes (1 switches on core 0)
Dec 13 22:57:08.661685 dv-cinder-796286-23-iscsi devstack@n-api.service[101865]: DEBUG nova.api.openstack.wsgi [None req-0d9f6f54-5a80-4980-8085-316038df4869 admin admin] Calling method '>' {{(pid=101865) _process_stack /opt/stack/nova/nova/api/openstack/wsgi.py:513}}
Dec 13 22:57:08.683061 dv-cinder-796286-23-iscsi devstack@n-api.service[101865]: INFO nova.api.openstack.requestlog [None req-0d9f6f54-5a80-4980-8085-316038df4869 admin admin] 10.222.0.13 "GET /compute/v2.1/flavors?is_public=None" status: 200 len: 2056 microversion: 2.90 time: 0.025675
Dec 13 22:57:08.683737 dv-cinder-796286-23-iscsi devstack@n-api.service[101865]: [pid: 101865|app: 0|req: 20/40] 10.222.0.13 () {60 vars in 1210 bytes} [Mon Dec 13 22:57:08 2021] GET /compute/v2.1/flavors?is_public=None => generated 2056 bytes in 27 msecs (HTTP/1.1 200) 9 headers in 360 bytes (1 switches on core 0)
Dec 13 22:57:08.694551 dv-cinder-796286-23-iscsi devstack@n-api.service[101864]: DEBUG nova.api.openstack.wsgi [None req-dc83ec05-d0ad-4e3c-965f-8f72677ba084 admin admin] Calling method '>' {{(pid=101864) _process_stack /opt/stack/nova/nova/api/openstack/wsgi.py:513}}
Dec 13 22:57:08.715993 dv-cinder-796286-23-iscsi devstack@n-api.service[101864]: INFO nova.api.openstack.requestlog [None req-dc83ec05-d0ad-4e3c-965f-8f72677ba084 admin admin] 10.222.0.13 "GET /compute/v2.1/flavors?is_public=None" status: 200 len: 2056 microversion: 2.90 time: 0.025075
Dec 13 22:57:08.716529 dv-cinder-796286-23-iscsi devstack@n-api.service[101864]: [pid: 101864|app: 0|req: 21/41] 10.222.0.13 () {60 vars in 1210 bytes} [Mon Dec 13 22:57:08 2021] GET /compute/v2.1/flavors?is_public=None => generated 2056 bytes in 26 msecs (HTTP/1.1 200) 9 headers in 360 bytes (1 switches on core 0)
Dec 13 22:57:08.726659 dv-cinder-796286-23-iscsi devstack@n-api.service[101865]: DEBUG nova.api.openstack.wsgi [None req-a2d79dcd-6d39-46bd-93a9-0a2e77ba752d admin admin] Calling method '>' {{(pid=101865) _process_stack /opt/stack/nova/nova/api/openstack/wsgi.py:513}}
Dec 13 22:57:08.732578 dv-cinder-796286-23-iscsi devstack@n-api.service[101865]: INFO nova.api.openstack.wsgi [None req-a2d79dcd-6d39-46bd-93a9-0a2e77ba752d admin admin] HTTP exception thrown: Flavor 42 could not be found.
Dec 13 22:57:08.733144 dv-cinder-796286-23-iscsi devstack@n-api.service[101865]: DEBUG nova.api.openstack.wsgi [None req-a2d79dcd-6d39-46bd-93a9-0a2e77ba752d admin admin] Returning 404 to user: Flavor 42 could not be found. {{(pid=101865) __call__ /opt/stack/nova/nova/api/openstack/wsgi.py:936}}
Dec 13 22:57:08.733972 dv-cinder-796286-23-iscsi devstack@n-api.service[101865]: INFO nova.api.openstack.requestlog [None req-a2d79dcd-6d39-46bd-93a9-0a2e77ba752d admin admin] 10.222.0.13 "GET /compute/v2.1/flavors/42" status: 404 len: 75 microversion: 2.90 time: 0.011002
Dec 13 22:57:08.734488 dv-cinder-796286-23-iscsi devstack@n-api.service[101865]: [pid: 101865|app: 0|req: 21/42] 10.222.0.13 () {60 vars in 1190 bytes} [Mon Dec 13 22:57:08 2021] GET /compute/v2.1/flavors/42 => generated 75 bytes in 12 msecs (HTTP/1.1 404) 9 headers in 380 bytes (1 switches on core 0)
Dec 13 22:57:10.251392 dv-cinder-796286-23-iscsi devstack@n-api.service[101864]: DEBUG nova.api.openstack.wsgi [None req-dc83ec05-d0ad-4e3c-965f-8f72677ba084 admin admin] Calling method '>' {{(pid=101864) _process_stack /opt/stack/nova/nova/api/openstack/wsgi.py:513}}
