Jul 30 16:32:21.992490 dv-cinder-796286-19-smb neutron-server[93064]: DEBUG neutron.plugins.ml2.drivers.mech_agent [None req-614e2831-ad2f-41aa-a64f-369eccb1a668 None None] Checking segment: {'id': 'f734c66a-d99c-4fe1-a3c0-668794a4eade', 'network_type': 'vlan', 'physical_network': 'physnet1', 'segmentation_id': 102, 'network_id': '2366e211-a2f4-4c46-badb-63df67776cf0'} for mappings: {'physnet1': 'br-data'} with network types: ['local', 'flat', 'vlan'] {{(pid=93064) check_segment_for_agent /opt/stack/neutron/neutron/plugins/ml2/drivers/mech_agent.py:352}}
Jul 30 16:32:21.992926 dv-cinder-796286-19-smb neutron-server[93064]: DEBUG neutron_lib.callbacks.manager [None req-614e2831-ad2f-41aa-a64f-369eccb1a668 None None] Notify callbacks [] for ovs_bridge_name, before_read {{(pid=93064) _notify_loop /usr/local/lib/python3.8/dist-packages/neutron_lib/callbacks/manager.py:192}}
Jul 30 16:32:21.993324 dv-cinder-796286-19-smb neutron-server[93064]: DEBUG neutron.plugins.ml2.drivers.mech_agent [None req-614e2831-ad2f-41aa-a64f-369eccb1a668 None None] Bound using segment: {'id': 'f734c66a-d99c-4fe1-a3c0-668794a4eade', 'network_type': 'vlan', 'physical_network': 'physnet1', 'segmentation_id': 102, 'network_id': '2366e211-a2f4-4c46-badb-63df67776cf0'} {{(pid=93064) bind_port /opt/stack/neutron/neutron/plugins/ml2/drivers/mech_agent.py:114}}
Jul 30 16:32:21.993825 dv-cinder-796286-19-smb neutron-server[93064]: DEBUG neutron.plugins.ml2.managers [None req-614e2831-ad2f-41aa-a64f-369eccb1a668 None None] Bound port: 98c3f029-ef92-46f2-b3d7-b99217ae7cec, host: dv-cinder-796286-19-smb, vif_type: ovs, vif_details: {"connectivity": "l2", "port_filter": true, "ovs_hybrid_plug": false, "datapath_type": "system", "bridge_name": "br-int"}, binding_levels: [{'bound_driver': 'openvswitch', 'bound_segment': {'id': 'f734c66a-d99c-4fe1-a3c0-668794a4eade', 'network_type': 'vlan', 'physical_network': 'physnet1', 'segmentation_id': 102, 'network_id': '2366e211-a2f4-4c46-badb-63df67776cf0'}}] {{(pid=93064) _bind_port_level /opt/stack/neutron/neutron/plugins/ml2/managers.py:928}}
Jul 30 16:32:21.994229 dv-cinder-796286-19-smb neutron-server[93064]: DEBUG neutron_lib.callbacks.manager [None req-614e2831-ad2f-41aa-a64f-369eccb1a668 None None] Notify callbacks ['neutron.plugins.ml2.plugin.SecurityGroupDbMixin._ensure_default_security_group_handler-589403'] for port, before_update {{(pid=93064) _notify_loop /usr/local/lib/python3.8/dist-packages/neutron_lib/callbacks/manager.py:192}}
Jul 30 16:32:22.012780 dv-cinder-796286-19-smb neutron-server[93063]: INFO neutron.wsgi [req-aed0a5b6-f78f-4ce8-859c-c727a1865a28 req-b559e4b6-9738-438c-a671-ea61b1701a1c tempest-AttachVolumeNegativeTest-1911178240 tempest-AttachVolumeNegativeTest-1911178240-project] 10.222.0.26 "GET /v2.0/ports?device_id=ac1ee6ce-1e51-4eaf-82cc-fe8e1548220c HTTP/1.1" status: 200 len: 210 time: 0.3636408
Jul 30 16:32:22.046183 dv-cinder-796286-19-smb neutron-server[93063]: DEBUG neutron_lib.callbacks.manager [None req-f33f5979-c1c2-4006-bcba-564bcac62922 admin admin] Notify callbacks [] for security_group, precommit_delete {{(pid=93063) _notify_loop /usr/local/lib/python3.8/dist-packages/neutron_lib/callbacks/manager.py:192}}
Jul 30 16:32:22.111515 dv-cinder-796286-19-smb neutron-server[93063]: DEBUG neutron_lib.callbacks.manager [None req-f33f5979-c1c2-4006-bcba-564bcac62922 admin admin] Notify callbacks ['neutron.plugins.ml2.ovo_rpc._ObjectChangeHandler.handle_event-3671259'] for security_group, after_delete {{(pid=93063) _notify_loop /usr/local/lib/python3.8/dist-packages/neutron_lib/callbacks/manager.py:192}}
Jul 30 16:32:22.116135 dv-cinder-796286-19-smb neutron-server[93063]: DEBUG neutron_lib.callbacks.manager [None req-f33f5979-c1c2-4006-bcba-564bcac62922 admin admin] Notify callbacks [] for security_group, before_response {{(pid=93063) _notify_loop /usr/local/lib/python3.8/dist-packages/neutron_lib/callbacks/manager.py:192}}
Jul 30 16:32:22.117629 dv-cinder-796286-19-smb neutron-server[93063]: INFO neutron.wsgi [None req-f33f5979-c1c2-4006-bcba-564bcac62922 admin admin] 10.222.0.26 "DELETE /v2.0/security-groups/3351659c-c5c6-44d3-97e9-52b542adc56b HTTP/1.1" status: 204 len: 168 time: 0.7677815
Jul 30 16:32:22.124302 dv-cinder-796286-19-smb neutron-server[93064]: DEBUG neutron.plugins.ml2.db [None req-614e2831-ad2f-41aa-a64f-369eccb1a668 None None] For port 98c3f029-ef92-46f2-b3d7-b99217ae7cec, host dv-cinder-796286-19-smb, cleared binding levels {{(pid=93064) clear_binding_levels /opt/stack/neutron/neutron/plugins/ml2/db.py:87}}
Jul 30 16:32:22.127894 dv-cinder-796286-19-smb neutron-server[93064]: DEBUG neutron.plugins.ml2.db [None req-614e2831-ad2f-41aa-a64f-369eccb1a668 None None] For port 98c3f029-ef92-46f2-b3d7-b99217ae7cec, host dv-cinder-796286-19-smb, set binding levels [PortBindingLevel(driver='openvswitch',host='dv-cinder-796286-19-smb',level=0,port_id=98c3f029-ef92-46f2-b3d7-b99217ae7cec,segment=NetworkSegment(f734c66a-d99c-4fe1-a3c0-668794a4eade),segment_id=f734c66a-d99c-4fe1-a3c0-668794a4eade)] {{(pid=93064) set_binding_levels /opt/stack/neutron/neutron/plugins/ml2/db.py:59}}
Jul 30 16:32:22.130941 dv-cinder-796286-19-smb neutron-server[93063]: DEBUG neutron.api.rpc.handlers.resources_rpc [None req-f33f5979-c1c2-4006-bcba-564bcac62922 admin admin] Pushing event deleted for resources: {'SecurityGroup': ['ID=3351659c-c5c6-44d3-97e9-52b542adc56b,revision_number=None']} {{(pid=93063) push /opt/stack/neutron/neutron/api/rpc/handlers/resources_rpc.py:237}}
Jul 30 16:32:22.135253 dv-cinder-796286-19-smb neutron-server[93064]: DEBUG neutron_lib.callbacks.manager [None req-614e2831-ad2f-41aa-a64f-369eccb1a668 None None] Notify callbacks ['neutron.plugins.ml2.plugin.SecurityGroupServerNotifierRpcMixin._notify_sg_on_port_change-588950', 'neutron.plugins.ml2.ovo_rpc._ObjectChangeHandler.handle_event-4097127', 'neutron.api.rpc.agentnotifiers.dhcp_rpc_agent_api.DhcpAgentNotifyAPI._native_event_send_dhcp_notification-3712441', 'neutron.db.l3_db.L3RpcNotifierMixin._notify_gateway_port_ip_changed-8757926889521', 'neutron.db.l3_dvrscheduler_db._notify_l3_agent_port_update-8757926499871', 'neutron.db.l3_hascheduler_db._notify_l3_agent_ha_port_update-8757926499889'] for port, after_update {{(pid=93064) _notify_loop /usr/local/lib/python3.8/dist-packages/neutron_lib/callbacks/manager.py:192}}
Jul 30 16:32:22.320943 dv-cinder-796286-19-smb neutron-server[93064]: DEBUG neutron.api.rpc.handlers.resources_rpc [None req-614e2831-ad2f-41aa-a64f-369eccb1a668 None None] Pushing event updated for resources: {'Port': ['ID=98c3f029-ef92-46f2-b3d7-b99217ae7cec,revision_number=2']} {{(pid=93064) push /opt/stack/neutron/neutron/api/rpc/handlers/resources_rpc.py:237}}
Jul 30 16:32:22.398415 dv-cinder-796286-19-smb neutron-server[93062]: DEBUG neutron_lib.callbacks.manager [None req-0302edd6-c802-49aa-ba68-a761b839c63d admin admin] Notify callbacks [] for port, precommit_create {{(pid=93062) _notify_loop /usr/local/lib/python3.8/dist-packages/neutron_lib/callbacks/manager.py:192}}
Jul 30 16:32:22.517804 dv-cinder-796286-19-smb neutron-server[93063]: INFO neutron.wsgi [req-cdb6362c-29a6-4349-b019-7fe19a35f175 req-47db031c-24de-4159-8a6e-372f2327c699 tempest-DeleteServersTestJSON-984930484 tempest-DeleteServersTestJSON-984930484-project] 10.222.0.26 "GET /v2.0/ports?device_id=c1be5d43-79a9-49c8-8a95-ae3182068a47 HTTP/1.1" status: 200 len: 210 time: 0.0627360
Jul 30 16:32:22.608796 dv-cinder-796286-19-smb neutron-server[93062]: DEBUG neutron_lib.callbacks.manager [None req-0302edd6-c802-49aa-ba68-a761b839c63d admin admin] Notify callbacks ['neutron.plugins.ml2.plugin.SecurityGroupServerNotifierRpcMixin._notify_sg_on_port_change-588950', 'neutron.plugins.ml2.ovo_rpc._ObjectChangeHandler.handle_event-4097127', 'neutron.api.rpc.agentnotifiers.dhcp_rpc_agent_api.DhcpAgentNotifyAPI._native_event_send_dhcp_notification-3712441', 'neutron.db.l3_dvrscheduler_db._notify_l3_agent_new_port-8757926499853'] for port, after_create {{(pid=93062) _notify_loop /usr/local/lib/python3.8/dist-packages/neutron_lib/callbacks/manager.py:192}}
Jul 30 16:32:22.694101 dv-cinder-796286-19-smb neutron-server[93062]: DEBUG neutron.scheduler.dhcp_agent_scheduler [None req-0302edd6-c802-49aa-ba68-a761b839c63d admin admin] Network d9561783-0738-4ae0-bd1b-75b5168115b8 is already hosted by enough agents. {{(pid=93062) _get_dhcp_agents_hosting_network /opt/stack/neutron/neutron/scheduler/dhcp_agent_scheduler.py:275}}
Jul 30 16:32:22.694786 dv-cinder-796286-19-smb neutron-server[93062]: DEBUG neutron_lib.callbacks.manager [None req-7b62b795-523d-4fc2-ae3e-948dcfafc0d6 admin admin] Notify callbacks [] for router_gateway, after_create {{(pid=93062) _notify_loop /usr/local/lib/python3.8/dist-packages/neutron_lib/callbacks/manager.py:192}}
Jul 30 16:32:22.714977 dv-cinder-796286-19-smb neutron-server[93062]: DEBUG neutron.scheduler.base_scheduler [None req-0302edd6-c802-49aa-ba68-a761b839c63d admin admin] Resources bound (agent type, host, resource id): {{(pid=93062) schedule /opt/stack/neutron/neutron/scheduler/base_scheduler.py:57}}
Jul 30 16:32:22.717837 dv-cinder-796286-19-smb neutron-server[93062]: DEBUG neutron.db.l3_dvrscheduler_db [None req-0302edd6-c802-49aa-ba68-a761b839c63d admin admin] Received port after_create {{(pid=93062) _notify_l3_agent_new_port /opt/stack/neutron/neutron/db/l3_dvrscheduler_db.py:535}}
Jul 30 16:32:22.809691 dv-cinder-796286-19-smb neutron-server[93062]: DEBUG neutron.api.rpc.handlers.resources_rpc [None req-0302edd6-c802-49aa-ba68-a761b839c63d admin admin] Pushing event updated for resources: {'Port': ['ID=b7839083-0827-47fe-bf42-2a604b3c8ef2,revision_number=1']} {{(pid=93062) push /opt/stack/neutron/neutron/api/rpc/handlers/resources_rpc.py:237}}
Jul 30 16:32:22.969280 dv-cinder-796286-19-smb neutron-server[93064]: DEBUG neutron.api.rpc.handlers.dhcp_rpc [None req-d5da9311-818f-428c-9618-98c007de7560 None None] Network 0d21a203-f401-413b-b48e-b43bebec8db9 requested from dv-cinder-796286-19-smb {{(pid=93064) get_network_info /opt/stack/neutron/neutron/api/rpc/handlers/dhcp_rpc.py:218}}
Jul 30 16:32:23.087403 dv-cinder-796286-19-smb neutron-server[93064]: DEBUG neutron.db.provisioning_blocks [None req-236b5ed6-6122-4cfa-b808-a307b9101b62 None None] Provisioning for port 4fb63b76-94bf-410c-8e3d-9d51ddcffc47 completed by entity DHCP. {{(pid=93064) provisioning_complete /opt/stack/neutron/neutron/db/provisioning_blocks.py:133}}
Jul 30 16:32:23.153997 dv-cinder-796286-19-smb neutron-server[93062]: DEBUG neutron_lib.callbacks.manager [None req-064e545b-ba39-4ccd-9596-20fadf74800f admin admin] Notify callbacks [] for router_gateway, before_create {{(pid=93062) _notify_loop /usr/local/lib/python3.8/dist-packages/neutron_lib/callbacks/manager.py:192}}
Jul 30 16:32:23.217841 dv-cinder-796286-19-smb neutron-server[93063]: INFO neutron.wsgi [req-73198cef-c76b-4788-bbb5-30409125baeb req-4121f562-d743-4d5f-8499-d3fbcf8cfdab tempest-AttachVolumeNegativeTest-1911178240 tempest-AttachVolumeNegativeTest-1911178240-project] 10.222.0.26 "GET /v2.0/ports?device_id=ac1ee6ce-1e51-4eaf-82cc-fe8e1548220c HTTP/1.1" status: 200 len: 210 time: 0.0622895
Jul 30 16:32:23.232251 dv-cinder-796286-19-smb neutron-server[93062]: DEBUG neutron_lib.callbacks.manager [None req-064e545b-ba39-4ccd-9596-20fadf74800f admin admin] Notify callbacks ['neutron.plugins.ml2.plugin.SecurityGroupDbMixin._ensure_default_security_group_handler-589403'] for port, before_create {{(pid=93062) _notify_loop /usr/local/lib/python3.8/dist-packages/neutron_lib/callbacks/manager.py:192}}
Jul 30 16:32:23.524867 dv-cinder-796286-19-smb neutron-server[93062]: DEBUG neutron_lib.callbacks.manager [None req-7b62b795-523d-4fc2-ae3e-948dcfafc0d6 admin admin] Notify callbacks ['neutron.services.l3_router.l3_router_plugin.L3_HA_NAT_db_mixin._after_router_create-3771746', 'neutron.services.l3_router.l3_router_plugin.DVRResourceOperationHandler._create_snat_interfaces_after_change-3740140'] for router, after_create {{(pid=93062) _notify_loop /usr/local/lib/python3.8/dist-packages/neutron_lib/callbacks/manager.py:192}}
Jul 30 16:32:23.575695 dv-cinder-796286-19-smb neutron-server[93064]: DEBUG neutron.plugins.ml2.rpc [None req-06ac118c-55f5-42d7-96b5-3c9a81a06a9c None None] Device 98c3f029-ef92-46f2-b3d7-b99217ae7cec up at agent ovs-agent-dv-cinder-796286-19-smb {{(pid=93064) update_device_up /opt/stack/neutron/neutron/plugins/ml2/rpc.py:296}}
Jul 30 16:32:23.679760 dv-cinder-796286-19-smb neutron-server[93063]: INFO neutron.wsgi [req-37d6078a-4ffe-44de-a6e2-a8c0b7e9ae64 req-fb6d2124-cca7-4d5d-a3a0-fb881ec66840 tempest-DeleteServersTestJSON-984930484 tempest-DeleteServersTestJSON-984930484-project] 10.222.0.26 "GET /v2.0/ports?device_id=c1be5d43-79a9-49c8-8a95-ae3182068a47 HTTP/1.1" status: 200 len: 210 time: 0.0524409
Jul 30 16:32:23.706847 dv-cinder-796286-19-smb neutron-server[93064]: DEBUG neutron.db.provisioning_blocks [None req-06ac118c-55f5-42d7-96b5-3c9a81a06a9c None None] Provisioning for port 98c3f029-ef92-46f2-b3d7-b99217ae7cec completed by entity L2. {{(pid=93064) provisioning_complete /opt/stack/neutron/neutron/db/provisioning_blocks.py:133}}
Jul 30 16:32:23.737313 dv-cinder-796286-19-smb neutron-server[93064]: DEBUG neutron.plugins.ml2.rpc [None req-06ac118c-55f5-42d7-96b5-3c9a81a06a9c None None] Device 4fb63b76-94bf-410c-8e3d-9d51ddcffc47 up at agent ovs-agent-dv-cinder-796286-19-smb {{(pid=93064) update_device_up /opt/stack/neutron/neutron/plugins/ml2/rpc.py:296}}
Jul 30 16:32:23.847941 dv-cinder-796286-19-smb neutron-server[93062]: DEBUG neutron_lib.callbacks.manager [None req-0302edd6-c802-49aa-ba68-a761b839c63d admin admin] Notify callbacks [] for router_gateway, after_create {{(pid=93062) _notify_loop /usr/local/lib/python3.8/dist-packages/neutron_lib/callbacks/manager.py:192}}
Jul 30 16:32:23.865569 dv-cinder-796286-19-smb neutron-server[93064]: DEBUG neutron.db.provisioning_blocks [None req-06ac118c-55f5-42d7-96b5-3c9a81a06a9c None None] Provisioning for port 4fb63b76-94bf-410c-8e3d-9d51ddcffc47 completed by entity L2. {{(pid=93064) provisioning_complete /opt/stack/neutron/neutron/db/provisioning_blocks.py:133}}
Jul 30 16:32:23.875808 dv-cinder-796286-19-smb neutron-server[93064]: DEBUG neutron.db.provisioning_blocks [None req-06ac118c-55f5-42d7-96b5-3c9a81a06a9c None None] Provisioning complete for port 4fb63b76-94bf-410c-8e3d-9d51ddcffc47 triggered by entity L2. {{(pid=93064) provisioning_complete /opt/stack/neutron/neutron/db/provisioning_blocks.py:139}}
Jul 30 16:32:23.876619 dv-cinder-796286-19-smb neutron-server[93064]: DEBUG neutron_lib.callbacks.manager [None req-06ac118c-55f5-42d7-96b5-3c9a81a06a9c None None] Notify callbacks ['neutron.plugins.ml2.plugin.Ml2Plugin._port_provisioned-3605101'] for port, provisioning_complete {{(pid=93064) _notify_loop /usr/local/lib/python3.8/dist-packages/neutron_lib/callbacks/manager.py:192}}
Jul 30 16:32:23.941743 dv-cinder-796286-19-smb neutron-server[93064]: DEBUG neutron.db.provisioning_blocks [None req-25ee9bba-6924-4170-aa61-a4d40260995d None None] Provisioning complete for port 4fb63b76-94bf-410c-8e3d-9d51ddcffc47 triggered by entity DHCP. {{(pid=93064) provisioning_complete /opt/stack/neutron/neutron/db/provisioning_blocks.py:139}}
Jul 30 16:32:23.942256 dv-cinder-796286-19-smb neutron-server[93064]: DEBUG neutron_lib.callbacks.manager [None req-25ee9bba-6924-4170-aa61-a4d40260995d None None] Notify callbacks ['neutron.plugins.ml2.plugin.Ml2Plugin._port_provisioned-3605101'] for port, provisioning_complete {{(pid=93064) _notify_loop /usr/local/lib/python3.8/dist-packages/neutron_lib/callbacks/manager.py:192}}
Jul 30 16:32:23.970318 dv-cinder-796286-19-smb neutron-server[93062]: DEBUG neutron.db.db_base_plugin_common [None req-064e545b-ba39-4ccd-9596-20fadf74800f admin admin] Allocated IP 172.28.3.200 (d9561783-0738-4ae0-bd1b-75b5168115b8/21e943b8-ce97-4766-889c-43b782af4ebc/a744aa8e-adcd-41b2-a8ee-a48c020be935) {{(pid=93062) _store_ip_allocation /opt/stack/neutron/neutron/db/db_base_plugin_common.py:131}}
Jul 30 16:32:24.027341 dv-cinder-796286-19-smb neutron-server[93064]: DEBUG neutron.api.rpc.handlers.dhcp_rpc [None req-97470d8a-1829-4dbd-b708-297854bbf18e None None] Network 2366e211-a2f4-4c46-badb-63df67776cf0 requested from dv-cinder-796286-19-smb {{(pid=93064) get_network_info /opt/stack/neutron/neutron/api/rpc/handlers/dhcp_rpc.py:218}}
Jul 30 16:32:24.033391 dv-cinder-796286-19-smb neutron-server[93064]: DEBUG neutron_lib.callbacks.manager [None req-06ac118c-55f5-42d7-96b5-3c9a81a06a9c None None] Notify callbacks ['neutron.plugins.ml2.plugin.SecurityGroupDbMixin._ensure_default_security_group_handler-589403'] for port, before_update {{(pid=93064) _notify_loop /usr/local/lib/python3.8/dist-packages/neutron_lib/callbacks/manager.py:192}}
Jul 30 16:32:24.236892 dv-cinder-796286-19-smb neutron-server[93064]: DEBUG neutron_lib.callbacks.manager [None req-25ee9bba-6924-4170-aa61-a4d40260995d None None] Notify callbacks ['neutron.plugins.ml2.plugin.SecurityGroupDbMixin._ensure_default_security_group_handler-589403'] for port, before_update {{(pid=93064) _notify_loop /usr/local/lib/python3.8/dist-packages/neutron_lib/callbacks/manager.py:192}}
Jul 30 16:32:24.289048 dv-cinder-796286-19-smb neutron-server[93064]: DEBUG neutron.plugins.ml2.db [None req-06ac118c-55f5-42d7-96b5-3c9a81a06a9c None None] For port 4fb63b76-94bf-410c-8e3d-9d51ddcffc47, host dv-cinder-796286-19-smb, got binding levels [PortBindingLevel(driver='openvswitch',host='dv-cinder-796286-19-smb',level=0,port_id=4fb63b76-94bf-410c-8e3d-9d51ddcffc47,segment=NetworkSegment(58c82fbe-1135-444e-95f0-1276de47784e),segment_id=58c82fbe-1135-444e-95f0-1276de47784e)] {{(pid=93064) get_binding_level_objs /opt/stack/neutron/neutron/plugins/ml2/db.py:74}}
Jul 30 16:32:24.312213 dv-cinder-796286-19-smb neutron-server[93064]: DEBUG neutron_lib.callbacks.manager [None req-06ac118c-55f5-42d7-96b5-3c9a81a06a9c None None] Notify callbacks ['neutron.plugins.ml2.plugin.SecurityGroupServerNotifierRpcMixin._notify_sg_on_port_change-588950', 'neutron.plugins.ml2.ovo_rpc._ObjectChangeHandler.handle_event-4097127', 'neutron.api.rpc.agentnotifiers.dhcp_rpc_agent_api.DhcpAgentNotifyAPI._native_event_send_dhcp_notification-3712441', 'neutron.db.l3_db.L3RpcNotifierMixin._notify_gateway_port_ip_changed-8757926889521', 'neutron.db.l3_dvrscheduler_db._notify_l3_agent_port_update-8757926499871', 'neutron.db.l3_hascheduler_db._notify_l3_agent_ha_port_update-8757926499889'] for port, after_update {{(pid=93064) _notify_loop /usr/local/lib/python3.8/dist-packages/neutron_lib/callbacks/manager.py:192}}
Jul 30 16:32:24.351624 dv-cinder-796286-19-smb neutron-server[93062]: DEBUG neutron.scheduler.l3_agent_scheduler [None req-7b62b795-523d-4fc2-ae3e-948dcfafc0d6 admin admin] Router 6b164b00-4330-4fc6-92af-6b5c58931738 is scheduled to L3 agent 82d49c78-8bee-476c-ade1-a7ecc1201f6c with binding_index 1 {{(pid=93062) bind_router /opt/stack/neutron/neutron/scheduler/l3_agent_scheduler.py:210}}
Jul 30 16:32:24.397910 dv-cinder-796286-19-smb neutron-server[93063]: INFO neutron.wsgi [req-c8844e90-24fe-4925-98e4-31736590c790 req-7337e8db-1897-4499-8ad1-8f9963da5555 tempest-AttachVolumeNegativeTest-1911178240 tempest-AttachVolumeNegativeTest-1911178240-project] 10.222.0.26 "GET /v2.0/ports?device_id=ac1ee6ce-1e51-4eaf-82cc-fe8e1548220c HTTP/1.1" status: 200 len: 210 time: 0.0379848
Jul 30 16:32:24.421563 dv-cinder-796286-19-smb neutron-server[93062]: DEBUG neutron_lib.callbacks.manager [None req-064e545b-ba39-4ccd-9596-20fadf74800f admin admin] Notify callbacks [] for port, precommit_create {{(pid=93062) _notify_loop /usr/local/lib/python3.8/dist-packages/neutron_lib/callbacks/manager.py:192}}
Jul 30 16:32:24.441716 dv-cinder-796286-19-smb neutron-server[93064]: DEBUG neutron.api.rpc.handlers.resources_rpc [None req-06ac118c-55f5-42d7-96b5-3c9a81a06a9c None None] Pushing event updated for resources: {'Port': ['ID=4fb63b76-94bf-410c-8e3d-9d51ddcffc47,revision_number=3']} {{(pid=93064) push /opt/stack/neutron/neutron/api/rpc/handlers/resources_rpc.py:237}}
Jul 30 16:32:24.478344 dv-cinder-796286-19-smb neutron-server[93062]: DEBUG neutron_lib.callbacks.manager [None req-0302edd6-c802-49aa-ba68-a761b839c63d admin admin] Notify callbacks ['neutron.services.l3_router.l3_router_plugin.L3_HA_NAT_db_mixin._after_router_create-3771746', 'neutron.services.l3_router.l3_router_plugin.DVRResourceOperationHandler._create_snat_interfaces_after_change-3740140'] for router, after_create {{(pid=93062) _notify_loop /usr/local/lib/python3.8/dist-packages/neutron_lib/callbacks/manager.py:192}}
Jul 30 16:32:24.551683 dv-cinder-796286-19-smb neutron-server[93064]: DEBUG neutron_lib.db.api [None req-25ee9bba-6924-4170-aa61-a4d40260995d None None] Retry wrapper got retriable exception: UPDATE statement on table 'standardattributes' expected to update 1 row(s); 0 were matched. {{(pid=93064) wrapped /usr/local/lib/python3.8/dist-packages/neutron_lib/db/api.py:183}}
Jul 30 16:32:24.552078 dv-cinder-796286-19-smb neutron-server[93064]: DEBUG oslo_db.api [None req-25ee9bba-6924-4170-aa61-a4d40260995d None None] Performing DB retry for function neutron.plugins.ml2.plugin.Ml2Plugin.update_port_statuses {{(pid=93064) wrapper /usr/local/lib/python3.8/dist-packages/oslo_db/api.py:155}}
Jul 30 16:32:24.665483 dv-cinder-796286-19-smb neutron-server[93062]: DEBUG neutron.api.rpc.agentnotifiers.l3_rpc_agent_api [None req-7b62b795-523d-4fc2-ae3e-948dcfafc0d6 admin admin] Notify agent at l3_agent.dv-cinder-796286-19-smb the message routers_updated {{(pid=93062) _agent_notification /opt/stack/neutron/neutron/api/rpc/agentnotifiers/l3_rpc_agent_api.py:65}}
Jul 30 16:32:24.682242 dv-cinder-796286-19-smb neutron-server[93065]: DEBUG neutron.api.rpc.handlers.l3_rpc [None req-1a24f5a3-b03a-4873-a8e4-158d268fa7f8 None None] Sync routers for ids ['6b164b00-4330-4fc6-92af-6b5c58931738'] in dv-cinder-796286-19-smb {{(pid=93065) sync_routers /opt/stack/neutron/neutron/api/rpc/handlers/l3_rpc.py:125}}
Jul 30 16:32:24.693670 dv-cinder-796286-19-smb neutron-server[93062]: DEBUG neutron_lib.callbacks.manager [None req-064e545b-ba39-4ccd-9596-20fadf74800f admin admin] Notify callbacks ['neutron.plugins.ml2.plugin.SecurityGroupServerNotifierRpcMixin._notify_sg_on_port_change-588950', 'neutron.plugins.ml2.ovo_rpc._ObjectChangeHandler.handle_event-4097127', 'neutron.api.rpc.agentnotifiers.dhcp_rpc_agent_api.DhcpAgentNotifyAPI._native_event_send_dhcp_notification-3712441', 'neutron.db.l3_dvrscheduler_db._notify_l3_agent_new_port-8757926499853'] for port, after_create {{(pid=93062) _notify_loop /usr/local/lib/python3.8/dist-packages/neutron_lib/callbacks/manager.py:192}}
Jul 30 16:32:24.696511 dv-cinder-796286-19-smb neutron-server[93065]: DEBUG neutron.db.l3_dvrscheduler_db [None req-1a24f5a3-b03a-4873-a8e4-158d268fa7f8 None None] Routers {'6b164b00-4330-4fc6-92af-6b5c58931738'} bound to L3 agent in host dv-cinder-796286-19-smb {{(pid=93065) _get_router_ids_for_agent /opt/stack/neutron/neutron/db/l3_dvrscheduler_db.py:420}}
Jul 30 16:32:24.699454 dv-cinder-796286-19-smb neutron-server[93065]: DEBUG neutron.db.l3_hamode_db [None req-1a24f5a3-b03a-4873-a8e4-158d268fa7f8 None None] neutron.services.l3_router.l3_router_plugin.L3RouterPlugin method get_ha_sync_data_for_host called with arguments (, 'dv-cinder-796286-19-smb', Agent(admin_state_up=True,agent_type='L3 agent',availability_zone='nova',binary='neutron-l3-agent',configurations={"agent_mode": "legacy", "ex_gw_ports": 1, "extensions": [], "floating_ips": 0, "handle_internal_only_routers": true, "interface_driver": "openvswitch", "interfaces": 1, "log_agent_heartbeats": false, "routers": 1},created_at=2021-07-30T16:24:33Z,description=,heartbeat_timestamp=2021-07-30T16:32:03Z,host='dv-cinder-796286-19-smb',id=82d49c78-8bee-476c-ade1-a7ecc1201f6c,load=0,resource_versions=,resources_synced=,started_at=2021-07-30T16:24:33Z,topic='l3_agent')) {'router_ids': ['6b164b00-4330-4fc6-92af-6b5c58931738'], 'active': True} {{(pid=93065) wrapper /usr/local/lib/python3.8/dist-packages/oslo_log/helpers.py:65}}
Jul 30 16:32:24.901550 dv-cinder-796286-19-smb neutron-server[93062]: DEBUG neutron.scheduler.dhcp_agent_scheduler [None req-064e545b-ba39-4ccd-9596-20fadf74800f admin admin] Network d9561783-0738-4ae0-bd1b-75b5168115b8 is already hosted by enough agents. {{(pid=93062) _get_dhcp_agents_hosting_network /opt/stack/neutron/neutron/scheduler/dhcp_agent_scheduler.py:275}}
Jul 30 16:32:24.927374 dv-cinder-796286-19-smb neutron-server[93062]: DEBUG neutron_lib.callbacks.manager [None req-7b62b795-523d-4fc2-ae3e-948dcfafc0d6 admin admin] Notify callbacks [] for router, before_response {{(pid=93062) _notify_loop /usr/local/lib/python3.8/dist-packages/neutron_lib/callbacks/manager.py:192}}
Jul 30 16:32:24.931450 dv-cinder-796286-19-smb neutron-server[93063]: DEBUG neutron.wsgi [-] (93063) accepted ('10.222.0.26', 47904) {{(pid=93063) server /usr/local/lib/python3.8/dist-packages/eventlet/wsgi.py:982}}
Jul 30 16:32:24.942352 dv-cinder-796286-19-smb neutron-server[93062]: INFO neutron.wsgi [None req-7b62b795-523d-4fc2-ae3e-948dcfafc0d6 admin admin] 10.222.0.26 "POST /v2.0/routers HTTP/1.1" status: 201 len: 923 time: 6.3663518
Jul 30 16:32:24.952934 dv-cinder-796286-19-smb neutron-server[93062]: DEBUG neutron.scheduler.base_scheduler [None req-064e545b-ba39-4ccd-9596-20fadf74800f admin admin] Resources bound (agent type, host, resource id): {{(pid=93062) schedule /opt/stack/neutron/neutron/scheduler/base_scheduler.py:57}}
Jul 30 16:32:24.978698 dv-cinder-796286-19-smb neutron-server[93062]: DEBUG neutron.db.l3_dvrscheduler_db [None req-064e545b-ba39-4ccd-9596-20fadf74800f admin admin] Received port after_create {{(pid=93062) _notify_l3_agent_new_port /opt/stack/neutron/neutron/db/l3_dvrscheduler_db.py:535}}
Jul 30 16:32:25.131459 dv-cinder-796286-19-smb neutron-server[93065]: DEBUG neutron.db.l3_dvr_db [None req-1a24f5a3-b03a-4873-a8e4-158d268fa7f8 None None] Set router 6b164b00-4330-4fc6-92af-6b5c58931738 gateway port host: dv-cinder-796286-19-smb {{(pid=93065) _build_routers_list /opt/stack/neutron/neutron/db/l3_dvr_db.py:894}}
Jul 30 16:32:25.308367 dv-cinder-796286-19-smb neutron-server[93064]: DEBUG neutron.db.provisioning_blocks [None req-5c6e8911-ff91-4c4b-b788-692e758e7355 None None] Provisioning for port 98c3f029-ef92-46f2-b3d7-b99217ae7cec completed by entity DHCP. {{(pid=93064) provisioning_complete /opt/stack/neutron/neutron/db/provisioning_blocks.py:133}}
Jul 30 16:32:25.313979 dv-cinder-796286-19-smb neutron-server[93064]: DEBUG neutron.db.provisioning_blocks [None req-5c6e8911-ff91-4c4b-b788-692e758e7355 None None] Provisioning complete for port 98c3f029-ef92-46f2-b3d7-b99217ae7cec triggered by entity DHCP. {{(pid=93064) provisioning_complete /opt/stack/neutron/neutron/db/provisioning_blocks.py:139}}
Jul 30 16:32:25.314824 dv-cinder-796286-19-smb neutron-server[93064]: DEBUG neutron_lib.callbacks.manager [None req-5c6e8911-ff91-4c4b-b788-692e758e7355 None None] Notify callbacks ['neutron.plugins.ml2.plugin.Ml2Plugin._port_provisioned-3605101'] for port, provisioning_complete {{(pid=93064) _notify_loop /usr/local/lib/python3.8/dist-packages/neutron_lib/callbacks/manager.py:192}}
Jul 30 16:32:25.459431 dv-cinder-796286-19-smb neutron-server[93062]: DEBUG neutron.api.rpc.handlers.resources_rpc [None req-064e545b-ba39-4ccd-9596-20fadf74800f admin admin] Pushing event updated for resources: {'Port': ['ID=a744aa8e-adcd-41b2-a8ee-a48c020be935,revision_number=1']} {{(pid=93062) push /opt/stack/neutron/neutron/api/rpc/handlers/resources_rpc.py:237}}
Jul 30 16:32:25.533578 dv-cinder-796286-19-smb neutron-server[93064]: DEBUG neutron.plugins.ml2.rpc [None req-06ac118c-55f5-42d7-96b5-3c9a81a06a9c None None] Device 4fb63b76-94bf-410c-8e3d-9d51ddcffc47 up at agent ovs-agent-dv-cinder-796286-19-smb {{(pid=93064) update_device_up /opt/stack/neutron/neutron/plugins/ml2/rpc.py:296}}
Jul 30 16:32:25.537482 dv-cinder-796286-19-smb neutron-server[93064]: DEBUG neutron_lib.callbacks.manager [None req-5c6e8911-ff91-4c4b-b788-692e758e7355 None None] Notify callbacks ['neutron.plugins.ml2.plugin.SecurityGroupDbMixin._ensure_default_security_group_handler-589403'] for port, before_update {{(pid=93064) _notify_loop /usr/local/lib/python3.8/dist-packages/neutron_lib/callbacks/manager.py:192}}
Jul 30 16:32:25.580162 dv-cinder-796286-19-smb neutron-server[93062]: DEBUG neutron.scheduler.l3_agent_scheduler [None req-0302edd6-c802-49aa-ba68-a761b839c63d admin admin] Router 6ca4d8d2-78e8-47ca-baf6-3ef93ee0c1d4 is scheduled to L3 agent 82d49c78-8bee-476c-ade1-a7ecc1201f6c with binding_index 1 {{(pid=93062) bind_router /opt/stack/neutron/neutron/scheduler/l3_agent_scheduler.py:210}}
Jul 30 16:32:25.617608 dv-cinder-796286-19-smb neutron-server[93064]: DEBUG neutron.plugins.ml2.db [None req-5c6e8911-ff91-4c4b-b788-692e758e7355 None None] For port 98c3f029-ef92-46f2-b3d7-b99217ae7cec, host dv-cinder-796286-19-smb, got binding levels [PortBindingLevel(driver='openvswitch',host='dv-cinder-796286-19-smb',level=0,port_id=98c3f029-ef92-46f2-b3d7-b99217ae7cec,segment=NetworkSegment(f734c66a-d99c-4fe1-a3c0-668794a4eade),segment_id=f734c66a-d99c-4fe1-a3c0-668794a4eade)] {{(pid=93064) get_binding_level_objs /opt/stack/neutron/neutron/plugins/ml2/db.py:74}}
Jul 30 16:32:25.632057 dv-cinder-796286-19-smb neutron-server[93064]: DEBUG neutron_lib.callbacks.manager [None req-5c6e8911-ff91-4c4b-b788-692e758e7355 None None] Notify callbacks ['neutron.plugins.ml2.plugin.SecurityGroupServerNotifierRpcMixin._notify_sg_on_port_change-588950', 'neutron.plugins.ml2.ovo_rpc._ObjectChangeHandler.handle_event-4097127', 'neutron.api.rpc.agentnotifiers.dhcp_rpc_agent_api.DhcpAgentNotifyAPI._native_event_send_dhcp_notification-3712441', 'neutron.db.l3_db.L3RpcNotifierMixin._notify_gateway_port_ip_changed-8757926889521', 'neutron.db.l3_dvrscheduler_db._notify_l3_agent_port_update-8757926499871', 'neutron.db.l3_hascheduler_db._notify_l3_agent_ha_port_update-8757926499889'] for port, after_update {{(pid=93064) _notify_loop /usr/local/lib/python3.8/dist-packages/neutron_lib/callbacks/manager.py:192}}
Jul 30 16:32:25.645771 dv-cinder-796286-19-smb neutron-server[93064]: DEBUG neutron.db.provisioning_blocks [None req-06ac118c-55f5-42d7-96b5-3c9a81a06a9c None None] Provisioning complete for port 4fb63b76-94bf-410c-8e3d-9d51ddcffc47 triggered by entity L2. {{(pid=93064) provisioning_complete /opt/stack/neutron/neutron/db/provisioning_blocks.py:139}}
Jul 30 16:32:25.656206 dv-cinder-796286-19-smb neutron-server[93064]: DEBUG neutron_lib.callbacks.manager [None req-06ac118c-55f5-42d7-96b5-3c9a81a06a9c None None] Notify callbacks ['neutron.plugins.ml2.plugin.Ml2Plugin._port_provisioned-3605101'] for port, provisioning_complete {{(pid=93064) _notify_loop /usr/local/lib/python3.8/dist-packages/neutron_lib/callbacks/manager.py:192}}
Jul 30 16:32:25.738493 dv-cinder-796286-19-smb neutron-server[93063]: DEBUG neutron.wsgi [-] (93063) accepted ('10.222.0.26', 47920) {{(pid=93063) server /usr/local/lib/python3.8/dist-packages/eventlet/wsgi.py:982}}
Jul 30 16:32:25.819350 dv-cinder-796286-19-smb neutron-server[93065]: DEBUG neutron.db.l3_hamode_db [None req-1a24f5a3-b03a-4873-a8e4-158d268fa7f8 None None] neutron.services.l3_router.l3_router_plugin.L3RouterPlugin method _process_sync_ha_data called with arguments (, [{'id': '6b164b00-4330-4fc6-92af-6b5c58931738', 'name': 'tempest-AttachVolumeTestJSON-2077042667-router', 'tenant_id': '31623eb62417421b9b6ca73e1094a6cb', 'admin_state_up': True, 'status': 'ACTIVE', 'external_gateway_info': {'network_id': 'd9561783-0738-4ae0-bd1b-75b5168115b8', 'external_fixed_ips': [{'subnet_id': '21e943b8-ce97-4766-889c-43b782af4ebc', 'ip_address': '172.28.3.134'}], 'enable_snat': True}, 'gw_port_id': '91102877-0f44-4e3d-85ac-fd7c57d9c875', 'description': '', 'availability_zones': ['nova'], 'distributed': False, 'ha': False, 'ha_vr_id': 0, 'availability_zone_hints': [], 'routes': [], 'flavor_id': None, 'tags': [], 'created_at': '2021-07-30T16:32:18Z', 'updated_at': '2021-07-30T16:32:22Z', 'revision_number': 3, 'project_id': '31623eb62417421b9b6ca73e1094a6cb', 'gw_port': {'id': '91102877-0f44-4e3d-85ac-fd7c57d9c875', 'name': '', 'network_id': 'd9561783-0738-4ae0-bd1b-75b5168115b8', 'tenant_id': '', 'mac_address': 'fa:16:3e:9d:26:c0', 'admin_state_up': True, 'status': 'DOWN', 'device_id': '6b164b00-4330-4fc6-92af-6b5c58931738', 'device_owner': 'network:router_gateway', 'standard_attr_id': 81, 'fixed_ips': [{'subnet_id': '21e943b8-ce97-4766-889c-43b782af4ebc', 'ip_address': '172.28.3.134', 'prefixlen': 24}], 'allowed_address_pairs': [], 'extra_dhcp_opts': [], 'security_groups': [], 'description': '', 'binding:vnic_type': 'normal', 'binding:profile': {}, 'binding:host_id': '', 'binding:vif_type': 'unbound', 'binding:vif_details': {}, 'port_security_enabled': False, 'tags': [], 'created_at': '2021-07-30T16:32:20Z', 'updated_at': '2021-07-30T16:32:20Z', 'revision_number': 1, 'project_id': '', 'subnets': [{'id': '21e943b8-ce97-4766-889c-43b782af4ebc', 'cidr': '172.28.3.0/24', 'gateway_ip': '172.28.3.1', 'dns_nameservers': [], 'ipv6_ra_mode': None, 'subnetpool_id': None}], 'extra_subnets': [], 'address_scopes': {4: None, 6: None}, 'mtu': 1500}, 'enable_snat': True, 'gw_port_host': 'dv-cinder-796286-19-smb'}], 'dv-cinder-796286-19-smb', False) {} {{(pid=93065) wrapper /usr/local/lib/python3.8/dist-packages/oslo_log/helpers.py:65}}
Jul 30 16:32:25.866407 dv-cinder-796286-19-smb neutron-server[93062]: DEBUG neutron.wsgi [-] (93062) accepted ('10.222.0.32', 59316) {{(pid=93062) server /usr/local/lib/python3.8/dist-packages/eventlet/wsgi.py:982}}
Jul 30 16:32:25.875213 dv-cinder-796286-19-smb neutron-server[93065]: DEBUG neutron.api.rpc.handlers.l3_rpc [None req-1a24f5a3-b03a-4873-a8e4-158d268fa7f8 None None] Checking router: 6b164b00-4330-4fc6-92af-6b5c58931738 for host: dv-cinder-796286-19-smb {{(pid=93065) _ensure_host_set_on_ports /opt/stack/neutron/neutron/api/rpc/handlers/l3_rpc.py:155}}
Jul 30 16:32:25.875561 dv-cinder-796286-19-smb neutron-server[93065]: DEBUG neutron.api.rpc.handlers.l3_rpc [None req-1a24f5a3-b03a-4873-a8e4-158d268fa7f8 None None] Updating router 6b164b00-4330-4fc6-92af-6b5c58931738 port 91102877-0f44-4e3d-85ac-fd7c57d9c875 binding host dv-cinder-796286-19-smb {{(pid=93065) _ensure_host_set_on_port /opt/stack/neutron/neutron/api/rpc/handlers/l3_rpc.py:205}}
Jul 30 16:32:25.885238 dv-cinder-796286-19-smb neutron-server[93063]: INFO neutron.wsgi [req-3f635806-0089-4e62-950a-ed6a37fc4b94 req-cab2c660-e235-4882-a2ef-5257f22d3ea8 tempest-DeleteServersTestJSON-984930484 tempest-DeleteServersTestJSON-984930484-project] 10.222.0.26 "GET /v2.0/ports?device_id=c1be5d43-79a9-49c8-8a95-ae3182068a47 HTTP/1.1" status: 200 len: 210 time: 0.1444278
Jul 30 16:32:25.917014 dv-cinder-796286-19-smb neutron-server[93063]: INFO neutron.wsgi [req-b3bdaa6e-ec6b-41a4-b64a-44ceb025bce7 req-e80bebb3-d229-4d83-ac33-f79c488f95bd tempest-AttachVolumeNegativeTest-1911178240 tempest-AttachVolumeNegativeTest-1911178240-project] 10.222.0.26 "GET /v2.0/ports?device_id=ac1ee6ce-1e51-4eaf-82cc-fe8e1548220c HTTP/1.1" status: 200 len: 210 time: 0.1670096
Jul 30 16:32:25.958261 dv-cinder-796286-19-smb neutron-server[93065]: DEBUG neutron_lib.callbacks.manager [None req-1a24f5a3-b03a-4873-a8e4-158d268fa7f8 None None] Notify callbacks ['neutron.plugins.ml2.plugin.SecurityGroupDbMixin._ensure_default_security_group_handler-589403'] for port, before_update {{(pid=93065) _notify_loop /usr/local/lib/python3.8/dist-packages/neutron_lib/callbacks/manager.py:192}}
Jul 30 16:32:25.968951 dv-cinder-796286-19-smb neutron-server[93064]: DEBUG neutron.db.provisioning_blocks [None req-6c8d71e2-44fd-454a-a357-b78eeb356bcd None None] Provisioning complete for port 98c3f029-ef92-46f2-b3d7-b99217ae7cec triggered by entity DHCP. {{(pid=93064) provisioning_complete /opt/stack/neutron/neutron/db/provisioning_blocks.py:139}}
Jul 30 16:32:25.973282 dv-cinder-796286-19-smb neutron-server[93064]: DEBUG neutron_lib.callbacks.manager [None req-6c8d71e2-44fd-454a-a357-b78eeb356bcd None None] Notify callbacks ['neutron.plugins.ml2.plugin.Ml2Plugin._port_provisioned-3605101'] for port, provisioning_complete {{(pid=93064) _notify_loop /usr/local/lib/python3.8/dist-packages/neutron_lib/callbacks/manager.py:192}}
Jul 30 16:32:26.057531 dv-cinder-796286-19-smb neutron-server[93064]: DEBUG neutron.api.rpc.handlers.resources_rpc [None req-5c6e8911-ff91-4c4b-b788-692e758e7355 None None] Pushing event updated for resources: {'Port': ['ID=98c3f029-ef92-46f2-b3d7-b99217ae7cec,revision_number=3']} {{(pid=93064) push /opt/stack/neutron/neutron/api/rpc/handlers/resources_rpc.py:237}}
Jul 30 16:32:26.233027 dv-cinder-796286-19-smb neutron-server[93062]: DEBUG neutron_lib.callbacks.manager [None req-064e545b-ba39-4ccd-9596-20fadf74800f admin admin] Notify callbacks [] for router_gateway, after_create {{(pid=93062) _notify_loop /usr/local/lib/python3.8/dist-packages/neutron_lib/callbacks/manager.py:192}}
Jul 30 16:32:26.304678 dv-cinder-796286-19-smb neutron-server[93063]: DEBUG neutron_lib.callbacks.manager [None req-6723571b-34c4-4157-8474-a6116104cbf4 admin admin] Notify callbacks [] for security_group, before_create {{(pid=93063) _notify_loop /usr/local/lib/python3.8/dist-packages/neutron_lib/callbacks/manager.py:192}}
Jul 30 16:32:26.348771 dv-cinder-796286-19-smb neutron-server[93063]: DEBUG neutron.wsgi [-] (93063) accepted ('10.222.0.32', 59320) {{(pid=93063) server /usr/local/lib/python3.8/dist-packages/eventlet/wsgi.py:982}}
Jul 30 16:32:26.451816 dv-cinder-796286-19-smb neutron-server[93062]: DEBUG neutron.api.rpc.agentnotifiers.l3_rpc_agent_api [None req-0302edd6-c802-49aa-ba68-a761b839c63d admin admin] Notify agent at l3_agent.dv-cinder-796286-19-smb the message routers_updated {{(pid=93062) _agent_notification /opt/stack/neutron/neutron/api/rpc/agentnotifiers/l3_rpc_agent_api.py:65}}
Jul 30 16:32:26.466922 dv-cinder-796286-19-smb neutron-server[93064]: DEBUG neutron.api.rpc.handlers.l3_rpc [None req-56cc8589-9073-4c3c-b385-d6b5e0afc77d None None] Sync routers for ids ['6ca4d8d2-78e8-47ca-baf6-3ef93ee0c1d4'] in dv-cinder-796286-19-smb {{(pid=93064) sync_routers /opt/stack/neutron/neutron/api/rpc/handlers/l3_rpc.py:125}}
Jul 30 16:32:26.483805 dv-cinder-796286-19-smb neutron-server[93064]: DEBUG neutron.db.l3_dvrscheduler_db [None req-56cc8589-9073-4c3c-b385-d6b5e0afc77d None None] Routers {'6ca4d8d2-78e8-47ca-baf6-3ef93ee0c1d4'} bound to L3 agent in host dv-cinder-796286-19-smb {{(pid=93064) _get_router_ids_for_agent /opt/stack/neutron/neutron/db/l3_dvrscheduler_db.py:420}}
Jul 30 16:32:26.484657 dv-cinder-796286-19-smb neutron-server[93064]: DEBUG neutron.db.l3_hamode_db [None req-56cc8589-9073-4c3c-b385-d6b5e0afc77d None None] neutron.services.l3_router.l3_router_plugin.L3RouterPlugin method get_ha_sync_data_for_host called with arguments (, 'dv-cinder-796286-19-smb', Agent(admin_state_up=True,agent_type='L3 agent',availability_zone='nova',binary='neutron-l3-agent',configurations={"agent_mode": "legacy", "ex_gw_ports": 1, "extensions": [], "floating_ips": 0, "handle_internal_only_routers": true, "interface_driver": "openvswitch", "interfaces": 1, "log_agent_heartbeats": false, "routers": 1},created_at=2021-07-30T16:24:33Z,description=,heartbeat_timestamp=2021-07-30T16:32:03Z,host='dv-cinder-796286-19-smb',id=82d49c78-8bee-476c-ade1-a7ecc1201f6c,load=0,resource_versions=,resources_synced=,started_at=2021-07-30T16:24:33Z,topic='l3_agent')) {'router_ids': ['6ca4d8d2-78e8-47ca-baf6-3ef93ee0c1d4'], 'active': True} {{(pid=93064) wrapper /usr/local/lib/python3.8/dist-packages/oslo_log/helpers.py:65}}
Jul 30 16:32:26.541597 dv-cinder-796286-19-smb neutron-server[93062]: DEBUG neutron.pecan_wsgi.hooks.policy_enforcement [req-df968bef-d35d-4559-9b5e-9eead9f6735c req-8f262f2a-0d84-4f65-927b-81928b251db9 tempest-DeleteServersTestJSON-984930484 tempest-DeleteServersTestJSON-984930484-project] Attributes excluded by policy engine: ['standard_attr_id', 'vlan_transparent', 'provider:network_type', 'provider:physical_network', 'provider:segmentation_id'] {{(pid=93062) _exclude_attributes_by_policy /opt/stack/neutron/neutron/pecan_wsgi/hooks/policy_enforcement.py:255}}
Jul 30 16:32:26.546933 dv-cinder-796286-19-smb neutron-server[93062]: INFO neutron.wsgi [req-df968bef-d35d-4559-9b5e-9eead9f6735c req-8f262f2a-0d84-4f65-927b-81928b251db9 tempest-DeleteServersTestJSON-984930484 tempest-DeleteServersTestJSON-984930484-project] 10.222.0.32 "GET /v2.0/networks?id=8b8ce618-cb13-4b4a-bee7-bee562b2c45a HTTP/1.1" status: 200 len: 812 time: 0.6753464
Jul 30 16:32:26.579685 dv-cinder-796286-19-smb neutron-server[93065]: DEBUG neutron_lib.callbacks.manager [None req-1a24f5a3-b03a-4873-a8e4-158d268fa7f8 None None] Notify callbacks [] for port, precommit_update {{(pid=93065) _notify_loop /usr/local/lib/python3.8/dist-packages/neutron_lib/callbacks/manager.py:192}}
Jul 30 16:32:26.593887 dv-cinder-796286-19-smb neutron-server[93065]: DEBUG neutron.db.provisioning_blocks [None req-1a24f5a3-b03a-4873-a8e4-158d268fa7f8 None None] Transition to ACTIVE for port object 91102877-0f44-4e3d-85ac-fd7c57d9c875 will not be triggered until provisioned by entity L2. {{(pid=93065) add_provisioning_component /opt/stack/neutron/neutron/db/provisioning_blocks.py:73}}
Jul 30 16:32:26.603918 dv-cinder-796286-19-smb neutron-server[93065]: DEBUG neutron_lib.callbacks.manager [None req-1a24f5a3-b03a-4873-a8e4-158d268fa7f8 None None] Notify callbacks ['neutron.plugins.ml2.plugin.SecurityGroupServerNotifierRpcMixin._notify_sg_on_port_change-588950', 'neutron.plugins.ml2.ovo_rpc._ObjectChangeHandler.handle_event-4097127', 'neutron.api.rpc.agentnotifiers.dhcp_rpc_agent_api.DhcpAgentNotifyAPI._native_event_send_dhcp_notification-3712441', 'neutron.db.l3_db.L3RpcNotifierMixin._notify_gateway_port_ip_changed-8757926889521', 'neutron.db.l3_dvrscheduler_db._notify_l3_agent_port_update-8757926499871', 'neutron.db.l3_hascheduler_db._notify_l3_agent_ha_port_update-8757926499889'] for port, after_update {{(pid=93065) _notify_loop /usr/local/lib/python3.8/dist-packages/neutron_lib/callbacks/manager.py:192}}
Jul 30 16:32:26.665843 dv-cinder-796286-19-smb neutron-server[93064]: DEBUG neutron.db.l3_dvr_db [None req-56cc8589-9073-4c3c-b385-d6b5e0afc77d None None] Set router 6ca4d8d2-78e8-47ca-baf6-3ef93ee0c1d4 gateway port host: dv-cinder-796286-19-smb {{(pid=93064) _build_routers_list /opt/stack/neutron/neutron/db/l3_dvr_db.py:894}}
Jul 30 16:32:26.696983 dv-cinder-796286-19-smb neutron-server[93065]: DEBUG neutron.api.rpc.handlers.resources_rpc [None req-8ee96c0b-275a-4745-b7d2-0f2c9f3acc40 None None] Pushing event updated for resources: {'Port': ['ID=91102877-0f44-4e3d-85ac-fd7c57d9c875,revision_number=2']} {{(pid=93065) push /opt/stack/neutron/neutron/api/rpc/handlers/resources_rpc.py:237}}
Jul 30 16:32:26.710624 dv-cinder-796286-19-smb neutron-server[93065]: DEBUG neutron.api.rpc.callbacks.version_manager [None req-8ee96c0b-275a-4745-b7d2-0f2c9f3acc40 None None] Version for resource type AddressGroup changed None to 1.2 on consumer Open vSwitch agent@dv-cinder-796286-19-smb {{(pid=93065) _set_version /opt/stack/neutron/neutron/api/rpc/callbacks/version_manager.py:113}}
Jul 30 16:32:26.711720 dv-cinder-796286-19-smb neutron-server[93065]: DEBUG neutron.api.rpc.callbacks.version_manager [None req-8ee96c0b-275a-4745-b7d2-0f2c9f3acc40 None None] Version for resource type ConntrackHelper changed None to 1.0 on consumer Open vSwitch agent@dv-cinder-796286-19-smb {{(pid=93065) _set_version /opt/stack/neutron/neutron/api/rpc/callbacks/version_manager.py:113}}
Jul 30 16:32:26.712254 dv-cinder-796286-19-smb neutron-server[93065]: DEBUG neutron.api.rpc.callbacks.version_manager [None req-8ee96c0b-275a-4745-b7d2-0f2c9f3acc40 None None] Version for resource type Log changed None to 1.0 on consumer Open vSwitch agent@dv-cinder-796286-19-smb {{(pid=93065) _set_version /opt/stack/neutron/neutron/api/rpc/callbacks/version_manager.py:113}}
Jul 30 16:32:26.712810 dv-cinder-796286-19-smb neutron-server[93065]: DEBUG neutron.api.rpc.callbacks.version_manager [None req-8ee96c0b-275a-4745-b7d2-0f2c9f3acc40 None None] Version for resource type Network changed None to 1.1 on consumer Open vSwitch agent@dv-cinder-796286-19-smb {{(pid=93065) _set_version /opt/stack/neutron/neutron/api/rpc/callbacks/version_manager.py:113}}
Jul 30 16:32:26.713311 dv-cinder-796286-19-smb neutron-server[93065]: DEBUG neutron.api.rpc.callbacks.version_manager [None req-8ee96c0b-275a-4745-b7d2-0f2c9f3acc40 None None] Version for resource type Port changed None to 1.7 on consumer Open vSwitch agent@dv-cinder-796286-19-smb {{(pid=93065) _set_version /opt/stack/neutron/neutron/api/rpc/callbacks/version_manager.py:113}}
Jul 30 16:32:26.713914 dv-cinder-796286-19-smb neutron-server[93065]: DEBUG neutron.api.rpc.callbacks.version_manager [None req-8ee96c0b-275a-4745-b7d2-0f2c9f3acc40 None None] Version for resource type PortForwarding changed None to 1.2 on consumer Open vSwitch agent@dv-cinder-796286-19-smb {{(pid=93065) _set_version /opt/stack/neutron/neutron/api/rpc/callbacks/version_manager.py:113}}
Jul 30 16:32:26.714413 dv-cinder-796286-19-smb neutron-server[93065]: DEBUG neutron.api.rpc.callbacks.version_manager [None req-8ee96c0b-275a-4745-b7d2-0f2c9f3acc40 None None] Version for resource type QosPolicy changed None to 1.8 on consumer Open vSwitch agent@dv-cinder-796286-19-smb {{(pid=93065) _set_version /opt/stack/neutron/neutron/api/rpc/callbacks/version_manager.py:113}}
Jul 30 16:32:26.715729 dv-cinder-796286-19-smb neutron-server[93065]: DEBUG neutron.api.rpc.callbacks.version_manager [None req-8ee96c0b-275a-4745-b7d2-0f2c9f3acc40 None None] Version for resource type SecurityGroup changed None to 1.4 on consumer Open vSwitch agent@dv-cinder-796286-19-smb {{(pid=93065) _set_version /opt/stack/neutron/neutron/api/rpc/callbacks/version_manager.py:113}}
Jul 30 16:32:26.716276 dv-cinder-796286-19-smb neutron-server[93065]: DEBUG neutron.api.rpc.callbacks.version_manager [None req-8ee96c0b-275a-4745-b7d2-0f2c9f3acc40 None None] Version for resource type SecurityGroupRule changed None to 1.2 on consumer Open vSwitch agent@dv-cinder-796286-19-smb {{(pid=93065) _set_version /opt/stack/neutron/neutron/api/rpc/callbacks/version_manager.py:113}}
Jul 30 16:32:26.716934 dv-cinder-796286-19-smb neutron-server[93065]: DEBUG neutron.api.rpc.callbacks.version_manager [None req-8ee96c0b-275a-4745-b7d2-0f2c9f3acc40 None None] Version for resource type SubPort changed None to 1.0 on consumer Open vSwitch agent@dv-cinder-796286-19-smb {{(pid=93065) _set_version /opt/stack/neutron/neutron/api/rpc/callbacks/version_manager.py:113}}
Jul 30 16:32:26.717429 dv-cinder-796286-19-smb neutron-server[93065]: DEBUG neutron.api.rpc.callbacks.version_manager [None req-8ee96c0b-275a-4745-b7d2-0f2c9f3acc40 None None] Version for resource type Subnet changed None to 1.1 on consumer Open vSwitch agent@dv-cinder-796286-19-smb {{(pid=93065) _set_version /opt/stack/neutron/neutron/api/rpc/callbacks/version_manager.py:113}}
Jul 30 16:32:26.717935 dv-cinder-796286-19-smb neutron-server[93065]: DEBUG neutron.api.rpc.callbacks.version_manager [None req-8ee96c0b-275a-4745-b7d2-0f2c9f3acc40 None None] Version for resource type Trunk changed None to 1.1 on consumer Open vSwitch agent@dv-cinder-796286-19-smb {{(pid=93065) _set_version /opt/stack/neutron/neutron/api/rpc/callbacks/version_manager.py:113}}
Jul 30 16:32:26.719519 dv-cinder-796286-19-smb neutron-server[93065]: DEBUG neutron.api.rpc.callbacks.version_manager [None req-8ee96c0b-275a-4745-b7d2-0f2c9f3acc40 None None] Tracked resource versions report:
Jul 30 16:32:26.719519 dv-cinder-796286-19-smb neutron-server[93065]: pushed versions:
Jul 30 16:32:26.719519 dv-cinder-796286-19-smb neutron-server[93065]: { 'AddressGroup': {'1.2'},
Jul 30 16:32:26.719519 dv-cinder-796286-19-smb neutron-server[93065]: 'ConntrackHelper': {'1.0'},
Jul 30 16:32:26.719519 dv-cinder-796286-19-smb neutron-server[93065]: 'Log': {'1.0'},
Jul 30 16:32:26.719519 dv-cinder-796286-19-smb neutron-server[93065]: 'Network': {'1.1'},
Jul 30 16:32:26.719519 dv-cinder-796286-19-smb neutron-server[93065]: 'Port': {'1.7'},
Jul 30 16:32:26.719519 dv-cinder-796286-19-smb neutron-server[93065]: 'PortForwarding': {'1.2'},
Jul 30 16:32:26.719519 dv-cinder-796286-19-smb neutron-server[93065]: 'QosPolicy': {'1.8'},
Jul 30 16:32:26.719519 dv-cinder-796286-19-smb neutron-server[93065]: 'SecurityGroup': {'1.4'},
Jul 30 16:32:26.719519 dv-cinder-796286-19-smb neutron-server[93065]: 'SecurityGroupRule': {'1.2'},
Jul 30 16:32:26.719519 dv-cinder-796286-19-smb neutron-server[93065]: 'SubPort': {'1.0'},
Jul 30 16:32:26.719519 dv-cinder-796286-19-smb neutron-server[93065]: 'Subnet': {'1.1'},
Jul 30 16:32:26.719519 dv-cinder-796286-19-smb neutron-server[93065]: 'Trunk': {'1.1'}}
Jul 30 16:32:26.719519 dv-cinder-796286-19-smb neutron-server[93065]: consumer versions:
Jul 30 16:32:26.719519 dv-cinder-796286-19-smb neutron-server[93065]: { DHCP agent@dv-cinder-796286-19-smb: {},
Jul 30 16:32:26.719519 dv-cinder-796286-19-smb neutron-server[93065]: HyperV agent@hv-cinder-79628: {},
Jul 30 16:32:26.719519 dv-cinder-796286-19-smb neutron-server[93065]: L3 agent@dv-cinder-796286-19-smb: {},
Jul 30 16:32:26.719519 dv-cinder-796286-19-smb neutron-server[93065]: Metadata agent@dv-cinder-796286-19-smb: {},
Jul 30 16:32:26.719519 dv-cinder-796286-19-smb neutron-server[93065]: Metering agent@dv-cinder-796286-19-smb: {},
Jul 30 16:32:26.719519 dv-cinder-796286-19-smb neutron-server[93065]: Open vSwitch agent@dv-cinder-796286-19-smb: { 'AddressGroup': '1.2',
Jul 30 16:32:26.719519 dv-cinder-796286-19-smb neutron-server[93065]: 'ConntrackHelper': '1.0',
Jul 30 16:32:26.719519 dv-cinder-796286-19-smb neutron-server[93065]: 'Log': '1.0',
Jul 30 16:32:26.719519 dv-cinder-796286-19-smb neutron-server[93065]: 'Network': '1.1',
Jul 30 16:32:26.719519 dv-cinder-796286-19-smb neutron-server[93065]: 'Port': '1.7',
