Jul 30 16:33:35.030357 dv-cinder-796286-19-smb neutron-server[93063]: DEBUG neutron_lib.callbacks.manager [None req-9ebc5834-9881-4dc0-8750-072aa6357e21 admin admin] Notify callbacks [] for security_group, before_delete {{(pid=93063) _notify_loop /usr/local/lib/python3.8/dist-packages/neutron_lib/callbacks/manager.py:192}}
Jul 30 16:33:35.107547 dv-cinder-796286-19-smb neutron-server[93063]: DEBUG neutron_lib.callbacks.manager [None req-9ebc5834-9881-4dc0-8750-072aa6357e21 admin admin] Notify callbacks [] for security_group, precommit_delete {{(pid=93063) _notify_loop /usr/local/lib/python3.8/dist-packages/neutron_lib/callbacks/manager.py:192}}
Jul 30 16:33:35.117510 dv-cinder-796286-19-smb neutron-server[93063]: INFO neutron.wsgi [req-6bf86e0b-0cd4-4408-ba68-f6eb5a22986e req-f133db5a-9b09-4967-9304-e70c8ed8726d service neutron] 10.222.0.32 "GET /v2.0/networks/9acd2c54-bf2f-44ac-a5e1-7d2240f03f20?fields=provider%3Aphysical_network&fields=provider%3Anetwork_type HTTP/1.1" status: 200 len: 281 time: 0.1698933
Jul 30 16:33:35.170369 dv-cinder-796286-19-smb neutron-server[93063]: DEBUG neutron_lib.callbacks.manager [None req-9ebc5834-9881-4dc0-8750-072aa6357e21 admin admin] Notify callbacks ['neutron.plugins.ml2.ovo_rpc._ObjectChangeHandler.handle_event-3671259'] for security_group, after_delete {{(pid=93063) _notify_loop /usr/local/lib/python3.8/dist-packages/neutron_lib/callbacks/manager.py:192}}
Jul 30 16:33:35.173161 dv-cinder-796286-19-smb neutron-server[93063]: DEBUG neutron_lib.callbacks.manager [None req-9ebc5834-9881-4dc0-8750-072aa6357e21 admin admin] Notify callbacks [] for security_group, before_response {{(pid=93063) _notify_loop /usr/local/lib/python3.8/dist-packages/neutron_lib/callbacks/manager.py:192}}
Jul 30 16:33:35.174411 dv-cinder-796286-19-smb neutron-server[93063]: INFO neutron.wsgi [None req-9ebc5834-9881-4dc0-8750-072aa6357e21 admin admin] 10.222.0.26 "DELETE /v2.0/security-groups/1c7ce586-f2e3-4217-8de2-0bf7eda7a3e9 HTTP/1.1" status: 204 len: 168 time: 0.2484341
Jul 30 16:33:35.183919 dv-cinder-796286-19-smb neutron-server[93063]: DEBUG neutron.api.rpc.handlers.resources_rpc [None req-9ebc5834-9881-4dc0-8750-072aa6357e21 admin admin] Pushing event deleted for resources: {'SecurityGroup': ['ID=1c7ce586-f2e3-4217-8de2-0bf7eda7a3e9,revision_number=None']} {{(pid=93063) push /opt/stack/neutron/neutron/api/rpc/handlers/resources_rpc.py:237}}
Jul 30 16:33:35.698370 dv-cinder-796286-19-smb neutron-server[93064]: DEBUG neutron_lib.callbacks.manager [None req-4334d1bc-f686-4106-94ea-e1d46bf9ba4a None None] Notify callbacks ['neutron.services.segments.db._update_segment_host_mapping_for_agent-8757926981151', 'neutron.plugins.ml2.plugin.Ml2Plugin._retry_binding_revived_agents-3605398'] for agent, after_update {{(pid=93064) _notify_loop /usr/local/lib/python3.8/dist-packages/neutron_lib/callbacks/manager.py:192}}
Jul 30 16:33:35.728309 dv-cinder-796286-19-smb neutron-server[93063]: DEBUG neutron.pecan_wsgi.hooks.policy_enforcement [req-14ed1811-e6ed-43e5-88e0-edf324e8024b req-242e19ea-1869-4e79-84c5-3b9f9ea9c1c6 tempest-ServerRescueNegativeTestJSON-1582075950 tempest-ServerRescueNegativeTestJSON-1582075950-project] Attributes excluded by policy engine: ['standard_attr_id', 'binding:profile', 'binding:host_id', 'binding:vif_type', 'binding:vif_details'] {{(pid=93063) _exclude_attributes_by_policy /opt/stack/neutron/neutron/pecan_wsgi/hooks/policy_enforcement.py:255}}
Jul 30 16:33:35.729845 dv-cinder-796286-19-smb neutron-server[93063]: INFO neutron.wsgi [req-14ed1811-e6ed-43e5-88e0-edf324e8024b req-242e19ea-1869-4e79-84c5-3b9f9ea9c1c6 tempest-ServerRescueNegativeTestJSON-1582075950 tempest-ServerRescueNegativeTestJSON-1582075950-project] 10.222.0.26 "GET /v2.0/ports?device_id=395d0574-11f3-460f-a8b2-762f4f899a46 HTTP/1.1" status: 200 len: 946 time: 0.0609386
Jul 30 16:33:35.770491 dv-cinder-796286-19-smb neutron-server[93063]: INFO neutron.wsgi [req-14ed1811-e6ed-43e5-88e0-edf324e8024b req-e43edd17-9921-47d1-9aee-be03c08b4773 tempest-ServerRescueNegativeTestJSON-1582075950 tempest-ServerRescueNegativeTestJSON-1582075950-project] 10.222.0.26 "GET /v2.0/security-groups?id=9bf2372f-f60a-405f-9c53-67edcafa90d5&fields=id&fields=name HTTP/1.1" status: 200 len: 286 time: 0.0337591
Jul 30 16:33:36.911768 dv-cinder-796286-19-smb neutron-server[93063]: DEBUG neutron.pecan_wsgi.hooks.policy_enforcement [req-a8123421-9006-4cb0-9671-a037ed37092c req-b070a5e4-630e-47e7-bf92-017b99eff652 tempest-ServerRescueNegativeTestJSON-1582075950 tempest-ServerRescueNegativeTestJSON-1582075950-project] Attributes excluded by policy engine: ['standard_attr_id', 'binding:profile', 'binding:host_id', 'binding:vif_type', 'binding:vif_details'] {{(pid=93063) _exclude_attributes_by_policy /opt/stack/neutron/neutron/pecan_wsgi/hooks/policy_enforcement.py:255}}
Jul 30 16:33:36.913555 dv-cinder-796286-19-smb neutron-server[93063]: INFO neutron.wsgi [req-a8123421-9006-4cb0-9671-a037ed37092c req-b070a5e4-630e-47e7-bf92-017b99eff652 tempest-ServerRescueNegativeTestJSON-1582075950 tempest-ServerRescueNegativeTestJSON-1582075950-project] 10.222.0.26 "GET /v2.0/ports?device_id=395d0574-11f3-460f-a8b2-762f4f899a46 HTTP/1.1" status: 200 len: 946 time: 0.0606694
Jul 30 16:33:36.956414 dv-cinder-796286-19-smb neutron-server[93063]: INFO neutron.wsgi [req-a8123421-9006-4cb0-9671-a037ed37092c req-e2645743-4bb8-44b5-9b10-a9561ca1ed6e tempest-ServerRescueNegativeTestJSON-1582075950 tempest-ServerRescueNegativeTestJSON-1582075950-project] 10.222.0.26 "GET /v2.0/security-groups?id=9bf2372f-f60a-405f-9c53-67edcafa90d5&fields=id&fields=name HTTP/1.1" status: 200 len: 286 time: 0.0354152
Jul 30 16:33:38.080547 dv-cinder-796286-19-smb neutron-server[93063]: DEBUG neutron.pecan_wsgi.hooks.policy_enforcement [req-383930d5-f861-4618-9603-edfa3493da8a req-f62ae4a7-7169-4f06-a8a5-40c1c5ba7326 tempest-ServerRescueNegativeTestJSON-1582075950 tempest-ServerRescueNegativeTestJSON-1582075950-project] Attributes excluded by policy engine: ['standard_attr_id', 'binding:profile', 'binding:host_id', 'binding:vif_type', 'binding:vif_details'] {{(pid=93063) _exclude_attributes_by_policy /opt/stack/neutron/neutron/pecan_wsgi/hooks/policy_enforcement.py:255}}
Jul 30 16:33:38.082204 dv-cinder-796286-19-smb neutron-server[93063]: INFO neutron.wsgi [req-383930d5-f861-4618-9603-edfa3493da8a req-f62ae4a7-7169-4f06-a8a5-40c1c5ba7326 tempest-ServerRescueNegativeTestJSON-1582075950 tempest-ServerRescueNegativeTestJSON-1582075950-project] 10.222.0.26 "GET /v2.0/ports?device_id=395d0574-11f3-460f-a8b2-762f4f899a46 HTTP/1.1" status: 200 len: 946 time: 0.0548506
Jul 30 16:33:38.134080 dv-cinder-796286-19-smb neutron-server[93063]: INFO neutron.wsgi [req-383930d5-f861-4618-9603-edfa3493da8a req-83322bed-9ab9-41e4-85d8-3fa8c6d4986a tempest-ServerRescueNegativeTestJSON-1582075950 tempest-ServerRescueNegativeTestJSON-1582075950-project] 10.222.0.26 "GET /v2.0/security-groups?id=9bf2372f-f60a-405f-9c53-67edcafa90d5&fields=id&fields=name HTTP/1.1" status: 200 len: 286 time: 0.0453432
Jul 30 16:33:38.413916 dv-cinder-796286-19-smb neutron-server[93064]: DEBUG neutron_lib.callbacks.manager [None req-32ce8796-1e4e-42f1-a025-d1e940114fa3 None None] Notify callbacks ['neutron.services.segments.db._update_segment_host_mapping_for_agent-8757926981151', 'neutron.plugins.ml2.plugin.Ml2Plugin._retry_binding_revived_agents-3605398'] for agent, after_update {{(pid=93064) _notify_loop /usr/local/lib/python3.8/dist-packages/neutron_lib/callbacks/manager.py:192}}
Jul 30 16:33:39.251747 dv-cinder-796286-19-smb neutron-server[93063]: DEBUG neutron.pecan_wsgi.hooks.policy_enforcement [req-2518e6aa-f6c6-4da6-8ac4-cfe3b668a9bc req-29feb946-1397-46ca-9422-b9f76cf94e71 tempest-ServerRescueNegativeTestJSON-1582075950 tempest-ServerRescueNegativeTestJSON-1582075950-project] Attributes excluded by policy engine: ['standard_attr_id', 'binding:profile', 'binding:host_id', 'binding:vif_type', 'binding:vif_details'] {{(pid=93063) _exclude_attributes_by_policy /opt/stack/neutron/neutron/pecan_wsgi/hooks/policy_enforcement.py:255}}
Jul 30 16:33:39.253368 dv-cinder-796286-19-smb neutron-server[93063]: INFO neutron.wsgi [req-2518e6aa-f6c6-4da6-8ac4-cfe3b668a9bc req-29feb946-1397-46ca-9422-b9f76cf94e71 tempest-ServerRescueNegativeTestJSON-1582075950 tempest-ServerRescueNegativeTestJSON-1582075950-project] 10.222.0.26 "GET /v2.0/ports?device_id=395d0574-11f3-460f-a8b2-762f4f899a46 HTTP/1.1" status: 200 len: 946 time: 0.0522094
Jul 30 16:33:39.300841 dv-cinder-796286-19-smb neutron-server[93063]: INFO neutron.wsgi [req-2518e6aa-f6c6-4da6-8ac4-cfe3b668a9bc req-47e62e49-1af6-4771-9b83-7e85401c0b7a tempest-ServerRescueNegativeTestJSON-1582075950 tempest-ServerRescueNegativeTestJSON-1582075950-project] 10.222.0.26 "GET /v2.0/security-groups?id=9bf2372f-f60a-405f-9c53-67edcafa90d5&fields=id&fields=name HTTP/1.1" status: 200 len: 286 time: 0.0407197
Jul 30 16:33:39.608429 dv-cinder-796286-19-smb neutron-server[93063]: DEBUG neutron.pecan_wsgi.hooks.policy_enforcement [req-30b952b5-32a8-494e-9627-edd452e8ed1e req-3d99eba1-9d1c-422f-8fcc-275ee7eab9c0 tempest-AttachVolumeNegativeTest-1911178240 tempest-AttachVolumeNegativeTest-1911178240-project] Attributes excluded by policy engine: ['standard_attr_id', 'vlan_transparent', 'provider:network_type', 'provider:physical_network', 'provider:segmentation_id'] {{(pid=93063) _exclude_attributes_by_policy /opt/stack/neutron/neutron/pecan_wsgi/hooks/policy_enforcement.py:255}}
Jul 30 16:33:39.610489 dv-cinder-796286-19-smb neutron-server[93063]: INFO neutron.wsgi [req-30b952b5-32a8-494e-9627-edd452e8ed1e req-3d99eba1-9d1c-422f-8fcc-275ee7eab9c0 tempest-AttachVolumeNegativeTest-1911178240 tempest-AttachVolumeNegativeTest-1911178240-project] 10.222.0.26 "GET /v2.0/networks?id=9acd2c54-bf2f-44ac-a5e1-7d2240f03f20 HTTP/1.1" status: 200 len: 814 time: 0.1085565
Jul 30 16:33:39.626735 dv-cinder-796286-19-smb neutron-server[93063]: INFO neutron.wsgi [req-30b952b5-32a8-494e-9627-edd452e8ed1e req-487e20f5-349a-4493-b9fa-ec38b5215be1 tempest-AttachVolumeNegativeTest-1911178240 tempest-AttachVolumeNegativeTest-1911178240-project] 10.222.0.26 "GET /v2.0/quotas/ea97416a5f744a92b021930bdc50da61 HTTP/1.1" status: 200 len: 375 time: 0.0095530
Jul 30 16:33:39.683178 dv-cinder-796286-19-smb neutron-server[93063]: INFO neutron.wsgi [req-30b952b5-32a8-494e-9627-edd452e8ed1e req-c3088d13-89d6-4885-b4c2-6bf7de9b0e79 tempest-AttachVolumeNegativeTest-1911178240 tempest-AttachVolumeNegativeTest-1911178240-project] 10.222.0.26 "GET /v2.0/ports?tenant_id=ea97416a5f744a92b021930bdc50da61&fields=id HTTP/1.1" status: 200 len: 348 time: 0.0490713
Jul 30 16:33:39.779105 dv-cinder-796286-19-smb neutron-server[93063]: INFO neutron.wsgi [req-30b952b5-32a8-494e-9627-edd452e8ed1e req-4d8ae554-d54a-4a72-b019-0d3ac019a3ce service neutron] 10.222.0.26 "GET /v2.0/networks/9acd2c54-bf2f-44ac-a5e1-7d2240f03f20?fields=segments HTTP/1.1" status: 200 len: 212 time: 0.0889511
Jul 30 16:33:39.885511 dv-cinder-796286-19-smb neutron-server[93063]: INFO neutron.wsgi [req-30b952b5-32a8-494e-9627-edd452e8ed1e req-342ff5b5-51ec-45ee-ab22-05c5f8278eb4 service neutron] 10.222.0.26 "GET /v2.0/networks/9acd2c54-bf2f-44ac-a5e1-7d2240f03f20?fields=provider%3Aphysical_network&fields=provider%3Anetwork_type HTTP/1.1" status: 200 len: 281 time: 0.0994213
Jul 30 16:33:40.048217 dv-cinder-796286-19-smb neutron-server[93063]: INFO neutron.wsgi [req-fc5d4914-a811-4fef-bb2a-7916a1a6d43d req-745c8c0a-1fc8-42ce-acf9-2189bcd0665d tempest-AttachVolumeNegativeTest-1911178240 tempest-AttachVolumeNegativeTest-1911178240-project] 10.222.0.26 "GET /v2.0/ports?device_id=261266e2-b318-4de6-a878-6d1bedf1fd02 HTTP/1.1" status: 200 len: 210 time: 0.0302539
Jul 30 16:33:40.412922 dv-cinder-796286-19-smb neutron-server[93063]: DEBUG neutron.pecan_wsgi.hooks.policy_enforcement [req-5b3f66a7-28ea-4c93-8630-8badf58767dc req-58557ebd-57be-468e-ab50-8137d447f7d2 tempest-ServerRescueNegativeTestJSON-1582075950 tempest-ServerRescueNegativeTestJSON-1582075950-project] Attributes excluded by policy engine: ['standard_attr_id', 'binding:profile', 'binding:host_id', 'binding:vif_type', 'binding:vif_details'] {{(pid=93063) _exclude_attributes_by_policy /opt/stack/neutron/neutron/pecan_wsgi/hooks/policy_enforcement.py:255}}
Jul 30 16:33:40.414505 dv-cinder-796286-19-smb neutron-server[93063]: INFO neutron.wsgi [req-5b3f66a7-28ea-4c93-8630-8badf58767dc req-58557ebd-57be-468e-ab50-8137d447f7d2 tempest-ServerRescueNegativeTestJSON-1582075950 tempest-ServerRescueNegativeTestJSON-1582075950-project] 10.222.0.26 "GET /v2.0/ports?device_id=395d0574-11f3-460f-a8b2-762f4f899a46 HTTP/1.1" status: 200 len: 946 time: 0.0498226
Jul 30 16:33:40.453272 dv-cinder-796286-19-smb neutron-server[93063]: INFO neutron.wsgi [req-5b3f66a7-28ea-4c93-8630-8badf58767dc req-cf317553-4064-4bf7-88dc-47ee5b48bf9b tempest-ServerRescueNegativeTestJSON-1582075950 tempest-ServerRescueNegativeTestJSON-1582075950-project] 10.222.0.26 "GET /v2.0/security-groups?id=9bf2372f-f60a-405f-9c53-67edcafa90d5&fields=id&fields=name HTTP/1.1" status: 200 len: 286 time: 0.0320535
Jul 30 16:33:41.162756 dv-cinder-796286-19-smb neutron-server[93063]: INFO neutron.wsgi [req-10298465-e971-4127-8628-205b6a9d4f35 req-e6070a82-abfb-4560-b41b-37413084d14b tempest-AttachVolumeNegativeTest-1911178240 tempest-AttachVolumeNegativeTest-1911178240-project] 10.222.0.26 "GET /v2.0/ports?device_id=261266e2-b318-4de6-a878-6d1bedf1fd02 HTTP/1.1" status: 200 len: 210 time: 0.0389757
Jul 30 16:33:41.302092 dv-cinder-796286-19-smb neutron-server[93063]: DEBUG neutron.pecan_wsgi.hooks.policy_enforcement [req-30b952b5-32a8-494e-9627-edd452e8ed1e req-f78614d1-3c86-4071-b403-de44a4d02a9d tempest-AttachVolumeNegativeTest-1911178240 tempest-AttachVolumeNegativeTest-1911178240-project] Attributes excluded by policy engine: ['standard_attr_id', 'vlan_transparent', 'provider:network_type', 'provider:physical_network', 'provider:segmentation_id'] {{(pid=93063) _exclude_attributes_by_policy /opt/stack/neutron/neutron/pecan_wsgi/hooks/policy_enforcement.py:255}}
Jul 30 16:33:41.304642 dv-cinder-796286-19-smb neutron-server[93063]: INFO neutron.wsgi [req-30b952b5-32a8-494e-9627-edd452e8ed1e req-f78614d1-3c86-4071-b403-de44a4d02a9d tempest-AttachVolumeNegativeTest-1911178240 tempest-AttachVolumeNegativeTest-1911178240-project] 10.222.0.32 "GET /v2.0/networks?id=9acd2c54-bf2f-44ac-a5e1-7d2240f03f20 HTTP/1.1" status: 200 len: 814 time: 0.1456325
Jul 30 16:33:41.340005 dv-cinder-796286-19-smb neutron-server[93063]: DEBUG neutron.api.v2.base [req-30b952b5-32a8-494e-9627-edd452e8ed1e req-69eb6865-8ff8-401a-a59f-bd6b031ea2d8 tempest-AttachVolumeNegativeTest-1911178240 tempest-AttachVolumeNegativeTest-1911178240-project] Request body: {'port': {'device_id': '261266e2-b318-4de6-a878-6d1bedf1fd02', 'network_id': '9acd2c54-bf2f-44ac-a5e1-7d2240f03f20', 'admin_state_up': True, 'tenant_id': 'ea97416a5f744a92b021930bdc50da61'}} {{(pid=93063) prepare_request_body /opt/stack/neutron/neutron/api/v2/base.py:729}}
Jul 30 16:33:41.452819 dv-cinder-796286-19-smb neutron-server[93063]: DEBUG neutron.pecan_wsgi.hooks.quota_enforcement [req-30b952b5-32a8-494e-9627-edd452e8ed1e req-69eb6865-8ff8-401a-a59f-bd6b031ea2d8 tempest-AttachVolumeNegativeTest-1911178240 tempest-AttachVolumeNegativeTest-1911178240-project] Made reservation on behalf of ea97416a5f744a92b021930bdc50da61 for: {'port': 1} {{(pid=93063) before /opt/stack/neutron/neutron/pecan_wsgi/hooks/quota_enforcement.py:53}}
Jul 30 16:33:41.456311 dv-cinder-796286-19-smb neutron-server[93063]: DEBUG neutron_lib.callbacks.manager [req-30b952b5-32a8-494e-9627-edd452e8ed1e req-69eb6865-8ff8-401a-a59f-bd6b031ea2d8 tempest-AttachVolumeNegativeTest-1911178240 tempest-AttachVolumeNegativeTest-1911178240-project] Notify callbacks ['neutron.plugins.ml2.plugin.SecurityGroupDbMixin._ensure_default_security_group_handler-589403'] for port, before_create {{(pid=93063) _notify_loop /usr/local/lib/python3.8/dist-packages/neutron_lib/callbacks/manager.py:192}}
Jul 30 16:33:41.614552 dv-cinder-796286-19-smb neutron-server[93063]: DEBUG neutron.pecan_wsgi.hooks.policy_enforcement [req-f38e8b81-a236-4915-93e0-2fcd6dea582f req-8fa6a3ec-5b92-4bf0-9f0c-be6049030298 tempest-ServerRescueNegativeTestJSON-1582075950 tempest-ServerRescueNegativeTestJSON-1582075950-project] Attributes excluded by policy engine: ['standard_attr_id', 'binding:profile', 'binding:host_id', 'binding:vif_type', 'binding:vif_details'] {{(pid=93063) _exclude_attributes_by_policy /opt/stack/neutron/neutron/pecan_wsgi/hooks/policy_enforcement.py:255}}
Jul 30 16:33:41.615934 dv-cinder-796286-19-smb neutron-server[93063]: INFO neutron.wsgi [req-f38e8b81-a236-4915-93e0-2fcd6dea582f req-8fa6a3ec-5b92-4bf0-9f0c-be6049030298 tempest-ServerRescueNegativeTestJSON-1582075950 tempest-ServerRescueNegativeTestJSON-1582075950-project] 10.222.0.26 "GET /v2.0/ports?device_id=395d0574-11f3-460f-a8b2-762f4f899a46 HTTP/1.1" status: 200 len: 946 time: 0.0928919
Jul 30 16:33:41.631657 dv-cinder-796286-19-smb neutron-server[93063]: DEBUG neutron.db.db_base_plugin_common [req-30b952b5-32a8-494e-9627-edd452e8ed1e req-69eb6865-8ff8-401a-a59f-bd6b031ea2d8 tempest-AttachVolumeNegativeTest-1911178240 tempest-AttachVolumeNegativeTest-1911178240-project] Allocated IP 172.20.0.3 (9acd2c54-bf2f-44ac-a5e1-7d2240f03f20/46df180b-bd7f-4a05-ae42-672a5212317b/352d6882-4f14-4555-9ab0-80c87e1f739c) {{(pid=93063) _store_ip_allocation /opt/stack/neutron/neutron/db/db_base_plugin_common.py:131}}
Jul 30 16:33:41.685750 dv-cinder-796286-19-smb neutron-server[93063]: INFO neutron.wsgi [req-f38e8b81-a236-4915-93e0-2fcd6dea582f req-8874185b-d56c-44fe-a76e-898560993959 tempest-ServerRescueNegativeTestJSON-1582075950 tempest-ServerRescueNegativeTestJSON-1582075950-project] 10.222.0.26 "GET /v2.0/security-groups?id=9bf2372f-f60a-405f-9c53-67edcafa90d5&fields=id&fields=name HTTP/1.1" status: 200 len: 286 time: 0.0634441
Jul 30 16:33:41.828684 dv-cinder-796286-19-smb neutron-server[93063]: DEBUG neutron_lib.callbacks.manager [req-30b952b5-32a8-494e-9627-edd452e8ed1e req-69eb6865-8ff8-401a-a59f-bd6b031ea2d8 tempest-AttachVolumeNegativeTest-1911178240 tempest-AttachVolumeNegativeTest-1911178240-project] Notify callbacks [] for port, precommit_create {{(pid=93063) _notify_loop /usr/local/lib/python3.8/dist-packages/neutron_lib/callbacks/manager.py:192}}
Jul 30 16:33:41.887195 dv-cinder-796286-19-smb neutron-server[93063]: DEBUG neutron_lib.callbacks.manager [req-30b952b5-32a8-494e-9627-edd452e8ed1e req-69eb6865-8ff8-401a-a59f-bd6b031ea2d8 tempest-AttachVolumeNegativeTest-1911178240 tempest-AttachVolumeNegativeTest-1911178240-project] Notify callbacks ['neutron.plugins.ml2.plugin.SecurityGroupServerNotifierRpcMixin._notify_sg_on_port_change-588950', 'neutron.plugins.ml2.ovo_rpc._ObjectChangeHandler.handle_event-4097127', 'neutron.api.rpc.agentnotifiers.dhcp_rpc_agent_api.DhcpAgentNotifyAPI._native_event_send_dhcp_notification-3712441', 'neutron.db.l3_dvrscheduler_db._notify_l3_agent_new_port-8757926499853', 'neutron.services.segments.plugin.NovaSegmentNotifier._notify_port_created_or_deleted-25459132'] for port, after_create {{(pid=93063) _notify_loop /usr/local/lib/python3.8/dist-packages/neutron_lib/callbacks/manager.py:192}}
Jul 30 16:33:41.900574 dv-cinder-796286-19-smb neutron-server[93064]: DEBUG neutron.plugins.ml2.db [None req-32ce8796-1e4e-42f1-a025-d1e940114fa3 None None] get_ports_and_sgs() called for port_ids ['6d5be6a3-96b4-4b01-917e-903f5211c28b', '6959aaf0-aa6f-4202-a1b5-5750aaede6db', '7a899e79-5e24-49d7-890e-55cd7887e5f5'] {{(pid=93064) get_ports_and_sgs /opt/stack/neutron/neutron/plugins/ml2/db.py:156}}
Jul 30 16:33:41.934494 dv-cinder-796286-19-smb neutron-server[93063]: DEBUG neutron.scheduler.dhcp_agent_scheduler [req-30b952b5-32a8-494e-9627-edd452e8ed1e req-69eb6865-8ff8-401a-a59f-bd6b031ea2d8 tempest-AttachVolumeNegativeTest-1911178240 tempest-AttachVolumeNegativeTest-1911178240-project] Network 9acd2c54-bf2f-44ac-a5e1-7d2240f03f20 is already hosted by enough agents. {{(pid=93063) _get_dhcp_agents_hosting_network /opt/stack/neutron/neutron/scheduler/dhcp_agent_scheduler.py:275}}
Jul 30 16:33:41.937726 dv-cinder-796286-19-smb neutron-server[93063]: DEBUG neutron.scheduler.base_scheduler [req-30b952b5-32a8-494e-9627-edd452e8ed1e req-69eb6865-8ff8-401a-a59f-bd6b031ea2d8 tempest-AttachVolumeNegativeTest-1911178240 tempest-AttachVolumeNegativeTest-1911178240-project] Resources bound (agent type, host, resource id): {{(pid=93063) schedule /opt/stack/neutron/neutron/scheduler/base_scheduler.py:57}}
Jul 30 16:33:41.940788 dv-cinder-796286-19-smb neutron-server[93063]: DEBUG neutron.db.l3_dvrscheduler_db [req-30b952b5-32a8-494e-9627-edd452e8ed1e req-69eb6865-8ff8-401a-a59f-bd6b031ea2d8 tempest-AttachVolumeNegativeTest-1911178240 tempest-AttachVolumeNegativeTest-1911178240-project] Received port after_create {{(pid=93063) _notify_l3_agent_new_port /opt/stack/neutron/neutron/db/l3_dvrscheduler_db.py:535}}
Jul 30 16:33:41.979991 dv-cinder-796286-19-smb neutron-server[93063]: DEBUG neutron.api.rpc.handlers.resources_rpc [None req-69eb6865-8ff8-401a-a59f-bd6b031ea2d8 tempest-AttachVolumeNegativeTest-1911178240 tempest-AttachVolumeNegativeTest-1911178240-project] Pushing event updated for resources: {'Port': ['ID=352d6882-4f14-4555-9ab0-80c87e1f739c,revision_number=1']} {{(pid=93063) push /opt/stack/neutron/neutron/api/rpc/handlers/resources_rpc.py:237}}
Jul 30 16:33:42.025732 dv-cinder-796286-19-smb neutron-server[93063]: DEBUG neutron.pecan_wsgi.hooks.policy_enforcement [req-30b952b5-32a8-494e-9627-edd452e8ed1e req-69eb6865-8ff8-401a-a59f-bd6b031ea2d8 tempest-AttachVolumeNegativeTest-1911178240 tempest-AttachVolumeNegativeTest-1911178240-project] Attributes excluded by policy engine: ['standard_attr_id', 'binding:profile', 'binding:host_id', 'binding:vif_type', 'binding:vif_details', 'network'] {{(pid=93063) _exclude_attributes_by_policy /opt/stack/neutron/neutron/pecan_wsgi/hooks/policy_enforcement.py:255}}
Jul 30 16:33:42.026845 dv-cinder-796286-19-smb neutron-server[93063]: DEBUG neutron_lib.callbacks.manager [req-30b952b5-32a8-494e-9627-edd452e8ed1e req-69eb6865-8ff8-401a-a59f-bd6b031ea2d8 tempest-AttachVolumeNegativeTest-1911178240 tempest-AttachVolumeNegativeTest-1911178240-project] Notify callbacks ['neutron.notifiers.nova.Notifier._send_nova_notification-4088226', 'neutron.api.rpc.agentnotifiers.dhcp_rpc_agent_api.DhcpAgentNotifyAPI._send_dhcp_notification-3712391'] for port, before_response {{(pid=93063) _notify_loop /usr/local/lib/python3.8/dist-packages/neutron_lib/callbacks/manager.py:192}}
Jul 30 16:33:42.055095 dv-cinder-796286-19-smb neutron-server[93063]: INFO neutron.wsgi [req-30b952b5-32a8-494e-9627-edd452e8ed1e req-69eb6865-8ff8-401a-a59f-bd6b031ea2d8 tempest-AttachVolumeNegativeTest-1911178240 tempest-AttachVolumeNegativeTest-1911178240-project] 10.222.0.32 "POST /v2.0/ports HTTP/1.1" status: 201 len: 933 time: 0.7190738
Jul 30 16:33:42.078989 dv-cinder-796286-19-smb neutron-server[93063]: DEBUG neutron.api.v2.base [req-30b952b5-32a8-494e-9627-edd452e8ed1e req-fa83b33c-183f-496e-b606-e6f735fe936b service neutron] Request body: {'port': {'device_id': '261266e2-b318-4de6-a878-6d1bedf1fd02', 'device_owner': 'compute:nova', 'binding:host_id': 'hv-cinder-79628'}} {{(pid=93063) prepare_request_body /opt/stack/neutron/neutron/api/v2/base.py:729}}
Jul 30 16:33:42.147268 dv-cinder-796286-19-smb neutron-server[93063]: DEBUG neutron_lib.callbacks.manager [req-30b952b5-32a8-494e-9627-edd452e8ed1e req-fa83b33c-183f-496e-b606-e6f735fe936b service neutron] Notify callbacks ['neutron.plugins.ml2.plugin.SecurityGroupDbMixin._ensure_default_security_group_handler-589403'] for port, before_update {{(pid=93063) _notify_loop /usr/local/lib/python3.8/dist-packages/neutron_lib/callbacks/manager.py:192}}
Jul 30 16:33:42.413878 dv-cinder-796286-19-smb neutron-server[93062]: DEBUG neutron.wsgi [-] (93062) accepted ('10.222.0.26', 50736) {{(pid=93062) server /usr/local/lib/python3.8/dist-packages/eventlet/wsgi.py:982}}
Jul 30 16:33:42.449116 dv-cinder-796286-19-smb neutron-server[93063]: DEBUG neutron.pecan_wsgi.hooks.policy_enforcement [req-d5fe0b16-3caa-479e-bd73-b859547dc3e2 req-7d19e8e6-3f6e-4921-ac63-c4bdadce2cf0 tempest-AttachVolumeNegativeTest-1911178240 tempest-AttachVolumeNegativeTest-1911178240-project] Attributes excluded by policy engine: ['standard_attr_id', 'binding:profile', 'binding:host_id', 'binding:vif_type', 'binding:vif_details'] {{(pid=93063) _exclude_attributes_by_policy /opt/stack/neutron/neutron/pecan_wsgi/hooks/policy_enforcement.py:255}}
Jul 30 16:33:42.450630 dv-cinder-796286-19-smb neutron-server[93063]: INFO neutron.wsgi [req-d5fe0b16-3caa-479e-bd73-b859547dc3e2 req-7d19e8e6-3f6e-4921-ac63-c4bdadce2cf0 tempest-AttachVolumeNegativeTest-1911178240 tempest-AttachVolumeNegativeTest-1911178240-project] 10.222.0.26 "GET /v2.0/ports?device_id=261266e2-b318-4de6-a878-6d1bedf1fd02 HTTP/1.1" status: 200 len: 931 time: 0.1413586
Jul 30 16:33:42.528364 dv-cinder-796286-19-smb neutron-server[93063]: INFO neutron.wsgi [req-d5fe0b16-3caa-479e-bd73-b859547dc3e2 req-cb91c26c-3bb2-41a4-b4b5-9a962826a0ca tempest-AttachVolumeNegativeTest-1911178240 tempest-AttachVolumeNegativeTest-1911178240-project] 10.222.0.26 "GET /v2.0/security-groups?id=7ba40c16-a963-4f9b-8464-8fbd9bdb1481&fields=id&fields=name HTTP/1.1" status: 200 len: 286 time: 0.0669451
Jul 30 16:33:42.536682 dv-cinder-796286-19-smb neutron-server[93062]: DEBUG neutron_lib.callbacks.manager [None req-f261b690-3139-42eb-ace1-a7dea2856276 admin admin] Notify callbacks [] for security_group, before_create {{(pid=93062) _notify_loop /usr/local/lib/python3.8/dist-packages/neutron_lib/callbacks/manager.py:192}}
Jul 30 16:33:42.591884 dv-cinder-796286-19-smb neutron-server[93063]: DEBUG neutron.notifiers.nova [req-30b952b5-32a8-494e-9627-edd452e8ed1e req-fa83b33c-183f-496e-b606-e6f735fe936b service neutron] Ignoring state change previous_port_status: DOWN current_port_status: DOWN port_id 352d6882-4f14-4555-9ab0-80c87e1f739c {{(pid=93063) record_port_status_changed /opt/stack/neutron/neutron/notifiers/nova.py:224}}
Jul 30 16:33:42.600519 dv-cinder-796286-19-smb neutron-server[93063]: DEBUG neutron_lib.callbacks.manager [req-30b952b5-32a8-494e-9627-edd452e8ed1e req-fa83b33c-183f-496e-b606-e6f735fe936b service neutron] Notify callbacks [] for port, precommit_update {{(pid=93063) _notify_loop /usr/local/lib/python3.8/dist-packages/neutron_lib/callbacks/manager.py:192}}
Jul 30 16:33:42.613221 dv-cinder-796286-19-smb neutron-server[93063]: DEBUG neutron.db.provisioning_blocks [req-30b952b5-32a8-494e-9627-edd452e8ed1e req-fa83b33c-183f-496e-b606-e6f735fe936b service neutron] Transition to ACTIVE for port object 352d6882-4f14-4555-9ab0-80c87e1f739c will not be triggered until provisioned by entity L2. {{(pid=93063) add_provisioning_component /opt/stack/neutron/neutron/db/provisioning_blocks.py:73}}
Jul 30 16:33:42.618081 dv-cinder-796286-19-smb neutron-server[93063]: DEBUG neutron_lib.callbacks.manager [req-30b952b5-32a8-494e-9627-edd452e8ed1e req-fa83b33c-183f-496e-b606-e6f735fe936b service neutron] Notify callbacks ['neutron.plugins.ml2.plugin.SecurityGroupServerNotifierRpcMixin._notify_sg_on_port_change-588950', 'neutron.plugins.ml2.ovo_rpc._ObjectChangeHandler.handle_event-4097127', 'neutron.api.rpc.agentnotifiers.dhcp_rpc_agent_api.DhcpAgentNotifyAPI._native_event_send_dhcp_notification-3712441', 'neutron.db.l3_db.L3RpcNotifierMixin._notify_gateway_port_ip_changed-8757926889521', 'neutron.db.l3_dvrscheduler_db._notify_l3_agent_port_update-8757926499871', 'neutron.db.l3_hascheduler_db._notify_l3_agent_ha_port_update-8757926499889', 'neutron.services.segments.plugin.NovaSegmentNotifier._notify_port_updated-25459109'] for port, after_update {{(pid=93063) _notify_loop /usr/local/lib/python3.8/dist-packages/neutron_lib/callbacks/manager.py:192}}
Jul 30 16:33:42.633728 dv-cinder-796286-19-smb neutron-server[93062]: DEBUG neutron_lib.callbacks.manager [None req-f261b690-3139-42eb-ace1-a7dea2856276 admin admin] Notify callbacks [] for security_group, precommit_create {{(pid=93062) _notify_loop /usr/local/lib/python3.8/dist-packages/neutron_lib/callbacks/manager.py:192}}
Jul 30 16:33:42.638392 dv-cinder-796286-19-smb neutron-server[93062]: DEBUG neutron_lib.callbacks.manager [None req-f261b690-3139-42eb-ace1-a7dea2856276 admin admin] Notify callbacks ['neutron.plugins.ml2.ovo_rpc._ObjectChangeHandler.handle_event-3671259'] for security_group, after_create {{(pid=93062) _notify_loop /usr/local/lib/python3.8/dist-packages/neutron_lib/callbacks/manager.py:192}}
Jul 30 16:33:42.677516 dv-cinder-796286-19-smb neutron-server[93063]: DEBUG neutron.api.rpc.handlers.resources_rpc [None req-fa83b33c-183f-496e-b606-e6f735fe936b service neutron] Pushing event updated for resources: {'Port': ['ID=352d6882-4f14-4555-9ab0-80c87e1f739c,revision_number=2']} {{(pid=93063) push /opt/stack/neutron/neutron/api/rpc/handlers/resources_rpc.py:237}}
Jul 30 16:33:42.689684 dv-cinder-796286-19-smb neutron-server[93062]: INFO neutron.wsgi [None req-f261b690-3139-42eb-ace1-a7dea2856276 admin admin] 10.222.0.26 "GET /v2.0/security-groups?tenant_id=30594b2c278c41e0833405b4fa1f8772&name=default HTTP/1.1" status: 200 len: 2979 time: 0.2744942
Jul 30 16:33:42.690763 dv-cinder-796286-19-smb neutron-server[93062]: DEBUG neutron.api.rpc.handlers.resources_rpc [None req-f261b690-3139-42eb-ace1-a7dea2856276 admin admin] Pushing event updated for resources: {'SecurityGroup': ['ID=979ab4ff-6db4-4244-b339-34a20a00e29d,revision_number=1']} {{(pid=93062) push /opt/stack/neutron/neutron/api/rpc/handlers/resources_rpc.py:237}}
Jul 30 16:33:42.694369 dv-cinder-796286-19-smb neutron-server[93062]: DEBUG neutron.wsgi [-] (93062) accepted ('10.222.0.26', 50740) {{(pid=93062) server /usr/local/lib/python3.8/dist-packages/eventlet/wsgi.py:982}}
Jul 30 16:33:42.747354 dv-cinder-796286-19-smb neutron-server[93063]: DEBUG neutron.plugins.ml2.managers [req-30b952b5-32a8-494e-9627-edd452e8ed1e req-fa83b33c-183f-496e-b606-e6f735fe936b service neutron] Attempting to bind port 352d6882-4f14-4555-9ab0-80c87e1f739c on host hv-cinder-79628 for vnic_type normal with profile {{(pid=93063) bind_port /opt/stack/neutron/neutron/plugins/ml2/managers.py:790}}
Jul 30 16:33:42.747685 dv-cinder-796286-19-smb neutron-server[93063]: DEBUG neutron.plugins.ml2.managers [req-30b952b5-32a8-494e-9627-edd452e8ed1e req-fa83b33c-183f-496e-b606-e6f735fe936b service neutron] Attempting to bind port 352d6882-4f14-4555-9ab0-80c87e1f739c by drivers openvswitch,hyperv on host hv-cinder-79628 at level 0 using segments [{'id': 'bb892ac0-83cb-455e-97dd-d02943c9eda9', 'network_type': 'vlan', 'physical_network': 'physnet1', 'segmentation_id': 101, 'network_id': '9acd2c54-bf2f-44ac-a5e1-7d2240f03f20'}] {{(pid=93063) _bind_port_level /opt/stack/neutron/neutron/plugins/ml2/managers.py:815}}
Jul 30 16:33:42.748010 dv-cinder-796286-19-smb neutron-server[93063]: DEBUG neutron.plugins.ml2.drivers.mech_agent [req-30b952b5-32a8-494e-9627-edd452e8ed1e req-fa83b33c-183f-496e-b606-e6f735fe936b service neutron] Attempting to bind port 352d6882-4f14-4555-9ab0-80c87e1f739c on network 9acd2c54-bf2f-44ac-a5e1-7d2240f03f20 {{(pid=93063) bind_port /opt/stack/neutron/neutron/plugins/ml2/drivers/mech_agent.py:85}}
Jul 30 16:33:42.752889 dv-cinder-796286-19-smb neutron-server[93063]: DEBUG neutron.plugins.ml2.drivers.mech_agent [req-30b952b5-32a8-494e-9627-edd452e8ed1e req-fa83b33c-183f-496e-b606-e6f735fe936b service neutron] Port 352d6882-4f14-4555-9ab0-80c87e1f739c on network 9acd2c54-bf2f-44ac-a5e1-7d2240f03f20 not bound, no agent of type Open vSwitch agent registered on host hv-cinder-79628 {{(pid=93063) bind_port /opt/stack/neutron/neutron/plugins/ml2/drivers/mech_agent.py:97}}
Jul 30 16:33:42.753196 dv-cinder-796286-19-smb neutron-server[93063]: DEBUG neutron.plugins.ml2.drivers.mech_agent [req-30b952b5-32a8-494e-9627-edd452e8ed1e req-fa83b33c-183f-496e-b606-e6f735fe936b service neutron] Attempting to bind port 352d6882-4f14-4555-9ab0-80c87e1f739c on network 9acd2c54-bf2f-44ac-a5e1-7d2240f03f20 {{(pid=93063) bind_port /opt/stack/neutron/neutron/plugins/ml2/drivers/mech_agent.py:85}}
Jul 30 16:33:42.754001 dv-cinder-796286-19-smb neutron-server[93062]: DEBUG neutron_lib.callbacks.manager [None req-a0ee7d48-56e5-48f0-87d2-938bb999847b admin admin] Notify callbacks [] for security_group, before_delete {{(pid=93062) _notify_loop /usr/local/lib/python3.8/dist-packages/neutron_lib/callbacks/manager.py:192}}
Jul 30 16:33:42.759867 dv-cinder-796286-19-smb neutron-server[93063]: DEBUG neutron.plugins.ml2.drivers.mech_agent [req-30b952b5-32a8-494e-9627-edd452e8ed1e req-fa83b33c-183f-496e-b606-e6f735fe936b service neutron] Checking agent: {'id': '4604a208-950f-4b0e-9da4-c98e968619d8', 'agent_type': 'HyperV agent', 'binary': 'neutron-hyperv-agent', 'topic': 'N/A', 'host': 'hv-cinder-79628', 'admin_state_up': True, 'created_at': datetime.datetime(2021, 7, 30, 16, 30, 38), 'started_at': datetime.datetime(2021, 7, 30, 16, 30, 38), 'heartbeat_timestamp': datetime.datetime(2021, 7, 30, 16, 33, 38), 'description': None, 'resources_synced': None, 'availability_zone': None, 'alive': True, 'configurations': {'vswitch_mappings': {'physnet1$': 'br-data'}}, 'resource_versions': {}} {{(pid=93063) bind_port /opt/stack/neutron/neutron/plugins/ml2/drivers/mech_agent.py:104}}
Jul 30 16:33:42.760205 dv-cinder-796286-19-smb neutron-server[93063]: DEBUG neutron.plugins.ml2.drivers.mech_agent [req-30b952b5-32a8-494e-9627-edd452e8ed1e req-fa83b33c-183f-496e-b606-e6f735fe936b service neutron] Checking segment: {'id': 'bb892ac0-83cb-455e-97dd-d02943c9eda9', 'network_type': 'vlan', 'physical_network': 'physnet1', 'segmentation_id': 101, 'network_id': '9acd2c54-bf2f-44ac-a5e1-7d2240f03f20'} for mappings: {'physnet1$': 'br-data'} with network types: ['local', 'flat', 'vlan'] {{(pid=93063) check_segment_for_agent /opt/stack/neutron/neutron/plugins/ml2/drivers/mech_agent.py:352}}
Jul 30 16:33:42.760580 dv-cinder-796286-19-smb neutron-server[93063]: DEBUG neutron.plugins.ml2.drivers.mech_agent [req-30b952b5-32a8-494e-9627-edd452e8ed1e req-fa83b33c-183f-496e-b606-e6f735fe936b service neutron] Bound using segment: {'id': 'bb892ac0-83cb-455e-97dd-d02943c9eda9', 'network_type': 'vlan', 'physical_network': 'physnet1', 'segmentation_id': 101, 'network_id': '9acd2c54-bf2f-44ac-a5e1-7d2240f03f20'} {{(pid=93063) bind_port /opt/stack/neutron/neutron/plugins/ml2/drivers/mech_agent.py:114}}
Jul 30 16:33:42.761038 dv-cinder-796286-19-smb neutron-server[93063]: DEBUG neutron.plugins.ml2.managers [req-30b952b5-32a8-494e-9627-edd452e8ed1e req-fa83b33c-183f-496e-b606-e6f735fe936b service neutron] Bound port: 352d6882-4f14-4555-9ab0-80c87e1f739c, host: hv-cinder-79628, vif_type: hyperv, vif_details: {"connectivity": "legacy", "port_filter": false}, binding_levels: [{'bound_driver': 'hyperv', 'bound_segment': {'id': 'bb892ac0-83cb-455e-97dd-d02943c9eda9', 'network_type': 'vlan', 'physical_network': 'physnet1', 'segmentation_id': 101, 'network_id': '9acd2c54-bf2f-44ac-a5e1-7d2240f03f20'}}] {{(pid=93063) _bind_port_level /opt/stack/neutron/neutron/plugins/ml2/managers.py:928}}
Jul 30 16:33:42.761385 dv-cinder-796286-19-smb neutron-server[93063]: DEBUG neutron_lib.callbacks.manager [req-30b952b5-32a8-494e-9627-edd452e8ed1e req-fa83b33c-183f-496e-b606-e6f735fe936b service neutron] Notify callbacks ['neutron.plugins.ml2.plugin.SecurityGroupDbMixin._ensure_default_security_group_handler-589403'] for port, before_update {{(pid=93063) _notify_loop /usr/local/lib/python3.8/dist-packages/neutron_lib/callbacks/manager.py:192}}
Jul 30 16:33:42.776032 dv-cinder-796286-19-smb neutron-server[93062]: DEBUG neutron_lib.callbacks.manager [None req-a0ee7d48-56e5-48f0-87d2-938bb999847b admin admin] Notify callbacks [] for security_group, precommit_delete {{(pid=93062) _notify_loop /usr/local/lib/python3.8/dist-packages/neutron_lib/callbacks/manager.py:192}}
Jul 30 16:33:42.847862 dv-cinder-796286-19-smb neutron-server[93062]: DEBUG neutron_lib.callbacks.manager [None req-a0ee7d48-56e5-48f0-87d2-938bb999847b admin admin] Notify callbacks ['neutron.plugins.ml2.ovo_rpc._ObjectChangeHandler.handle_event-3671259'] for security_group, after_delete {{(pid=93062) _notify_loop /usr/local/lib/python3.8/dist-packages/neutron_lib/callbacks/manager.py:192}}
Jul 30 16:33:42.850844 dv-cinder-796286-19-smb neutron-server[93062]: DEBUG neutron_lib.callbacks.manager [None req-a0ee7d48-56e5-48f0-87d2-938bb999847b admin admin] Notify callbacks [] for security_group, before_response {{(pid=93062) _notify_loop /usr/local/lib/python3.8/dist-packages/neutron_lib/callbacks/manager.py:192}}
Jul 30 16:33:42.852039 dv-cinder-796286-19-smb neutron-server[93062]: INFO neutron.wsgi [None req-a0ee7d48-56e5-48f0-87d2-938bb999847b admin admin] 10.222.0.26 "DELETE /v2.0/security-groups/979ab4ff-6db4-4244-b339-34a20a00e29d HTTP/1.1" status: 204 len: 168 time: 0.1567457
Jul 30 16:33:42.856256 dv-cinder-796286-19-smb neutron-server[93063]: DEBUG neutron.pecan_wsgi.hooks.policy_enforcement [req-751f9757-4c34-4475-b81d-31245239cc11 req-a9e71bfa-b3c5-4e0d-9403-05e017efec8e tempest-ServerRescueNegativeTestJSON-1582075950 tempest-ServerRescueNegativeTestJSON-1582075950-project] Attributes excluded by policy engine: ['standard_attr_id', 'binding:profile', 'binding:host_id', 'binding:vif_type', 'binding:vif_details'] {{(pid=93063) _exclude_attributes_by_policy /opt/stack/neutron/neutron/pecan_wsgi/hooks/policy_enforcement.py:255}}
Jul 30 16:33:42.857906 dv-cinder-796286-19-smb neutron-server[93063]: INFO neutron.wsgi [req-751f9757-4c34-4475-b81d-31245239cc11 req-a9e71bfa-b3c5-4e0d-9403-05e017efec8e tempest-ServerRescueNegativeTestJSON-1582075950 tempest-ServerRescueNegativeTestJSON-1582075950-project] 10.222.0.26 "GET /v2.0/ports?device_id=395d0574-11f3-460f-a8b2-762f4f899a46 HTTP/1.1" status: 200 len: 946 time: 0.0998046
Jul 30 16:33:42.861311 dv-cinder-796286-19-smb neutron-server[93062]: DEBUG neutron.api.rpc.handlers.resources_rpc [None req-a0ee7d48-56e5-48f0-87d2-938bb999847b admin admin] Pushing event deleted for resources: {'SecurityGroup': ['ID=979ab4ff-6db4-4244-b339-34a20a00e29d,revision_number=None']} {{(pid=93062) push /opt/stack/neutron/neutron/api/rpc/handlers/resources_rpc.py:237}}
Jul 30 16:33:42.891930 dv-cinder-796286-19-smb neutron-server[93063]: DEBUG neutron.plugins.ml2.db [req-30b952b5-32a8-494e-9627-edd452e8ed1e req-fa83b33c-183f-496e-b606-e6f735fe936b service neutron] For port 352d6882-4f14-4555-9ab0-80c87e1f739c, host hv-cinder-79628, cleared binding levels {{(pid=93063) clear_binding_levels /opt/stack/neutron/neutron/plugins/ml2/db.py:87}}
Jul 30 16:33:42.906214 dv-cinder-796286-19-smb neutron-server[93063]: DEBUG neutron.plugins.ml2.db [req-30b952b5-32a8-494e-9627-edd452e8ed1e req-fa83b33c-183f-496e-b606-e6f735fe936b service neutron] For port 352d6882-4f14-4555-9ab0-80c87e1f739c, host hv-cinder-79628, set binding levels [PortBindingLevel(driver='hyperv',host='hv-cinder-79628',level=0,port_id=352d6882-4f14-4555-9ab0-80c87e1f739c,segment=NetworkSegment(bb892ac0-83cb-455e-97dd-d02943c9eda9),segment_id=bb892ac0-83cb-455e-97dd-d02943c9eda9)] {{(pid=93063) set_binding_levels /opt/stack/neutron/neutron/plugins/ml2/db.py:59}}
Jul 30 16:33:42.921434 dv-cinder-796286-19-smb neutron-server[93063]: DEBUG neutron_lib.callbacks.manager [req-30b952b5-32a8-494e-9627-edd452e8ed1e req-fa83b33c-183f-496e-b606-e6f735fe936b service neutron] Notify callbacks ['neutron.plugins.ml2.plugin.SecurityGroupServerNotifierRpcMixin._notify_sg_on_port_change-588950', 'neutron.plugins.ml2.ovo_rpc._ObjectChangeHandler.handle_event-4097127', 'neutron.api.rpc.agentnotifiers.dhcp_rpc_agent_api.DhcpAgentNotifyAPI._native_event_send_dhcp_notification-3712441', 'neutron.db.l3_db.L3RpcNotifierMixin._notify_gateway_port_ip_changed-8757926889521', 'neutron.db.l3_dvrscheduler_db._notify_l3_agent_port_update-8757926499871', 'neutron.db.l3_hascheduler_db._notify_l3_agent_ha_port_update-8757926499889', 'neutron.services.segments.plugin.NovaSegmentNotifier._notify_port_updated-25459109'] for port, after_update {{(pid=93063) _notify_loop /usr/local/lib/python3.8/dist-packages/neutron_lib/callbacks/manager.py:192}}
Jul 30 16:33:42.995921 dv-cinder-796286-19-smb neutron-server[93063]: DEBUG neutron.pecan_wsgi.hooks.policy_enforcement [req-30b952b5-32a8-494e-9627-edd452e8ed1e req-fa83b33c-183f-496e-b606-e6f735fe936b service neutron] Attributes excluded by policy engine: ['standard_attr_id'] {{(pid=93063) _exclude_attributes_by_policy /opt/stack/neutron/neutron/pecan_wsgi/hooks/policy_enforcement.py:255}}
Jul 30 16:33:42.996549 dv-cinder-796286-19-smb neutron-server[93063]: DEBUG neutron_lib.callbacks.manager [req-30b952b5-32a8-494e-9627-edd452e8ed1e req-fa83b33c-183f-496e-b606-e6f735fe936b service neutron] Notify callbacks ['neutron.notifiers.nova.Notifier._send_nova_notification-4088226', 'neutron.api.rpc.agentnotifiers.dhcp_rpc_agent_api.DhcpAgentNotifyAPI._send_dhcp_notification-3712391'] for port, before_response {{(pid=93063) _notify_loop /usr/local/lib/python3.8/dist-packages/neutron_lib/callbacks/manager.py:192}}
Jul 30 16:33:42.998049 dv-cinder-796286-19-smb neutron-server[93063]: INFO neutron.wsgi [req-30b952b5-32a8-494e-9627-edd452e8ed1e req-fa83b33c-183f-496e-b606-e6f735fe936b service neutron] 10.222.0.32 "PUT /v2.0/ports/352d6882-4f14-4555-9ab0-80c87e1f739c HTTP/1.1" status: 200 len: 1093 time: 0.9248230
Jul 30 16:33:42.998520 dv-cinder-796286-19-smb neutron-server[93063]: DEBUG neutron.notifiers.nova [-] Sending events: [{'name': 'network-changed', 'server_uuid': '261266e2-b318-4de6-a878-6d1bedf1fd02', 'tag': '352d6882-4f14-4555-9ab0-80c87e1f739c'}] {{(pid=93063) send_events /opt/stack/neutron/neutron/notifiers/nova.py:262}}
Jul 30 16:33:43.000951 dv-cinder-796286-19-smb neutron-server[93063]: DEBUG novaclient.v2.client [-] REQ: curl -g -i --cacert "/opt/stack/data/ca-bundle.pem" -X POST http://10.222.0.26/compute/v2.1/os-server-external-events -H "Accept: application/json" -H "Content-Type: application/json" -H "User-Agent: python-novaclient" -H "X-Auth-Token: {SHA256}593ae02816bd552114f06a8d651f5a1bf7aa2313e3fe53bd2b03eb8bc8292c8d" -H "X-OpenStack-Nova-API-Version: 2.1" -H "X-OpenStack-Request-ID: req-404e1fe9-0673-4bba-af44-374e5822279c" -d '{"events": [{"name": "network-changed", "server_uuid": "261266e2-b318-4de6-a878-6d1bedf1fd02", "tag": "352d6882-4f14-4555-9ab0-80c87e1f739c"}]}' {{(pid=93063) _http_log_request /usr/local/lib/python3.8/dist-packages/keystoneauth1/session.py:519}}
Jul 30 16:33:43.033553 dv-cinder-796286-19-smb neutron-server[93063]: INFO neutron.wsgi [req-751f9757-4c34-4475-b81d-31245239cc11 req-846d505e-176e-43a3-8188-434bac3b725b tempest-ServerRescueNegativeTestJSON-1582075950 tempest-ServerRescueNegativeTestJSON-1582075950-project] 10.222.0.26 "GET /v2.0/security-groups?id=9bf2372f-f60a-405f-9c53-67edcafa90d5&fields=id&fields=name HTTP/1.1" status: 200 len: 286 time: 0.1445711
Jul 30 16:33:43.048586 dv-cinder-796286-19-smb neutron-server[93063]: DEBUG novaclient.v2.client [-] RESP: [200] Connection: close Content-Length: 179 Content-Type: application/json Date: Fri, 30 Jul 2021 16:33:43 GMT OpenStack-API-Version: compute 2.1 Server: Apache/2.4.41 (Ubuntu) Vary: OpenStack-API-Version,X-OpenStack-Nova-API-Version X-OpenStack-Nova-API-Version: 2.1 x-compute-request-id: req-36f6e9ac-fde2-4567-a049-d961aee72601 x-openstack-request-id: req-36f6e9ac-fde2-4567-a049-d961aee72601 {{(pid=93063) _http_log_response /usr/local/lib/python3.8/dist-packages/keystoneauth1/session.py:550}}
Jul 30 16:33:43.048914 dv-cinder-796286-19-smb neutron-server[93063]: DEBUG novaclient.v2.client [-] RESP BODY: {"events": [{"name": "network-changed", "server_uuid": "261266e2-b318-4de6-a878-6d1bedf1fd02", "tag": "352d6882-4f14-4555-9ab0-80c87e1f739c", "status": "completed", "code": 200}]} {{(pid=93063) _http_log_response /usr/local/lib/python3.8/dist-packages/keystoneauth1/session.py:582}}
Jul 30 16:33:43.049165 dv-cinder-796286-19-smb neutron-server[93063]: DEBUG novaclient.v2.client [-] POST call to compute for http://10.222.0.26/compute/v2.1/os-server-external-events used request id req-36f6e9ac-fde2-4567-a049-d961aee72601 {{(pid=93063) request /usr/local/lib/python3.8/dist-packages/keystoneauth1/session.py:954}}
Jul 30 16:33:43.049791 dv-cinder-796286-19-smb neutron-server[93063]: INFO neutron.notifiers.nova [-] Nova event response: {'name': 'network-changed', 'server_uuid': '261266e2-b318-4de6-a878-6d1bedf1fd02', 'tag': '352d6882-4f14-4555-9ab0-80c87e1f739c', 'status': 'completed', 'code': 200}
Jul 30 16:33:43.086671 dv-cinder-796286-19-smb neutron-server[93063]: DEBUG neutron.api.rpc.handlers.resources_rpc [None req-fa83b33c-183f-496e-b606-e6f735fe936b service neutron] Pushing event updated for resources: {'Port': ['ID=352d6882-4f14-4555-9ab0-80c87e1f739c,revision_number=3']} {{(pid=93063) push /opt/stack/neutron/neutron/api/rpc/handlers/resources_rpc.py:237}}
Jul 30 16:33:43.107791 dv-cinder-796286-19-smb neutron-server[93063]: DEBUG neutron.pecan_wsgi.hooks.policy_enforcement [req-30b952b5-32a8-494e-9627-edd452e8ed1e req-b8cb6b46-ed29-47ec-89b0-333b756a264d service neutron] Attributes excluded by policy engine: ['standard_attr_id'] {{(pid=93063) _exclude_attributes_by_policy /opt/stack/neutron/neutron/pecan_wsgi/hooks/policy_enforcement.py:255}}
Jul 30 16:33:43.109520 dv-cinder-796286-19-smb neutron-server[93063]: INFO neutron.wsgi [req-30b952b5-32a8-494e-9627-edd452e8ed1e req-b8cb6b46-ed29-47ec-89b0-333b756a264d service neutron] 10.222.0.32 "GET /v2.0/ports?tenant_id=ea97416a5f744a92b021930bdc50da61&device_id=261266e2-b318-4de6-a878-6d1bedf1fd02 HTTP/1.1" status: 200 len: 1096 time: 0.0632138
Jul 30 16:33:43.172250 dv-cinder-796286-19-smb neutron-server[93063]: INFO neutron.wsgi [req-30b952b5-32a8-494e-9627-edd452e8ed1e req-20f1879d-528e-4e1c-92de-c0452a358c02 service neutron] 10.222.0.32 "GET /v2.0/floatingips?fixed_ip_address=172.20.0.3&port_id=352d6882-4f14-4555-9ab0-80c87e1f739c HTTP/1.1" status: 200 len: 217 time: 0.0409129
Jul 30 16:33:43.232238 dv-cinder-796286-19-smb neutron-server[93063]: DEBUG neutron.pecan_wsgi.hooks.policy_enforcement [req-30b952b5-32a8-494e-9627-edd452e8ed1e req-38026844-f958-4c71-bda4-47dfed128131 service neutron] Attributes excluded by policy engine: ['standard_attr_id', 'shared', 'segment_id'] {{(pid=93063) _exclude_attributes_by_policy /opt/stack/neutron/neutron/pecan_wsgi/hooks/policy_enforcement.py:255}}
Jul 30 16:33:43.233948 dv-cinder-796286-19-smb neutron-server[93063]: INFO neutron.wsgi [req-30b952b5-32a8-494e-9627-edd452e8ed1e req-38026844-f958-4c71-bda4-47dfed128131 service neutron] 10.222.0.32 "GET /v2.0/subnets?id=46df180b-bd7f-4a05-ae42-672a5212317b HTTP/1.1" status: 200 len: 854 time: 0.0515501
Jul 30 16:33:43.274048 dv-cinder-796286-19-smb neutron-server[93063]: INFO neutron.wsgi [req-30b952b5-32a8-494e-9627-edd452e8ed1e req-c0fa1c22-7c50-42dc-b8c8-4956a41f6d8a service neutron] 10.222.0.32 "GET /v2.0/ports?network_id=9acd2c54-bf2f-44ac-a5e1-7d2240f03f20&device_owner=network%3Adhcp HTTP/1.1" status: 200 len: 210 time: 0.0294147
Jul 30 16:33:43.383008 dv-cinder-796286-19-smb neutron-server[93063]: INFO neutron.wsgi [req-30b952b5-32a8-494e-9627-edd452e8ed1e req-33c2fb05-f120-47bf-a230-1064e5d88ba6 service neutron] 10.222.0.32 "GET /v2.0/networks/9acd2c54-bf2f-44ac-a5e1-7d2240f03f20?fields=segments HTTP/1.1" status: 200 len: 212 time: 0.0894473
Jul 30 16:33:43.483889 dv-cinder-796286-19-smb neutron-server[93063]: INFO neutron.wsgi [req-30b952b5-32a8-494e-9627-edd452e8ed1e req-277ef873-7b71-4735-aac3-d5e19beb39fe service neutron] 10.222.0.32 "GET /v2.0/networks/9acd2c54-bf2f-44ac-a5e1-7d2240f03f20?fields=provider%3Aphysical_network&fields=provider%3Anetwork_type HTTP/1.1" status: 200 len: 281 time: 0.0918417
Jul 30 16:33:43.587280 dv-cinder-796286-19-smb neutron-server[93063]: DEBUG neutron.pecan_wsgi.hooks.policy_enforcement [req-404e1fe9-0673-4bba-af44-374e5822279c req-56a16b94-a627-4be7-91f7-a7177537c42f service neutron] Attributes excluded by policy engine: ['standard_attr_id'] {{(pid=93063) _exclude_attributes_by_policy /opt/stack/neutron/neutron/pecan_wsgi/hooks/policy_enforcement.py:255}}
Jul 30 16:33:43.588873 dv-cinder-796286-19-smb neutron-server[93063]: INFO neutron.wsgi [req-404e1fe9-0673-4bba-af44-374e5822279c req-56a16b94-a627-4be7-91f7-a7177537c42f service neutron] 10.222.0.32 "GET /v2.0/ports?tenant_id=ea97416a5f744a92b021930bdc50da61&device_id=261266e2-b318-4de6-a878-6d1bedf1fd02 HTTP/1.1" status: 200 len: 1096 time: 0.0474801
Jul 30 16:33:43.730495 dv-cinder-796286-19-smb neutron-server[93063]: DEBUG neutron.pecan_wsgi.hooks.policy_enforcement [req-d0cfecea-16d4-45be-b9da-547237c5514b req-f98c0cd4-dcf1-41bb-980c-342dae9366db tempest-AttachVolumeNegativeTest-1911178240 tempest-AttachVolumeNegativeTest-1911178240-project] Attributes excluded by policy engine: ['standard_attr_id', 'binding:profile', 'binding:host_id', 'binding:vif_type', 'binding:vif_details'] {{(pid=93063) _exclude_attributes_by_policy /opt/stack/neutron/neutron/pecan_wsgi/hooks/policy_enforcement.py:255}}
Jul 30 16:33:43.732120 dv-cinder-796286-19-smb neutron-server[93063]: INFO neutron.wsgi [req-d0cfecea-16d4-45be-b9da-547237c5514b req-f98c0cd4-dcf1-41bb-980c-342dae9366db tempest-AttachVolumeNegativeTest-1911178240 tempest-AttachVolumeNegativeTest-1911178240-project] 10.222.0.26 "GET /v2.0/ports?device_id=261266e2-b318-4de6-a878-6d1bedf1fd02 HTTP/1.1" status: 200 len: 943 time: 0.1125319
Jul 30 16:33:43.738002 dv-cinder-796286-19-smb neutron-server[93063]: DEBUG neutron.pecan_wsgi.hooks.policy_enforcement [req-404e1fe9-0673-4bba-af44-374e5822279c req-7a8c0431-0213-42fb-9a55-05f1bca8875c service neutron] Attributes excluded by policy engine: ['standard_attr_id', 'vlan_transparent'] {{(pid=93063) _exclude_attributes_by_policy /opt/stack/neutron/neutron/pecan_wsgi/hooks/policy_enforcement.py:255}}
