Jul 23 16:12:49.807267 dv-cinder-796286-18-smb devstack@c-api.service[100145]: DEBUG cinder.api.api_utils [None req-966af099-1ac8-41dc-980f-38f8a9dbfe0c tempest-VolumesListTestJSON-2056400639 tempest-VolumesListTestJSON-2056400639-project] Removing options '' from query. {{(pid=100145) remove_invalid_filter_options /opt/stack/cinder/cinder/api/api_utils.py:73}}
Jul 23 16:12:49.809107 dv-cinder-796286-18-smb devstack@c-api.service[100145]: DEBUG cinder.volume.api [None req-966af099-1ac8-41dc-980f-38f8a9dbfe0c tempest-VolumesListTestJSON-2056400639 tempest-VolumesListTestJSON-2056400639-project] Searching by: MultiDict([('no_migration_targets', True)]). {{(pid=100145) get_all /opt/stack/cinder/cinder/volume/api.py:617}}
Jul 23 16:12:49.830219 dv-cinder-796286-18-smb devstack@c-api.service[100144]: INFO cinder.volume.api [None req-7b3b3ebd-174b-4034-8dce-6e26df589347 tempest-VolumesMetadataTest-852435749 tempest-VolumesMetadataTest-852435749-project] Update volume metadata completed successfully.
Jul 23 16:12:49.836905 dv-cinder-796286-18-smb devstack@c-api.service[100144]: INFO cinder.api.openstack.wsgi [None req-7b3b3ebd-174b-4034-8dce-6e26df589347 tempest-VolumesMetadataTest-852435749 tempest-VolumesMetadataTest-852435749-project] http://10.222.0.41/volume/v3/7b11b386e2e44e26a4c7533da55f0a98/volumes/b5dce849-739e-439a-a628-c72cbda80b01/metadata/key3 returned with HTTP 200
Jul 23 16:12:49.842989 dv-cinder-796286-18-smb devstack@c-api.service[100144]: [pid: 100144|app: 0|req: 202/380] 10.222.0.41 () {60 vars in 1387 bytes} [Fri Jul 23 16:12:49 2021] PUT /volume/v3/7b11b386e2e44e26a4c7533da55f0a98/volumes/b5dce849-739e-439a-a628-c72cbda80b01/metadata/key3 => generated 35 bytes in 99 msecs (HTTP/1.1 200) 7 headers in 284 bytes (2 switches on core 0)
Jul 23 16:12:49.848717 dv-cinder-796286-18-smb devstack@c-api.service[100144]: INFO cinder.api.openstack.wsgi [None req-deaf7b91-f960-4768-b232-391651ccd484 tempest-VolumesMetadataTest-852435749 tempest-VolumesMetadataTest-852435749-project] GET http://10.222.0.41/volume/v3/7b11b386e2e44e26a4c7533da55f0a98/volumes/b5dce849-739e-439a-a628-c72cbda80b01/metadata/key3
Jul 23 16:12:49.849531 dv-cinder-796286-18-smb devstack@c-api.service[100144]: DEBUG cinder.api.openstack.wsgi [None req-deaf7b91-f960-4768-b232-391651ccd484 tempest-VolumesMetadataTest-852435749 tempest-VolumesMetadataTest-852435749-project] Empty body provided in request {{(pid=100144) get_body /opt/stack/cinder/cinder/api/openstack/wsgi.py:703}}
Jul 23 16:12:49.849920 dv-cinder-796286-18-smb devstack@c-api.service[100144]: /usr/local/lib/python3.8/dist-packages/webob/acceptparse.py:1047: DeprecationWarning: The behavior of AcceptValidHeader.best_match is currently being maintained for backward compatibility, but it will be deprecated in the future, as it does not conform to the RFC.
Jul 23 16:12:49.849920 dv-cinder-796286-18-smb devstack@c-api.service[100144]: warnings.warn(
Jul 23 16:12:49.850499 dv-cinder-796286-18-smb devstack@c-api.service[100144]: DEBUG cinder.api.openstack.wsgi [None req-deaf7b91-f960-4768-b232-391651ccd484 tempest-VolumesMetadataTest-852435749 tempest-VolumesMetadataTest-852435749-project] Calling method 'show' {{(pid=100144) _process_stack /opt/stack/cinder/cinder/api/openstack/wsgi.py:856}}
Jul 23 16:12:49.865510 dv-cinder-796286-18-smb devstack@c-api.service[100145]: INFO cinder.volume.api [None req-966af099-1ac8-41dc-980f-38f8a9dbfe0c tempest-VolumesListTestJSON-2056400639 tempest-VolumesListTestJSON-2056400639-project] Get all volumes completed successfully.
Jul 23 16:12:49.867226 dv-cinder-796286-18-smb devstack@c-api.service[100145]: /usr/local/lib/python3.8/dist-packages/oslo_context/context.py:105: DeprecationWarning: Policy enforcement is depending on the value of is_admin. This key is deprecated. Please update your policy file to use the standard policy values.
Jul 23 16:12:49.867226 dv-cinder-796286-18-smb devstack@c-api.service[100145]: warnings.warn('Policy enforcement is depending on the value of '
Jul 23 16:12:49.874908 dv-cinder-796286-18-smb devstack@c-api.service[100144]: /usr/local/lib/python3.8/dist-packages/oslo_context/context.py:105: DeprecationWarning: Policy enforcement is depending on the value of is_admin. This key is deprecated. Please update your policy file to use the standard policy values.
Jul 23 16:12:49.874908 dv-cinder-796286-18-smb devstack@c-api.service[100144]: warnings.warn('Policy enforcement is depending on the value of '
Jul 23 16:12:49.875878 dv-cinder-796286-18-smb devstack@c-api.service[100145]: INFO cinder.api.openstack.wsgi [None req-966af099-1ac8-41dc-980f-38f8a9dbfe0c tempest-VolumesListTestJSON-2056400639 tempest-VolumesListTestJSON-2056400639-project] http://10.222.0.41/volume/v3/4f1abd9ae4d94fa29058a5c559116628/volumes/detail?limit=1 returned with HTTP 200
Jul 23 16:12:49.876886 dv-cinder-796286-18-smb devstack@c-api.service[100145]: [pid: 100145|app: 0|req: 179/381] 10.222.0.41 () {58 vars in 1250 bytes} [Fri Jul 23 16:12:49 2021] GET /volume/v3/4f1abd9ae4d94fa29058a5c559116628/volumes/detail?limit=1 => generated 1105 bytes in 75 msecs (HTTP/1.1 200) 7 headers in 286 bytes (1 switches on core 0)
Jul 23 16:12:49.882873 dv-cinder-796286-18-smb devstack@c-api.service[100144]: INFO cinder.volume.api [None req-deaf7b91-f960-4768-b232-391651ccd484 tempest-VolumesMetadataTest-852435749 tempest-VolumesMetadataTest-852435749-project] Volume info retrieved successfully.
Jul 23 16:12:49.893740 dv-cinder-796286-18-smb devstack@c-api.service[100144]: INFO cinder.volume.api [None req-deaf7b91-f960-4768-b232-391651ccd484 tempest-VolumesMetadataTest-852435749 tempest-VolumesMetadataTest-852435749-project] Get volume metadata completed successfully.
Jul 23 16:12:49.893994 dv-cinder-796286-18-smb devstack@c-api.service[100145]: INFO cinder.api.openstack.wsgi [None req-cc17a63f-3f57-44de-8478-2e1fbc5d3480 tempest-VolumesListTestJSON-2056400639 tempest-VolumesListTestJSON-2056400639-project] GET http://10.222.0.41/volume/v3/4f1abd9ae4d94fa29058a5c559116628/volumes/detail?limit=1&marker=70c25571-16c3-4e51-811d-a923df9f8ac3
Jul 23 16:12:49.894307 dv-cinder-796286-18-smb devstack@c-api.service[100145]: DEBUG cinder.api.openstack.wsgi [None req-cc17a63f-3f57-44de-8478-2e1fbc5d3480 tempest-VolumesListTestJSON-2056400639 tempest-VolumesListTestJSON-2056400639-project] Empty body provided in request {{(pid=100145) get_body /opt/stack/cinder/cinder/api/openstack/wsgi.py:703}}
Jul 23 16:12:49.894486 dv-cinder-796286-18-smb devstack@c-api.service[100145]: /usr/local/lib/python3.8/dist-packages/webob/acceptparse.py:1047: DeprecationWarning: The behavior of AcceptValidHeader.best_match is currently being maintained for backward compatibility, but it will be deprecated in the future, as it does not conform to the RFC.
Jul 23 16:12:49.894486 dv-cinder-796286-18-smb devstack@c-api.service[100145]: warnings.warn(
Jul 23 16:12:49.894795 dv-cinder-796286-18-smb devstack@c-api.service[100144]: INFO cinder.api.openstack.wsgi [None req-deaf7b91-f960-4768-b232-391651ccd484 tempest-VolumesMetadataTest-852435749 tempest-VolumesMetadataTest-852435749-project] http://10.222.0.41/volume/v3/7b11b386e2e44e26a4c7533da55f0a98/volumes/b5dce849-739e-439a-a628-c72cbda80b01/metadata/key3 returned with HTTP 200
Jul 23 16:12:49.894913 dv-cinder-796286-18-smb devstack@c-api.service[100145]: DEBUG cinder.api.openstack.wsgi [None req-cc17a63f-3f57-44de-8478-2e1fbc5d3480 tempest-VolumesListTestJSON-2056400639 tempest-VolumesListTestJSON-2056400639-project] Calling method 'detail' {{(pid=100145) _process_stack /opt/stack/cinder/cinder/api/openstack/wsgi.py:856}}
Jul 23 16:12:49.895515 dv-cinder-796286-18-smb devstack@c-api.service[100145]: DEBUG cinder.api.api_utils [None req-cc17a63f-3f57-44de-8478-2e1fbc5d3480 tempest-VolumesListTestJSON-2056400639 tempest-VolumesListTestJSON-2056400639-project] Removing options '' from query. {{(pid=100145) remove_invalid_filter_options /opt/stack/cinder/cinder/api/api_utils.py:73}}
Jul 23 16:12:49.895869 dv-cinder-796286-18-smb devstack@c-api.service[100144]: [pid: 100144|app: 0|req: 203/382] 10.222.0.41 () {58 vars in 1367 bytes} [Fri Jul 23 16:12:49 2021] GET /volume/v3/7b11b386e2e44e26a4c7533da55f0a98/volumes/b5dce849-739e-439a-a628-c72cbda80b01/metadata/key3 => generated 35 bytes in 52 msecs (HTTP/1.1 200) 7 headers in 284 bytes (1 switches on core 0)
Jul 23 16:12:49.898999 dv-cinder-796286-18-smb devstack@c-api.service[100145]: DEBUG cinder.volume.api [None req-cc17a63f-3f57-44de-8478-2e1fbc5d3480 tempest-VolumesListTestJSON-2056400639 tempest-VolumesListTestJSON-2056400639-project] Searching by: MultiDict([('no_migration_targets', True)]). {{(pid=100145) get_all /opt/stack/cinder/cinder/volume/api.py:617}}
Jul 23 16:12:49.905229 dv-cinder-796286-18-smb devstack@c-api.service[100144]: INFO cinder.api.openstack.wsgi [None req-3852dc50-25cf-4708-9bd6-9606965c8aca tempest-VolumesMetadataTest-852435749 tempest-VolumesMetadataTest-852435749-project] GET http://10.222.0.41/volume/v3/7b11b386e2e44e26a4c7533da55f0a98/volumes/b5dce849-739e-439a-a628-c72cbda80b01/metadata
Jul 23 16:12:49.906320 dv-cinder-796286-18-smb devstack@c-api.service[100144]: DEBUG cinder.api.openstack.wsgi [None req-3852dc50-25cf-4708-9bd6-9606965c8aca tempest-VolumesMetadataTest-852435749 tempest-VolumesMetadataTest-852435749-project] Empty body provided in request {{(pid=100144) get_body /opt/stack/cinder/cinder/api/openstack/wsgi.py:703}}
Jul 23 16:12:49.906648 dv-cinder-796286-18-smb devstack@c-api.service[100144]: /usr/local/lib/python3.8/dist-packages/webob/acceptparse.py:1047: DeprecationWarning: The behavior of AcceptValidHeader.best_match is currently being maintained for backward compatibility, but it will be deprecated in the future, as it does not conform to the RFC.
Jul 23 16:12:49.906648 dv-cinder-796286-18-smb devstack@c-api.service[100144]: warnings.warn(
Jul 23 16:12:49.907137 dv-cinder-796286-18-smb devstack@c-api.service[100144]: DEBUG cinder.api.openstack.wsgi [None req-3852dc50-25cf-4708-9bd6-9606965c8aca tempest-VolumesMetadataTest-852435749 tempest-VolumesMetadataTest-852435749-project] Calling method 'index' {{(pid=100144) _process_stack /opt/stack/cinder/cinder/api/openstack/wsgi.py:856}}
Jul 23 16:12:49.929357 dv-cinder-796286-18-smb devstack@c-api.service[100144]: /usr/local/lib/python3.8/dist-packages/oslo_context/context.py:105: DeprecationWarning: Policy enforcement is depending on the value of is_admin. This key is deprecated. Please update your policy file to use the standard policy values.
Jul 23 16:12:49.929357 dv-cinder-796286-18-smb devstack@c-api.service[100144]: warnings.warn('Policy enforcement is depending on the value of '
Jul 23 16:12:49.930935 dv-cinder-796286-18-smb devstack@c-api.service[100144]: INFO cinder.volume.api [None req-3852dc50-25cf-4708-9bd6-9606965c8aca tempest-VolumesMetadataTest-852435749 tempest-VolumesMetadataTest-852435749-project] Volume info retrieved successfully.
Jul 23 16:12:49.943266 dv-cinder-796286-18-smb devstack@c-api.service[100144]: INFO cinder.volume.api [None req-3852dc50-25cf-4708-9bd6-9606965c8aca tempest-VolumesMetadataTest-852435749 tempest-VolumesMetadataTest-852435749-project] Get volume metadata completed successfully.
Jul 23 16:12:49.944132 dv-cinder-796286-18-smb devstack@c-api.service[100144]: INFO cinder.api.openstack.wsgi [None req-3852dc50-25cf-4708-9bd6-9606965c8aca tempest-VolumesMetadataTest-852435749 tempest-VolumesMetadataTest-852435749-project] http://10.222.0.41/volume/v3/7b11b386e2e44e26a4c7533da55f0a98/volumes/b5dce849-739e-439a-a628-c72cbda80b01/metadata returned with HTTP 200
Jul 23 16:12:49.945374 dv-cinder-796286-18-smb devstack@c-api.service[100144]: [pid: 100144|app: 0|req: 204/383] 10.222.0.41 () {58 vars in 1352 bytes} [Fri Jul 23 16:12:49 2021] GET /volume/v3/7b11b386e2e44e26a4c7533da55f0a98/volumes/b5dce849-739e-439a-a628-c72cbda80b01/metadata => generated 75 bytes in 45 msecs (HTTP/1.1 200) 7 headers in 284 bytes (2 switches on core 0)
Jul 23 16:12:49.955324 dv-cinder-796286-18-smb devstack@c-api.service[100144]: INFO cinder.api.openstack.wsgi [None req-60147d36-c8d5-49e7-8217-71e6411cf39f tempest-VolumesMetadataTest-852435749 tempest-VolumesMetadataTest-852435749-project] PUT http://10.222.0.41/volume/v3/7b11b386e2e44e26a4c7533da55f0a98/volumes/b5dce849-739e-439a-a628-c72cbda80b01/metadata
Jul 23 16:12:49.956055 dv-cinder-796286-18-smb devstack@c-api.service[100144]: /usr/local/lib/python3.8/dist-packages/webob/acceptparse.py:1047: DeprecationWarning: The behavior of AcceptValidHeader.best_match is currently being maintained for backward compatibility, but it will be deprecated in the future, as it does not conform to the RFC.
Jul 23 16:12:49.956055 dv-cinder-796286-18-smb devstack@c-api.service[100144]: warnings.warn(
Jul 23 16:12:49.956437 dv-cinder-796286-18-smb devstack@c-api.service[100144]: DEBUG cinder.api.openstack.wsgi [None req-60147d36-c8d5-49e7-8217-71e6411cf39f tempest-VolumesMetadataTest-852435749 tempest-VolumesMetadataTest-852435749-project] Action: 'update_all', calling method: update_all, body: {"metadata": {}} {{(pid=100144) _process_stack /opt/stack/cinder/cinder/api/openstack/wsgi.py:854}}
Jul 23 16:12:49.991247 dv-cinder-796286-18-smb devstack@c-api.service[100144]: /usr/local/lib/python3.8/dist-packages/oslo_context/context.py:105: DeprecationWarning: Policy enforcement is depending on the value of is_admin. This key is deprecated. Please update your policy file to use the standard policy values.
Jul 23 16:12:49.991247 dv-cinder-796286-18-smb devstack@c-api.service[100144]: warnings.warn('Policy enforcement is depending on the value of '
Jul 23 16:12:49.997150 dv-cinder-796286-18-smb devstack@c-api.service[100144]: INFO cinder.volume.api [None req-60147d36-c8d5-49e7-8217-71e6411cf39f tempest-VolumesMetadataTest-852435749 tempest-VolumesMetadataTest-852435749-project] Volume info retrieved successfully.
Jul 23 16:12:50.045499 dv-cinder-796286-18-smb devstack@c-api.service[100144]: INFO cinder.volume.api [None req-60147d36-c8d5-49e7-8217-71e6411cf39f tempest-VolumesMetadataTest-852435749 tempest-VolumesMetadataTest-852435749-project] Update volume metadata completed successfully.
Jul 23 16:12:50.046908 dv-cinder-796286-18-smb devstack@c-api.service[100144]: INFO cinder.api.openstack.wsgi [None req-60147d36-c8d5-49e7-8217-71e6411cf39f tempest-VolumesMetadataTest-852435749 tempest-VolumesMetadataTest-852435749-project] http://10.222.0.41/volume/v3/7b11b386e2e44e26a4c7533da55f0a98/volumes/b5dce849-739e-439a-a628-c72cbda80b01/metadata returned with HTTP 200
Jul 23 16:12:50.048413 dv-cinder-796286-18-smb devstack@c-api.service[100144]: [pid: 100144|app: 0|req: 205/384] 10.222.0.41 () {60 vars in 1372 bytes} [Fri Jul 23 16:12:49 2021] PUT /volume/v3/7b11b386e2e44e26a4c7533da55f0a98/volumes/b5dce849-739e-439a-a628-c72cbda80b01/metadata => generated 16 bytes in 98 msecs (HTTP/1.1 200) 7 headers in 284 bytes (1 switches on core 0)
Jul 23 16:12:50.058382 dv-cinder-796286-18-smb devstack@c-api.service[100144]: INFO cinder.api.openstack.wsgi [None req-87b92d67-4c0c-49dd-9552-17d5bc77d055 tempest-VolumesMetadataTest-852435749 tempest-VolumesMetadataTest-852435749-project] DELETE http://10.222.0.41/volume/v3/7b11b386e2e44e26a4c7533da55f0a98/volumes/b5dce849-739e-439a-a628-c72cbda80b01
Jul 23 16:12:50.058887 dv-cinder-796286-18-smb devstack@c-api.service[100144]: DEBUG cinder.api.openstack.wsgi [None req-87b92d67-4c0c-49dd-9552-17d5bc77d055 tempest-VolumesMetadataTest-852435749 tempest-VolumesMetadataTest-852435749-project] Empty body provided in request {{(pid=100144) get_body /opt/stack/cinder/cinder/api/openstack/wsgi.py:703}}
Jul 23 16:12:50.059067 dv-cinder-796286-18-smb devstack@c-api.service[100144]: /usr/local/lib/python3.8/dist-packages/webob/acceptparse.py:1047: DeprecationWarning: The behavior of AcceptValidHeader.best_match is currently being maintained for backward compatibility, but it will be deprecated in the future, as it does not conform to the RFC.
Jul 23 16:12:50.059067 dv-cinder-796286-18-smb devstack@c-api.service[100144]: warnings.warn(
Jul 23 16:12:50.059788 dv-cinder-796286-18-smb devstack@c-api.service[100144]: DEBUG cinder.api.openstack.wsgi [None req-87b92d67-4c0c-49dd-9552-17d5bc77d055 tempest-VolumesMetadataTest-852435749 tempest-VolumesMetadataTest-852435749-project] Calling method 'delete' {{(pid=100144) _process_stack /opt/stack/cinder/cinder/api/openstack/wsgi.py:856}}
Jul 23 16:12:50.060835 dv-cinder-796286-18-smb devstack@c-api.service[100144]: INFO cinder.api.v3.volumes [None req-87b92d67-4c0c-49dd-9552-17d5bc77d055 tempest-VolumesMetadataTest-852435749 tempest-VolumesMetadataTest-852435749-project] Delete volume with id: b5dce849-739e-439a-a628-c72cbda80b01
Jul 23 16:12:50.064829 dv-cinder-796286-18-smb devstack@c-api.service[100145]: INFO cinder.volume.api [None req-cc17a63f-3f57-44de-8478-2e1fbc5d3480 tempest-VolumesListTestJSON-2056400639 tempest-VolumesListTestJSON-2056400639-project] Get all volumes completed successfully.
Jul 23 16:12:50.068823 dv-cinder-796286-18-smb devstack@c-api.service[100145]: /usr/local/lib/python3.8/dist-packages/oslo_context/context.py:105: DeprecationWarning: Policy enforcement is depending on the value of is_admin. This key is deprecated. Please update your policy file to use the standard policy values.
Jul 23 16:12:50.068823 dv-cinder-796286-18-smb devstack@c-api.service[100145]: warnings.warn('Policy enforcement is depending on the value of '
Jul 23 16:12:50.077488 dv-cinder-796286-18-smb devstack@c-api.service[100144]: /usr/local/lib/python3.8/dist-packages/oslo_context/context.py:105: DeprecationWarning: Policy enforcement is depending on the value of is_admin. This key is deprecated. Please update your policy file to use the standard policy values.
Jul 23 16:12:50.077488 dv-cinder-796286-18-smb devstack@c-api.service[100144]: warnings.warn('Policy enforcement is depending on the value of '
Jul 23 16:12:50.078867 dv-cinder-796286-18-smb devstack@c-api.service[100144]: INFO cinder.volume.api [None req-87b92d67-4c0c-49dd-9552-17d5bc77d055 tempest-VolumesMetadataTest-852435749 tempest-VolumesMetadataTest-852435749-project] Volume info retrieved successfully.
Jul 23 16:12:50.089085 dv-cinder-796286-18-smb devstack@c-api.service[100145]: INFO cinder.api.openstack.wsgi [None req-cc17a63f-3f57-44de-8478-2e1fbc5d3480 tempest-VolumesListTestJSON-2056400639 tempest-VolumesListTestJSON-2056400639-project] http://10.222.0.41/volume/v3/4f1abd9ae4d94fa29058a5c559116628/volumes/detail?limit=1&marker=70c25571-16c3-4e51-811d-a923df9f8ac3 returned with HTTP 200
Jul 23 16:12:50.089827 dv-cinder-796286-18-smb devstack@c-api.service[100145]: [pid: 100145|app: 0|req: 180/385] 10.222.0.41 () {58 vars in 1338 bytes} [Fri Jul 23 16:12:49 2021] GET /volume/v3/4f1abd9ae4d94fa29058a5c559116628/volumes/detail?limit=1&marker=70c25571-16c3-4e51-811d-a923df9f8ac3 => generated 1105 bytes in 201 msecs (HTTP/1.1 200) 7 headers in 286 bytes (2 switches on core 0)
Jul 23 16:12:50.114295 dv-cinder-796286-18-smb devstack@c-api.service[100145]: INFO cinder.api.openstack.wsgi [None req-e8070a5a-f2aa-408c-a3b8-6cb75a00de66 tempest-VolumesListTestJSON-2056400639 tempest-VolumesListTestJSON-2056400639-project] GET http://10.222.0.41/volume/v3/4f1abd9ae4d94fa29058a5c559116628/volumes/detail?limit=1&marker=52e20c0a-72ce-44af-b984-768c5c9fac6e
Jul 23 16:12:50.116198 dv-cinder-796286-18-smb devstack@c-api.service[100145]: DEBUG cinder.api.openstack.wsgi [None req-e8070a5a-f2aa-408c-a3b8-6cb75a00de66 tempest-VolumesListTestJSON-2056400639 tempest-VolumesListTestJSON-2056400639-project] Empty body provided in request {{(pid=100145) get_body /opt/stack/cinder/cinder/api/openstack/wsgi.py:703}}
Jul 23 16:12:50.116349 dv-cinder-796286-18-smb devstack@c-api.service[100145]: /usr/local/lib/python3.8/dist-packages/webob/acceptparse.py:1047: DeprecationWarning: The behavior of AcceptValidHeader.best_match is currently being maintained for backward compatibility, but it will be deprecated in the future, as it does not conform to the RFC.
Jul 23 16:12:50.116349 dv-cinder-796286-18-smb devstack@c-api.service[100145]: warnings.warn(
Jul 23 16:12:50.118922 dv-cinder-796286-18-smb devstack@c-api.service[100145]: DEBUG cinder.api.openstack.wsgi [None req-e8070a5a-f2aa-408c-a3b8-6cb75a00de66 tempest-VolumesListTestJSON-2056400639 tempest-VolumesListTestJSON-2056400639-project] Calling method 'detail' {{(pid=100145) _process_stack /opt/stack/cinder/cinder/api/openstack/wsgi.py:856}}
Jul 23 16:12:50.119937 dv-cinder-796286-18-smb devstack@c-api.service[100145]: DEBUG cinder.api.api_utils [None req-e8070a5a-f2aa-408c-a3b8-6cb75a00de66 tempest-VolumesListTestJSON-2056400639 tempest-VolumesListTestJSON-2056400639-project] Removing options '' from query. {{(pid=100145) remove_invalid_filter_options /opt/stack/cinder/cinder/api/api_utils.py:73}}
Jul 23 16:12:50.123852 dv-cinder-796286-18-smb devstack@c-api.service[100145]: DEBUG cinder.volume.api [None req-e8070a5a-f2aa-408c-a3b8-6cb75a00de66 tempest-VolumesListTestJSON-2056400639 tempest-VolumesListTestJSON-2056400639-project] Searching by: MultiDict([('no_migration_targets', True)]). {{(pid=100145) get_all /opt/stack/cinder/cinder/volume/api.py:617}}
Jul 23 16:12:50.187907 dv-cinder-796286-18-smb devstack@c-api.service[100144]: INFO cinder.volume.api [None req-87b92d67-4c0c-49dd-9552-17d5bc77d055 tempest-VolumesMetadataTest-852435749 tempest-VolumesMetadataTest-852435749-project] Delete volume request issued successfully.
Jul 23 16:12:50.190713 dv-cinder-796286-18-smb devstack@c-api.service[100144]: INFO cinder.api.openstack.wsgi [None req-87b92d67-4c0c-49dd-9552-17d5bc77d055 tempest-VolumesMetadataTest-852435749 tempest-VolumesMetadataTest-852435749-project] http://10.222.0.41/volume/v3/7b11b386e2e44e26a4c7533da55f0a98/volumes/b5dce849-739e-439a-a628-c72cbda80b01 returned with HTTP 202
Jul 23 16:12:50.198230 dv-cinder-796286-18-smb devstack@c-api.service[100144]: [pid: 100144|app: 0|req: 206/386] 10.222.0.41 () {58 vars in 1328 bytes} [Fri Jul 23 16:12:50 2021] DELETE /volume/v3/7b11b386e2e44e26a4c7533da55f0a98/volumes/b5dce849-739e-439a-a628-c72cbda80b01 => generated 0 bytes in 144 msecs (HTTP/1.1 202) 6 headers in 233 bytes (2 switches on core 0)
Jul 23 16:12:50.213818 dv-cinder-796286-18-smb devstack@c-api.service[100144]: INFO cinder.api.openstack.wsgi [None req-2c34637c-67b3-449d-89f3-90943c882cad tempest-VolumesMetadataTest-852435749 tempest-VolumesMetadataTest-852435749-project] GET http://10.222.0.41/volume/v3/7b11b386e2e44e26a4c7533da55f0a98/volumes/b5dce849-739e-439a-a628-c72cbda80b01
Jul 23 16:12:50.216190 dv-cinder-796286-18-smb devstack@c-api.service[100144]: DEBUG cinder.api.openstack.wsgi [None req-2c34637c-67b3-449d-89f3-90943c882cad tempest-VolumesMetadataTest-852435749 tempest-VolumesMetadataTest-852435749-project] Empty body provided in request {{(pid=100144) get_body /opt/stack/cinder/cinder/api/openstack/wsgi.py:703}}
Jul 23 16:12:50.217218 dv-cinder-796286-18-smb devstack@c-api.service[100144]: /usr/local/lib/python3.8/dist-packages/webob/acceptparse.py:1047: DeprecationWarning: The behavior of AcceptValidHeader.best_match is currently being maintained for backward compatibility, but it will be deprecated in the future, as it does not conform to the RFC.
Jul 23 16:12:50.217218 dv-cinder-796286-18-smb devstack@c-api.service[100144]: warnings.warn(
Jul 23 16:12:50.218179 dv-cinder-796286-18-smb devstack@c-api.service[100144]: DEBUG cinder.api.openstack.wsgi [None req-2c34637c-67b3-449d-89f3-90943c882cad tempest-VolumesMetadataTest-852435749 tempest-VolumesMetadataTest-852435749-project] Calling method 'show' {{(pid=100144) _process_stack /opt/stack/cinder/cinder/api/openstack/wsgi.py:856}}
Jul 23 16:12:50.219305 dv-cinder-796286-18-smb devstack@c-api.service[100145]: INFO cinder.volume.api [None req-e8070a5a-f2aa-408c-a3b8-6cb75a00de66 tempest-VolumesListTestJSON-2056400639 tempest-VolumesListTestJSON-2056400639-project] Get all volumes completed successfully.
Jul 23 16:12:50.221377 dv-cinder-796286-18-smb devstack@c-api.service[100145]: /usr/local/lib/python3.8/dist-packages/oslo_context/context.py:105: DeprecationWarning: Policy enforcement is depending on the value of is_admin. This key is deprecated. Please update your policy file to use the standard policy values.
Jul 23 16:12:50.221377 dv-cinder-796286-18-smb devstack@c-api.service[100145]: warnings.warn('Policy enforcement is depending on the value of '
Jul 23 16:12:50.248223 dv-cinder-796286-18-smb devstack@c-api.service[100145]: INFO cinder.api.openstack.wsgi [None req-e8070a5a-f2aa-408c-a3b8-6cb75a00de66 tempest-VolumesListTestJSON-2056400639 tempest-VolumesListTestJSON-2056400639-project] http://10.222.0.41/volume/v3/4f1abd9ae4d94fa29058a5c559116628/volumes/detail?limit=1&marker=52e20c0a-72ce-44af-b984-768c5c9fac6e returned with HTTP 200
Jul 23 16:12:50.260862 dv-cinder-796286-18-smb devstack@c-api.service[100144]: /usr/local/lib/python3.8/dist-packages/oslo_context/context.py:105: DeprecationWarning: Policy enforcement is depending on the value of is_admin. This key is deprecated. Please update your policy file to use the standard policy values.
Jul 23 16:12:50.260862 dv-cinder-796286-18-smb devstack@c-api.service[100144]: warnings.warn('Policy enforcement is depending on the value of '
Jul 23 16:12:50.262429 dv-cinder-796286-18-smb devstack@c-api.service[100145]: [pid: 100145|app: 0|req: 181/387] 10.222.0.41 () {58 vars in 1338 bytes} [Fri Jul 23 16:12:50 2021] GET /volume/v3/4f1abd9ae4d94fa29058a5c559116628/volumes/detail?limit=1&marker=52e20c0a-72ce-44af-b984-768c5c9fac6e => generated 1105 bytes in 155 msecs (HTTP/1.1 200) 7 headers in 286 bytes (1 switches on core 0)
Jul 23 16:12:50.268047 dv-cinder-796286-18-smb devstack@c-api.service[100145]: INFO cinder.api.openstack.wsgi [None req-7ce8dbe4-d5ee-4f1e-a55e-808e67703d95 tempest-VolumesListTestJSON-2056400639 tempest-VolumesListTestJSON-2056400639-project] GET http://10.222.0.41/volume/v3/4f1abd9ae4d94fa29058a5c559116628/volumes/detail?limit=1&marker=19b93164-b6c2-4246-9f91-2f39beb41ab0
Jul 23 16:12:50.269119 dv-cinder-796286-18-smb devstack@c-api.service[100145]: DEBUG cinder.api.openstack.wsgi [None req-7ce8dbe4-d5ee-4f1e-a55e-808e67703d95 tempest-VolumesListTestJSON-2056400639 tempest-VolumesListTestJSON-2056400639-project] Empty body provided in request {{(pid=100145) get_body /opt/stack/cinder/cinder/api/openstack/wsgi.py:703}}
Jul 23 16:12:50.269507 dv-cinder-796286-18-smb devstack@c-api.service[100145]: /usr/local/lib/python3.8/dist-packages/webob/acceptparse.py:1047: DeprecationWarning: The behavior of AcceptValidHeader.best_match is currently being maintained for backward compatibility, but it will be deprecated in the future, as it does not conform to the RFC.
Jul 23 16:12:50.269507 dv-cinder-796286-18-smb devstack@c-api.service[100145]: warnings.warn(
Jul 23 16:12:50.270482 dv-cinder-796286-18-smb devstack@c-api.service[100145]: DEBUG cinder.api.openstack.wsgi [None req-7ce8dbe4-d5ee-4f1e-a55e-808e67703d95 tempest-VolumesListTestJSON-2056400639 tempest-VolumesListTestJSON-2056400639-project] Calling method 'detail' {{(pid=100145) _process_stack /opt/stack/cinder/cinder/api/openstack/wsgi.py:856}}
Jul 23 16:12:50.271349 dv-cinder-796286-18-smb devstack@c-api.service[100145]: DEBUG cinder.api.api_utils [None req-7ce8dbe4-d5ee-4f1e-a55e-808e67703d95 tempest-VolumesListTestJSON-2056400639 tempest-VolumesListTestJSON-2056400639-project] Removing options '' from query. {{(pid=100145) remove_invalid_filter_options /opt/stack/cinder/cinder/api/api_utils.py:73}}
Jul 23 16:12:50.274922 dv-cinder-796286-18-smb devstack@c-api.service[100145]: DEBUG cinder.volume.api [None req-7ce8dbe4-d5ee-4f1e-a55e-808e67703d95 tempest-VolumesListTestJSON-2056400639 tempest-VolumesListTestJSON-2056400639-project] Searching by: MultiDict([('no_migration_targets', True)]). {{(pid=100145) get_all /opt/stack/cinder/cinder/volume/api.py:617}}
Jul 23 16:12:50.290325 dv-cinder-796286-18-smb devstack@c-api.service[100144]: INFO cinder.volume.api [None req-2c34637c-67b3-449d-89f3-90943c882cad tempest-VolumesMetadataTest-852435749 tempest-VolumesMetadataTest-852435749-project] Volume info retrieved successfully.
Jul 23 16:12:50.317622 dv-cinder-796286-18-smb devstack@c-api.service[100144]: INFO cinder.api.openstack.wsgi [None req-2c34637c-67b3-449d-89f3-90943c882cad tempest-VolumesMetadataTest-852435749 tempest-VolumesMetadataTest-852435749-project] http://10.222.0.41/volume/v3/7b11b386e2e44e26a4c7533da55f0a98/volumes/b5dce849-739e-439a-a628-c72cbda80b01 returned with HTTP 200
Jul 23 16:12:50.319155 dv-cinder-796286-18-smb devstack@c-api.service[100144]: [pid: 100144|app: 0|req: 207/388] 10.222.0.41 () {58 vars in 1325 bytes} [Fri Jul 23 16:12:50 2021] GET /volume/v3/7b11b386e2e44e26a4c7533da55f0a98/volumes/b5dce849-739e-439a-a628-c72cbda80b01 => generated 911 bytes in 120 msecs (HTTP/1.1 200) 7 headers in 285 bytes (1 switches on core 0)
Jul 23 16:12:50.395834 dv-cinder-796286-18-smb devstack@c-api.service[100144]: INFO cinder.api.openstack.wsgi [None req-94873b35-6645-43f9-a4e1-fd9c5bbcad3f tempest-VolumesActionsTest-562450354 tempest-VolumesActionsTest-562450354-project] POST http://10.222.0.41/volume/v3/b38fbd01341d44c59cadbfb140c27a58/volumes
Jul 23 16:12:50.396380 dv-cinder-796286-18-smb devstack@c-api.service[100144]: /usr/local/lib/python3.8/dist-packages/webob/acceptparse.py:1047: DeprecationWarning: The behavior of AcceptValidHeader.best_match is currently being maintained for backward compatibility, but it will be deprecated in the future, as it does not conform to the RFC.
Jul 23 16:12:50.396380 dv-cinder-796286-18-smb devstack@c-api.service[100144]: warnings.warn(
Jul 23 16:12:50.396739 dv-cinder-796286-18-smb devstack@c-api.service[100144]: DEBUG cinder.api.openstack.wsgi [None req-94873b35-6645-43f9-a4e1-fd9c5bbcad3f tempest-VolumesActionsTest-562450354 tempest-VolumesActionsTest-562450354-project] Action: 'create', calling method: create, body: {"volume": {"size": 1, "name": "tempest-VolumesActionsTest-Volume-2106301675"}} {{(pid=100144) _process_stack /opt/stack/cinder/cinder/api/openstack/wsgi.py:854}}
Jul 23 16:12:50.397794 dv-cinder-796286-18-smb devstack@c-api.service[100144]: DEBUG cinder.api.v3.volumes [None req-94873b35-6645-43f9-a4e1-fd9c5bbcad3f tempest-VolumesActionsTest-562450354 tempest-VolumesActionsTest-562450354-project] Create volume request body: {'volume': {'size': 1, 'name': 'tempest-VolumesActionsTest-Volume-2106301675'}} {{(pid=100144) create /opt/stack/cinder/cinder/api/v3/volumes.py:290}}
Jul 23 16:12:50.398264 dv-cinder-796286-18-smb devstack@c-api.service[100144]: INFO cinder.api.v3.volumes [None req-94873b35-6645-43f9-a4e1-fd9c5bbcad3f tempest-VolumesActionsTest-562450354 tempest-VolumesActionsTest-562450354-project] Create volume of 1 GB
Jul 23 16:12:50.403236 dv-cinder-796286-18-smb devstack@c-api.service[100145]: INFO cinder.volume.api [None req-7ce8dbe4-d5ee-4f1e-a55e-808e67703d95 tempest-VolumesListTestJSON-2056400639 tempest-VolumesListTestJSON-2056400639-project] Get all volumes completed successfully.
Jul 23 16:12:50.408825 dv-cinder-796286-18-smb devstack@c-api.service[100145]: INFO cinder.api.openstack.wsgi [None req-7ce8dbe4-d5ee-4f1e-a55e-808e67703d95 tempest-VolumesListTestJSON-2056400639 tempest-VolumesListTestJSON-2056400639-project] http://10.222.0.41/volume/v3/4f1abd9ae4d94fa29058a5c559116628/volumes/detail?limit=1&marker=19b93164-b6c2-4246-9f91-2f39beb41ab0 returned with HTTP 200
Jul 23 16:12:50.410862 dv-cinder-796286-18-smb devstack@c-api.service[100145]: [pid: 100145|app: 0|req: 182/389] 10.222.0.41 () {58 vars in 1338 bytes} [Fri Jul 23 16:12:50 2021] GET /volume/v3/4f1abd9ae4d94fa29058a5c559116628/volumes/detail?limit=1&marker=19b93164-b6c2-4246-9f91-2f39beb41ab0 => generated 15 bytes in 147 msecs (HTTP/1.1 200) 7 headers in 284 bytes (1 switches on core 0)
Jul 23 16:12:50.425809 dv-cinder-796286-18-smb devstack@c-api.service[100144]: INFO cinder.volume.api [None req-94873b35-6645-43f9-a4e1-fd9c5bbcad3f tempest-VolumesActionsTest-562450354 tempest-VolumesActionsTest-562450354-project] Availability Zones retrieved successfully.
Jul 23 16:12:50.431982 dv-cinder-796286-18-smb devstack@c-api.service[100145]: INFO cinder.api.openstack.wsgi [None req-b574cf31-21d5-4277-8524-71c070582a3c tempest-VolumesListTestJSON-2056400639 tempest-VolumesListTestJSON-2056400639-project] GET http://10.222.0.41/volume/v3/4f1abd9ae4d94fa29058a5c559116628/volumes/detail?limit=2&status=available&sort_dir=asc&sort_key=id
Jul 23 16:12:50.433014 dv-cinder-796286-18-smb devstack@c-api.service[100145]: DEBUG cinder.api.openstack.wsgi [None req-b574cf31-21d5-4277-8524-71c070582a3c tempest-VolumesListTestJSON-2056400639 tempest-VolumesListTestJSON-2056400639-project] Empty body provided in request {{(pid=100145) get_body /opt/stack/cinder/cinder/api/openstack/wsgi.py:703}}
Jul 23 16:12:50.433014 dv-cinder-796286-18-smb devstack@c-api.service[100145]: DEBUG cinder.api.openstack.wsgi [None req-b574cf31-21d5-4277-8524-71c070582a3c tempest-VolumesListTestJSON-2056400639 tempest-VolumesListTestJSON-2056400639-project] Calling method 'detail' {{(pid=100145) _process_stack /opt/stack/cinder/cinder/api/openstack/wsgi.py:856}}
Jul 23 16:12:50.434236 dv-cinder-796286-18-smb devstack@c-api.service[100145]: DEBUG cinder.api.api_utils [None req-b574cf31-21d5-4277-8524-71c070582a3c tempest-VolumesListTestJSON-2056400639 tempest-VolumesListTestJSON-2056400639-project] Removing options '' from query. {{(pid=100145) remove_invalid_filter_options /opt/stack/cinder/cinder/api/api_utils.py:73}}
Jul 23 16:12:50.434851 dv-cinder-796286-18-smb devstack@c-api.service[100145]: DEBUG cinder.volume.api [None req-b574cf31-21d5-4277-8524-71c070582a3c tempest-VolumesListTestJSON-2056400639 tempest-VolumesListTestJSON-2056400639-project] Could not evaluate value available, assuming string {{(pid=100145) check_volume_filters /opt/stack/cinder/cinder/volume/api.py:2045}}
Jul 23 16:12:50.437378 dv-cinder-796286-18-smb devstack@c-api.service[100145]: DEBUG cinder.volume.api [None req-b574cf31-21d5-4277-8524-71c070582a3c tempest-VolumesListTestJSON-2056400639 tempest-VolumesListTestJSON-2056400639-project] Searching by: MultiDict([('status', 'available'), ('no_migration_targets', True)]). {{(pid=100145) get_all /opt/stack/cinder/cinder/volume/api.py:617}}
Jul 23 16:12:50.448835 dv-cinder-796286-18-smb devstack@c-api.service[100144]: DEBUG cinder.volume.api [None req-94873b35-6645-43f9-a4e1-fd9c5bbcad3f tempest-VolumesActionsTest-562450354 tempest-VolumesActionsTest-562450354-project] Flow 'volume_create_api' (6f5210ed-9eb2-4f7a-ace3-b6ab0dec993f) transitioned into state 'RUNNING' from state 'PENDING' {{(pid=100144) _flow_receiver /usr/local/lib/python3.8/dist-packages/taskflow/listeners/logging.py:141}}
Jul 23 16:12:50.452799 dv-cinder-796286-18-smb devstack@c-api.service[100144]: DEBUG cinder.volume.api [None req-94873b35-6645-43f9-a4e1-fd9c5bbcad3f tempest-VolumesActionsTest-562450354 tempest-VolumesActionsTest-562450354-project] Task 'cinder.volume.flows.api.create_volume.ExtractVolumeRequestTask;volume:create' (76452297-f373-410a-be1d-d6c41ca649cc) transitioned into state 'RUNNING' from state 'PENDING' {{(pid=100144) _task_receiver /usr/local/lib/python3.8/dist-packages/taskflow/listeners/logging.py:190}}
Jul 23 16:12:50.455408 dv-cinder-796286-18-smb devstack@c-api.service[100144]: DEBUG cinder.volume.flows.api.create_volume [None req-94873b35-6645-43f9-a4e1-fd9c5bbcad3f tempest-VolumesActionsTest-562450354 tempest-VolumesActionsTest-562450354-project] Validating volume size '1' using validate_int {{(pid=100144) _extract_size /opt/stack/cinder/cinder/volume/flows/api/create_volume.py:201}}
Jul 23 16:12:50.511798 dv-cinder-796286-18-smb devstack@c-api.service[100145]: INFO cinder.volume.api [None req-b574cf31-21d5-4277-8524-71c070582a3c tempest-VolumesListTestJSON-2056400639 tempest-VolumesListTestJSON-2056400639-project] Get all volumes completed successfully.
Jul 23 16:12:50.514180 dv-cinder-796286-18-smb devstack@c-api.service[100145]: /usr/local/lib/python3.8/dist-packages/oslo_context/context.py:105: DeprecationWarning: Policy enforcement is depending on the value of is_admin. This key is deprecated. Please update your policy file to use the standard policy values.
Jul 23 16:12:50.514180 dv-cinder-796286-18-smb devstack@c-api.service[100145]: warnings.warn('Policy enforcement is depending on the value of '
Jul 23 16:12:50.523833 dv-cinder-796286-18-smb devstack@c-api.service[100145]: INFO cinder.api.openstack.wsgi [None req-b574cf31-21d5-4277-8524-71c070582a3c tempest-VolumesListTestJSON-2056400639 tempest-VolumesListTestJSON-2056400639-project] http://10.222.0.41/volume/v3/4f1abd9ae4d94fa29058a5c559116628/volumes/detail?limit=2&status=available&sort_dir=asc&sort_key=id returned with HTTP 200
Jul 23 16:12:50.525739 dv-cinder-796286-18-smb devstack@c-api.service[100145]: [pid: 100145|app: 0|req: 183/390] 10.222.0.41 () {58 vars in 1334 bytes} [Fri Jul 23 16:12:50 2021] GET /volume/v3/4f1abd9ae4d94fa29058a5c559116628/volumes/detail?limit=2&status=available&sort_dir=asc&sort_key=id => generated 2063 bytes in 100 msecs (HTTP/1.1 200) 7 headers in 286 bytes (2 switches on core 0)
Jul 23 16:12:50.540287 dv-cinder-796286-18-smb devstack@c-api.service[100144]: DEBUG cinder.volume.api [None req-94873b35-6645-43f9-a4e1-fd9c5bbcad3f tempest-VolumesActionsTest-562450354 tempest-VolumesActionsTest-562450354-project] Task 'cinder.volume.flows.api.create_volume.ExtractVolumeRequestTask;volume:create' (76452297-f373-410a-be1d-d6c41ca649cc) transitioned into state 'SUCCESS' from state 'RUNNING' with result '{'size': 1, 'snapshot_id': None, 'source_volid': None, 'volume_type': VolumeType(created_at=2021-07-23T16:02:28Z,deleted=False,deleted_at=None,description='Default Volume Type',extra_specs={},id=6eada560-cb18-41ee-8aba-308d0bba916b,is_public=True,name='__DEFAULT__',projects=[],qos_specs=,qos_specs_id=None,updated_at=2021-07-23T16:02:28Z), 'volume_type_id': '6eada560-cb18-41ee-8aba-308d0bba916b', 'encryption_key_id': None, 'qos_specs': None, 'consistencygroup_id': None, 'cgsnapshot_id': None, 'group_id': None, 'replication_status': 'disabled', 'refresh_az': False, 'backup_id': None, 'multiattach': False, 'availability_zones': ['nova']}' {{(pid=100144) _task_receiver /usr/local/lib/python3.8/dist-packages/taskflow/listeners/logging.py:178}}
Jul 23 16:12:50.542855 dv-cinder-796286-18-smb devstack@c-api.service[100144]: DEBUG cinder.volume.api [None req-94873b35-6645-43f9-a4e1-fd9c5bbcad3f tempest-VolumesActionsTest-562450354 tempest-VolumesActionsTest-562450354-project] Task 'cinder.volume.flows.api.create_volume.QuotaReserveTask;volume:create' (f93cc767-8b6b-4a48-b89c-64956a14988b) transitioned into state 'RUNNING' from state 'PENDING' {{(pid=100144) _task_receiver /usr/local/lib/python3.8/dist-packages/taskflow/listeners/logging.py:190}}
Jul 23 16:12:50.545992 dv-cinder-796286-18-smb devstack@c-api.service[100145]: INFO cinder.api.openstack.wsgi [None req-1fedd4a0-12c3-4e23-94d7-5709fb411e06 tempest-VolumesListTestJSON-2056400639 tempest-VolumesListTestJSON-2056400639-project] GET http://10.222.0.41/volume/v3/4f1abd9ae4d94fa29058a5c559116628/volumes/detail?limit=2&status=available&sort_dir=desc&sort_key=id
Jul 23 16:12:50.547106 dv-cinder-796286-18-smb devstack@c-api.service[100145]: DEBUG cinder.api.openstack.wsgi [None req-1fedd4a0-12c3-4e23-94d7-5709fb411e06 tempest-VolumesListTestJSON-2056400639 tempest-VolumesListTestJSON-2056400639-project] Empty body provided in request {{(pid=100145) get_body /opt/stack/cinder/cinder/api/openstack/wsgi.py:703}}
Jul 23 16:12:50.548289 dv-cinder-796286-18-smb devstack@c-api.service[100145]: /usr/local/lib/python3.8/dist-packages/webob/acceptparse.py:1047: DeprecationWarning: The behavior of AcceptValidHeader.best_match is currently being maintained for backward compatibility, but it will be deprecated in the future, as it does not conform to the RFC.
Jul 23 16:12:50.548289 dv-cinder-796286-18-smb devstack@c-api.service[100145]: warnings.warn(
Jul 23 16:12:50.548964 dv-cinder-796286-18-smb devstack@c-api.service[100145]: DEBUG cinder.api.openstack.wsgi [None req-1fedd4a0-12c3-4e23-94d7-5709fb411e06 tempest-VolumesListTestJSON-2056400639 tempest-VolumesListTestJSON-2056400639-project] Calling method 'detail' {{(pid=100145) _process_stack /opt/stack/cinder/cinder/api/openstack/wsgi.py:856}}
Jul 23 16:12:50.549854 dv-cinder-796286-18-smb devstack@c-api.service[100145]: DEBUG cinder.api.api_utils [None req-1fedd4a0-12c3-4e23-94d7-5709fb411e06 tempest-VolumesListTestJSON-2056400639 tempest-VolumesListTestJSON-2056400639-project] Removing options '' from query. {{(pid=100145) remove_invalid_filter_options /opt/stack/cinder/cinder/api/api_utils.py:73}}
Jul 23 16:12:50.550873 dv-cinder-796286-18-smb devstack@c-api.service[100145]: DEBUG cinder.volume.api [None req-1fedd4a0-12c3-4e23-94d7-5709fb411e06 tempest-VolumesListTestJSON-2056400639 tempest-VolumesListTestJSON-2056400639-project] Could not evaluate value available, assuming string {{(pid=100145) check_volume_filters /opt/stack/cinder/cinder/volume/api.py:2045}}
Jul 23 16:12:50.564182 dv-cinder-796286-18-smb devstack@c-api.service[100145]: DEBUG cinder.volume.api [None req-1fedd4a0-12c3-4e23-94d7-5709fb411e06 tempest-VolumesListTestJSON-2056400639 tempest-VolumesListTestJSON-2056400639-project] Searching by: MultiDict([('status', 'available'), ('no_migration_targets', True)]). {{(pid=100145) get_all /opt/stack/cinder/cinder/volume/api.py:617}}
Jul 23 16:12:50.635048 dv-cinder-796286-18-smb devstack@c-api.service[100145]: INFO cinder.volume.api [None req-1fedd4a0-12c3-4e23-94d7-5709fb411e06 tempest-VolumesListTestJSON-2056400639 tempest-VolumesListTestJSON-2056400639-project] Get all volumes completed successfully.
Jul 23 16:12:50.637431 dv-cinder-796286-18-smb devstack@c-api.service[100145]: /usr/local/lib/python3.8/dist-packages/oslo_context/context.py:105: DeprecationWarning: Policy enforcement is depending on the value of is_admin. This key is deprecated. Please update your policy file to use the standard policy values.
Jul 23 16:12:50.637431 dv-cinder-796286-18-smb devstack@c-api.service[100145]: warnings.warn('Policy enforcement is depending on the value of '
Jul 23 16:12:50.652954 dv-cinder-796286-18-smb devstack@c-api.service[100145]: INFO cinder.api.openstack.wsgi [None req-1fedd4a0-12c3-4e23-94d7-5709fb411e06 tempest-VolumesListTestJSON-2056400639 tempest-VolumesListTestJSON-2056400639-project] http://10.222.0.41/volume/v3/4f1abd9ae4d94fa29058a5c559116628/volumes/detail?limit=2&status=available&sort_dir=desc&sort_key=id returned with HTTP 200
Jul 23 16:12:50.662984 dv-cinder-796286-18-smb devstack@c-api.service[100145]: [pid: 100145|app: 0|req: 184/391] 10.222.0.41 () {58 vars in 1336 bytes} [Fri Jul 23 16:12:50 2021] GET /volume/v3/4f1abd9ae4d94fa29058a5c559116628/volumes/detail?limit=2&status=available&sort_dir=desc&sort_key=id => generated 2064 bytes in 124 msecs (HTTP/1.1 200) 7 headers in 286 bytes (2 switches on core 0)
Jul 23 16:12:50.673328 dv-cinder-796286-18-smb devstack@c-api.service[100145]: INFO cinder.api.openstack.wsgi [None req-4be61c6b-1b41-4404-b71f-bbef41615d08 tempest-VolumesListTestJSON-2056400639 tempest-VolumesListTestJSON-2056400639-project] GET http://10.222.0.41/volume/v3/4f1abd9ae4d94fa29058a5c559116628/volumes?limit=1
Jul 23 16:12:50.673961 dv-cinder-796286-18-smb devstack@c-api.service[100145]: DEBUG cinder.api.openstack.wsgi [None req-4be61c6b-1b41-4404-b71f-bbef41615d08 tempest-VolumesListTestJSON-2056400639 tempest-VolumesListTestJSON-2056400639-project] Empty body provided in request {{(pid=100145) get_body /opt/stack/cinder/cinder/api/openstack/wsgi.py:703}}
Jul 23 16:12:50.674291 dv-cinder-796286-18-smb devstack@c-api.service[100145]: /usr/local/lib/python3.8/dist-packages/webob/acceptparse.py:1047: DeprecationWarning: The behavior of AcceptValidHeader.best_match is currently being maintained for backward compatibility, but it will be deprecated in the future, as it does not conform to the RFC.
Jul 23 16:12:50.674291 dv-cinder-796286-18-smb devstack@c-api.service[100145]: warnings.warn(
Jul 23 16:12:50.674845 dv-cinder-796286-18-smb devstack@c-api.service[100145]: DEBUG cinder.api.openstack.wsgi [None req-4be61c6b-1b41-4404-b71f-bbef41615d08 tempest-VolumesListTestJSON-2056400639 tempest-VolumesListTestJSON-2056400639-project] Calling method 'index' {{(pid=100145) _process_stack /opt/stack/cinder/cinder/api/openstack/wsgi.py:856}}
Jul 23 16:12:50.675542 dv-cinder-796286-18-smb devstack@c-api.service[100145]: DEBUG cinder.api.api_utils [None req-4be61c6b-1b41-4404-b71f-bbef41615d08 tempest-VolumesListTestJSON-2056400639 tempest-VolumesListTestJSON-2056400639-project] Removing options '' from query. {{(pid=100145) remove_invalid_filter_options /opt/stack/cinder/cinder/api/api_utils.py:73}}
Jul 23 16:12:50.677539 dv-cinder-796286-18-smb devstack@c-api.service[100145]: DEBUG cinder.volume.api [None req-4be61c6b-1b41-4404-b71f-bbef41615d08 tempest-VolumesListTestJSON-2056400639 tempest-VolumesListTestJSON-2056400639-project] Searching by: MultiDict([('no_migration_targets', True)]). {{(pid=100145) get_all /opt/stack/cinder/cinder/volume/api.py:617}}
Jul 23 16:12:50.733411 dv-cinder-796286-18-smb devstack@c-api.service[100145]: INFO cinder.volume.api [None req-4be61c6b-1b41-4404-b71f-bbef41615d08 tempest-VolumesListTestJSON-2056400639 tempest-VolumesListTestJSON-2056400639-project] Get all volumes completed successfully.
Jul 23 16:12:50.735361 dv-cinder-796286-18-smb devstack@c-api.service[100145]: INFO cinder.api.openstack.wsgi [None req-4be61c6b-1b41-4404-b71f-bbef41615d08 tempest-VolumesListTestJSON-2056400639 tempest-VolumesListTestJSON-2056400639-project] http://10.222.0.41/volume/v3/4f1abd9ae4d94fa29058a5c559116628/volumes?limit=1 returned with HTTP 200
Jul 23 16:12:50.742295 dv-cinder-796286-18-smb devstack@c-api.service[100145]: [pid: 100145|app: 0|req: 185/392] 10.222.0.41 () {58 vars in 1229 bytes} [Fri Jul 23 16:12:50 2021] GET /volume/v3/4f1abd9ae4d94fa29058a5c559116628/volumes?limit=1 => generated 569 bytes in 74 msecs (HTTP/1.1 200) 7 headers in 285 bytes (2 switches on core 0)
Jul 23 16:12:50.748318 dv-cinder-796286-18-smb devstack@c-api.service[100145]: INFO cinder.api.openstack.wsgi [None req-946fe9bf-c4ba-4fc4-8d10-f4a385d07c44 tempest-SnapshotsActionsTest-1557047813 tempest-SnapshotsActionsTest-1557047813-project] GET http://10.222.0.41/volume/v3/bc5e4de4a87e484387e0216426cde924/snapshots/a9cc108f-5148-40e2-941b-09ea2d241ba4
Jul 23 16:12:50.749175 dv-cinder-796286-18-smb devstack@c-api.service[100145]: DEBUG cinder.api.openstack.wsgi [None req-946fe9bf-c4ba-4fc4-8d10-f4a385d07c44 tempest-SnapshotsActionsTest-1557047813 tempest-SnapshotsActionsTest-1557047813-project] Empty body provided in request {{(pid=100145) get_body /opt/stack/cinder/cinder/api/openstack/wsgi.py:703}}
Jul 23 16:12:50.749528 dv-cinder-796286-18-smb devstack@c-api.service[100145]: /usr/local/lib/python3.8/dist-packages/webob/acceptparse.py:1047: DeprecationWarning: The behavior of AcceptValidHeader.best_match is currently being maintained for backward compatibility, but it will be deprecated in the future, as it does not conform to the RFC.
Jul 23 16:12:50.749528 dv-cinder-796286-18-smb devstack@c-api.service[100145]: warnings.warn(
Jul 23 16:12:50.750073 dv-cinder-796286-18-smb devstack@c-api.service[100145]: DEBUG cinder.api.openstack.wsgi [None req-946fe9bf-c4ba-4fc4-8d10-f4a385d07c44 tempest-SnapshotsActionsTest-1557047813 tempest-SnapshotsActionsTest-1557047813-project] Calling method 'show' {{(pid=100145) _process_stack /opt/stack/cinder/cinder/api/openstack/wsgi.py:856}}
Jul 23 16:12:50.761879 dv-cinder-796286-18-smb devstack@c-api.service[100144]: DEBUG cinder.quota [None req-94873b35-6645-43f9-a4e1-fd9c5bbcad3f tempest-VolumesActionsTest-562450354 tempest-VolumesActionsTest-562450354-project] Created reservations ['f0ba5c17-f249-4491-993b-dbe746c89d6c', 'e81a02f8-d736-4437-9b8f-6e5aca8e6992', '15084580-1bf7-4a1f-a172-449ad5e1be08', '52e15b4a-53a1-4fad-a914-8a9018f92642'] {{(pid=100144) reserve /opt/stack/cinder/cinder/quota.py:755}}
Jul 23 16:12:50.763863 dv-cinder-796286-18-smb devstack@c-api.service[100144]: DEBUG cinder.volume.api [None req-94873b35-6645-43f9-a4e1-fd9c5bbcad3f tempest-VolumesActionsTest-562450354 tempest-VolumesActionsTest-562450354-project] Task 'cinder.volume.flows.api.create_volume.QuotaReserveTask;volume:create' (f93cc767-8b6b-4a48-b89c-64956a14988b) transitioned into state 'SUCCESS' from state 'RUNNING' with result '{'reservations': ['f0ba5c17-f249-4491-993b-dbe746c89d6c', 'e81a02f8-d736-4437-9b8f-6e5aca8e6992', '15084580-1bf7-4a1f-a172-449ad5e1be08', '52e15b4a-53a1-4fad-a914-8a9018f92642']}' {{(pid=100144) _task_receiver /usr/local/lib/python3.8/dist-packages/taskflow/listeners/logging.py:178}}
Jul 23 16:12:50.770654 dv-cinder-796286-18-smb devstack@c-api.service[100144]: DEBUG cinder.volume.api [None req-94873b35-6645-43f9-a4e1-fd9c5bbcad3f tempest-VolumesActionsTest-562450354 tempest-VolumesActionsTest-562450354-project] Task 'cinder.volume.flows.api.create_volume.EntryCreateTask;volume:create' (f8af66b8-c6c7-4d4a-94ea-3528e417a50c) transitioned into state 'RUNNING' from state 'PENDING' {{(pid=100144) _task_receiver /usr/local/lib/python3.8/dist-packages/taskflow/listeners/logging.py:190}}
Jul 23 16:12:50.777152 dv-cinder-796286-18-smb devstack@c-api.service[100145]: INFO cinder.api.openstack.wsgi [None req-946fe9bf-c4ba-4fc4-8d10-f4a385d07c44 tempest-SnapshotsActionsTest-1557047813 tempest-SnapshotsActionsTest-1557047813-project] http://10.222.0.41/volume/v3/bc5e4de4a87e484387e0216426cde924/snapshots/a9cc108f-5148-40e2-941b-09ea2d241ba4 returned with HTTP 404
