Jul 23 16:13:01.977561 dv-cinder-796286-18-smb devstack@c-api.service[100145]: DEBUG cinder.api.openstack.wsgi [None req-db454276-2d2f-4afa-91d5-511fe8c42e05 tempest-ExtraSpecsNegativeTest-124935548 tempest-ExtraSpecsNegativeTest-124935548-project-admin] Action: 'create', calling method: create, body: {"extra_specs": null} {{(pid=100145) _process_stack /opt/stack/cinder/cinder/api/openstack/wsgi.py:854}}
Jul 23 16:13:01.978475 dv-cinder-796286-18-smb devstack@c-api.service[100145]: INFO cinder.api.openstack.wsgi [None req-db454276-2d2f-4afa-91d5-511fe8c42e05 tempest-ExtraSpecsNegativeTest-124935548 tempest-ExtraSpecsNegativeTest-124935548-project-admin] http://10.222.0.41/volume/v3/1428a87dcad444ae87f97c129488ad54/types/670482d7-de05-48ee-a1ea-441c13e71fc7/extra_specs returned with HTTP 400
Jul 23 16:13:01.986315 dv-cinder-796286-18-smb devstack@c-api.service[100145]: [pid: 100145|app: 0|req: 226/485] 10.222.0.41 () {60 vars in 1376 bytes} [Fri Jul 23 16:13:01 2021] POST /volume/v3/1428a87dcad444ae87f97c129488ad54/types/670482d7-de05-48ee-a1ea-441c13e71fc7/extra_specs => generated 132 bytes in 15 msecs (HTTP/1.1 400) 7 headers in 294 bytes (1 switches on core 0)
Jul 23 16:13:01.994116 dv-cinder-796286-18-smb devstack@c-api.service[100144]: INFO cinder.api.openstack.wsgi [None req-22f75235-7184-4ff8-91de-d177616d86fc tempest-ExtraSpecsNegativeTest-124935548 tempest-ExtraSpecsNegativeTest-124935548-project-admin] POST http://10.222.0.41/volume/v3/1428a87dcad444ae87f97c129488ad54/types/eccedd07-6b43-4764-a59b-e052b7bd4358/extra_specs
Jul 23 16:13:01.994871 dv-cinder-796286-18-smb devstack@c-api.service[100144]: DEBUG cinder.api.openstack.wsgi [None req-22f75235-7184-4ff8-91de-d177616d86fc tempest-ExtraSpecsNegativeTest-124935548 tempest-ExtraSpecsNegativeTest-124935548-project-admin] Action: 'create', calling method: create, body: {"extra_specs": {"spec2": "val1"}} {{(pid=100144) _process_stack /opt/stack/cinder/cinder/api/openstack/wsgi.py:854}}
Jul 23 16:13:02.151894 dv-cinder-796286-18-smb devstack@c-api.service[100144]: INFO cinder.api.openstack.wsgi [None req-22f75235-7184-4ff8-91de-d177616d86fc tempest-ExtraSpecsNegativeTest-124935548 tempest-ExtraSpecsNegativeTest-124935548-project-admin] http://10.222.0.41/volume/v3/1428a87dcad444ae87f97c129488ad54/types/eccedd07-6b43-4764-a59b-e052b7bd4358/extra_specs returned with HTTP 404
Jul 23 16:13:02.153031 dv-cinder-796286-18-smb devstack@c-api.service[100144]: [pid: 100144|app: 0|req: 260/486] 10.222.0.41 () {60 vars in 1376 bytes} [Fri Jul 23 16:13:01 2021] POST /volume/v3/1428a87dcad444ae87f97c129488ad54/types/eccedd07-6b43-4764-a59b-e052b7bd4358/extra_specs => generated 114 bytes in 164 msecs (HTTP/1.1 404) 7 headers in 292 bytes (1 switches on core 0)
Jul 23 16:13:02.163626 dv-cinder-796286-18-smb devstack@c-api.service[100145]: INFO cinder.api.openstack.wsgi [None req-e7b0edf6-f0f1-4c83-8835-e6f1b1bb702c tempest-ExtraSpecsNegativeTest-124935548 tempest-ExtraSpecsNegativeTest-124935548-project-admin] DELETE http://10.222.0.41/volume/v3/1428a87dcad444ae87f97c129488ad54/types/ac642aa4-ee44-43b3-8789-1773455bae1a/extra_specs/spec1
Jul 23 16:13:02.164362 dv-cinder-796286-18-smb devstack@c-api.service[100145]: DEBUG cinder.api.openstack.wsgi [None req-e7b0edf6-f0f1-4c83-8835-e6f1b1bb702c tempest-ExtraSpecsNegativeTest-124935548 tempest-ExtraSpecsNegativeTest-124935548-project-admin] Empty body provided in request {{(pid=100145) get_body /opt/stack/cinder/cinder/api/openstack/wsgi.py:703}}
Jul 23 16:13:02.164954 dv-cinder-796286-18-smb devstack@c-api.service[100145]: DEBUG cinder.api.openstack.wsgi [None req-e7b0edf6-f0f1-4c83-8835-e6f1b1bb702c tempest-ExtraSpecsNegativeTest-124935548 tempest-ExtraSpecsNegativeTest-124935548-project-admin] Calling method 'delete' {{(pid=100145) _process_stack /opt/stack/cinder/cinder/api/openstack/wsgi.py:856}}
Jul 23 16:13:02.175143 dv-cinder-796286-18-smb devstack@c-api.service[100145]: INFO cinder.api.openstack.wsgi [None req-e7b0edf6-f0f1-4c83-8835-e6f1b1bb702c tempest-ExtraSpecsNegativeTest-124935548 tempest-ExtraSpecsNegativeTest-124935548-project-admin] http://10.222.0.41/volume/v3/1428a87dcad444ae87f97c129488ad54/types/ac642aa4-ee44-43b3-8789-1773455bae1a/extra_specs/spec1 returned with HTTP 404
Jul 23 16:13:02.176258 dv-cinder-796286-18-smb devstack@c-api.service[100145]: [pid: 100145|app: 0|req: 227/487] 10.222.0.41 () {58 vars in 1376 bytes} [Fri Jul 23 16:13:02 2021] DELETE /volume/v3/1428a87dcad444ae87f97c129488ad54/types/ac642aa4-ee44-43b3-8789-1773455bae1a/extra_specs/spec1 => generated 114 bytes in 18 msecs (HTTP/1.1 404) 7 headers in 292 bytes (1 switches on core 0)
Jul 23 16:13:02.187076 dv-cinder-796286-18-smb devstack@c-api.service[100144]: INFO cinder.api.openstack.wsgi [None req-351ad270-82fd-4183-8083-a9bbfa07e65d tempest-ExtraSpecsNegativeTest-124935548 tempest-ExtraSpecsNegativeTest-124935548-project-admin] GET http://10.222.0.41/volume/v3/1428a87dcad444ae87f97c129488ad54/types/670482d7-de05-48ee-a1ea-441c13e71fc7/extra_specs/nonexistent_extra_spec_name
Jul 23 16:13:02.187589 dv-cinder-796286-18-smb devstack@c-api.service[100144]: DEBUG cinder.api.openstack.wsgi [None req-351ad270-82fd-4183-8083-a9bbfa07e65d tempest-ExtraSpecsNegativeTest-124935548 tempest-ExtraSpecsNegativeTest-124935548-project-admin] Empty body provided in request {{(pid=100144) get_body /opt/stack/cinder/cinder/api/openstack/wsgi.py:703}}
Jul 23 16:13:02.187969 dv-cinder-796286-18-smb devstack@c-api.service[100144]: DEBUG cinder.api.openstack.wsgi [None req-351ad270-82fd-4183-8083-a9bbfa07e65d tempest-ExtraSpecsNegativeTest-124935548 tempest-ExtraSpecsNegativeTest-124935548-project-admin] Calling method 'show' {{(pid=100144) _process_stack /opt/stack/cinder/cinder/api/openstack/wsgi.py:856}}
Jul 23 16:13:02.211058 dv-cinder-796286-18-smb devstack@c-api.service[100144]: INFO cinder.api.openstack.wsgi [None req-351ad270-82fd-4183-8083-a9bbfa07e65d tempest-ExtraSpecsNegativeTest-124935548 tempest-ExtraSpecsNegativeTest-124935548-project-admin] http://10.222.0.41/volume/v3/1428a87dcad444ae87f97c129488ad54/types/670482d7-de05-48ee-a1ea-441c13e71fc7/extra_specs/nonexistent_extra_spec_name returned with HTTP 404
Jul 23 16:13:02.217133 dv-cinder-796286-18-smb devstack@c-api.service[100144]: [pid: 100144|app: 0|req: 261/488] 10.222.0.41 () {58 vars in 1439 bytes} [Fri Jul 23 16:13:02 2021] GET /volume/v3/1428a87dcad444ae87f97c129488ad54/types/670482d7-de05-48ee-a1ea-441c13e71fc7/extra_specs/nonexistent_extra_spec_name => generated 151 bytes in 36 msecs (HTTP/1.1 404) 7 headers in 292 bytes (1 switches on core 0)
Jul 23 16:13:02.224712 dv-cinder-796286-18-smb devstack@c-api.service[100145]: INFO cinder.api.openstack.wsgi [None req-573162a9-9dfc-4501-832c-176bfc03cec9 tempest-ExtraSpecsNegativeTest-124935548 tempest-ExtraSpecsNegativeTest-124935548-project-admin] GET http://10.222.0.41/volume/v3/1428a87dcad444ae87f97c129488ad54/types/b5b72a49-8cff-44e9-ac8b-ea57342e0fcc/extra_specs/spec1
Jul 23 16:13:02.225457 dv-cinder-796286-18-smb devstack@c-api.service[100145]: DEBUG cinder.api.openstack.wsgi [None req-573162a9-9dfc-4501-832c-176bfc03cec9 tempest-ExtraSpecsNegativeTest-124935548 tempest-ExtraSpecsNegativeTest-124935548-project-admin] Empty body provided in request {{(pid=100145) get_body /opt/stack/cinder/cinder/api/openstack/wsgi.py:703}}
Jul 23 16:13:02.225894 dv-cinder-796286-18-smb devstack@c-api.service[100145]: DEBUG cinder.api.openstack.wsgi [None req-573162a9-9dfc-4501-832c-176bfc03cec9 tempest-ExtraSpecsNegativeTest-124935548 tempest-ExtraSpecsNegativeTest-124935548-project-admin] Calling method 'show' {{(pid=100145) _process_stack /opt/stack/cinder/cinder/api/openstack/wsgi.py:856}}
Jul 23 16:13:02.232584 dv-cinder-796286-18-smb devstack@c-api.service[100145]: INFO cinder.api.openstack.wsgi [None req-573162a9-9dfc-4501-832c-176bfc03cec9 tempest-ExtraSpecsNegativeTest-124935548 tempest-ExtraSpecsNegativeTest-124935548-project-admin] http://10.222.0.41/volume/v3/1428a87dcad444ae87f97c129488ad54/types/b5b72a49-8cff-44e9-ac8b-ea57342e0fcc/extra_specs/spec1 returned with HTTP 404
Jul 23 16:13:02.233921 dv-cinder-796286-18-smb devstack@c-api.service[100145]: [pid: 100145|app: 0|req: 228/489] 10.222.0.41 () {58 vars in 1373 bytes} [Fri Jul 23 16:13:02 2021] GET /volume/v3/1428a87dcad444ae87f97c129488ad54/types/b5b72a49-8cff-44e9-ac8b-ea57342e0fcc/extra_specs/spec1 => generated 114 bytes in 16 msecs (HTTP/1.1 404) 7 headers in 292 bytes (2 switches on core 0)
Jul 23 16:13:02.245080 dv-cinder-796286-18-smb devstack@c-api.service[100144]: INFO cinder.api.openstack.wsgi [None req-717dacb6-9b43-440e-810f-cc708ccec075 tempest-ExtraSpecsNegativeTest-124935548 tempest-ExtraSpecsNegativeTest-124935548-project-admin] GET http://10.222.0.41/volume/v3/1428a87dcad444ae87f97c129488ad54/types/cfca1cdb-7b8c-4593-bb7c-6b3d73cb3850/extra_specs
Jul 23 16:13:02.246070 dv-cinder-796286-18-smb devstack@c-api.service[100144]: DEBUG cinder.api.openstack.wsgi [None req-717dacb6-9b43-440e-810f-cc708ccec075 tempest-ExtraSpecsNegativeTest-124935548 tempest-ExtraSpecsNegativeTest-124935548-project-admin] Empty body provided in request {{(pid=100144) get_body /opt/stack/cinder/cinder/api/openstack/wsgi.py:703}}
Jul 23 16:13:02.246851 dv-cinder-796286-18-smb devstack@c-api.service[100144]: DEBUG cinder.api.openstack.wsgi [None req-717dacb6-9b43-440e-810f-cc708ccec075 tempest-ExtraSpecsNegativeTest-124935548 tempest-ExtraSpecsNegativeTest-124935548-project-admin] Calling method 'index' {{(pid=100144) _process_stack /opt/stack/cinder/cinder/api/openstack/wsgi.py:856}}
Jul 23 16:13:02.262167 dv-cinder-796286-18-smb devstack@c-api.service[100144]: INFO cinder.api.openstack.wsgi [None req-717dacb6-9b43-440e-810f-cc708ccec075 tempest-ExtraSpecsNegativeTest-124935548 tempest-ExtraSpecsNegativeTest-124935548-project-admin] http://10.222.0.41/volume/v3/1428a87dcad444ae87f97c129488ad54/types/cfca1cdb-7b8c-4593-bb7c-6b3d73cb3850/extra_specs returned with HTTP 404
Jul 23 16:13:02.264133 dv-cinder-796286-18-smb devstack@c-api.service[100144]: [pid: 100144|app: 0|req: 262/490] 10.222.0.41 () {58 vars in 1355 bytes} [Fri Jul 23 16:13:02 2021] GET /volume/v3/1428a87dcad444ae87f97c129488ad54/types/cfca1cdb-7b8c-4593-bb7c-6b3d73cb3850/extra_specs => generated 114 bytes in 25 msecs (HTTP/1.1 404) 7 headers in 292 bytes (2 switches on core 0)
Jul 23 16:13:02.275638 dv-cinder-796286-18-smb devstack@c-api.service[100145]: INFO cinder.api.openstack.wsgi [None req-4b5db56d-fd03-402c-9e97-b825f42c960c tempest-ExtraSpecsNegativeTest-124935548 tempest-ExtraSpecsNegativeTest-124935548-project-admin] PUT http://10.222.0.41/volume/v3/1428a87dcad444ae87f97c129488ad54/types/670482d7-de05-48ee-a1ea-441c13e71fc7/extra_specs/spec1
Jul 23 16:13:02.276582 dv-cinder-796286-18-smb devstack@c-api.service[100145]: DEBUG cinder.api.openstack.wsgi [None req-4b5db56d-fd03-402c-9e97-b825f42c960c tempest-ExtraSpecsNegativeTest-124935548 tempest-ExtraSpecsNegativeTest-124935548-project-admin] Action: 'update', calling method: update, body: {"spec1": "val2", "spec2": "val1"} {{(pid=100145) _process_stack /opt/stack/cinder/cinder/api/openstack/wsgi.py:854}}
Jul 23 16:13:02.277724 dv-cinder-796286-18-smb devstack@c-api.service[100145]: INFO cinder.api.openstack.wsgi [None req-4b5db56d-fd03-402c-9e97-b825f42c960c tempest-ExtraSpecsNegativeTest-124935548 tempest-ExtraSpecsNegativeTest-124935548-project-admin] http://10.222.0.41/volume/v3/1428a87dcad444ae87f97c129488ad54/types/670482d7-de05-48ee-a1ea-441c13e71fc7/extra_specs/spec1 returned with HTTP 400
Jul 23 16:13:02.279989 dv-cinder-796286-18-smb devstack@c-api.service[100145]: [pid: 100145|app: 0|req: 229/491] 10.222.0.41 () {60 vars in 1393 bytes} [Fri Jul 23 16:13:02 2021] PUT /volume/v3/1428a87dcad444ae87f97c129488ad54/types/670482d7-de05-48ee-a1ea-441c13e71fc7/extra_specs/spec1 => generated 102 bytes in 11 msecs (HTTP/1.1 400) 7 headers in 294 bytes (1 switches on core 0)
Jul 23 16:13:02.297218 dv-cinder-796286-18-smb devstack@c-api.service[100144]: INFO cinder.api.openstack.wsgi [None req-e71a1c87-c68d-4c37-b6cf-6763530af876 tempest-ExtraSpecsNegativeTest-124935548 tempest-ExtraSpecsNegativeTest-124935548-project-admin] PUT http://10.222.0.41/volume/v3/1428a87dcad444ae87f97c129488ad54/types/670482d7-de05-48ee-a1ea-441c13e71fc7/extra_specs/spec1
Jul 23 16:13:02.304479 dv-cinder-796286-18-smb devstack@c-api.service[100144]: DEBUG cinder.api.openstack.wsgi [None req-e71a1c87-c68d-4c37-b6cf-6763530af876 tempest-ExtraSpecsNegativeTest-124935548 tempest-ExtraSpecsNegativeTest-124935548-project-admin] Action: 'update', calling method: update, body: null {{(pid=100144) _process_stack /opt/stack/cinder/cinder/api/openstack/wsgi.py:854}}
Jul 23 16:13:02.307058 dv-cinder-796286-18-smb devstack@c-api.service[100144]: INFO cinder.api.openstack.wsgi [None req-e71a1c87-c68d-4c37-b6cf-6763530af876 tempest-ExtraSpecsNegativeTest-124935548 tempest-ExtraSpecsNegativeTest-124935548-project-admin] http://10.222.0.41/volume/v3/1428a87dcad444ae87f97c129488ad54/types/670482d7-de05-48ee-a1ea-441c13e71fc7/extra_specs/spec1 returned with HTTP 400
Jul 23 16:13:02.316442 dv-cinder-796286-18-smb devstack@c-api.service[100145]: INFO cinder.api.openstack.wsgi [None req-e5c11fb8-aa72-4c3a-9eae-a2ea54fd85d3 tempest-VolumesActionsTest-562450354 tempest-VolumesActionsTest-562450354-project] GET http://10.222.0.41/volume/v3/b38fbd01341d44c59cadbfb140c27a58/volumes/bcd643ee-5cab-4cd1-b8ea-1d33ecf521aa
Jul 23 16:13:02.317164 dv-cinder-796286-18-smb devstack@c-api.service[100145]: DEBUG cinder.api.openstack.wsgi [None req-e5c11fb8-aa72-4c3a-9eae-a2ea54fd85d3 tempest-VolumesActionsTest-562450354 tempest-VolumesActionsTest-562450354-project] Empty body provided in request {{(pid=100145) get_body /opt/stack/cinder/cinder/api/openstack/wsgi.py:703}}
Jul 23 16:13:02.317802 dv-cinder-796286-18-smb devstack@c-api.service[100145]: DEBUG cinder.api.openstack.wsgi [None req-e5c11fb8-aa72-4c3a-9eae-a2ea54fd85d3 tempest-VolumesActionsTest-562450354 tempest-VolumesActionsTest-562450354-project] Calling method 'show' {{(pid=100145) _process_stack /opt/stack/cinder/cinder/api/openstack/wsgi.py:856}}
Jul 23 16:13:02.324363 dv-cinder-796286-18-smb devstack@c-api.service[100144]: [pid: 100144|app: 0|req: 263/492] 10.222.0.41 () {60 vars in 1392 bytes} [Fri Jul 23 16:13:02 2021] PUT /volume/v3/1428a87dcad444ae87f97c129488ad54/types/670482d7-de05-48ee-a1ea-441c13e71fc7/extra_specs/spec1 => generated 72 bytes in 40 msecs (HTTP/1.1 400) 7 headers in 293 bytes (2 switches on core 0)
Jul 23 16:13:02.342582 dv-cinder-796286-18-smb devstack@c-api.service[100145]: INFO cinder.api.openstack.wsgi [None req-e5c11fb8-aa72-4c3a-9eae-a2ea54fd85d3 tempest-VolumesActionsTest-562450354 tempest-VolumesActionsTest-562450354-project] http://10.222.0.41/volume/v3/b38fbd01341d44c59cadbfb140c27a58/volumes/bcd643ee-5cab-4cd1-b8ea-1d33ecf521aa returned with HTTP 404
Jul 23 16:13:02.343621 dv-cinder-796286-18-smb devstack@c-api.service[100145]: [pid: 100145|app: 0|req: 230/493] 10.222.0.41 () {58 vars in 1325 bytes} [Fri Jul 23 16:13:02 2021] GET /volume/v3/b38fbd01341d44c59cadbfb140c27a58/volumes/bcd643ee-5cab-4cd1-b8ea-1d33ecf521aa => generated 109 bytes in 31 msecs (HTTP/1.1 404) 7 headers in 292 bytes (2 switches on core 0)
Jul 23 16:13:02.345905 dv-cinder-796286-18-smb devstack@c-api.service[100144]: INFO cinder.api.openstack.wsgi [None req-f00f3e11-68e6-4101-97a8-5e75a317c9cc tempest-ExtraSpecsNegativeTest-124935548 tempest-ExtraSpecsNegativeTest-124935548-project-admin] PUT http://10.222.0.41/volume/v3/1428a87dcad444ae87f97c129488ad54/types/670482d7-de05-48ee-a1ea-441c13e71fc7/extra_specs/None
Jul 23 16:13:02.348587 dv-cinder-796286-18-smb devstack@c-api.service[100144]: DEBUG cinder.api.openstack.wsgi [None req-f00f3e11-68e6-4101-97a8-5e75a317c9cc tempest-ExtraSpecsNegativeTest-124935548 tempest-ExtraSpecsNegativeTest-124935548-project-admin] Action: 'update', calling method: update, body: {"spec1": "val2"} {{(pid=100144) _process_stack /opt/stack/cinder/cinder/api/openstack/wsgi.py:854}}
Jul 23 16:13:02.352692 dv-cinder-796286-18-smb devstack@c-api.service[100145]: INFO cinder.api.openstack.wsgi [None req-5d8df3e6-e8a1-496f-9590-71928ddeca1a tempest-VolumesActionsTest-562450354 tempest-VolumesActionsTest-562450354-project] POST http://10.222.0.41/volume/v3/b38fbd01341d44c59cadbfb140c27a58/volumes
Jul 23 16:13:02.353409 dv-cinder-796286-18-smb devstack@c-api.service[100145]: DEBUG cinder.api.openstack.wsgi [None req-5d8df3e6-e8a1-496f-9590-71928ddeca1a tempest-VolumesActionsTest-562450354 tempest-VolumesActionsTest-562450354-project] Action: 'create', calling method: create, body: {"volume": {"size": 1, "name": "tempest-VolumesActionsTest-Volume-1247274475"}} {{(pid=100145) _process_stack /opt/stack/cinder/cinder/api/openstack/wsgi.py:854}}
Jul 23 16:13:02.356768 dv-cinder-796286-18-smb devstack@c-api.service[100145]: DEBUG cinder.api.v3.volumes [None req-5d8df3e6-e8a1-496f-9590-71928ddeca1a tempest-VolumesActionsTest-562450354 tempest-VolumesActionsTest-562450354-project] Create volume request body: {'volume': {'size': 1, 'name': 'tempest-VolumesActionsTest-Volume-1247274475'}} {{(pid=100145) create /opt/stack/cinder/cinder/api/v3/volumes.py:290}}
Jul 23 16:13:02.361630 dv-cinder-796286-18-smb devstack@c-api.service[100145]: INFO cinder.api.v3.volumes [None req-5d8df3e6-e8a1-496f-9590-71928ddeca1a tempest-VolumesActionsTest-562450354 tempest-VolumesActionsTest-562450354-project] Create volume of 1 GB
Jul 23 16:13:02.371402 dv-cinder-796286-18-smb devstack@c-api.service[100145]: INFO cinder.volume.api [None req-5d8df3e6-e8a1-496f-9590-71928ddeca1a tempest-VolumesActionsTest-562450354 tempest-VolumesActionsTest-562450354-project] Availability Zones retrieved successfully.
Jul 23 16:13:02.374322 dv-cinder-796286-18-smb devstack@c-api.service[100144]: INFO cinder.api.openstack.wsgi [None req-f00f3e11-68e6-4101-97a8-5e75a317c9cc tempest-ExtraSpecsNegativeTest-124935548 tempest-ExtraSpecsNegativeTest-124935548-project-admin] HTTP exception thrown: Request body and URI mismatch
Jul 23 16:13:02.374734 dv-cinder-796286-18-smb devstack@c-api.service[100144]: INFO cinder.api.openstack.wsgi [None req-f00f3e11-68e6-4101-97a8-5e75a317c9cc tempest-ExtraSpecsNegativeTest-124935548 tempest-ExtraSpecsNegativeTest-124935548-project-admin] http://10.222.0.41/volume/v3/1428a87dcad444ae87f97c129488ad54/types/670482d7-de05-48ee-a1ea-441c13e71fc7/extra_specs/None returned with HTTP 400
Jul 23 16:13:02.376055 dv-cinder-796286-18-smb devstack@c-api.service[100144]: [pid: 100144|app: 0|req: 264/494] 10.222.0.41 () {60 vars in 1390 bytes} [Fri Jul 23 16:13:02 2021] PUT /volume/v3/1428a87dcad444ae87f97c129488ad54/types/670482d7-de05-48ee-a1ea-441c13e71fc7/extra_specs/None => generated 73 bytes in 44 msecs (HTTP/1.1 400) 7 headers in 293 bytes (1 switches on core 0)
Jul 23 16:13:02.390018 dv-cinder-796286-18-smb devstack@c-api.service[100145]: DEBUG cinder.volume.api [None req-5d8df3e6-e8a1-496f-9590-71928ddeca1a tempest-VolumesActionsTest-562450354 tempest-VolumesActionsTest-562450354-project] Flow 'volume_create_api' (cfa82268-d48a-40e2-86b2-657df62e8440) transitioned into state 'RUNNING' from state 'PENDING' {{(pid=100145) _flow_receiver /usr/local/lib/python3.8/dist-packages/taskflow/listeners/logging.py:141}}
Jul 23 16:13:02.393207 dv-cinder-796286-18-smb devstack@c-api.service[100145]: DEBUG cinder.volume.api [None req-5d8df3e6-e8a1-496f-9590-71928ddeca1a tempest-VolumesActionsTest-562450354 tempest-VolumesActionsTest-562450354-project] Task 'cinder.volume.flows.api.create_volume.ExtractVolumeRequestTask;volume:create' (f768fe5d-ebe4-44c2-b7c4-276e0cc4e924) transitioned into state 'RUNNING' from state 'PENDING' {{(pid=100145) _task_receiver /usr/local/lib/python3.8/dist-packages/taskflow/listeners/logging.py:190}}
Jul 23 16:13:02.396112 dv-cinder-796286-18-smb devstack@c-api.service[100145]: DEBUG cinder.volume.flows.api.create_volume [None req-5d8df3e6-e8a1-496f-9590-71928ddeca1a tempest-VolumesActionsTest-562450354 tempest-VolumesActionsTest-562450354-project] Validating volume size '1' using validate_int {{(pid=100145) _extract_size /opt/stack/cinder/cinder/volume/flows/api/create_volume.py:201}}
Jul 23 16:13:02.401317 dv-cinder-796286-18-smb devstack@c-api.service[100144]: INFO cinder.api.openstack.wsgi [None req-26aea423-87af-4454-8b8d-51cbc18c7e8b tempest-ExtraSpecsNegativeTest-124935548 tempest-ExtraSpecsNegativeTest-124935548-project-admin] PUT http://10.222.0.41/volume/v3/1428a87dcad444ae87f97c129488ad54/types/670482d7-de05-48ee-a1ea-441c13e71fc7/extra_specs/3bbbc223-76c2-458b-9d7d-e2a1c64197c9
Jul 23 16:13:02.407256 dv-cinder-796286-18-smb devstack@c-api.service[100144]: DEBUG cinder.api.openstack.wsgi [None req-26aea423-87af-4454-8b8d-51cbc18c7e8b tempest-ExtraSpecsNegativeTest-124935548 tempest-ExtraSpecsNegativeTest-124935548-project-admin] Action: 'update', calling method: update, body: {"spec1": "val2"} {{(pid=100144) _process_stack /opt/stack/cinder/cinder/api/openstack/wsgi.py:854}}
Jul 23 16:13:02.429534 dv-cinder-796286-18-smb devstack@c-api.service[100144]: INFO cinder.api.openstack.wsgi [None req-26aea423-87af-4454-8b8d-51cbc18c7e8b tempest-ExtraSpecsNegativeTest-124935548 tempest-ExtraSpecsNegativeTest-124935548-project-admin] HTTP exception thrown: Request body and URI mismatch
Jul 23 16:13:02.429961 dv-cinder-796286-18-smb devstack@c-api.service[100144]: INFO cinder.api.openstack.wsgi [None req-26aea423-87af-4454-8b8d-51cbc18c7e8b tempest-ExtraSpecsNegativeTest-124935548 tempest-ExtraSpecsNegativeTest-124935548-project-admin] http://10.222.0.41/volume/v3/1428a87dcad444ae87f97c129488ad54/types/670482d7-de05-48ee-a1ea-441c13e71fc7/extra_specs/3bbbc223-76c2-458b-9d7d-e2a1c64197c9 returned with HTTP 400
Jul 23 16:13:02.434732 dv-cinder-796286-18-smb devstack@c-api.service[100144]: [pid: 100144|app: 0|req: 265/495] 10.222.0.41 () {60 vars in 1486 bytes} [Fri Jul 23 16:13:02 2021] PUT /volume/v3/1428a87dcad444ae87f97c129488ad54/types/670482d7-de05-48ee-a1ea-441c13e71fc7/extra_specs/3bbbc223-76c2-458b-9d7d-e2a1c64197c9 => generated 73 bytes in 49 msecs (HTTP/1.1 400) 7 headers in 293 bytes (1 switches on core 0)
Jul 23 16:13:02.442046 dv-cinder-796286-18-smb devstack@c-api.service[100144]: INFO cinder.api.openstack.wsgi [None req-4f9dd8db-7800-4e1a-aa76-915ce5395660 tempest-ExtraSpecsNegativeTest-124935548 tempest-ExtraSpecsNegativeTest-124935548-project-admin] DELETE http://10.222.0.41/volume/v3/1428a87dcad444ae87f97c129488ad54/types/670482d7-de05-48ee-a1ea-441c13e71fc7
Jul 23 16:13:02.442787 dv-cinder-796286-18-smb devstack@c-api.service[100144]: DEBUG cinder.api.openstack.wsgi [None req-4f9dd8db-7800-4e1a-aa76-915ce5395660 tempest-ExtraSpecsNegativeTest-124935548 tempest-ExtraSpecsNegativeTest-124935548-project-admin] Empty body provided in request {{(pid=100144) get_body /opt/stack/cinder/cinder/api/openstack/wsgi.py:703}}
Jul 23 16:13:02.443400 dv-cinder-796286-18-smb devstack@c-api.service[100144]: DEBUG cinder.api.openstack.wsgi [None req-4f9dd8db-7800-4e1a-aa76-915ce5395660 tempest-ExtraSpecsNegativeTest-124935548 tempest-ExtraSpecsNegativeTest-124935548-project-admin] Calling method '_delete' {{(pid=100144) _process_stack /opt/stack/cinder/cinder/api/openstack/wsgi.py:856}}
Jul 23 16:13:02.457384 dv-cinder-796286-18-smb devstack@c-api.service[100145]: DEBUG cinder.volume.api [None req-5d8df3e6-e8a1-496f-9590-71928ddeca1a tempest-VolumesActionsTest-562450354 tempest-VolumesActionsTest-562450354-project] Task 'cinder.volume.flows.api.create_volume.ExtractVolumeRequestTask;volume:create' (f768fe5d-ebe4-44c2-b7c4-276e0cc4e924) transitioned into state 'SUCCESS' from state 'RUNNING' with result '{'size': 1, 'snapshot_id': None, 'source_volid': None, 'volume_type': VolumeType(created_at=2021-07-23T16:02:28Z,deleted=False,deleted_at=None,description='Default Volume Type',extra_specs={},id=6eada560-cb18-41ee-8aba-308d0bba916b,is_public=True,name='__DEFAULT__',projects=[],qos_specs=,qos_specs_id=None,updated_at=2021-07-23T16:02:28Z), 'volume_type_id': '6eada560-cb18-41ee-8aba-308d0bba916b', 'encryption_key_id': None, 'qos_specs': None, 'consistencygroup_id': None, 'cgsnapshot_id': None, 'group_id': None, 'replication_status': 'disabled', 'refresh_az': False, 'backup_id': None, 'multiattach': False, 'availability_zones': ['nova']}' {{(pid=100145) _task_receiver /usr/local/lib/python3.8/dist-packages/taskflow/listeners/logging.py:178}}
Jul 23 16:13:02.459725 dv-cinder-796286-18-smb devstack@c-api.service[100145]: DEBUG cinder.volume.api [None req-5d8df3e6-e8a1-496f-9590-71928ddeca1a tempest-VolumesActionsTest-562450354 tempest-VolumesActionsTest-562450354-project] Task 'cinder.volume.flows.api.create_volume.QuotaReserveTask;volume:create' (524e5f82-1333-4ad5-bb3c-f33f6e00229a) transitioned into state 'RUNNING' from state 'PENDING' {{(pid=100145) _task_receiver /usr/local/lib/python3.8/dist-packages/taskflow/listeners/logging.py:190}}
Jul 23 16:13:02.509987 dv-cinder-796286-18-smb devstack@c-api.service[100144]: INFO cinder.api.openstack.wsgi [None req-4f9dd8db-7800-4e1a-aa76-915ce5395660 tempest-ExtraSpecsNegativeTest-124935548 tempest-ExtraSpecsNegativeTest-124935548-project-admin] http://10.222.0.41/volume/v3/1428a87dcad444ae87f97c129488ad54/types/670482d7-de05-48ee-a1ea-441c13e71fc7 returned with HTTP 202
Jul 23 16:13:02.520813 dv-cinder-796286-18-smb devstack@c-api.service[100144]: [pid: 100144|app: 0|req: 266/496] 10.222.0.41 () {58 vars in 1322 bytes} [Fri Jul 23 16:13:02 2021] DELETE /volume/v3/1428a87dcad444ae87f97c129488ad54/types/670482d7-de05-48ee-a1ea-441c13e71fc7 => generated 0 bytes in 84 msecs (HTTP/1.1 202) 6 headers in 233 bytes (1 switches on core 0)
Jul 23 16:13:02.525131 dv-cinder-796286-18-smb devstack@c-api.service[100144]: INFO cinder.api.openstack.wsgi [None req-510deed6-6ea7-4133-9623-ead6a4eeda10 tempest-ExtraSpecsNegativeTest-124935548 tempest-ExtraSpecsNegativeTest-124935548-project-admin] GET http://10.222.0.41/volume/v3/1428a87dcad444ae87f97c129488ad54/types/670482d7-de05-48ee-a1ea-441c13e71fc7
Jul 23 16:13:02.525864 dv-cinder-796286-18-smb devstack@c-api.service[100144]: DEBUG cinder.api.openstack.wsgi [None req-510deed6-6ea7-4133-9623-ead6a4eeda10 tempest-ExtraSpecsNegativeTest-124935548 tempest-ExtraSpecsNegativeTest-124935548-project-admin] Empty body provided in request {{(pid=100144) get_body /opt/stack/cinder/cinder/api/openstack/wsgi.py:703}}
Jul 23 16:13:02.526497 dv-cinder-796286-18-smb devstack@c-api.service[100144]: DEBUG cinder.api.openstack.wsgi [None req-510deed6-6ea7-4133-9623-ead6a4eeda10 tempest-ExtraSpecsNegativeTest-124935548 tempest-ExtraSpecsNegativeTest-124935548-project-admin] Calling method 'show' {{(pid=100144) _process_stack /opt/stack/cinder/cinder/api/openstack/wsgi.py:856}}
Jul 23 16:13:02.533547 dv-cinder-796286-18-smb devstack@c-api.service[100144]: INFO cinder.api.openstack.wsgi [None req-510deed6-6ea7-4133-9623-ead6a4eeda10 tempest-ExtraSpecsNegativeTest-124935548 tempest-ExtraSpecsNegativeTest-124935548-project-admin] http://10.222.0.41/volume/v3/1428a87dcad444ae87f97c129488ad54/types/670482d7-de05-48ee-a1ea-441c13e71fc7 returned with HTTP 404
Jul 23 16:13:02.534874 dv-cinder-796286-18-smb devstack@c-api.service[100144]: [pid: 100144|app: 0|req: 267/497] 10.222.0.41 () {58 vars in 1319 bytes} [Fri Jul 23 16:13:02 2021] GET /volume/v3/1428a87dcad444ae87f97c129488ad54/types/670482d7-de05-48ee-a1ea-441c13e71fc7 => generated 114 bytes in 14 msecs (HTTP/1.1 404) 7 headers in 292 bytes (1 switches on core 0)
Jul 23 16:13:02.563181 dv-cinder-796286-18-smb devstack@c-api.service[100145]: DEBUG cinder.quota [None req-5d8df3e6-e8a1-496f-9590-71928ddeca1a tempest-VolumesActionsTest-562450354 tempest-VolumesActionsTest-562450354-project] Created reservations ['fc6c3e0f-2bff-42cd-b84f-067f83c08cdc', '5de1391e-530d-4953-b00e-093e4e081bb3', 'ea8eea10-212f-4d67-b4aa-0dc9c34c72ab', '589aaf28-9044-497d-981a-c4c81c5d3fb3'] {{(pid=100145) reserve /opt/stack/cinder/cinder/quota.py:755}}
Jul 23 16:13:02.565261 dv-cinder-796286-18-smb devstack@c-api.service[100145]: DEBUG cinder.volume.api [None req-5d8df3e6-e8a1-496f-9590-71928ddeca1a tempest-VolumesActionsTest-562450354 tempest-VolumesActionsTest-562450354-project] Task 'cinder.volume.flows.api.create_volume.QuotaReserveTask;volume:create' (524e5f82-1333-4ad5-bb3c-f33f6e00229a) transitioned into state 'SUCCESS' from state 'RUNNING' with result '{'reservations': ['fc6c3e0f-2bff-42cd-b84f-067f83c08cdc', '5de1391e-530d-4953-b00e-093e4e081bb3', 'ea8eea10-212f-4d67-b4aa-0dc9c34c72ab', '589aaf28-9044-497d-981a-c4c81c5d3fb3']}' {{(pid=100145) _task_receiver /usr/local/lib/python3.8/dist-packages/taskflow/listeners/logging.py:178}}
Jul 23 16:13:02.567417 dv-cinder-796286-18-smb devstack@c-api.service[100145]: DEBUG cinder.volume.api [None req-5d8df3e6-e8a1-496f-9590-71928ddeca1a tempest-VolumesActionsTest-562450354 tempest-VolumesActionsTest-562450354-project] Task 'cinder.volume.flows.api.create_volume.EntryCreateTask;volume:create' (58e76bbf-debc-4f30-8b10-bc4b2c1d4fb2) transitioned into state 'RUNNING' from state 'PENDING' {{(pid=100145) _task_receiver /usr/local/lib/python3.8/dist-packages/taskflow/listeners/logging.py:190}}
Jul 23 16:13:02.604652 dv-cinder-796286-18-smb devstack@c-api.service[100145]: DEBUG cinder.volume.api [None req-5d8df3e6-e8a1-496f-9590-71928ddeca1a tempest-VolumesActionsTest-562450354 tempest-VolumesActionsTest-562450354-project] Task 'cinder.volume.flows.api.create_volume.EntryCreateTask;volume:create' (58e76bbf-debc-4f30-8b10-bc4b2c1d4fb2) transitioned into state 'SUCCESS' from state 'RUNNING' with result '{'volume_id': '1195d842-a299-4c1b-8511-9e6c04948702', 'volume_properties': VolumeProperties(attach_status='detached',availability_zone='nova',cgsnapshot_id=None,consistencygroup_id=None,display_description=None,display_name='tempest-VolumesActionsTest-Volume-1247274475',encryption_key_id=None,group_id=None,group_type_id=,metadata={},multiattach=False,project_id='b38fbd01341d44c59cadbfb140c27a58',qos_specs=None,replication_status=,reservations=['fc6c3e0f-2bff-42cd-b84f-067f83c08cdc','5de1391e-530d-4953-b00e-093e4e081bb3','ea8eea10-212f-4d67-b4aa-0dc9c34c72ab','589aaf28-9044-497d-981a-c4c81c5d3fb3'],size=1,snapshot_id=None,source_replicaid=,source_volid=None,status='creating',user_id='777884ca4ba843f08be867f3a0e5f30f',volume_type_id=6eada560-cb18-41ee-8aba-308d0bba916b), 'volume': Volume(_name_id=None,admin_metadata=,attach_status='detached',availability_zone='nova',bootable=False,cluster=,cluster_name=None,consistencygroup=,consistencygroup_id=None,created_at=2021-07-23T16:13:02Z,deleted=False,deleted_at=None,display_description=None,display_name='tempest-VolumesActionsTest-Volume-1247274475',ec2_id=None,encryption_key_id=None,glance_metadata=,group=,group_id=None,host=None,id=1195d842-a299-4c1b-8511-9e6c04948702,launched_at=None,metadata={},migration_status=None,multiattach=False,previous_status=None,project_id='b38fbd01341d44c59cadbfb140c27a58',provider_auth=None,provider_geometry=None,provider_id=None,provider_location=None,replication_driver_data=None,replication_extended_status=None,replication_status=None,scheduled_at=None,service_uuid=None,shared_targets=True,size=1,snapshot_id=None,snapshots=,source_volid=None,status='creating',terminated_at=None,updated_at=None,user_id='777884ca4ba843f08be867f3a0e5f30f',volume_attachment=,volume_type=VolumeType(6eada560-cb18-41ee-8aba-308d0bba916b),volume_type_id=6eada560-cb18-41ee-8aba-308d0bba916b)}' {{(pid=100145) _task_receiver /usr/local/lib/python3.8/dist-packages/taskflow/listeners/logging.py:178}}
Jul 23 16:13:02.607739 dv-cinder-796286-18-smb devstack@c-api.service[100145]: DEBUG cinder.volume.api [None req-5d8df3e6-e8a1-496f-9590-71928ddeca1a tempest-VolumesActionsTest-562450354 tempest-VolumesActionsTest-562450354-project] Task 'cinder.volume.flows.api.create_volume.QuotaCommitTask;volume:create' (d07a3f8c-c5bc-4954-bc6b-8733089f89dc) transitioned into state 'RUNNING' from state 'PENDING' {{(pid=100145) _task_receiver /usr/local/lib/python3.8/dist-packages/taskflow/listeners/logging.py:190}}
Jul 23 16:13:02.641901 dv-cinder-796286-18-smb devstack@c-api.service[100145]: DEBUG cinder.volume.api [None req-5d8df3e6-e8a1-496f-9590-71928ddeca1a tempest-VolumesActionsTest-562450354 tempest-VolumesActionsTest-562450354-project] Task 'cinder.volume.flows.api.create_volume.QuotaCommitTask;volume:create' (d07a3f8c-c5bc-4954-bc6b-8733089f89dc) transitioned into state 'SUCCESS' from state 'RUNNING' with result '{'volume_properties': VolumeProperties(attach_status='detached',availability_zone='nova',cgsnapshot_id=None,consistencygroup_id=None,display_description=None,display_name='tempest-VolumesActionsTest-Volume-1247274475',encryption_key_id=None,group_id=None,group_type_id=,metadata={},multiattach=False,project_id='b38fbd01341d44c59cadbfb140c27a58',qos_specs=None,replication_status=,reservations=['fc6c3e0f-2bff-42cd-b84f-067f83c08cdc','5de1391e-530d-4953-b00e-093e4e081bb3','ea8eea10-212f-4d67-b4aa-0dc9c34c72ab','589aaf28-9044-497d-981a-c4c81c5d3fb3'],size=1,snapshot_id=None,source_replicaid=,source_volid=None,status='creating',user_id='777884ca4ba843f08be867f3a0e5f30f',volume_type_id=6eada560-cb18-41ee-8aba-308d0bba916b)}' {{(pid=100145) _task_receiver /usr/local/lib/python3.8/dist-packages/taskflow/listeners/logging.py:178}}
Jul 23 16:13:02.644785 dv-cinder-796286-18-smb devstack@c-api.service[100145]: DEBUG cinder.volume.api [None req-5d8df3e6-e8a1-496f-9590-71928ddeca1a tempest-VolumesActionsTest-562450354 tempest-VolumesActionsTest-562450354-project] Task 'cinder.volume.flows.api.create_volume.VolumeCastTask;volume:create' (cff0472c-fc96-4aba-be4a-9c88da9d8dee) transitioned into state 'RUNNING' from state 'PENDING' {{(pid=100145) _task_receiver /usr/local/lib/python3.8/dist-packages/taskflow/listeners/logging.py:190}}
Jul 23 16:13:02.691105 dv-cinder-796286-18-smb devstack@c-api.service[100145]: DEBUG cinder.volume.api [None req-5d8df3e6-e8a1-496f-9590-71928ddeca1a tempest-VolumesActionsTest-562450354 tempest-VolumesActionsTest-562450354-project] Task 'cinder.volume.flows.api.create_volume.VolumeCastTask;volume:create' (cff0472c-fc96-4aba-be4a-9c88da9d8dee) transitioned into state 'SUCCESS' from state 'RUNNING' with result 'None' {{(pid=100145) _task_receiver /usr/local/lib/python3.8/dist-packages/taskflow/listeners/logging.py:178}}
Jul 23 16:13:02.701064 dv-cinder-796286-18-smb devstack@c-api.service[100145]: DEBUG cinder.volume.api [None req-5d8df3e6-e8a1-496f-9590-71928ddeca1a tempest-VolumesActionsTest-562450354 tempest-VolumesActionsTest-562450354-project] Flow 'volume_create_api' (cfa82268-d48a-40e2-86b2-657df62e8440) transitioned into state 'SUCCESS' from state 'RUNNING' {{(pid=100145) _flow_receiver /usr/local/lib/python3.8/dist-packages/taskflow/listeners/logging.py:141}}
Jul 23 16:13:02.703600 dv-cinder-796286-18-smb devstack@c-api.service[100145]: INFO cinder.volume.api [None req-5d8df3e6-e8a1-496f-9590-71928ddeca1a tempest-VolumesActionsTest-562450354 tempest-VolumesActionsTest-562450354-project] Create volume request issued successfully.
Jul 23 16:13:02.721746 dv-cinder-796286-18-smb devstack@c-api.service[100145]: INFO cinder.api.openstack.wsgi [None req-5d8df3e6-e8a1-496f-9590-71928ddeca1a tempest-VolumesActionsTest-562450354 tempest-VolumesActionsTest-562450354-project] http://10.222.0.41/volume/v3/b38fbd01341d44c59cadbfb140c27a58/volumes returned with HTTP 202
Jul 23 16:13:02.723029 dv-cinder-796286-18-smb devstack@c-api.service[100145]: [pid: 100145|app: 0|req: 231/498] 10.222.0.41 () {60 vars in 1235 bytes} [Fri Jul 23 16:13:02 2021] POST /volume/v3/b38fbd01341d44c59cadbfb140c27a58/volumes => generated 818 bytes in 374 msecs (HTTP/1.1 202) 7 headers in 291 bytes (1 switches on core 0)
Jul 23 16:13:02.736721 dv-cinder-796286-18-smb devstack@c-api.service[100144]: INFO cinder.api.openstack.wsgi [None req-5f6d8a69-8204-4833-b90c-479d4a133d9d tempest-VolumesActionsTest-562450354 tempest-VolumesActionsTest-562450354-project] GET http://10.222.0.41/volume/v3/b38fbd01341d44c59cadbfb140c27a58/volumes/1195d842-a299-4c1b-8511-9e6c04948702
Jul 23 16:13:02.737198 dv-cinder-796286-18-smb devstack@c-api.service[100144]: DEBUG cinder.api.openstack.wsgi [None req-5f6d8a69-8204-4833-b90c-479d4a133d9d tempest-VolumesActionsTest-562450354 tempest-VolumesActionsTest-562450354-project] Empty body provided in request {{(pid=100144) get_body /opt/stack/cinder/cinder/api/openstack/wsgi.py:703}}
Jul 23 16:13:02.737769 dv-cinder-796286-18-smb devstack@c-api.service[100144]: DEBUG cinder.api.openstack.wsgi [None req-5f6d8a69-8204-4833-b90c-479d4a133d9d tempest-VolumesActionsTest-562450354 tempest-VolumesActionsTest-562450354-project] Calling method 'show' {{(pid=100144) _process_stack /opt/stack/cinder/cinder/api/openstack/wsgi.py:856}}
Jul 23 16:13:02.758270 dv-cinder-796286-18-smb devstack@c-api.service[100145]: INFO cinder.api.openstack.wsgi [None req-8c71b26c-c95e-4b21-9abf-6dcbfff0ed5b tempest-VolumesCloneTest-729821695 tempest-VolumesCloneTest-729821695-project] GET http://10.222.0.41/volume/v3/21cf96c30cc544e0a16aecaa0573a013/volumes/c3a5c2e4-dec4-4e07-832f-22728a844534
Jul 23 16:13:02.760827 dv-cinder-796286-18-smb devstack@c-api.service[100144]: /usr/local/lib/python3.8/dist-packages/oslo_context/context.py:105: DeprecationWarning: Policy enforcement is depending on the value of is_admin. This key is deprecated. Please update your policy file to use the standard policy values.
Jul 23 16:13:02.760827 dv-cinder-796286-18-smb devstack@c-api.service[100144]: warnings.warn('Policy enforcement is depending on the value of '
Jul 23 16:13:02.761057 dv-cinder-796286-18-smb devstack@c-api.service[100145]: DEBUG cinder.api.openstack.wsgi [None req-8c71b26c-c95e-4b21-9abf-6dcbfff0ed5b tempest-VolumesCloneTest-729821695 tempest-VolumesCloneTest-729821695-project] Empty body provided in request {{(pid=100145) get_body /opt/stack/cinder/cinder/api/openstack/wsgi.py:703}}
Jul 23 16:13:02.761146 dv-cinder-796286-18-smb devstack@c-api.service[100145]: /usr/local/lib/python3.8/dist-packages/webob/acceptparse.py:1047: DeprecationWarning: The behavior of AcceptValidHeader.best_match is currently being maintained for backward compatibility, but it will be deprecated in the future, as it does not conform to the RFC.
Jul 23 16:13:02.761146 dv-cinder-796286-18-smb devstack@c-api.service[100145]: warnings.warn(
Jul 23 16:13:02.761493 dv-cinder-796286-18-smb devstack@c-api.service[100145]: DEBUG cinder.api.openstack.wsgi [None req-8c71b26c-c95e-4b21-9abf-6dcbfff0ed5b tempest-VolumesCloneTest-729821695 tempest-VolumesCloneTest-729821695-project] Calling method 'show' {{(pid=100145) _process_stack /opt/stack/cinder/cinder/api/openstack/wsgi.py:856}}
Jul 23 16:13:02.786816 dv-cinder-796286-18-smb devstack@c-api.service[100144]: INFO cinder.volume.api [None req-5f6d8a69-8204-4833-b90c-479d4a133d9d tempest-VolumesActionsTest-562450354 tempest-VolumesActionsTest-562450354-project] Volume info retrieved successfully.
Jul 23 16:13:02.803138 dv-cinder-796286-18-smb devstack@c-api.service[100145]: /usr/local/lib/python3.8/dist-packages/oslo_context/context.py:105: DeprecationWarning: Policy enforcement is depending on the value of is_admin. This key is deprecated. Please update your policy file to use the standard policy values.
Jul 23 16:13:02.803138 dv-cinder-796286-18-smb devstack@c-api.service[100145]: warnings.warn('Policy enforcement is depending on the value of '
Jul 23 16:13:02.831555 dv-cinder-796286-18-smb devstack@c-api.service[100145]: INFO cinder.volume.api [None req-8c71b26c-c95e-4b21-9abf-6dcbfff0ed5b tempest-VolumesCloneTest-729821695 tempest-VolumesCloneTest-729821695-project] Volume info retrieved successfully.
Jul 23 16:13:02.846493 dv-cinder-796286-18-smb devstack@c-api.service[100144]: INFO cinder.api.openstack.wsgi [None req-5f6d8a69-8204-4833-b90c-479d4a133d9d tempest-VolumesActionsTest-562450354 tempest-VolumesActionsTest-562450354-project] http://10.222.0.41/volume/v3/b38fbd01341d44c59cadbfb140c27a58/volumes/1195d842-a299-4c1b-8511-9e6c04948702 returned with HTTP 200
Jul 23 16:13:02.857688 dv-cinder-796286-18-smb devstack@c-api.service[100144]: [pid: 100144|app: 0|req: 268/499] 10.222.0.41 () {58 vars in 1325 bytes} [Fri Jul 23 16:13:02 2021] GET /volume/v3/b38fbd01341d44c59cadbfb140c27a58/volumes/1195d842-a299-4c1b-8511-9e6c04948702 => generated 886 bytes in 125 msecs (HTTP/1.1 200) 7 headers in 285 bytes (2 switches on core 0)
Jul 23 16:13:02.862044 dv-cinder-796286-18-smb devstack@c-api.service[100145]: INFO cinder.api.openstack.wsgi [None req-8c71b26c-c95e-4b21-9abf-6dcbfff0ed5b tempest-VolumesCloneTest-729821695 tempest-VolumesCloneTest-729821695-project] http://10.222.0.41/volume/v3/21cf96c30cc544e0a16aecaa0573a013/volumes/c3a5c2e4-dec4-4e07-832f-22728a844534 returned with HTTP 200
Jul 23 16:13:02.876542 dv-cinder-796286-18-smb devstack@c-api.service[100145]: [pid: 100145|app: 0|req: 232/500] 10.222.0.41 () {58 vars in 1325 bytes} [Fri Jul 23 16:13:02 2021] GET /volume/v3/21cf96c30cc544e0a16aecaa0573a013/volumes/c3a5c2e4-dec4-4e07-832f-22728a844534 => generated 908 bytes in 129 msecs (HTTP/1.1 200) 7 headers in 285 bytes (2 switches on core 0)
Jul 23 16:13:03.564028 dv-cinder-796286-18-smb devstack@c-api.service[100144]: INFO cinder.api.openstack.wsgi [None req-6a4b6e15-cd9e-4efc-beae-93f8ff3744c3 tempest-UserMessagesTest-911515793 tempest-UserMessagesTest-911515793-project-admin] POST http://10.222.0.41/volume/v3/4c1a70a048814b39b33bb9e455599074/types
Jul 23 16:13:03.565449 dv-cinder-796286-18-smb devstack@c-api.service[100144]: /usr/local/lib/python3.8/dist-packages/webob/acceptparse.py:1047: DeprecationWarning: The behavior of AcceptValidHeader.best_match is currently being maintained for backward compatibility, but it will be deprecated in the future, as it does not conform to the RFC.
Jul 23 16:13:03.565449 dv-cinder-796286-18-smb devstack@c-api.service[100144]: warnings.warn(
Jul 23 16:13:03.565938 dv-cinder-796286-18-smb devstack@c-api.service[100144]: DEBUG cinder.api.openstack.wsgi [None req-6a4b6e15-cd9e-4efc-beae-93f8ff3744c3 tempest-UserMessagesTest-911515793 tempest-UserMessagesTest-911515793-project-admin] Action: 'create', calling method: _create, body: {"volume_type": {"name": "tempest-UserMessagesTest-volume-type-1989357964", "extra_specs": {"storage_protocol": "tempest-storage_protocol-1558543404", "vendor_name": "tempest-vendor_name-1908683055"}}} {{(pid=100144) _process_stack /opt/stack/cinder/cinder/api/openstack/wsgi.py:854}}
Jul 23 16:13:03.615158 dv-cinder-796286-18-smb devstack@c-api.service[100144]: INFO cinder.api.openstack.wsgi [None req-6a4b6e15-cd9e-4efc-beae-93f8ff3744c3 tempest-UserMessagesTest-911515793 tempest-UserMessagesTest-911515793-project-admin] http://10.222.0.41/volume/v3/4c1a70a048814b39b33bb9e455599074/types returned with HTTP 200
Jul 23 16:13:03.616874 dv-cinder-796286-18-smb devstack@c-api.service[100144]: [pid: 100144|app: 0|req: 269/501] 10.222.0.41 () {60 vars in 1230 bytes} [Fri Jul 23 16:13:03 2021] POST /volume/v3/4c1a70a048814b39b33bb9e455599074/types => generated 328 bytes in 206 msecs (HTTP/1.1 200) 7 headers in 285 bytes (1 switches on core 0)
Jul 23 16:13:03.623241 dv-cinder-796286-18-smb devstack@c-api.service[100145]: INFO cinder.api.openstack.wsgi [None req-075d864e-151f-4a9c-bfb5-637d1708122a tempest-VolumesSnapshotTestJSON-1024284655 tempest-VolumesSnapshotTestJSON-1024284655-project] POST http://10.222.0.41/volume/v3/0cc83e1032a14af4964eb0ec27c1a0bd/volumes
Jul 23 16:13:03.623755 dv-cinder-796286-18-smb devstack@c-api.service[100145]: /usr/local/lib/python3.8/dist-packages/webob/acceptparse.py:1047: DeprecationWarning: The behavior of AcceptValidHeader.best_match is currently being maintained for backward compatibility, but it will be deprecated in the future, as it does not conform to the RFC.
Jul 23 16:13:03.623755 dv-cinder-796286-18-smb devstack@c-api.service[100145]: warnings.warn(
Jul 23 16:13:03.624179 dv-cinder-796286-18-smb devstack@c-api.service[100145]: DEBUG cinder.api.openstack.wsgi [None req-075d864e-151f-4a9c-bfb5-637d1708122a tempest-VolumesSnapshotTestJSON-1024284655 tempest-VolumesSnapshotTestJSON-1024284655-project] Action: 'create', calling method: create, body: {"volume": {"size": 1, "name": "tempest-VolumesSnapshotTestJSON-Volume-1781486503"}} {{(pid=100145) _process_stack /opt/stack/cinder/cinder/api/openstack/wsgi.py:854}}
Jul 23 16:13:03.625246 dv-cinder-796286-18-smb devstack@c-api.service[100145]: DEBUG cinder.api.v3.volumes [None req-075d864e-151f-4a9c-bfb5-637d1708122a tempest-VolumesSnapshotTestJSON-1024284655 tempest-VolumesSnapshotTestJSON-1024284655-project] Create volume request body: {'volume': {'size': 1, 'name': 'tempest-VolumesSnapshotTestJSON-Volume-1781486503'}} {{(pid=100145) create /opt/stack/cinder/cinder/api/v3/volumes.py:290}}
Jul 23 16:13:03.625634 dv-cinder-796286-18-smb devstack@c-api.service[100145]: INFO cinder.api.v3.volumes [None req-075d864e-151f-4a9c-bfb5-637d1708122a tempest-VolumesSnapshotTestJSON-1024284655 tempest-VolumesSnapshotTestJSON-1024284655-project] Create volume of 1 GB
Jul 23 16:13:03.643817 dv-cinder-796286-18-smb devstack@c-api.service[100145]: INFO cinder.volume.api [None req-075d864e-151f-4a9c-bfb5-637d1708122a tempest-VolumesSnapshotTestJSON-1024284655 tempest-VolumesSnapshotTestJSON-1024284655-project] Availability Zones retrieved successfully.
Jul 23 16:13:03.664287 dv-cinder-796286-18-smb devstack@c-api.service[100145]: DEBUG cinder.volume.api [None req-075d864e-151f-4a9c-bfb5-637d1708122a tempest-VolumesSnapshotTestJSON-1024284655 tempest-VolumesSnapshotTestJSON-1024284655-project] Flow 'volume_create_api' (02b647ad-b0f5-471b-8a02-0d68b5bd8eda) transitioned into state 'RUNNING' from state 'PENDING' {{(pid=100145) _flow_receiver /usr/local/lib/python3.8/dist-packages/taskflow/listeners/logging.py:141}}
Jul 23 16:13:03.667193 dv-cinder-796286-18-smb devstack@c-api.service[100145]: DEBUG cinder.volume.api [None req-075d864e-151f-4a9c-bfb5-637d1708122a tempest-VolumesSnapshotTestJSON-1024284655 tempest-VolumesSnapshotTestJSON-1024284655-project] Task 'cinder.volume.flows.api.create_volume.ExtractVolumeRequestTask;volume:create' (35b258b7-6301-4b31-ba80-d59e8ab1d97c) transitioned into state 'RUNNING' from state 'PENDING' {{(pid=100145) _task_receiver /usr/local/lib/python3.8/dist-packages/taskflow/listeners/logging.py:190}}
Jul 23 16:13:03.678631 dv-cinder-796286-18-smb devstack@c-api.service[100145]: DEBUG cinder.volume.flows.api.create_volume [None req-075d864e-151f-4a9c-bfb5-637d1708122a tempest-VolumesSnapshotTestJSON-1024284655 tempest-VolumesSnapshotTestJSON-1024284655-project] Validating volume size '1' using validate_int {{(pid=100145) _extract_size /opt/stack/cinder/cinder/volume/flows/api/create_volume.py:201}}
Jul 23 16:13:03.742121 dv-cinder-796286-18-smb devstack@c-api.service[100145]: DEBUG cinder.volume.api [None req-075d864e-151f-4a9c-bfb5-637d1708122a tempest-VolumesSnapshotTestJSON-1024284655 tempest-VolumesSnapshotTestJSON-1024284655-project] Task 'cinder.volume.flows.api.create_volume.ExtractVolumeRequestTask;volume:create' (35b258b7-6301-4b31-ba80-d59e8ab1d97c) transitioned into state 'SUCCESS' from state 'RUNNING' with result '{'size': 1, 'snapshot_id': None, 'source_volid': None, 'volume_type': VolumeType(created_at=2021-07-23T16:02:28Z,deleted=False,deleted_at=None,description='Default Volume Type',extra_specs={},id=6eada560-cb18-41ee-8aba-308d0bba916b,is_public=True,name='__DEFAULT__',projects=[],qos_specs=,qos_specs_id=None,updated_at=2021-07-23T16:02:28Z), 'volume_type_id': '6eada560-cb18-41ee-8aba-308d0bba916b', 'encryption_key_id': None, 'qos_specs': None, 'consistencygroup_id': None, 'cgsnapshot_id': None, 'group_id': None, 'replication_status': 'disabled', 'refresh_az': False, 'backup_id': None, 'multiattach': False, 'availability_zones': ['nova']}' {{(pid=100145) _task_receiver /usr/local/lib/python3.8/dist-packages/taskflow/listeners/logging.py:178}}
Jul 23 16:13:03.745607 dv-cinder-796286-18-smb devstack@c-api.service[100145]: DEBUG cinder.volume.api [None req-075d864e-151f-4a9c-bfb5-637d1708122a tempest-VolumesSnapshotTestJSON-1024284655 tempest-VolumesSnapshotTestJSON-1024284655-project] Task 'cinder.volume.flows.api.create_volume.QuotaReserveTask;volume:create' (8c439d3c-3908-49d0-af9f-055090b65a84) transitioned into state 'RUNNING' from state 'PENDING' {{(pid=100145) _task_receiver /usr/local/lib/python3.8/dist-packages/taskflow/listeners/logging.py:190}}
Jul 23 16:13:03.827224 dv-cinder-796286-18-smb devstack@c-api.service[100144]: INFO cinder.api.openstack.wsgi [None req-34cd2ae9-7f26-4cef-b1f4-c30d72df45ee tempest-UserMessagesTest-1590008118 tempest-UserMessagesTest-1590008118-project] POST http://10.222.0.41/volume/v3/7ae4fdd4737b4e708478acf33f2c5299/volumes
Jul 23 16:13:03.828969 dv-cinder-796286-18-smb devstack@c-api.service[100144]: DEBUG cinder.api.openstack.wsgi [None req-34cd2ae9-7f26-4cef-b1f4-c30d72df45ee tempest-UserMessagesTest-1590008118 tempest-UserMessagesTest-1590008118-project] Action: 'create', calling method: create, body: {"volume": {"volume_type": "1ba40587-46e1-4d9d-a4fe-bd9fedbf540b", "size": 1, "name": "tempest-UserMessagesTest-Volume-1655028045"}} {{(pid=100144) _process_stack /opt/stack/cinder/cinder/api/openstack/wsgi.py:854}}
Jul 23 16:13:03.831228 dv-cinder-796286-18-smb devstack@c-api.service[100144]: DEBUG cinder.api.v3.volumes [None req-34cd2ae9-7f26-4cef-b1f4-c30d72df45ee tempest-UserMessagesTest-1590008118 tempest-UserMessagesTest-1590008118-project] Create volume request body: {'volume': {'volume_type': '1ba40587-46e1-4d9d-a4fe-bd9fedbf540b', 'size': 1, 'name': 'tempest-UserMessagesTest-Volume-1655028045'}} {{(pid=100144) create /opt/stack/cinder/cinder/api/v3/volumes.py:290}}
