Jul 14 10:50:52.591891 dv-cinder-796286-17-smb devstack@c-api.service[106276]: [pid: 106276|app: 0|req: 48/93] 10.222.0.30 () {58 vars in 1331 bytes} [Wed Jul 14 10:50:52 2021] GET /volume/v3/78e994bd3f114ddfab87abbf276e7998/snapshots/e61d9335-84ee-484b-9ae6-7bb9c2eb4dcb => generated 439 bytes in 63 msecs (HTTP/1.1 200) 7 headers in 285 bytes (1 switches on core 0)
Jul 14 10:50:52.609295 dv-cinder-796286-17-smb devstack@c-api.service[106276]: INFO cinder.api.openstack.wsgi [None req-3d4ab49f-d1c0-433b-9dca-6ae441c9433b tempest-VolumesImageMetadata-1552868598 tempest-VolumesImageMetadata-1552868598-project] GET http://10.222.0.30/volume/v3/8d72297842334378830ec0ac3ae62dfa/volumes/39d10f77-ebf7-499c-9f4a-c9f5e446fa28
Jul 14 10:50:52.609758 dv-cinder-796286-17-smb devstack@c-api.service[106276]: DEBUG cinder.api.openstack.wsgi [None req-3d4ab49f-d1c0-433b-9dca-6ae441c9433b tempest-VolumesImageMetadata-1552868598 tempest-VolumesImageMetadata-1552868598-project] Empty body provided in request {{(pid=106276) get_body /opt/stack/cinder/cinder/api/openstack/wsgi.py:713}}
Jul 14 10:50:52.609928 dv-cinder-796286-17-smb devstack@c-api.service[106276]: /usr/local/lib/python3.8/dist-packages/webob/acceptparse.py:1047: DeprecationWarning: The behavior of AcceptValidHeader.best_match is currently being maintained for backward compatibility, but it will be deprecated in the future, as it does not conform to the RFC.
Jul 14 10:50:52.609928 dv-cinder-796286-17-smb devstack@c-api.service[106276]: warnings.warn(
Jul 14 10:50:52.610244 dv-cinder-796286-17-smb devstack@c-api.service[106276]: DEBUG cinder.api.openstack.wsgi [None req-3d4ab49f-d1c0-433b-9dca-6ae441c9433b tempest-VolumesImageMetadata-1552868598 tempest-VolumesImageMetadata-1552868598-project] Calling method 'show' {{(pid=106276) _process_stack /opt/stack/cinder/cinder/api/openstack/wsgi.py:866}}
Jul 14 10:50:52.641924 dv-cinder-796286-17-smb devstack@c-api.service[106276]: /usr/local/lib/python3.8/dist-packages/oslo_context/context.py:105: DeprecationWarning: Policy enforcement is depending on the value of is_admin. This key is deprecated. Please update your policy file to use the standard policy values.
Jul 14 10:50:52.641924 dv-cinder-796286-17-smb devstack@c-api.service[106276]: warnings.warn('Policy enforcement is depending on the value of '
Jul 14 10:50:52.658467 dv-cinder-796286-17-smb devstack@c-api.service[106275]: INFO cinder.api.openstack.wsgi [None req-7aa6c376-8922-438e-9733-77e80d857f8b tempest-GroupsTest-1472847861 tempest-GroupsTest-1472847861-project] http://10.222.0.30/volume/v3/59cd7460efb14b35ae45467479b71eca/groups/detail returned with HTTP 200
Jul 14 10:50:52.668660 dv-cinder-796286-17-smb devstack@c-api.service[106275]: [pid: 106275|app: 0|req: 46/94] 10.222.0.30 () {60 vars in 1273 bytes} [Wed Jul 14 10:50:52 2021] GET /volume/v3/59cd7460efb14b35ae45467479b71eca/groups/detail => generated 640 bytes in 219 msecs (HTTP/1.1 200) 7 headers in 286 bytes (1 switches on core 0)
Jul 14 10:50:52.675152 dv-cinder-796286-17-smb devstack@c-api.service[106275]: INFO cinder.api.openstack.wsgi [None req-24447f2a-528e-4f95-9d4a-2e6825cb93b3 tempest-GroupsTest-1472847861 tempest-GroupsTest-1472847861-project] GET http://10.222.0.30/volume/v3/59cd7460efb14b35ae45467479b71eca/volumes/detail
Jul 14 10:50:52.678501 dv-cinder-796286-17-smb devstack@c-api.service[106275]: DEBUG cinder.api.openstack.wsgi [None req-24447f2a-528e-4f95-9d4a-2e6825cb93b3 tempest-GroupsTest-1472847861 tempest-GroupsTest-1472847861-project] Empty body provided in request {{(pid=106275) get_body /opt/stack/cinder/cinder/api/openstack/wsgi.py:713}}
Jul 14 10:50:52.678830 dv-cinder-796286-17-smb devstack@c-api.service[106275]: /usr/local/lib/python3.8/dist-packages/webob/acceptparse.py:1047: DeprecationWarning: The behavior of AcceptValidHeader.best_match is currently being maintained for backward compatibility, but it will be deprecated in the future, as it does not conform to the RFC.
Jul 14 10:50:52.678830 dv-cinder-796286-17-smb devstack@c-api.service[106275]: warnings.warn(
Jul 14 10:50:52.679317 dv-cinder-796286-17-smb devstack@c-api.service[106275]: DEBUG cinder.api.openstack.wsgi [None req-24447f2a-528e-4f95-9d4a-2e6825cb93b3 tempest-GroupsTest-1472847861 tempest-GroupsTest-1472847861-project] Calling method 'detail' {{(pid=106275) _process_stack /opt/stack/cinder/cinder/api/openstack/wsgi.py:866}}
Jul 14 10:50:52.681803 dv-cinder-796286-17-smb devstack@c-api.service[106275]: DEBUG cinder.api.api_utils [None req-24447f2a-528e-4f95-9d4a-2e6825cb93b3 tempest-GroupsTest-1472847861 tempest-GroupsTest-1472847861-project] Removing options '' from query. {{(pid=106275) remove_invalid_filter_options /opt/stack/cinder/cinder/api/api_utils.py:73}}
Jul 14 10:50:52.684427 dv-cinder-796286-17-smb devstack@c-api.service[106275]: /usr/local/lib/python3.8/dist-packages/oslo_context/context.py:105: DeprecationWarning: Policy enforcement is depending on the value of is_admin. This key is deprecated. Please update your policy file to use the standard policy values.
Jul 14 10:50:52.684427 dv-cinder-796286-17-smb devstack@c-api.service[106275]: warnings.warn('Policy enforcement is depending on the value of '
Jul 14 10:50:52.685621 dv-cinder-796286-17-smb devstack@c-api.service[106276]: INFO cinder.volume.api [None req-3d4ab49f-d1c0-433b-9dca-6ae441c9433b tempest-VolumesImageMetadata-1552868598 tempest-VolumesImageMetadata-1552868598-project] Volume info retrieved successfully.
Jul 14 10:50:52.687452 dv-cinder-796286-17-smb devstack@c-api.service[106275]: DEBUG cinder.volume.api [None req-24447f2a-528e-4f95-9d4a-2e6825cb93b3 tempest-GroupsTest-1472847861 tempest-GroupsTest-1472847861-project] Searching by: MultiDict([('no_migration_targets', True)]). {{(pid=106275) get_all /opt/stack/cinder/cinder/volume/api.py:617}}
Jul 14 10:50:52.706977 dv-cinder-796286-17-smb devstack@c-api.service[106276]: INFO cinder.api.openstack.wsgi [None req-3d4ab49f-d1c0-433b-9dca-6ae441c9433b tempest-VolumesImageMetadata-1552868598 tempest-VolumesImageMetadata-1552868598-project] http://10.222.0.30/volume/v3/8d72297842334378830ec0ac3ae62dfa/volumes/39d10f77-ebf7-499c-9f4a-c9f5e446fa28 returned with HTTP 200
Jul 14 10:50:52.708523 dv-cinder-796286-17-smb devstack@c-api.service[106276]: [pid: 106276|app: 0|req: 49/95] 10.222.0.30 () {58 vars in 1325 bytes} [Wed Jul 14 10:50:52 2021] GET /volume/v3/8d72297842334378830ec0ac3ae62dfa/volumes/39d10f77-ebf7-499c-9f4a-c9f5e446fa28 => generated 912 bytes in 103 msecs (HTTP/1.1 200) 7 headers in 285 bytes (2 switches on core 0)
Jul 14 10:50:52.866682 dv-cinder-796286-17-smb devstack@c-api.service[106275]: INFO cinder.volume.api [None req-24447f2a-528e-4f95-9d4a-2e6825cb93b3 tempest-GroupsTest-1472847861 tempest-GroupsTest-1472847861-project] Get all volumes completed successfully.
Jul 14 10:50:52.871367 dv-cinder-796286-17-smb devstack@c-api.service[106275]: WARNING stevedore.named [None req-24447f2a-528e-4f95-9d4a-2e6825cb93b3 tempest-GroupsTest-1472847861 tempest-GroupsTest-1472847861-project] Could not load cinder.keymgr.conf_key_mgr.ConfKeyManager
Jul 14 10:50:52.871783 dv-cinder-796286-17-smb devstack@c-api.service[106275]: WARNING castellan.key_manager [None req-24447f2a-528e-4f95-9d4a-2e6825cb93b3 tempest-GroupsTest-1472847861 tempest-GroupsTest-1472847861-project] Deprecation Warning : cinder.keymgr.conf_key_mgr.ConfKeyManager is not a stevedore based driver, trying to load it as a class: stevedore.exception.NoMatches: No 'castellan.drivers' driver found, looking for 'cinder.keymgr.conf_key_mgr.ConfKeyManager'
Jul 14 10:50:52.891860 dv-cinder-796286-17-smb devstack@c-api.service[106275]: DEBUG oslo_db.sqlalchemy.engines [None req-24447f2a-528e-4f95-9d4a-2e6825cb93b3 tempest-GroupsTest-1472847861 tempest-GroupsTest-1472847861-project] MySQL server mode set to STRICT_TRANS_TABLES,STRICT_ALL_TABLES,NO_ZERO_IN_DATE,NO_ZERO_DATE,ERROR_FOR_DIVISION_BY_ZERO,TRADITIONAL,NO_ENGINE_SUBSTITUTION {{(pid=106275) _check_effective_sql_mode /usr/local/lib/python3.8/dist-packages/oslo_db/sqlalchemy/engines.py:314}}
Jul 14 10:50:52.905308 dv-cinder-796286-17-smb devstack@c-api.service[106275]: /usr/local/lib/python3.8/dist-packages/oslo_context/context.py:105: DeprecationWarning: Policy enforcement is depending on the value of is_admin. This key is deprecated. Please update your policy file to use the standard policy values.
Jul 14 10:50:52.905308 dv-cinder-796286-17-smb devstack@c-api.service[106275]: warnings.warn('Policy enforcement is depending on the value of '
Jul 14 10:50:52.923083 dv-cinder-796286-17-smb devstack@c-api.service[106275]: INFO cinder.api.openstack.wsgi [None req-24447f2a-528e-4f95-9d4a-2e6825cb93b3 tempest-GroupsTest-1472847861 tempest-GroupsTest-1472847861-project] http://10.222.0.30/volume/v3/59cd7460efb14b35ae45467479b71eca/volumes/detail returned with HTTP 200
Jul 14 10:50:52.945034 dv-cinder-796286-17-smb devstack@c-api.service[106276]: INFO cinder.api.openstack.wsgi [None req-35f95c95-4142-4d0e-8304-da0362cefae7 tempest-GroupsTest-1472847861 tempest-GroupsTest-1472847861-project] GET http://10.222.0.30/volume/v3/59cd7460efb14b35ae45467479b71eca/volumes/detail
Jul 14 10:50:52.950036 dv-cinder-796286-17-smb devstack@c-api.service[106276]: DEBUG cinder.api.openstack.wsgi [None req-35f95c95-4142-4d0e-8304-da0362cefae7 tempest-GroupsTest-1472847861 tempest-GroupsTest-1472847861-project] Empty body provided in request {{(pid=106276) get_body /opt/stack/cinder/cinder/api/openstack/wsgi.py:713}}
Jul 14 10:50:52.950584 dv-cinder-796286-17-smb devstack@c-api.service[106276]: /usr/local/lib/python3.8/dist-packages/webob/acceptparse.py:1047: DeprecationWarning: The behavior of AcceptValidHeader.best_match is currently being maintained for backward compatibility, but it will be deprecated in the future, as it does not conform to the RFC.
Jul 14 10:50:52.950584 dv-cinder-796286-17-smb devstack@c-api.service[106276]: warnings.warn(
Jul 14 10:50:52.951203 dv-cinder-796286-17-smb devstack@c-api.service[106276]: DEBUG cinder.api.openstack.wsgi [None req-35f95c95-4142-4d0e-8304-da0362cefae7 tempest-GroupsTest-1472847861 tempest-GroupsTest-1472847861-project] Calling method 'detail' {{(pid=106276) _process_stack /opt/stack/cinder/cinder/api/openstack/wsgi.py:866}}
Jul 14 10:50:52.952756 dv-cinder-796286-17-smb devstack@c-api.service[106276]: DEBUG cinder.api.api_utils [None req-35f95c95-4142-4d0e-8304-da0362cefae7 tempest-GroupsTest-1472847861 tempest-GroupsTest-1472847861-project] Removing options '' from query. {{(pid=106276) remove_invalid_filter_options /opt/stack/cinder/cinder/api/api_utils.py:73}}
Jul 14 10:50:52.954847 dv-cinder-796286-17-smb devstack@c-api.service[106276]: DEBUG cinder.volume.api [None req-35f95c95-4142-4d0e-8304-da0362cefae7 tempest-GroupsTest-1472847861 tempest-GroupsTest-1472847861-project] Searching by: MultiDict([('no_migration_targets', True)]). {{(pid=106276) get_all /opt/stack/cinder/cinder/volume/api.py:617}}
Jul 14 10:50:52.956606 dv-cinder-796286-17-smb devstack@c-api.service[106275]: [pid: 106275|app: 0|req: 47/96] 10.222.0.30 () {60 vars in 1276 bytes} [Wed Jul 14 10:50:52 2021] GET /volume/v3/59cd7460efb14b35ae45467479b71eca/volumes/detail => generated 975 bytes in 287 msecs (HTTP/1.1 200) 7 headers in 286 bytes (1 switches on core 0)
Jul 14 10:50:53.031296 dv-cinder-796286-17-smb devstack@c-api.service[106276]: INFO cinder.volume.api [None req-35f95c95-4142-4d0e-8304-da0362cefae7 tempest-GroupsTest-1472847861 tempest-GroupsTest-1472847861-project] Get all volumes completed successfully.
Jul 14 10:50:53.033039 dv-cinder-796286-17-smb devstack@c-api.service[106276]: WARNING stevedore.named [None req-35f95c95-4142-4d0e-8304-da0362cefae7 tempest-GroupsTest-1472847861 tempest-GroupsTest-1472847861-project] Could not load cinder.keymgr.conf_key_mgr.ConfKeyManager
Jul 14 10:50:53.033835 dv-cinder-796286-17-smb devstack@c-api.service[106276]: WARNING castellan.key_manager [None req-35f95c95-4142-4d0e-8304-da0362cefae7 tempest-GroupsTest-1472847861 tempest-GroupsTest-1472847861-project] Deprecation Warning : cinder.keymgr.conf_key_mgr.ConfKeyManager is not a stevedore based driver, trying to load it as a class: stevedore.exception.NoMatches: No 'castellan.drivers' driver found, looking for 'cinder.keymgr.conf_key_mgr.ConfKeyManager'
Jul 14 10:50:53.043010 dv-cinder-796286-17-smb devstack@c-api.service[106276]: DEBUG oslo_db.sqlalchemy.engines [None req-35f95c95-4142-4d0e-8304-da0362cefae7 tempest-GroupsTest-1472847861 tempest-GroupsTest-1472847861-project] MySQL server mode set to STRICT_TRANS_TABLES,STRICT_ALL_TABLES,NO_ZERO_IN_DATE,NO_ZERO_DATE,ERROR_FOR_DIVISION_BY_ZERO,TRADITIONAL,NO_ENGINE_SUBSTITUTION {{(pid=106276) _check_effective_sql_mode /usr/local/lib/python3.8/dist-packages/oslo_db/sqlalchemy/engines.py:314}}
Jul 14 10:50:53.054767 dv-cinder-796286-17-smb devstack@c-api.service[106276]: /usr/local/lib/python3.8/dist-packages/oslo_context/context.py:105: DeprecationWarning: Policy enforcement is depending on the value of is_admin. This key is deprecated. Please update your policy file to use the standard policy values.
Jul 14 10:50:53.054767 dv-cinder-796286-17-smb devstack@c-api.service[106276]: warnings.warn('Policy enforcement is depending on the value of '
Jul 14 10:50:53.079313 dv-cinder-796286-17-smb devstack@c-api.service[106276]: INFO cinder.api.openstack.wsgi [None req-35f95c95-4142-4d0e-8304-da0362cefae7 tempest-GroupsTest-1472847861 tempest-GroupsTest-1472847861-project] http://10.222.0.30/volume/v3/59cd7460efb14b35ae45467479b71eca/volumes/detail returned with HTTP 200
Jul 14 10:50:53.084586 dv-cinder-796286-17-smb devstack@c-api.service[106276]: [pid: 106276|app: 0|req: 50/97] 10.222.0.30 () {60 vars in 1276 bytes} [Wed Jul 14 10:50:52 2021] GET /volume/v3/59cd7460efb14b35ae45467479b71eca/volumes/detail => generated 975 bytes in 145 msecs (HTTP/1.1 200) 7 headers in 286 bytes (1 switches on core 0)
Jul 14 10:50:53.098405 dv-cinder-796286-17-smb devstack@c-api.service[106275]: INFO cinder.api.openstack.wsgi [None req-8605c21a-07f7-485f-9e63-a910762f960c tempest-GroupsTest-1472847861 tempest-GroupsTest-1472847861-project] POST http://10.222.0.30/volume/v3/59cd7460efb14b35ae45467479b71eca/groups/a06a98df-9654-4fb9-b05f-0965b1b0d1ff/action
Jul 14 10:50:53.098963 dv-cinder-796286-17-smb devstack@c-api.service[106275]: /usr/local/lib/python3.8/dist-packages/webob/acceptparse.py:1047: DeprecationWarning: The behavior of AcceptValidHeader.best_match is currently being maintained for backward compatibility, but it will be deprecated in the future, as it does not conform to the RFC.
Jul 14 10:50:53.098963 dv-cinder-796286-17-smb devstack@c-api.service[106275]: warnings.warn(
Jul 14 10:50:53.099449 dv-cinder-796286-17-smb devstack@c-api.service[106275]: DEBUG cinder.api.openstack.wsgi [None req-8605c21a-07f7-485f-9e63-a910762f960c tempest-GroupsTest-1472847861 tempest-GroupsTest-1472847861-project] Action body: b'{"delete": {"delete-volumes": true}}' {{(pid=106275) get_method /opt/stack/cinder/cinder/api/openstack/wsgi.py:981}}
Jul 14 10:50:53.100431 dv-cinder-796286-17-smb devstack@c-api.service[106275]: DEBUG cinder.api.openstack.wsgi [None req-8605c21a-07f7-485f-9e63-a910762f960c tempest-GroupsTest-1472847861 tempest-GroupsTest-1472847861-project] Action: 'action', calling method: version_select, body: {"delete": {"delete-volumes": true}} {{(pid=106275) _process_stack /opt/stack/cinder/cinder/api/openstack/wsgi.py:864}}
Jul 14 10:50:53.100861 dv-cinder-796286-17-smb devstack@c-api.service[106275]: DEBUG cinder.api.v3.groups [None req-8605c21a-07f7-485f-9e63-a910762f960c tempest-GroupsTest-1472847861 tempest-GroupsTest-1472847861-project] delete called for group a06a98df-9654-4fb9-b05f-0965b1b0d1ff {{(pid=106275) _delete /opt/stack/cinder/cinder/api/v3/groups.py:117}}
Jul 14 10:50:53.101258 dv-cinder-796286-17-smb devstack@c-api.service[106275]: INFO cinder.api.v3.groups [None req-8605c21a-07f7-485f-9e63-a910762f960c tempest-GroupsTest-1472847861 tempest-GroupsTest-1472847861-project] Delete group with id: a06a98df-9654-4fb9-b05f-0965b1b0d1ff
Jul 14 10:50:53.111701 dv-cinder-796286-17-smb devstack@c-api.service[106275]: /usr/local/lib/python3.8/dist-packages/oslo_context/context.py:105: DeprecationWarning: Policy enforcement is depending on the value of is_admin. This key is deprecated. Please update your policy file to use the standard policy values.
Jul 14 10:50:53.111701 dv-cinder-796286-17-smb devstack@c-api.service[106275]: warnings.warn('Policy enforcement is depending on the value of '
Jul 14 10:50:53.265827 dv-cinder-796286-17-smb devstack@c-api.service[106275]: INFO cinder.api.openstack.wsgi [None req-8605c21a-07f7-485f-9e63-a910762f960c tempest-GroupsTest-1472847861 tempest-GroupsTest-1472847861-project] http://10.222.0.30/volume/v3/59cd7460efb14b35ae45467479b71eca/groups/a06a98df-9654-4fb9-b05f-0965b1b0d1ff/action returned with HTTP 202
Jul 14 10:50:53.267986 dv-cinder-796286-17-smb devstack@c-api.service[106275]: [pid: 106275|app: 0|req: 48/98] 10.222.0.30 () {62 vars in 1405 bytes} [Wed Jul 14 10:50:53 2021] POST /volume/v3/59cd7460efb14b35ae45467479b71eca/groups/a06a98df-9654-4fb9-b05f-0965b1b0d1ff/action => generated 0 bytes in 175 msecs (HTTP/1.1 202) 6 headers in 234 bytes (1 switches on core 0)
Jul 14 10:50:53.276669 dv-cinder-796286-17-smb devstack@c-api.service[106276]: INFO cinder.api.openstack.wsgi [None req-06eee0b7-0786-4ec8-9ea8-d4c7a059ce1b tempest-GroupsTest-1472847861 tempest-GroupsTest-1472847861-project] GET http://10.222.0.30/volume/v3/59cd7460efb14b35ae45467479b71eca/volumes/748e3656-6a40-40c1-a0a2-9dfb11049633
Jul 14 10:50:53.277707 dv-cinder-796286-17-smb devstack@c-api.service[106276]: DEBUG cinder.api.openstack.wsgi [None req-06eee0b7-0786-4ec8-9ea8-d4c7a059ce1b tempest-GroupsTest-1472847861 tempest-GroupsTest-1472847861-project] Empty body provided in request {{(pid=106276) get_body /opt/stack/cinder/cinder/api/openstack/wsgi.py:713}}
Jul 14 10:50:53.278151 dv-cinder-796286-17-smb devstack@c-api.service[106276]: /usr/local/lib/python3.8/dist-packages/webob/acceptparse.py:1047: DeprecationWarning: The behavior of AcceptValidHeader.best_match is currently being maintained for backward compatibility, but it will be deprecated in the future, as it does not conform to the RFC.
Jul 14 10:50:53.278151 dv-cinder-796286-17-smb devstack@c-api.service[106276]: warnings.warn(
Jul 14 10:50:53.278839 dv-cinder-796286-17-smb devstack@c-api.service[106276]: DEBUG cinder.api.openstack.wsgi [None req-06eee0b7-0786-4ec8-9ea8-d4c7a059ce1b tempest-GroupsTest-1472847861 tempest-GroupsTest-1472847861-project] Calling method 'show' {{(pid=106276) _process_stack /opt/stack/cinder/cinder/api/openstack/wsgi.py:866}}
Jul 14 10:50:53.296172 dv-cinder-796286-17-smb devstack@c-api.service[106276]: /usr/local/lib/python3.8/dist-packages/oslo_context/context.py:105: DeprecationWarning: Policy enforcement is depending on the value of is_admin. This key is deprecated. Please update your policy file to use the standard policy values.
Jul 14 10:50:53.296172 dv-cinder-796286-17-smb devstack@c-api.service[106276]: warnings.warn('Policy enforcement is depending on the value of '
Jul 14 10:50:53.307640 dv-cinder-796286-17-smb devstack@c-api.service[106276]: INFO cinder.volume.api [None req-06eee0b7-0786-4ec8-9ea8-d4c7a059ce1b tempest-GroupsTest-1472847861 tempest-GroupsTest-1472847861-project] Volume info retrieved successfully.
Jul 14 10:50:53.322172 dv-cinder-796286-17-smb devstack@c-api.service[106276]: WARNING stevedore.named [None req-06eee0b7-0786-4ec8-9ea8-d4c7a059ce1b tempest-GroupsTest-1472847861 tempest-GroupsTest-1472847861-project] Could not load cinder.keymgr.conf_key_mgr.ConfKeyManager
Jul 14 10:50:53.323813 dv-cinder-796286-17-smb devstack@c-api.service[106276]: WARNING castellan.key_manager [None req-06eee0b7-0786-4ec8-9ea8-d4c7a059ce1b tempest-GroupsTest-1472847861 tempest-GroupsTest-1472847861-project] Deprecation Warning : cinder.keymgr.conf_key_mgr.ConfKeyManager is not a stevedore based driver, trying to load it as a class: stevedore.exception.NoMatches: No 'castellan.drivers' driver found, looking for 'cinder.keymgr.conf_key_mgr.ConfKeyManager'
Jul 14 10:50:53.337687 dv-cinder-796286-17-smb devstack@c-api.service[106276]: DEBUG oslo_db.sqlalchemy.engines [None req-06eee0b7-0786-4ec8-9ea8-d4c7a059ce1b tempest-GroupsTest-1472847861 tempest-GroupsTest-1472847861-project] MySQL server mode set to STRICT_TRANS_TABLES,STRICT_ALL_TABLES,NO_ZERO_IN_DATE,NO_ZERO_DATE,ERROR_FOR_DIVISION_BY_ZERO,TRADITIONAL,NO_ENGINE_SUBSTITUTION {{(pid=106276) _check_effective_sql_mode /usr/local/lib/python3.8/dist-packages/oslo_db/sqlalchemy/engines.py:314}}
Jul 14 10:50:53.350261 dv-cinder-796286-17-smb devstack@c-api.service[106276]: /usr/local/lib/python3.8/dist-packages/oslo_context/context.py:105: DeprecationWarning: Policy enforcement is depending on the value of is_admin. This key is deprecated. Please update your policy file to use the standard policy values.
Jul 14 10:50:53.350261 dv-cinder-796286-17-smb devstack@c-api.service[106276]: warnings.warn('Policy enforcement is depending on the value of '
Jul 14 10:50:53.379626 dv-cinder-796286-17-smb devstack@c-api.service[106276]: INFO cinder.api.openstack.wsgi [None req-06eee0b7-0786-4ec8-9ea8-d4c7a059ce1b tempest-GroupsTest-1472847861 tempest-GroupsTest-1472847861-project] http://10.222.0.30/volume/v3/59cd7460efb14b35ae45467479b71eca/volumes/748e3656-6a40-40c1-a0a2-9dfb11049633 returned with HTTP 200
Jul 14 10:50:53.381197 dv-cinder-796286-17-smb devstack@c-api.service[106276]: [pid: 106276|app: 0|req: 51/99] 10.222.0.30 () {60 vars in 1366 bytes} [Wed Jul 14 10:50:53 2021] GET /volume/v3/59cd7460efb14b35ae45467479b71eca/volumes/748e3656-6a40-40c1-a0a2-9dfb11049633 => generated 971 bytes in 109 msecs (HTTP/1.1 200) 7 headers in 286 bytes (1 switches on core 0)
Jul 14 10:50:53.616870 dv-cinder-796286-17-smb devstack@c-api.service[106275]: INFO cinder.api.openstack.wsgi [None req-34514115-5182-415b-9c7b-2981655ce5cb tempest-SnapshotsActionsTest-1845714508 tempest-SnapshotsActionsTest-1845714508-project] GET http://10.222.0.30/volume/v3/78e994bd3f114ddfab87abbf276e7998/snapshots/e61d9335-84ee-484b-9ae6-7bb9c2eb4dcb
Jul 14 10:50:53.617228 dv-cinder-796286-17-smb devstack@c-api.service[106275]: DEBUG cinder.api.openstack.wsgi [None req-34514115-5182-415b-9c7b-2981655ce5cb tempest-SnapshotsActionsTest-1845714508 tempest-SnapshotsActionsTest-1845714508-project] Empty body provided in request {{(pid=106275) get_body /opt/stack/cinder/cinder/api/openstack/wsgi.py:713}}
Jul 14 10:50:53.618323 dv-cinder-796286-17-smb devstack@c-api.service[106275]: /usr/local/lib/python3.8/dist-packages/webob/acceptparse.py:1047: DeprecationWarning: The behavior of AcceptValidHeader.best_match is currently being maintained for backward compatibility, but it will be deprecated in the future, as it does not conform to the RFC.
Jul 14 10:50:53.618323 dv-cinder-796286-17-smb devstack@c-api.service[106275]: warnings.warn(
Jul 14 10:50:53.618671 dv-cinder-796286-17-smb devstack@c-api.service[106275]: DEBUG cinder.api.openstack.wsgi [None req-34514115-5182-415b-9c7b-2981655ce5cb tempest-SnapshotsActionsTest-1845714508 tempest-SnapshotsActionsTest-1845714508-project] Calling method 'show' {{(pid=106275) _process_stack /opt/stack/cinder/cinder/api/openstack/wsgi.py:866}}
Jul 14 10:50:53.665529 dv-cinder-796286-17-smb devstack@c-api.service[106275]: /usr/local/lib/python3.8/dist-packages/oslo_context/context.py:105: DeprecationWarning: Policy enforcement is depending on the value of is_admin. This key is deprecated. Please update your policy file to use the standard policy values.
Jul 14 10:50:53.665529 dv-cinder-796286-17-smb devstack@c-api.service[106275]: warnings.warn('Policy enforcement is depending on the value of '
Jul 14 10:50:53.666608 dv-cinder-796286-17-smb devstack@c-api.service[106275]: INFO cinder.volume.api [None req-34514115-5182-415b-9c7b-2981655ce5cb tempest-SnapshotsActionsTest-1845714508 tempest-SnapshotsActionsTest-1845714508-project] Snapshot retrieved successfully.
Jul 14 10:50:53.668634 dv-cinder-796286-17-smb devstack@c-api.service[106275]: INFO cinder.api.openstack.wsgi [None req-34514115-5182-415b-9c7b-2981655ce5cb tempest-SnapshotsActionsTest-1845714508 tempest-SnapshotsActionsTest-1845714508-project] http://10.222.0.30/volume/v3/78e994bd3f114ddfab87abbf276e7998/snapshots/e61d9335-84ee-484b-9ae6-7bb9c2eb4dcb returned with HTTP 200
Jul 14 10:50:53.675592 dv-cinder-796286-17-smb devstack@c-api.service[106275]: [pid: 106275|app: 0|req: 49/100] 10.222.0.30 () {58 vars in 1331 bytes} [Wed Jul 14 10:50:53 2021] GET /volume/v3/78e994bd3f114ddfab87abbf276e7998/snapshots/e61d9335-84ee-484b-9ae6-7bb9c2eb4dcb => generated 532 bytes in 71 msecs (HTTP/1.1 200) 7 headers in 285 bytes (2 switches on core 0)
Jul 14 10:50:53.738913 dv-cinder-796286-17-smb devstack@c-api.service[106275]: INFO cinder.api.openstack.wsgi [None req-e4cf054b-6ccd-4e9d-ae8f-01d928bf5ba4 tempest-VolumesImageMetadata-1552868598 tempest-VolumesImageMetadata-1552868598-project] GET http://10.222.0.30/volume/v3/8d72297842334378830ec0ac3ae62dfa/volumes/39d10f77-ebf7-499c-9f4a-c9f5e446fa28
Jul 14 10:50:53.740750 dv-cinder-796286-17-smb devstack@c-api.service[106275]: DEBUG cinder.api.openstack.wsgi [None req-e4cf054b-6ccd-4e9d-ae8f-01d928bf5ba4 tempest-VolumesImageMetadata-1552868598 tempest-VolumesImageMetadata-1552868598-project] Empty body provided in request {{(pid=106275) get_body /opt/stack/cinder/cinder/api/openstack/wsgi.py:713}}
Jul 14 10:50:53.740941 dv-cinder-796286-17-smb devstack@c-api.service[106275]: /usr/local/lib/python3.8/dist-packages/webob/acceptparse.py:1047: DeprecationWarning: The behavior of AcceptValidHeader.best_match is currently being maintained for backward compatibility, but it will be deprecated in the future, as it does not conform to the RFC.
Jul 14 10:50:53.740941 dv-cinder-796286-17-smb devstack@c-api.service[106275]: warnings.warn(
Jul 14 10:50:53.741288 dv-cinder-796286-17-smb devstack@c-api.service[106275]: DEBUG cinder.api.openstack.wsgi [None req-e4cf054b-6ccd-4e9d-ae8f-01d928bf5ba4 tempest-VolumesImageMetadata-1552868598 tempest-VolumesImageMetadata-1552868598-project] Calling method 'show' {{(pid=106275) _process_stack /opt/stack/cinder/cinder/api/openstack/wsgi.py:866}}
Jul 14 10:50:53.769684 dv-cinder-796286-17-smb devstack@c-api.service[106275]: /usr/local/lib/python3.8/dist-packages/oslo_context/context.py:105: DeprecationWarning: Policy enforcement is depending on the value of is_admin. This key is deprecated. Please update your policy file to use the standard policy values.
Jul 14 10:50:53.769684 dv-cinder-796286-17-smb devstack@c-api.service[106275]: warnings.warn('Policy enforcement is depending on the value of '
Jul 14 10:50:53.791043 dv-cinder-796286-17-smb devstack@c-api.service[106275]: INFO cinder.volume.api [None req-e4cf054b-6ccd-4e9d-ae8f-01d928bf5ba4 tempest-VolumesImageMetadata-1552868598 tempest-VolumesImageMetadata-1552868598-project] Volume info retrieved successfully.
Jul 14 10:50:53.827171 dv-cinder-796286-17-smb devstack@c-api.service[106275]: INFO cinder.api.openstack.wsgi [None req-e4cf054b-6ccd-4e9d-ae8f-01d928bf5ba4 tempest-VolumesImageMetadata-1552868598 tempest-VolumesImageMetadata-1552868598-project] http://10.222.0.30/volume/v3/8d72297842334378830ec0ac3ae62dfa/volumes/39d10f77-ebf7-499c-9f4a-c9f5e446fa28 returned with HTTP 200
Jul 14 10:50:53.828439 dv-cinder-796286-17-smb devstack@c-api.service[106275]: [pid: 106275|app: 0|req: 50/101] 10.222.0.30 () {58 vars in 1325 bytes} [Wed Jul 14 10:50:53 2021] GET /volume/v3/8d72297842334378830ec0ac3ae62dfa/volumes/39d10f77-ebf7-499c-9f4a-c9f5e446fa28 => generated 912 bytes in 98 msecs (HTTP/1.1 200) 7 headers in 285 bytes (1 switches on core 0)
Jul 14 10:50:53.945109 dv-cinder-796286-17-smb devstack@c-api.service[106276]: INFO cinder.api.openstack.wsgi [None req-c248f7ee-2ee6-4ad4-bf52-76c1b41f0e20 tempest-SnapshotsActionsTest-1649918766 tempest-SnapshotsActionsTest-1649918766-project-admin] POST http://10.222.0.30/volume/v3/91f989be76ca4e20a1d697ab5e2812f1/snapshots/e61d9335-84ee-484b-9ae6-7bb9c2eb4dcb/action
Jul 14 10:50:53.946864 dv-cinder-796286-17-smb devstack@c-api.service[106276]: /usr/local/lib/python3.8/dist-packages/webob/acceptparse.py:1047: DeprecationWarning: The behavior of AcceptValidHeader.best_match is currently being maintained for backward compatibility, but it will be deprecated in the future, as it does not conform to the RFC.
Jul 14 10:50:53.946864 dv-cinder-796286-17-smb devstack@c-api.service[106276]: warnings.warn(
Jul 14 10:50:53.947546 dv-cinder-796286-17-smb devstack@c-api.service[106276]: DEBUG cinder.api.openstack.wsgi [None req-c248f7ee-2ee6-4ad4-bf52-76c1b41f0e20 tempest-SnapshotsActionsTest-1649918766 tempest-SnapshotsActionsTest-1649918766-project-admin] Action body: b'{"os-reset_status": {"status": "creating"}}' {{(pid=106276) get_method /opt/stack/cinder/cinder/api/openstack/wsgi.py:981}}
Jul 14 10:50:53.947938 dv-cinder-796286-17-smb devstack@c-api.service[106276]: DEBUG cinder.api.openstack.wsgi [None req-c248f7ee-2ee6-4ad4-bf52-76c1b41f0e20 tempest-SnapshotsActionsTest-1649918766 tempest-SnapshotsActionsTest-1649918766-project-admin] Action: 'action', calling method: _reset_status, body: {"os-reset_status": {"status": "creating"}} {{(pid=106276) _process_stack /opt/stack/cinder/cinder/api/openstack/wsgi.py:864}}
Jul 14 10:50:53.948811 dv-cinder-796286-17-smb devstack@c-api.service[106276]: DEBUG cinder.api.contrib.admin_actions [None req-c248f7ee-2ee6-4ad4-bf52-76c1b41f0e20 tempest-SnapshotsActionsTest-1649918766 tempest-SnapshotsActionsTest-1649918766-project-admin] Updating snapshot 'e61d9335-84ee-484b-9ae6-7bb9c2eb4dcb' with '{'status': 'creating'}' {{(pid=106276) _reset_status /opt/stack/cinder/cinder/api/contrib/admin_actions.py:100}}
Jul 14 10:50:53.992896 dv-cinder-796286-17-smb devstack@c-api.service[106276]: /usr/local/lib/python3.8/dist-packages/oslo_context/context.py:105: DeprecationWarning: Policy enforcement is depending on the value of is_admin. This key is deprecated. Please update your policy file to use the standard policy values.
Jul 14 10:50:53.992896 dv-cinder-796286-17-smb devstack@c-api.service[106276]: warnings.warn('Policy enforcement is depending on the value of '
Jul 14 10:50:54.025889 dv-cinder-796286-17-smb devstack@c-api.service[106276]: INFO cinder.api.openstack.wsgi [None req-c248f7ee-2ee6-4ad4-bf52-76c1b41f0e20 tempest-SnapshotsActionsTest-1649918766 tempest-SnapshotsActionsTest-1649918766-project-admin] http://10.222.0.30/volume/v3/91f989be76ca4e20a1d697ab5e2812f1/snapshots/e61d9335-84ee-484b-9ae6-7bb9c2eb4dcb/action returned with HTTP 202
Jul 14 10:50:54.028611 dv-cinder-796286-17-smb devstack@c-api.service[106276]: [pid: 106276|app: 0|req: 52/102] 10.222.0.30 () {60 vars in 1373 bytes} [Wed Jul 14 10:50:53 2021] POST /volume/v3/91f989be76ca4e20a1d697ab5e2812f1/snapshots/e61d9335-84ee-484b-9ae6-7bb9c2eb4dcb/action => generated 0 bytes in 350 msecs (HTTP/1.1 202) 7 headers in 289 bytes (1 switches on core 0)
Jul 14 10:50:54.034732 dv-cinder-796286-17-smb devstack@c-api.service[106275]: INFO cinder.api.openstack.wsgi [None req-c180972f-38b6-4bf7-993d-6a5425e97bc3 tempest-SnapshotsActionsTest-1845714508 tempest-SnapshotsActionsTest-1845714508-project] GET http://10.222.0.30/volume/v3/78e994bd3f114ddfab87abbf276e7998/snapshots/e61d9335-84ee-484b-9ae6-7bb9c2eb4dcb
Jul 14 10:50:54.036027 dv-cinder-796286-17-smb devstack@c-api.service[106275]: DEBUG cinder.api.openstack.wsgi [None req-c180972f-38b6-4bf7-993d-6a5425e97bc3 tempest-SnapshotsActionsTest-1845714508 tempest-SnapshotsActionsTest-1845714508-project] Empty body provided in request {{(pid=106275) get_body /opt/stack/cinder/cinder/api/openstack/wsgi.py:713}}
Jul 14 10:50:54.036349 dv-cinder-796286-17-smb devstack@c-api.service[106275]: /usr/local/lib/python3.8/dist-packages/webob/acceptparse.py:1047: DeprecationWarning: The behavior of AcceptValidHeader.best_match is currently being maintained for backward compatibility, but it will be deprecated in the future, as it does not conform to the RFC.
Jul 14 10:50:54.036349 dv-cinder-796286-17-smb devstack@c-api.service[106275]: warnings.warn(
Jul 14 10:50:54.036921 dv-cinder-796286-17-smb devstack@c-api.service[106275]: DEBUG cinder.api.openstack.wsgi [None req-c180972f-38b6-4bf7-993d-6a5425e97bc3 tempest-SnapshotsActionsTest-1845714508 tempest-SnapshotsActionsTest-1845714508-project] Calling method 'show' {{(pid=106275) _process_stack /opt/stack/cinder/cinder/api/openstack/wsgi.py:866}}
Jul 14 10:50:54.054864 dv-cinder-796286-17-smb devstack@c-api.service[106275]: /usr/local/lib/python3.8/dist-packages/oslo_context/context.py:105: DeprecationWarning: Policy enforcement is depending on the value of is_admin. This key is deprecated. Please update your policy file to use the standard policy values.
Jul 14 10:50:54.054864 dv-cinder-796286-17-smb devstack@c-api.service[106275]: warnings.warn('Policy enforcement is depending on the value of '
Jul 14 10:50:54.057126 dv-cinder-796286-17-smb devstack@c-api.service[106275]: INFO cinder.volume.api [None req-c180972f-38b6-4bf7-993d-6a5425e97bc3 tempest-SnapshotsActionsTest-1845714508 tempest-SnapshotsActionsTest-1845714508-project] Snapshot retrieved successfully.
Jul 14 10:50:54.059587 dv-cinder-796286-17-smb devstack@c-api.service[106275]: INFO cinder.api.openstack.wsgi [None req-c180972f-38b6-4bf7-993d-6a5425e97bc3 tempest-SnapshotsActionsTest-1845714508 tempest-SnapshotsActionsTest-1845714508-project] http://10.222.0.30/volume/v3/78e994bd3f114ddfab87abbf276e7998/snapshots/e61d9335-84ee-484b-9ae6-7bb9c2eb4dcb returned with HTTP 200
Jul 14 10:50:54.071706 dv-cinder-796286-17-smb devstack@c-api.service[106276]: INFO cinder.api.openstack.wsgi [None req-83590330-3dfb-4e8f-917c-0026940264cb tempest-SnapshotsActionsTest-1649918766 tempest-SnapshotsActionsTest-1649918766-project-admin] POST http://10.222.0.30/volume/v3/91f989be76ca4e20a1d697ab5e2812f1/snapshots/e61d9335-84ee-484b-9ae6-7bb9c2eb4dcb/action
Jul 14 10:50:54.072525 dv-cinder-796286-17-smb devstack@c-api.service[106276]: /usr/local/lib/python3.8/dist-packages/webob/acceptparse.py:1047: DeprecationWarning: The behavior of AcceptValidHeader.best_match is currently being maintained for backward compatibility, but it will be deprecated in the future, as it does not conform to the RFC.
Jul 14 10:50:54.072525 dv-cinder-796286-17-smb devstack@c-api.service[106276]: warnings.warn(
Jul 14 10:50:54.073117 dv-cinder-796286-17-smb devstack@c-api.service[106276]: DEBUG cinder.api.openstack.wsgi [None req-83590330-3dfb-4e8f-917c-0026940264cb tempest-SnapshotsActionsTest-1649918766 tempest-SnapshotsActionsTest-1649918766-project-admin] Action body: b'{"os-reset_status": {"status": "available"}}' {{(pid=106276) get_method /opt/stack/cinder/cinder/api/openstack/wsgi.py:981}}
Jul 14 10:50:54.073646 dv-cinder-796286-17-smb devstack@c-api.service[106276]: DEBUG cinder.api.openstack.wsgi [None req-83590330-3dfb-4e8f-917c-0026940264cb tempest-SnapshotsActionsTest-1649918766 tempest-SnapshotsActionsTest-1649918766-project-admin] Action: 'action', calling method: _reset_status, body: {"os-reset_status": {"status": "available"}} {{(pid=106276) _process_stack /opt/stack/cinder/cinder/api/openstack/wsgi.py:864}}
Jul 14 10:50:54.074937 dv-cinder-796286-17-smb devstack@c-api.service[106276]: DEBUG cinder.api.contrib.admin_actions [None req-83590330-3dfb-4e8f-917c-0026940264cb tempest-SnapshotsActionsTest-1649918766 tempest-SnapshotsActionsTest-1649918766-project-admin] Updating snapshot 'e61d9335-84ee-484b-9ae6-7bb9c2eb4dcb' with '{'status': 'available'}' {{(pid=106276) _reset_status /opt/stack/cinder/cinder/api/contrib/admin_actions.py:100}}
Jul 14 10:50:54.077785 dv-cinder-796286-17-smb devstack@c-api.service[106275]: [pid: 106275|app: 0|req: 51/103] 10.222.0.30 () {58 vars in 1331 bytes} [Wed Jul 14 10:50:54 2021] GET /volume/v3/78e994bd3f114ddfab87abbf276e7998/snapshots/e61d9335-84ee-484b-9ae6-7bb9c2eb4dcb => generated 531 bytes in 46 msecs (HTTP/1.1 200) 7 headers in 285 bytes (1 switches on core 0)
Jul 14 10:50:54.096588 dv-cinder-796286-17-smb devstack@c-api.service[106276]: /usr/local/lib/python3.8/dist-packages/oslo_context/context.py:105: DeprecationWarning: Policy enforcement is depending on the value of is_admin. This key is deprecated. Please update your policy file to use the standard policy values.
Jul 14 10:50:54.096588 dv-cinder-796286-17-smb devstack@c-api.service[106276]: warnings.warn('Policy enforcement is depending on the value of '
Jul 14 10:50:54.141459 dv-cinder-796286-17-smb devstack@c-api.service[106276]: INFO cinder.api.openstack.wsgi [None req-83590330-3dfb-4e8f-917c-0026940264cb tempest-SnapshotsActionsTest-1649918766 tempest-SnapshotsActionsTest-1649918766-project-admin] http://10.222.0.30/volume/v3/91f989be76ca4e20a1d697ab5e2812f1/snapshots/e61d9335-84ee-484b-9ae6-7bb9c2eb4dcb/action returned with HTTP 202
Jul 14 10:50:54.151396 dv-cinder-796286-17-smb devstack@c-api.service[106275]: INFO cinder.api.openstack.wsgi [None req-1a58c1c8-0642-43d1-a498-bae60ec56812 tempest-SnapshotsActionsTest-1845714508 tempest-SnapshotsActionsTest-1845714508-project] GET http://10.222.0.30/volume/v3/78e994bd3f114ddfab87abbf276e7998/snapshots/e61d9335-84ee-484b-9ae6-7bb9c2eb4dcb
Jul 14 10:50:54.151870 dv-cinder-796286-17-smb devstack@c-api.service[106275]: DEBUG cinder.api.openstack.wsgi [None req-1a58c1c8-0642-43d1-a498-bae60ec56812 tempest-SnapshotsActionsTest-1845714508 tempest-SnapshotsActionsTest-1845714508-project] Empty body provided in request {{(pid=106275) get_body /opt/stack/cinder/cinder/api/openstack/wsgi.py:713}}
Jul 14 10:50:54.152050 dv-cinder-796286-17-smb devstack@c-api.service[106275]: /usr/local/lib/python3.8/dist-packages/webob/acceptparse.py:1047: DeprecationWarning: The behavior of AcceptValidHeader.best_match is currently being maintained for backward compatibility, but it will be deprecated in the future, as it does not conform to the RFC.
Jul 14 10:50:54.152050 dv-cinder-796286-17-smb devstack@c-api.service[106275]: warnings.warn(
Jul 14 10:50:54.152375 dv-cinder-796286-17-smb devstack@c-api.service[106275]: DEBUG cinder.api.openstack.wsgi [None req-1a58c1c8-0642-43d1-a498-bae60ec56812 tempest-SnapshotsActionsTest-1845714508 tempest-SnapshotsActionsTest-1845714508-project] Calling method 'show' {{(pid=106275) _process_stack /opt/stack/cinder/cinder/api/openstack/wsgi.py:866}}
Jul 14 10:50:54.154166 dv-cinder-796286-17-smb devstack@c-api.service[106276]: [pid: 106276|app: 0|req: 53/104] 10.222.0.30 () {60 vars in 1373 bytes} [Wed Jul 14 10:50:54 2021] POST /volume/v3/91f989be76ca4e20a1d697ab5e2812f1/snapshots/e61d9335-84ee-484b-9ae6-7bb9c2eb4dcb/action => generated 0 bytes in 78 msecs (HTTP/1.1 202) 7 headers in 289 bytes (1 switches on core 0)
Jul 14 10:50:54.171432 dv-cinder-796286-17-smb devstack@c-api.service[106275]: /usr/local/lib/python3.8/dist-packages/oslo_context/context.py:105: DeprecationWarning: Policy enforcement is depending on the value of is_admin. This key is deprecated. Please update your policy file to use the standard policy values.
Jul 14 10:50:54.171432 dv-cinder-796286-17-smb devstack@c-api.service[106275]: warnings.warn('Policy enforcement is depending on the value of '
Jul 14 10:50:54.173345 dv-cinder-796286-17-smb devstack@c-api.service[106275]: INFO cinder.volume.api [None req-1a58c1c8-0642-43d1-a498-bae60ec56812 tempest-SnapshotsActionsTest-1845714508 tempest-SnapshotsActionsTest-1845714508-project] Snapshot retrieved successfully.
Jul 14 10:50:54.181071 dv-cinder-796286-17-smb devstack@c-api.service[106275]: INFO cinder.api.openstack.wsgi [None req-1a58c1c8-0642-43d1-a498-bae60ec56812 tempest-SnapshotsActionsTest-1845714508 tempest-SnapshotsActionsTest-1845714508-project] http://10.222.0.30/volume/v3/78e994bd3f114ddfab87abbf276e7998/snapshots/e61d9335-84ee-484b-9ae6-7bb9c2eb4dcb returned with HTTP 200
Jul 14 10:50:54.197262 dv-cinder-796286-17-smb devstack@c-api.service[106276]: INFO cinder.api.openstack.wsgi [None req-36e6863e-6fdd-4088-a7e0-de6b254daf34 tempest-SnapshotsActionsTest-1845714508 tempest-SnapshotsActionsTest-1845714508-project] POST http://10.222.0.30/volume/v3/78e994bd3f114ddfab87abbf276e7998/snapshots
Jul 14 10:50:54.198258 dv-cinder-796286-17-smb devstack@c-api.service[106276]: /usr/local/lib/python3.8/dist-packages/webob/acceptparse.py:1047: DeprecationWarning: The behavior of AcceptValidHeader.best_match is currently being maintained for backward compatibility, but it will be deprecated in the future, as it does not conform to the RFC.
Jul 14 10:50:54.198258 dv-cinder-796286-17-smb devstack@c-api.service[106276]: warnings.warn(
Jul 14 10:50:54.199001 dv-cinder-796286-17-smb devstack@c-api.service[106276]: DEBUG cinder.api.openstack.wsgi [None req-36e6863e-6fdd-4088-a7e0-de6b254daf34 tempest-SnapshotsActionsTest-1845714508 tempest-SnapshotsActionsTest-1845714508-project] Action: 'create', calling method: create, body: {"snapshot": {"volume_id": "e3eb846d-f344-407e-813c-a0eaea05e7f7", "name": "tempest-SnapshotsActionsTest-Snapshot-415892800"}} {{(pid=106276) _process_stack /opt/stack/cinder/cinder/api/openstack/wsgi.py:864}}
Jul 14 10:50:54.204790 dv-cinder-796286-17-smb devstack@c-api.service[106275]: [pid: 106275|app: 0|req: 52/105] 10.222.0.30 () {58 vars in 1331 bytes} [Wed Jul 14 10:50:54 2021] GET /volume/v3/78e994bd3f114ddfab87abbf276e7998/snapshots/e61d9335-84ee-484b-9ae6-7bb9c2eb4dcb => generated 532 bytes in 46 msecs (HTTP/1.1 200) 7 headers in 285 bytes (1 switches on core 0)
Jul 14 10:50:54.228303 dv-cinder-796286-17-smb devstack@c-api.service[106276]: /usr/local/lib/python3.8/dist-packages/oslo_context/context.py:105: DeprecationWarning: Policy enforcement is depending on the value of is_admin. This key is deprecated. Please update your policy file to use the standard policy values.
Jul 14 10:50:54.228303 dv-cinder-796286-17-smb devstack@c-api.service[106276]: warnings.warn('Policy enforcement is depending on the value of '
Jul 14 10:50:54.231159 dv-cinder-796286-17-smb devstack@c-api.service[106276]: INFO cinder.volume.api [None req-36e6863e-6fdd-4088-a7e0-de6b254daf34 tempest-SnapshotsActionsTest-1845714508 tempest-SnapshotsActionsTest-1845714508-project] Volume info retrieved successfully.
Jul 14 10:50:54.233398 dv-cinder-796286-17-smb devstack@c-api.service[106276]: INFO cinder.api.v2.snapshots [None req-36e6863e-6fdd-4088-a7e0-de6b254daf34 tempest-SnapshotsActionsTest-1845714508 tempest-SnapshotsActionsTest-1845714508-project] Create snapshot from volume e3eb846d-f344-407e-813c-a0eaea05e7f7
Jul 14 10:50:54.315474 dv-cinder-796286-17-smb devstack@c-api.service[106276]: DEBUG cinder.quota [None req-36e6863e-6fdd-4088-a7e0-de6b254daf34 tempest-SnapshotsActionsTest-1845714508 tempest-SnapshotsActionsTest-1845714508-project] Created reservations ['1e2c2295-c446-4838-96d4-b352a0fa5e29', '2345510b-62fe-4113-93e4-9302b9a6dcf3', '10638e89-d61c-4cff-8a44-49ccb5eb56f3', '581b1e87-b7e6-4e9c-b346-a77d253b06a6'] {{(pid=106276) reserve /opt/stack/cinder/cinder/quota.py:755}}
Jul 14 10:50:54.403915 dv-cinder-796286-17-smb devstack@c-api.service[106275]: INFO cinder.api.openstack.wsgi [None req-b9a8ce19-5d0d-4619-972d-ae2c54342b37 tempest-GroupsTest-1472847861 tempest-GroupsTest-1472847861-project] GET http://10.222.0.30/volume/v3/59cd7460efb14b35ae45467479b71eca/volumes/748e3656-6a40-40c1-a0a2-9dfb11049633
Jul 14 10:50:54.404720 dv-cinder-796286-17-smb devstack@c-api.service[106275]: DEBUG cinder.api.openstack.wsgi [None req-b9a8ce19-5d0d-4619-972d-ae2c54342b37 tempest-GroupsTest-1472847861 tempest-GroupsTest-1472847861-project] Empty body provided in request {{(pid=106275) get_body /opt/stack/cinder/cinder/api/openstack/wsgi.py:713}}
Jul 14 10:50:54.405042 dv-cinder-796286-17-smb devstack@c-api.service[106275]: /usr/local/lib/python3.8/dist-packages/webob/acceptparse.py:1047: DeprecationWarning: The behavior of AcceptValidHeader.best_match is currently being maintained for backward compatibility, but it will be deprecated in the future, as it does not conform to the RFC.
Jul 14 10:50:54.405042 dv-cinder-796286-17-smb devstack@c-api.service[106275]: warnings.warn(
Jul 14 10:50:54.405589 dv-cinder-796286-17-smb devstack@c-api.service[106275]: DEBUG cinder.api.openstack.wsgi [None req-b9a8ce19-5d0d-4619-972d-ae2c54342b37 tempest-GroupsTest-1472847861 tempest-GroupsTest-1472847861-project] Calling method 'show' {{(pid=106275) _process_stack /opt/stack/cinder/cinder/api/openstack/wsgi.py:866}}
Jul 14 10:50:54.428763 dv-cinder-796286-17-smb devstack@c-api.service[106275]: INFO cinder.api.openstack.wsgi [None req-b9a8ce19-5d0d-4619-972d-ae2c54342b37 tempest-GroupsTest-1472847861 tempest-GroupsTest-1472847861-project] http://10.222.0.30/volume/v3/59cd7460efb14b35ae45467479b71eca/volumes/748e3656-6a40-40c1-a0a2-9dfb11049633 returned with HTTP 404
Jul 14 10:50:54.434802 dv-cinder-796286-17-smb devstack@c-api.service[106276]: INFO cinder.volume.api [None req-36e6863e-6fdd-4088-a7e0-de6b254daf34 tempest-SnapshotsActionsTest-1845714508 tempest-SnapshotsActionsTest-1845714508-project] Snapshot create request issued successfully.
Jul 14 10:50:54.435337 dv-cinder-796286-17-smb devstack@c-api.service[106275]: [pid: 106275|app: 0|req: 53/106] 10.222.0.30 () {60 vars in 1366 bytes} [Wed Jul 14 10:50:54 2021] GET /volume/v3/59cd7460efb14b35ae45467479b71eca/volumes/748e3656-6a40-40c1-a0a2-9dfb11049633 => generated 109 bytes in 36 msecs (HTTP/1.1 404) 7 headers in 293 bytes (1 switches on core 0)
Jul 14 10:50:54.436246 dv-cinder-796286-17-smb devstack@c-api.service[106276]: INFO cinder.api.openstack.wsgi [None req-36e6863e-6fdd-4088-a7e0-de6b254daf34 tempest-SnapshotsActionsTest-1845714508 tempest-SnapshotsActionsTest-1845714508-project] http://10.222.0.30/volume/v3/78e994bd3f114ddfab87abbf276e7998/snapshots returned with HTTP 202
Jul 14 10:50:54.442294 dv-cinder-796286-17-smb devstack@c-api.service[106276]: [pid: 106276|app: 0|req: 54/107] 10.222.0.30 () {60 vars in 1242 bytes} [Wed Jul 14 10:50:54 2021] POST /volume/v3/78e994bd3f114ddfab87abbf276e7998/snapshots => generated 306 bytes in 245 msecs (HTTP/1.1 202) 7 headers in 291 bytes (2 switches on core 0)
Jul 14 10:50:54.448303 dv-cinder-796286-17-smb devstack@c-api.service[106275]: INFO cinder.api.openstack.wsgi [None req-6c0b99b3-ad4c-49ae-b6a7-40004a89ada5 tempest-GroupsTest-1472847861 tempest-GroupsTest-1472847861-project] GET http://10.222.0.30/volume/v3/59cd7460efb14b35ae45467479b71eca/groups/a06a98df-9654-4fb9-b05f-0965b1b0d1ff
Jul 14 10:50:54.455214 dv-cinder-796286-17-smb devstack@c-api.service[106276]: INFO cinder.api.openstack.wsgi [None req-b9ec9a37-bf75-4252-8c8f-4a398c34b1ec tempest-SnapshotsActionsTest-1845714508 tempest-SnapshotsActionsTest-1845714508-project] GET http://10.222.0.30/volume/v3/78e994bd3f114ddfab87abbf276e7998/snapshots/a68411fe-04fc-48ce-b9f3-bb9cd4e97066
Jul 14 10:50:54.455683 dv-cinder-796286-17-smb devstack@c-api.service[106276]: DEBUG cinder.api.openstack.wsgi [None req-b9ec9a37-bf75-4252-8c8f-4a398c34b1ec tempest-SnapshotsActionsTest-1845714508 tempest-SnapshotsActionsTest-1845714508-project] Empty body provided in request {{(pid=106276) get_body /opt/stack/cinder/cinder/api/openstack/wsgi.py:713}}
Jul 14 10:50:54.455865 dv-cinder-796286-17-smb devstack@c-api.service[106276]: /usr/local/lib/python3.8/dist-packages/webob/acceptparse.py:1047: DeprecationWarning: The behavior of AcceptValidHeader.best_match is currently being maintained for backward compatibility, but it will be deprecated in the future, as it does not conform to the RFC.
Jul 14 10:50:54.455865 dv-cinder-796286-17-smb devstack@c-api.service[106276]: warnings.warn(
Jul 14 10:50:54.456184 dv-cinder-796286-17-smb devstack@c-api.service[106276]: DEBUG cinder.api.openstack.wsgi [None req-b9ec9a37-bf75-4252-8c8f-4a398c34b1ec tempest-SnapshotsActionsTest-1845714508 tempest-SnapshotsActionsTest-1845714508-project] Calling method 'show' {{(pid=106276) _process_stack /opt/stack/cinder/cinder/api/openstack/wsgi.py:866}}
Jul 14 10:50:54.457174 dv-cinder-796286-17-smb devstack@c-api.service[106275]: DEBUG cinder.api.openstack.wsgi [None req-6c0b99b3-ad4c-49ae-b6a7-40004a89ada5 tempest-GroupsTest-1472847861 tempest-GroupsTest-1472847861-project] Empty body provided in request {{(pid=106275) get_body /opt/stack/cinder/cinder/api/openstack/wsgi.py:713}}
Jul 14 10:50:54.457592 dv-cinder-796286-17-smb devstack@c-api.service[106275]: DEBUG cinder.api.openstack.wsgi [None req-6c0b99b3-ad4c-49ae-b6a7-40004a89ada5 tempest-GroupsTest-1472847861 tempest-GroupsTest-1472847861-project] Calling method 'version_select' {{(pid=106275) _process_stack /opt/stack/cinder/cinder/api/openstack/wsgi.py:866}}
Jul 14 10:50:54.457941 dv-cinder-796286-17-smb devstack@c-api.service[106275]: DEBUG cinder.api.v3.groups [None req-6c0b99b3-ad4c-49ae-b6a7-40004a89ada5 tempest-GroupsTest-1472847861 tempest-GroupsTest-1472847861-project] show called for member a06a98df-9654-4fb9-b05f-0965b1b0d1ff {{(pid=106275) show /opt/stack/cinder/cinder/api/v3/groups.py:58}}
Jul 14 10:50:54.468985 dv-cinder-796286-17-smb devstack@c-api.service[106275]: INFO cinder.api.openstack.wsgi [None req-6c0b99b3-ad4c-49ae-b6a7-40004a89ada5 tempest-GroupsTest-1472847861 tempest-GroupsTest-1472847861-project] http://10.222.0.30/volume/v3/59cd7460efb14b35ae45467479b71eca/groups/a06a98df-9654-4fb9-b05f-0965b1b0d1ff returned with HTTP 404
Jul 14 10:50:54.470166 dv-cinder-796286-17-smb devstack@c-api.service[106275]: [pid: 106275|app: 0|req: 54/108] 10.222.0.30 () {60 vars in 1363 bytes} [Wed Jul 14 10:50:54 2021] GET /volume/v3/59cd7460efb14b35ae45467479b71eca/groups/a06a98df-9654-4fb9-b05f-0965b1b0d1ff => generated 108 bytes in 27 msecs (HTTP/1.1 404) 7 headers in 293 bytes (1 switches on core 0)
