Jul 14 10:50:26.318201 dv-cinder-796286-17-iscsi neutron-server[104700]: INFO neutron.wsgi [req-0b5dfb4b-98f0-4ee3-8536-6fa7ff04fbd3 req-e5acb626-e6d0-40c9-80e0-f07aec4e07a7 service neutron] 10.222.0.89 "GET /v2.0/ports?network_id=cb4296f5-6c5f-49a1-90a1-d249780d9373&device_owner=network%3Adhcp HTTP/1.1" status: 200 len: 210 time: 0.0834970
Jul 14 10:50:26.383178 dv-cinder-796286-17-iscsi neutron-server[104701]: DEBUG neutron_lib.callbacks.manager [None req-e2ba36c1-c89f-475f-be66-6eee0549c3cb None None] Notify callbacks ['neutron.services.segments.db._update_segment_host_mapping_for_agent-8792515554798', 'neutron.plugins.ml2.plugin.Ml2Plugin._retry_binding_revived_agents-881275'] for agent, after_update {{(pid=104701) _notify_loop /usr/local/lib/python3.8/dist-packages/neutron_lib/callbacks/manager.py:192}}
Jul 14 10:50:26.479091 dv-cinder-796286-17-iscsi neutron-server[104700]: DEBUG neutron_lib.callbacks.manager [None req-ce661509-02e4-4410-a542-2bcd2d0d1b07 admin admin] Notify callbacks [] for security_group, before_delete {{(pid=104700) _notify_loop /usr/local/lib/python3.8/dist-packages/neutron_lib/callbacks/manager.py:192}}
Jul 14 10:50:26.484883 dv-cinder-796286-17-iscsi neutron-server[104699]: DEBUG neutron_lib.callbacks.manager [None req-17aa06f0-68e0-4660-af19-9f263a3adcc1 admin admin] Notify callbacks [] for security_group, before_create {{(pid=104699) _notify_loop /usr/local/lib/python3.8/dist-packages/neutron_lib/callbacks/manager.py:192}}
Jul 14 10:50:26.507833 dv-cinder-796286-17-iscsi neutron-server[104700]: DEBUG neutron.wsgi [-] (104700) accepted ('10.222.0.67', 48334) {{(pid=104700) server /usr/local/lib/python3.8/dist-packages/eventlet/wsgi.py:982}}
Jul 14 10:50:26.518497 dv-cinder-796286-17-iscsi neutron-server[104700]: DEBUG neutron.api.v2.base [None req-1dd38a83-f30b-4acc-a15c-d5c2c040ac80 admin admin] Request body: {'network': {'name': 'tempest-EncryptedVolumesExtendAttachedTest-1912323181-network', 'tenant_id': '976185fe45ea434583f5cc33dd80da1a'}} {{(pid=104700) prepare_request_body /opt/stack/neutron/neutron/api/v2/base.py:729}}
Jul 14 10:50:26.581155 dv-cinder-796286-17-iscsi neutron-server[104700]: INFO neutron.wsgi [req-0b5dfb4b-98f0-4ee3-8536-6fa7ff04fbd3 req-fd5973b4-52f0-4392-9d7c-0d84c1afa33c service neutron] 10.222.0.89 "GET /v2.0/networks/cb4296f5-6c5f-49a1-90a1-d249780d9373?fields=segments HTTP/1.1" status: 200 len: 212 time: 0.2526371
Jul 14 10:50:26.583076 dv-cinder-796286-17-iscsi neutron-server[104700]: DEBUG neutron_lib.callbacks.manager [None req-ce661509-02e4-4410-a542-2bcd2d0d1b07 admin admin] Notify callbacks [] for security_group, precommit_delete {{(pid=104700) _notify_loop /usr/local/lib/python3.8/dist-packages/neutron_lib/callbacks/manager.py:192}}
Jul 14 10:50:26.625819 dv-cinder-796286-17-iscsi neutron-server[104699]: DEBUG neutron.pecan_wsgi.hooks.policy_enforcement [req-06d639a4-e273-455c-9f35-3dc435b57db9 req-c26e234a-6536-4654-8f83-95579c1722d1 tempest-ServerRescueNegativeTestJSON-552422785 tempest-ServerRescueNegativeTestJSON-552422785-project] Attributes excluded by policy engine: ['standard_attr_id', 'vlan_transparent', 'provider:network_type', 'provider:physical_network', 'provider:segmentation_id'] {{(pid=104699) _exclude_attributes_by_policy /opt/stack/neutron/neutron/pecan_wsgi/hooks/policy_enforcement.py:255}}
Jul 14 10:50:26.627293 dv-cinder-796286-17-iscsi neutron-server[104699]: INFO neutron.wsgi [req-06d639a4-e273-455c-9f35-3dc435b57db9 req-c26e234a-6536-4654-8f83-95579c1722d1 tempest-ServerRescueNegativeTestJSON-552422785 tempest-ServerRescueNegativeTestJSON-552422785-project] 10.222.0.89 "GET /v2.0/networks?id=7182185d-c07e-4c6c-882e-541564bfbcbc HTTP/1.1" status: 200 len: 818 time: 0.6078603
Jul 14 10:50:26.660251 dv-cinder-796286-17-iscsi neutron-server[104699]: DEBUG neutron.api.v2.base [req-06d639a4-e273-455c-9f35-3dc435b57db9 req-1275ac27-381b-4303-b046-7a80589f1bbb tempest-ServerRescueNegativeTestJSON-552422785 tempest-ServerRescueNegativeTestJSON-552422785-project] Request body: {'port': {'device_id': '4962609c-b9ec-4505-b300-a1092168bd72', 'network_id': '7182185d-c07e-4c6c-882e-541564bfbcbc', 'admin_state_up': True, 'tenant_id': 'db658830ba8a4481a5f5e7c689765e49'}} {{(pid=104699) prepare_request_body /opt/stack/neutron/neutron/api/v2/base.py:729}}
Jul 14 10:50:26.738193 dv-cinder-796286-17-iscsi neutron-server[104700]: DEBUG neutron_lib.callbacks.manager [None req-ce661509-02e4-4410-a542-2bcd2d0d1b07 admin admin] Notify callbacks ['neutron.plugins.ml2.ovo_rpc._ObjectChangeHandler.handle_event-8349931'] for security_group, after_delete {{(pid=104700) _notify_loop /usr/local/lib/python3.8/dist-packages/neutron_lib/callbacks/manager.py:192}}
Jul 14 10:50:26.747768 dv-cinder-796286-17-iscsi neutron-server[104700]: DEBUG neutron_lib.callbacks.manager [None req-ce661509-02e4-4410-a542-2bcd2d0d1b07 admin admin] Notify callbacks [] for security_group, before_response {{(pid=104700) _notify_loop /usr/local/lib/python3.8/dist-packages/neutron_lib/callbacks/manager.py:192}}
Jul 14 10:50:26.749265 dv-cinder-796286-17-iscsi neutron-server[104700]: INFO neutron.wsgi [None req-ce661509-02e4-4410-a542-2bcd2d0d1b07 admin admin] 10.222.0.67 "DELETE /v2.0/security-groups/c88d9465-60ab-40fc-8ee9-d26327c696a7 HTTP/1.1" status: 204 len: 168 time: 0.6111331
Jul 14 10:50:26.773918 dv-cinder-796286-17-iscsi neutron-server[104700]: INFO neutron.wsgi [req-0b5dfb4b-98f0-4ee3-8536-6fa7ff04fbd3 req-00971d59-3e91-4e25-ac7d-090f4cffe226 service neutron] 10.222.0.89 "GET /v2.0/networks/cb4296f5-6c5f-49a1-90a1-d249780d9373?fields=provider%3Aphysical_network&fields=provider%3Anetwork_type HTTP/1.1" status: 200 len: 281 time: 0.1823061
Jul 14 10:50:26.778831 dv-cinder-796286-17-iscsi neutron-server[104699]: DEBUG neutron.db.db_base_plugin_common [req-8dae9c1c-6ca7-40df-ab68-2352b9b747c1 req-37e92c64-4ce7-4897-8478-3efa3dbcc1b0 tempest-ServerRescueNegativeTestJSON-552422785 tempest-ServerRescueNegativeTestJSON-552422785-project] Allocated IP 172.20.0.9 (7182185d-c07e-4c6c-882e-541564bfbcbc/0285d6e3-126b-427a-b1dd-423413be17af/07c6f2f5-2eff-49db-b3f1-4c8cd3d6cb27) {{(pid=104699) _store_ip_allocation /opt/stack/neutron/neutron/db/db_base_plugin_common.py:131}}
Jul 14 10:50:26.786053 dv-cinder-796286-17-iscsi neutron-server[104700]: DEBUG neutron.api.rpc.handlers.resources_rpc [None req-ce661509-02e4-4410-a542-2bcd2d0d1b07 admin admin] Pushing event deleted for resources: {'SecurityGroup': ['ID=c88d9465-60ab-40fc-8ee9-d26327c696a7,revision_number=None']} {{(pid=104700) push /opt/stack/neutron/neutron/api/rpc/handlers/resources_rpc.py:237}}
Jul 14 10:50:26.817094 dv-cinder-796286-17-iscsi neutron-server[104699]: DEBUG neutron_lib.callbacks.manager [None req-2d3360d0-add9-4893-9057-6d18f0b0ec4b admin admin] Notify callbacks [] for security_group, precommit_create {{(pid=104699) _notify_loop /usr/local/lib/python3.8/dist-packages/neutron_lib/callbacks/manager.py:192}}
Jul 14 10:50:26.836606 dv-cinder-796286-17-iscsi neutron-server[104699]: DEBUG neutron_lib.callbacks.manager [None req-2d3360d0-add9-4893-9057-6d18f0b0ec4b admin admin] Notify callbacks ['neutron.plugins.ml2.ovo_rpc._ObjectChangeHandler.handle_event-8349931'] for security_group, after_create {{(pid=104699) _notify_loop /usr/local/lib/python3.8/dist-packages/neutron_lib/callbacks/manager.py:192}}
Jul 14 10:50:26.849345 dv-cinder-796286-17-iscsi neutron-server[104700]: DEBUG neutron_lib.db.api [None req-1dd38a83-f30b-4acc-a15c-d5c2c040ac80 admin admin] Retry wrapper got retriable exception: (pymysql.err.OperationalError) (1213, 'Deadlock found when trying to get lock; try restarting transaction')
Jul 14 10:50:26.849345 dv-cinder-796286-17-iscsi neutron-server[104700]: [SQL: DELETE FROM reservations WHERE reservations.project_id = %(project_id_1)s AND reservations.expiration < %(expiration_1)s]
Jul 14 10:50:26.849345 dv-cinder-796286-17-iscsi neutron-server[104700]: [parameters: {'project_id_1': '976185fe45ea434583f5cc33dd80da1a', 'expiration_1': datetime.datetime(2021, 7, 14, 10, 50, 26, 601674)}]
Jul 14 10:50:26.849345 dv-cinder-796286-17-iscsi neutron-server[104700]: (Background on this error at: http://sqlalche.me/e/14/e3q8) {{(pid=104700) wrapped /usr/local/lib/python3.8/dist-packages/neutron_lib/db/api.py:183}}
Jul 14 10:50:26.849700 dv-cinder-796286-17-iscsi neutron-server[104700]: DEBUG oslo_db.api [None req-1dd38a83-f30b-4acc-a15c-d5c2c040ac80 admin admin] Performing DB retry for function neutron.db.quota.driver_nolock.DbQuotaNoLockDriver.make_reservation {{(pid=104700) wrapper /usr/local/lib/python3.8/dist-packages/oslo_db/api.py:155}}
Jul 14 10:50:26.945266 dv-cinder-796286-17-iscsi neutron-server[104700]: DEBUG neutron.wsgi [-] (104700) accepted ('10.222.0.67', 48352) {{(pid=104700) server /usr/local/lib/python3.8/dist-packages/eventlet/wsgi.py:982}}
Jul 14 10:50:26.953414 dv-cinder-796286-17-iscsi neutron-server[104699]: INFO neutron.wsgi [None req-2d3360d0-add9-4893-9057-6d18f0b0ec4b admin admin] 10.222.0.67 "GET /v2.0/security-groups?tenant_id=a2173c45066c4204b6748423f340bb01&name=default HTTP/1.1" status: 200 len: 2979 time: 1.1133022
Jul 14 10:50:26.984874 dv-cinder-796286-17-iscsi neutron-server[104699]: DEBUG neutron.api.rpc.handlers.resources_rpc [None req-2d3360d0-add9-4893-9057-6d18f0b0ec4b admin admin] Pushing event updated for resources: {'SecurityGroup': ['ID=d9fc16ad-e8f1-47bb-821e-5b6bf8533d75,revision_number=1']} {{(pid=104699) push /opt/stack/neutron/neutron/api/rpc/handlers/resources_rpc.py:237}}
Jul 14 10:50:27.019664 dv-cinder-796286-17-iscsi neutron-server[104700]: DEBUG neutron_lib.callbacks.manager [None req-24392104-a726-4049-a762-9a21b8369bb0 admin admin] Notify callbacks [] for security_group, before_delete {{(pid=104700) _notify_loop /usr/local/lib/python3.8/dist-packages/neutron_lib/callbacks/manager.py:192}}
Jul 14 10:50:27.052011 dv-cinder-796286-17-iscsi neutron-server[104700]: DEBUG neutron_lib.callbacks.manager [None req-24392104-a726-4049-a762-9a21b8369bb0 admin admin] Notify callbacks [] for security_group, precommit_delete {{(pid=104700) _notify_loop /usr/local/lib/python3.8/dist-packages/neutron_lib/callbacks/manager.py:192}}
Jul 14 10:50:27.124904 dv-cinder-796286-17-iscsi neutron-server[104699]: DEBUG neutron_lib.callbacks.manager [req-8dae9c1c-6ca7-40df-ab68-2352b9b747c1 req-37e92c64-4ce7-4897-8478-3efa3dbcc1b0 tempest-ServerRescueNegativeTestJSON-552422785 tempest-ServerRescueNegativeTestJSON-552422785-project] Notify callbacks [] for port, precommit_create {{(pid=104699) _notify_loop /usr/local/lib/python3.8/dist-packages/neutron_lib/callbacks/manager.py:192}}
Jul 14 10:50:27.140371 dv-cinder-796286-17-iscsi neutron-server[104700]: DEBUG neutron_lib.callbacks.manager [None req-24392104-a726-4049-a762-9a21b8369bb0 admin admin] Notify callbacks ['neutron.plugins.ml2.ovo_rpc._ObjectChangeHandler.handle_event-8349931'] for security_group, after_delete {{(pid=104700) _notify_loop /usr/local/lib/python3.8/dist-packages/neutron_lib/callbacks/manager.py:192}}
Jul 14 10:50:27.148313 dv-cinder-796286-17-iscsi neutron-server[104700]: DEBUG neutron_lib.callbacks.manager [None req-24392104-a726-4049-a762-9a21b8369bb0 admin admin] Notify callbacks [] for security_group, before_response {{(pid=104700) _notify_loop /usr/local/lib/python3.8/dist-packages/neutron_lib/callbacks/manager.py:192}}
Jul 14 10:50:27.157385 dv-cinder-796286-17-iscsi neutron-server[104700]: INFO neutron.wsgi [None req-24392104-a726-4049-a762-9a21b8369bb0 admin admin] 10.222.0.67 "DELETE /v2.0/security-groups/d9fc16ad-e8f1-47bb-821e-5b6bf8533d75 HTTP/1.1" status: 204 len: 168 time: 0.2102535
Jul 14 10:50:27.159844 dv-cinder-796286-17-iscsi neutron-server[104699]: DEBUG neutron_lib.callbacks.manager [None req-17aa06f0-68e0-4660-af19-9f263a3adcc1 admin admin] Notify callbacks [] for security_group, precommit_create {{(pid=104699) _notify_loop /usr/local/lib/python3.8/dist-packages/neutron_lib/callbacks/manager.py:192}}
Jul 14 10:50:27.177121 dv-cinder-796286-17-iscsi neutron-server[104699]: DEBUG neutron_lib.callbacks.manager [None req-17aa06f0-68e0-4660-af19-9f263a3adcc1 admin admin] Notify callbacks ['neutron.plugins.ml2.ovo_rpc._ObjectChangeHandler.handle_event-8349931'] for security_group, after_create {{(pid=104699) _notify_loop /usr/local/lib/python3.8/dist-packages/neutron_lib/callbacks/manager.py:192}}
Jul 14 10:50:27.184192 dv-cinder-796286-17-iscsi neutron-server[104700]: DEBUG neutron.api.rpc.handlers.resources_rpc [None req-24392104-a726-4049-a762-9a21b8369bb0 admin admin] Pushing event deleted for resources: {'SecurityGroup': ['ID=d9fc16ad-e8f1-47bb-821e-5b6bf8533d75,revision_number=None']} {{(pid=104700) push /opt/stack/neutron/neutron/api/rpc/handlers/resources_rpc.py:237}}
Jul 14 10:50:27.232101 dv-cinder-796286-17-iscsi neutron-server[104699]: INFO neutron.wsgi [None req-17aa06f0-68e0-4660-af19-9f263a3adcc1 admin admin] 10.222.0.67 "GET /v2.0/security-groups?tenant_id=8be37c7abd584ca2ba878a8eb2462a4b&name=default HTTP/1.1" status: 200 len: 2979 time: 1.1909125
Jul 14 10:50:27.235086 dv-cinder-796286-17-iscsi neutron-server[104700]: DEBUG neutron.wsgi [-] (104700) accepted ('10.222.0.67', 48364) {{(pid=104700) server /usr/local/lib/python3.8/dist-packages/eventlet/wsgi.py:982}}
Jul 14 10:50:27.258165 dv-cinder-796286-17-iscsi neutron-server[104699]: DEBUG neutron.api.rpc.handlers.resources_rpc [None req-17aa06f0-68e0-4660-af19-9f263a3adcc1 admin admin] Pushing event updated for resources: {'SecurityGroup': ['ID=53ef844f-5693-44f6-9d9b-a1b14fbb0ccd,revision_number=1']} {{(pid=104699) push /opt/stack/neutron/neutron/api/rpc/handlers/resources_rpc.py:237}}
Jul 14 10:50:27.302454 dv-cinder-796286-17-iscsi neutron-server[104700]: DEBUG neutron_lib.callbacks.manager [None req-7abeaa93-c626-4b6f-b768-96fbfccc296f admin admin] Notify callbacks [] for security_group, before_delete {{(pid=104700) _notify_loop /usr/local/lib/python3.8/dist-packages/neutron_lib/callbacks/manager.py:192}}
Jul 14 10:50:27.336734 dv-cinder-796286-17-iscsi neutron-server[104699]: DEBUG neutron_lib.callbacks.manager [req-8dae9c1c-6ca7-40df-ab68-2352b9b747c1 req-37e92c64-4ce7-4897-8478-3efa3dbcc1b0 tempest-ServerRescueNegativeTestJSON-552422785 tempest-ServerRescueNegativeTestJSON-552422785-project] Notify callbacks ['neutron.plugins.ml2.plugin.SecurityGroupServerNotifierRpcMixin._notify_sg_on_port_change-552762', 'neutron.plugins.ml2.ovo_rpc._ObjectChangeHandler.handle_event-81306', 'neutron.api.rpc.agentnotifiers.dhcp_rpc_agent_api.DhcpAgentNotifyAPI._native_event_send_dhcp_notification-8331456', 'neutron.db.l3_dvrscheduler_db._notify_l3_agent_new_port-8792515011494'] for port, after_create {{(pid=104699) _notify_loop /usr/local/lib/python3.8/dist-packages/neutron_lib/callbacks/manager.py:192}}
Jul 14 10:50:27.340273 dv-cinder-796286-17-iscsi neutron-server[104700]: DEBUG neutron_lib.callbacks.manager [None req-7abeaa93-c626-4b6f-b768-96fbfccc296f admin admin] Notify callbacks [] for security_group, precommit_delete {{(pid=104700) _notify_loop /usr/local/lib/python3.8/dist-packages/neutron_lib/callbacks/manager.py:192}}
Jul 14 10:50:27.344741 dv-cinder-796286-17-iscsi neutron-server[104699]: DEBUG neutron.pecan_wsgi.hooks.quota_enforcement [req-06d639a4-e273-455c-9f35-3dc435b57db9 req-1275ac27-381b-4303-b046-7a80589f1bbb tempest-ServerRescueNegativeTestJSON-552422785 tempest-ServerRescueNegativeTestJSON-552422785-project] Made reservation on behalf of db658830ba8a4481a5f5e7c689765e49 for: {'port': 1} {{(pid=104699) before /opt/stack/neutron/neutron/pecan_wsgi/hooks/quota_enforcement.py:53}}
Jul 14 10:50:27.348287 dv-cinder-796286-17-iscsi neutron-server[104699]: DEBUG neutron_lib.callbacks.manager [req-06d639a4-e273-455c-9f35-3dc435b57db9 req-1275ac27-381b-4303-b046-7a80589f1bbb tempest-ServerRescueNegativeTestJSON-552422785 tempest-ServerRescueNegativeTestJSON-552422785-project] Notify callbacks ['neutron.plugins.ml2.plugin.SecurityGroupDbMixin._ensure_default_security_group_handler-552827'] for port, before_create {{(pid=104699) _notify_loop /usr/local/lib/python3.8/dist-packages/neutron_lib/callbacks/manager.py:192}}
Jul 14 10:50:27.401741 dv-cinder-796286-17-iscsi neutron-server[104700]: DEBUG neutron.pecan_wsgi.hooks.quota_enforcement [None req-1dd38a83-f30b-4acc-a15c-d5c2c040ac80 admin admin] Made reservation on behalf of 976185fe45ea434583f5cc33dd80da1a for: {'network': 1} {{(pid=104700) before /opt/stack/neutron/neutron/pecan_wsgi/hooks/quota_enforcement.py:53}}
Jul 14 10:50:27.404416 dv-cinder-796286-17-iscsi neutron-server[104700]: DEBUG neutron_lib.callbacks.manager [None req-1dd38a83-f30b-4acc-a15c-d5c2c040ac80 admin admin] Notify callbacks ['neutron.plugins.ml2.plugin.SecurityGroupDbMixin._ensure_default_security_group_handler-552827'] for network, before_create {{(pid=104700) _notify_loop /usr/local/lib/python3.8/dist-packages/neutron_lib/callbacks/manager.py:192}}
Jul 14 10:50:27.454750 dv-cinder-796286-17-iscsi neutron-server[104700]: DEBUG neutron_lib.callbacks.manager [None req-1dd38a83-f30b-4acc-a15c-d5c2c040ac80 admin admin] Notify callbacks [] for security_group, before_create {{(pid=104700) _notify_loop /usr/local/lib/python3.8/dist-packages/neutron_lib/callbacks/manager.py:192}}
Jul 14 10:50:27.487094 dv-cinder-796286-17-iscsi neutron-server[104699]: DEBUG neutron.api.rpc.handlers.resources_rpc [None req-37e92c64-4ce7-4897-8478-3efa3dbcc1b0 tempest-ServerRescueNegativeTestJSON-552422785 tempest-ServerRescueNegativeTestJSON-552422785-project] Pushing event updated for resources: {'Port': ['ID=07c6f2f5-2eff-49db-b3f1-4c8cd3d6cb27,revision_number=1']} {{(pid=104699) push /opt/stack/neutron/neutron/api/rpc/handlers/resources_rpc.py:237}}
Jul 14 10:50:27.491221 dv-cinder-796286-17-iscsi neutron-server[104701]: DEBUG neutron_lib.callbacks.manager [None req-e8cdd83b-b1b7-48a1-93a5-68b30e9b1a2d None None] Notify callbacks ['neutron.services.segments.db._update_segment_host_mapping_for_agent-8792515554798', 'neutron.plugins.ml2.plugin.Ml2Plugin._retry_binding_revived_agents-881275'] for agent, after_update {{(pid=104701) _notify_loop /usr/local/lib/python3.8/dist-packages/neutron_lib/callbacks/manager.py:192}}
Jul 14 10:50:27.509890 dv-cinder-796286-17-iscsi neutron-server[104699]: DEBUG neutron.scheduler.dhcp_agent_scheduler [req-8dae9c1c-6ca7-40df-ab68-2352b9b747c1 req-37e92c64-4ce7-4897-8478-3efa3dbcc1b0 tempest-ServerRescueNegativeTestJSON-552422785 tempest-ServerRescueNegativeTestJSON-552422785-project] Network 7182185d-c07e-4c6c-882e-541564bfbcbc is already hosted by enough agents. {{(pid=104699) _get_dhcp_agents_hosting_network /opt/stack/neutron/neutron/scheduler/dhcp_agent_scheduler.py:275}}
Jul 14 10:50:27.521683 dv-cinder-796286-17-iscsi neutron-server[104700]: DEBUG neutron_lib.callbacks.manager [None req-7abeaa93-c626-4b6f-b768-96fbfccc296f admin admin] Notify callbacks ['neutron.plugins.ml2.ovo_rpc._ObjectChangeHandler.handle_event-8349931'] for security_group, after_delete {{(pid=104700) _notify_loop /usr/local/lib/python3.8/dist-packages/neutron_lib/callbacks/manager.py:192}}
Jul 14 10:50:27.528121 dv-cinder-796286-17-iscsi neutron-server[104700]: DEBUG neutron_lib.callbacks.manager [None req-7abeaa93-c626-4b6f-b768-96fbfccc296f admin admin] Notify callbacks [] for security_group, before_response {{(pid=104700) _notify_loop /usr/local/lib/python3.8/dist-packages/neutron_lib/callbacks/manager.py:192}}
Jul 14 10:50:27.534622 dv-cinder-796286-17-iscsi neutron-server[104700]: INFO neutron.wsgi [None req-7abeaa93-c626-4b6f-b768-96fbfccc296f admin admin] 10.222.0.67 "DELETE /v2.0/security-groups/53ef844f-5693-44f6-9d9b-a1b14fbb0ccd HTTP/1.1" status: 204 len: 168 time: 0.2981415
Jul 14 10:50:27.544242 dv-cinder-796286-17-iscsi neutron-server[104699]: DEBUG neutron.scheduler.base_scheduler [req-8dae9c1c-6ca7-40df-ab68-2352b9b747c1 req-37e92c64-4ce7-4897-8478-3efa3dbcc1b0 tempest-ServerRescueNegativeTestJSON-552422785 tempest-ServerRescueNegativeTestJSON-552422785-project] Resources bound (agent type, host, resource id): {{(pid=104699) schedule /opt/stack/neutron/neutron/scheduler/base_scheduler.py:57}}
Jul 14 10:50:27.569561 dv-cinder-796286-17-iscsi neutron-server[104699]: DEBUG neutron.db.l3_dvrscheduler_db [req-8dae9c1c-6ca7-40df-ab68-2352b9b747c1 req-37e92c64-4ce7-4897-8478-3efa3dbcc1b0 tempest-ServerRescueNegativeTestJSON-552422785 tempest-ServerRescueNegativeTestJSON-552422785-project] Received port after_create {{(pid=104699) _notify_l3_agent_new_port /opt/stack/neutron/neutron/db/l3_dvrscheduler_db.py:535}}
Jul 14 10:50:27.579866 dv-cinder-796286-17-iscsi neutron-server[104699]: DEBUG neutron.pecan_wsgi.hooks.policy_enforcement [req-8dae9c1c-6ca7-40df-ab68-2352b9b747c1 req-37e92c64-4ce7-4897-8478-3efa3dbcc1b0 tempest-ServerRescueNegativeTestJSON-552422785 tempest-ServerRescueNegativeTestJSON-552422785-project] Attributes excluded by policy engine: ['standard_attr_id', 'binding:profile', 'binding:host_id', 'binding:vif_type', 'binding:vif_details', 'network'] {{(pid=104699) _exclude_attributes_by_policy /opt/stack/neutron/neutron/pecan_wsgi/hooks/policy_enforcement.py:255}}
Jul 14 10:50:27.580707 dv-cinder-796286-17-iscsi neutron-server[104699]: DEBUG neutron_lib.callbacks.manager [req-8dae9c1c-6ca7-40df-ab68-2352b9b747c1 req-37e92c64-4ce7-4897-8478-3efa3dbcc1b0 tempest-ServerRescueNegativeTestJSON-552422785 tempest-ServerRescueNegativeTestJSON-552422785-project] Notify callbacks ['neutron.notifiers.nova.Notifier._send_nova_notification-194507', 'neutron.api.rpc.agentnotifiers.dhcp_rpc_agent_api.DhcpAgentNotifyAPI._send_dhcp_notification-8331446'] for port, before_response {{(pid=104699) _notify_loop /usr/local/lib/python3.8/dist-packages/neutron_lib/callbacks/manager.py:192}}
Jul 14 10:50:27.582632 dv-cinder-796286-17-iscsi neutron-server[104700]: INFO neutron.wsgi [req-4391c7e4-5793-40dc-a7db-627eb3359ae8 req-5be0a35b-04ce-4dd2-b8a0-f792a445c696 tempest-AttachVolumeShelveTestJSON-1904181405 tempest-AttachVolumeShelveTestJSON-1904181405-project] 10.222.0.67 "GET /v2.0/ports?device_id=cb6927e6-acfc-4e84-a37a-ca87f725a125 HTTP/1.1" status: 200 len: 210 time: 0.0620451
Jul 14 10:50:27.583357 dv-cinder-796286-17-iscsi neutron-server[104700]: DEBUG neutron.api.rpc.handlers.resources_rpc [None req-7abeaa93-c626-4b6f-b768-96fbfccc296f admin admin] Pushing event deleted for resources: {'SecurityGroup': ['ID=53ef844f-5693-44f6-9d9b-a1b14fbb0ccd,revision_number=None']} {{(pid=104700) push /opt/stack/neutron/neutron/api/rpc/handlers/resources_rpc.py:237}}
Jul 14 10:50:27.637840 dv-cinder-796286-17-iscsi neutron-server[104699]: DEBUG neutron.pecan_wsgi.hooks.policy_enforcement [req-40f15299-94dc-424a-a782-e49b0788adb9 req-1e64cc0e-6c20-4297-914f-4af146efe2ac tempest-DeleteServersTestJSON-558556894 tempest-DeleteServersTestJSON-558556894-project] Attributes excluded by policy engine: ['standard_attr_id', 'binding:profile', 'binding:host_id', 'binding:vif_type', 'binding:vif_details'] {{(pid=104699) _exclude_attributes_by_policy /opt/stack/neutron/neutron/pecan_wsgi/hooks/policy_enforcement.py:255}}
Jul 14 10:50:27.639613 dv-cinder-796286-17-iscsi neutron-server[104699]: INFO neutron.wsgi [req-40f15299-94dc-424a-a782-e49b0788adb9 req-1e64cc0e-6c20-4297-914f-4af146efe2ac tempest-DeleteServersTestJSON-558556894 tempest-DeleteServersTestJSON-558556894-project] 10.222.0.67 "GET /v2.0/ports?device_id=c44d2d52-109b-4c61-8a44-98c1c54c0f80 HTTP/1.1" status: 200 len: 943 time: 0.3878882
Jul 14 10:50:27.766471 dv-cinder-796286-17-iscsi neutron-server[104699]: DEBUG neutron.db.db_base_plugin_common [req-06d639a4-e273-455c-9f35-3dc435b57db9 req-1275ac27-381b-4303-b046-7a80589f1bbb tempest-ServerRescueNegativeTestJSON-552422785 tempest-ServerRescueNegativeTestJSON-552422785-project] Allocated IP 172.20.0.7 (7182185d-c07e-4c6c-882e-541564bfbcbc/0285d6e3-126b-427a-b1dd-423413be17af/85ff4410-a8d4-4950-b869-82d54991d917) {{(pid=104699) _store_ip_allocation /opt/stack/neutron/neutron/db/db_base_plugin_common.py:131}}
Jul 14 10:50:27.778099 dv-cinder-796286-17-iscsi neutron-server[104700]: DEBUG neutron_lib.callbacks.manager [None req-1dd38a83-f30b-4acc-a15c-d5c2c040ac80 admin admin] Notify callbacks [] for security_group, precommit_create {{(pid=104700) _notify_loop /usr/local/lib/python3.8/dist-packages/neutron_lib/callbacks/manager.py:192}}
Jul 14 10:50:27.790867 dv-cinder-796286-17-iscsi neutron-server[104700]: DEBUG neutron_lib.callbacks.manager [None req-1dd38a83-f30b-4acc-a15c-d5c2c040ac80 admin admin] Notify callbacks ['neutron.plugins.ml2.ovo_rpc._ObjectChangeHandler.handle_event-8349931'] for security_group, after_create {{(pid=104700) _notify_loop /usr/local/lib/python3.8/dist-packages/neutron_lib/callbacks/manager.py:192}}
Jul 14 10:50:27.816456 dv-cinder-796286-17-iscsi neutron-server[104699]: INFO neutron.wsgi [req-8dae9c1c-6ca7-40df-ab68-2352b9b747c1 req-37e92c64-4ce7-4897-8478-3efa3dbcc1b0 tempest-ServerRescueNegativeTestJSON-552422785 tempest-ServerRescueNegativeTestJSON-552422785-project] 10.222.0.89 "POST /v2.0/ports HTTP/1.1" status: 201 len: 933 time: 2.3418682
Jul 14 10:50:27.831276 dv-cinder-796286-17-iscsi neutron-server[104700]: DEBUG neutron.pecan_wsgi.hooks.policy_enforcement [req-821ecf7c-aa41-43cb-a05f-e7f671ec265a req-93dca016-5299-4f13-b647-9a7074084aec tempest-AttachVolumeShelveTestJSON-1904181405 tempest-AttachVolumeShelveTestJSON-1904181405-project] Attributes excluded by policy engine: ['standard_attr_id', 'vlan_transparent', 'provider:network_type', 'provider:physical_network', 'provider:segmentation_id'] {{(pid=104700) _exclude_attributes_by_policy /opt/stack/neutron/neutron/pecan_wsgi/hooks/policy_enforcement.py:255}}
Jul 14 10:50:27.833506 dv-cinder-796286-17-iscsi neutron-server[104700]: INFO neutron.wsgi [req-821ecf7c-aa41-43cb-a05f-e7f671ec265a req-93dca016-5299-4f13-b647-9a7074084aec tempest-AttachVolumeShelveTestJSON-1904181405 tempest-AttachVolumeShelveTestJSON-1904181405-project] 10.222.0.89 "GET /v2.0/networks?id=aa4b9753-2866-49c1-b2b6-fd6d0327d400 HTTP/1.1" status: 200 len: 817 time: 0.1837730
Jul 14 10:50:27.851975 dv-cinder-796286-17-iscsi neutron-server[104700]: DEBUG neutron.plugins.ml2.drivers.helpers [None req-1dd38a83-f30b-4acc-a15c-d5c2c040ac80 admin admin] vlan segment allocate from pool success with {'physical_network': 'physnet1', 'vlan_id': 1006} {{(pid=104700) allocate_partially_specified_segment /opt/stack/neutron/neutron/plugins/ml2/drivers/helpers.py:153}}
Jul 14 10:50:27.856247 dv-cinder-796286-17-iscsi neutron-server[104699]: DEBUG neutron.api.v2.base [req-8dae9c1c-6ca7-40df-ab68-2352b9b747c1 req-ac64b7a5-e6a6-4b67-ac24-80580e2c43cb service neutron] Request body: {'port': {'device_id': 'b5121657-6cd2-46bb-9302-2693f3b415fa', 'device_owner': 'compute:nova', 'binding:host_id': 'hv-cinder-79628'}} {{(pid=104699) prepare_request_body /opt/stack/neutron/neutron/api/v2/base.py:729}}
Jul 14 10:50:27.904087 dv-cinder-796286-17-iscsi neutron-server[104700]: DEBUG neutron.api.rpc.handlers.resources_rpc [None req-1dd38a83-f30b-4acc-a15c-d5c2c040ac80 admin admin] Pushing event updated for resources: {'SecurityGroup': ['ID=b0bf6363-8953-4556-95f0-9d450b37e49b,revision_number=1']} {{(pid=104700) push /opt/stack/neutron/neutron/api/rpc/handlers/resources_rpc.py:237}}
Jul 14 10:50:27.904889 dv-cinder-796286-17-iscsi neutron-server[104699]: INFO neutron.wsgi [req-40f15299-94dc-424a-a782-e49b0788adb9 req-0d362ec2-286a-4d31-ac7a-30d33856f87a tempest-DeleteServersTestJSON-558556894 tempest-DeleteServersTestJSON-558556894-project] 10.222.0.67 "GET /v2.0/security-groups?id=4132a694-b551-4ac0-9e2f-820350e93496&fields=id&fields=name HTTP/1.1" status: 200 len: 286 time: 0.1633298
Jul 14 10:50:27.956935 dv-cinder-796286-17-iscsi neutron-server[104700]: DEBUG neutron_lib.callbacks.manager [None req-1dd38a83-f30b-4acc-a15c-d5c2c040ac80 admin admin] Notify callbacks ['neutron.plugins.ml2.plugin.Ml2Plugin._handle_segment_change-857593'] for segment, precommit_create {{(pid=104700) _notify_loop /usr/local/lib/python3.8/dist-packages/neutron_lib/callbacks/manager.py:192}}
Jul 14 10:50:27.957173 dv-cinder-796286-17-iscsi neutron-server[104700]: INFO neutron.db.segments_db [None req-1dd38a83-f30b-4acc-a15c-d5c2c040ac80 admin admin] Added segment a0c4fc46-d292-4d95-bebc-b49001baf136 of type vlan for network 82fbe7f0-637a-40ea-909e-37ee1439c51f
Jul 14 10:50:27.983198 dv-cinder-796286-17-iscsi neutron-server[104700]: INFO neutron.wsgi [req-9b2e5285-ccda-469f-9ecf-227d9a27d828 req-4540cd85-48a6-4f18-bf5d-5414458ccb27 tempest-ServerRescueNegativeTestJSON-552422785 tempest-ServerRescueNegativeTestJSON-552422785-project] 10.222.0.67 "GET /v2.0/ports?device_id=4962609c-b9ec-4505-b300-a1092168bd72 HTTP/1.1" status: 200 len: 210 time: 0.1103723
Jul 14 10:50:28.039278 dv-cinder-796286-17-iscsi neutron-server[104699]: DEBUG neutron_lib.callbacks.manager [req-8dae9c1c-6ca7-40df-ab68-2352b9b747c1 req-ac64b7a5-e6a6-4b67-ac24-80580e2c43cb service neutron] Notify callbacks ['neutron.plugins.ml2.plugin.SecurityGroupDbMixin._ensure_default_security_group_handler-552827'] for port, before_update {{(pid=104699) _notify_loop /usr/local/lib/python3.8/dist-packages/neutron_lib/callbacks/manager.py:192}}
Jul 14 10:50:28.041617 dv-cinder-796286-17-iscsi neutron-server[104700]: INFO neutron.wsgi [req-821ecf7c-aa41-43cb-a05f-e7f671ec265a req-631c979b-c626-423e-a9e3-74101e56e51b tempest-AttachVolumeShelveTestJSON-1904181405 tempest-AttachVolumeShelveTestJSON-1904181405-project] 10.222.0.89 "GET /v2.0/security-groups?fields=id&fields=name&tenant_id=05080ecfcf074986b8f9d414fb8ae1db HTTP/1.1" status: 200 len: 379 time: 0.1910350
Jul 14 10:50:28.121481 dv-cinder-796286-17-iscsi neutron-server[104700]: DEBUG neutron_lib.callbacks.manager [None req-1dd38a83-f30b-4acc-a15c-d5c2c040ac80 admin admin] Notify callbacks ['neutron.services.auto_allocate.db._ensure_external_network_default_value_callback-8792515019030'] for network, precommit_create {{(pid=104700) _notify_loop /usr/local/lib/python3.8/dist-packages/neutron_lib/callbacks/manager.py:192}}
Jul 14 10:50:28.139213 dv-cinder-796286-17-iscsi neutron-server[104700]: DEBUG neutron.api.v2.base [req-821ecf7c-aa41-43cb-a05f-e7f671ec265a req-2a4b76c3-a418-4ab8-9a7c-236dc05a36f9 tempest-AttachVolumeShelveTestJSON-1904181405 tempest-AttachVolumeShelveTestJSON-1904181405-project] Request body: {'port': {'device_id': 'cb6927e6-acfc-4e84-a37a-ca87f725a125', 'network_id': 'aa4b9753-2866-49c1-b2b6-fd6d0327d400', 'admin_state_up': True, 'tenant_id': '05080ecfcf074986b8f9d414fb8ae1db', 'security_groups': ['14c66992-bd9c-44b6-919a-529af1240cce']}} {{(pid=104700) prepare_request_body /opt/stack/neutron/neutron/api/v2/base.py:729}}
Jul 14 10:50:28.273457 dv-cinder-796286-17-iscsi neutron-server[104700]: DEBUG neutron_lib.callbacks.manager [None req-1dd38a83-f30b-4acc-a15c-d5c2c040ac80 admin admin] Notify callbacks ['neutron.plugins.ml2.ovo_rpc._ObjectChangeHandler.handle_event-8349884', 'neutron.api.rpc.agentnotifiers.dhcp_rpc_agent_api.DhcpAgentNotifyAPI._native_event_send_dhcp_notification-8331456'] for network, after_create {{(pid=104700) _notify_loop /usr/local/lib/python3.8/dist-packages/neutron_lib/callbacks/manager.py:192}}
Jul 14 10:50:28.274484 dv-cinder-796286-17-iscsi neutron-server[104700]: DEBUG neutron.pecan_wsgi.hooks.policy_enforcement [None req-1dd38a83-f30b-4acc-a15c-d5c2c040ac80 admin admin] Attributes excluded by policy engine: ['standard_attr_id', 'vlan_transparent'] {{(pid=104700) _exclude_attributes_by_policy /opt/stack/neutron/neutron/pecan_wsgi/hooks/policy_enforcement.py:255}}
Jul 14 10:50:28.274973 dv-cinder-796286-17-iscsi neutron-server[104700]: DEBUG neutron_lib.callbacks.manager [None req-1dd38a83-f30b-4acc-a15c-d5c2c040ac80 admin admin] Notify callbacks ['neutron.api.rpc.agentnotifiers.dhcp_rpc_agent_api.DhcpAgentNotifyAPI._send_dhcp_notification-8331446'] for network, before_response {{(pid=104700) _notify_loop /usr/local/lib/python3.8/dist-packages/neutron_lib/callbacks/manager.py:192}}
Jul 14 10:50:28.280811 dv-cinder-796286-17-iscsi neutron-server[104699]: DEBUG neutron_lib.callbacks.manager [req-06d639a4-e273-455c-9f35-3dc435b57db9 req-1275ac27-381b-4303-b046-7a80589f1bbb tempest-ServerRescueNegativeTestJSON-552422785 tempest-ServerRescueNegativeTestJSON-552422785-project] Notify callbacks [] for port, precommit_create {{(pid=104699) _notify_loop /usr/local/lib/python3.8/dist-packages/neutron_lib/callbacks/manager.py:192}}
Jul 14 10:50:28.404365 dv-cinder-796286-17-iscsi neutron-server[104699]: DEBUG neutron_lib.callbacks.manager [req-06d639a4-e273-455c-9f35-3dc435b57db9 req-1275ac27-381b-4303-b046-7a80589f1bbb tempest-ServerRescueNegativeTestJSON-552422785 tempest-ServerRescueNegativeTestJSON-552422785-project] Notify callbacks ['neutron.plugins.ml2.plugin.SecurityGroupServerNotifierRpcMixin._notify_sg_on_port_change-552762', 'neutron.plugins.ml2.ovo_rpc._ObjectChangeHandler.handle_event-81306', 'neutron.api.rpc.agentnotifiers.dhcp_rpc_agent_api.DhcpAgentNotifyAPI._native_event_send_dhcp_notification-8331456', 'neutron.db.l3_dvrscheduler_db._notify_l3_agent_new_port-8792515011494'] for port, after_create {{(pid=104699) _notify_loop /usr/local/lib/python3.8/dist-packages/neutron_lib/callbacks/manager.py:192}}
Jul 14 10:50:28.410078 dv-cinder-796286-17-iscsi neutron-server[104699]: DEBUG neutron.wsgi [-] (104699) accepted ('10.222.0.67', 48416) {{(pid=104699) server /usr/local/lib/python3.8/dist-packages/eventlet/wsgi.py:982}}
Jul 14 10:50:28.413602 dv-cinder-796286-17-iscsi neutron-server[104700]: INFO neutron.wsgi [None req-1dd38a83-f30b-4acc-a15c-d5c2c040ac80 admin admin] 10.222.0.67 "POST /v2.0/networks HTTP/1.1" status: 201 len: 899 time: 1.8991816
Jul 14 10:50:28.447796 dv-cinder-796286-17-iscsi neutron-server[104700]: DEBUG neutron.api.rpc.handlers.resources_rpc [None req-1dd38a83-f30b-4acc-a15c-d5c2c040ac80 admin admin] Pushing event updated for resources: {'Network': ['ID=82fbe7f0-637a-40ea-909e-37ee1439c51f,revision_number=1']} {{(pid=104700) push /opt/stack/neutron/neutron/api/rpc/handlers/resources_rpc.py:237}}
Jul 14 10:50:28.460573 dv-cinder-796286-17-iscsi neutron-server[104701]: DEBUG neutron.plugins.ml2.rpc [None req-3ccd27eb-765c-44af-a61b-0f310405ce33 None None] Network 82fbe7f0-637a-40ea-909e-37ee1439c51f details requested by agent ovs-agent-dv-cinder-796286-17-iscsi with host dv-cinder-796286-17-iscsi {{(pid=104701) get_network_details /opt/stack/neutron/neutron/plugins/ml2/rpc.py:248}}
Jul 14 10:50:28.517506 dv-cinder-796286-17-iscsi neutron-server[104700]: DEBUG neutron.pecan_wsgi.hooks.quota_enforcement [req-821ecf7c-aa41-43cb-a05f-e7f671ec265a req-2a4b76c3-a418-4ab8-9a7c-236dc05a36f9 tempest-AttachVolumeShelveTestJSON-1904181405 tempest-AttachVolumeShelveTestJSON-1904181405-project] Made reservation on behalf of 05080ecfcf074986b8f9d414fb8ae1db for: {'port': 1} {{(pid=104700) before /opt/stack/neutron/neutron/pecan_wsgi/hooks/quota_enforcement.py:53}}
Jul 14 10:50:28.522126 dv-cinder-796286-17-iscsi neutron-server[104700]: DEBUG neutron_lib.callbacks.manager [req-821ecf7c-aa41-43cb-a05f-e7f671ec265a req-2a4b76c3-a418-4ab8-9a7c-236dc05a36f9 tempest-AttachVolumeShelveTestJSON-1904181405 tempest-AttachVolumeShelveTestJSON-1904181405-project] Notify callbacks ['neutron.plugins.ml2.plugin.SecurityGroupDbMixin._ensure_default_security_group_handler-552827'] for port, before_create {{(pid=104700) _notify_loop /usr/local/lib/python3.8/dist-packages/neutron_lib/callbacks/manager.py:192}}
Jul 14 10:50:28.525429 dv-cinder-796286-17-iscsi neutron-server[104700]: DEBUG neutron.wsgi [-] (104700) accepted ('10.222.0.67', 48420) {{(pid=104700) server /usr/local/lib/python3.8/dist-packages/eventlet/wsgi.py:982}}
Jul 14 10:50:28.550647 dv-cinder-796286-17-iscsi neutron-server[104700]: DEBUG neutron_lib.callbacks.manager [None req-1f8925d3-e207-45e4-be43-394896aa6047 admin admin] Notify callbacks [] for security_group, before_create {{(pid=104700) _notify_loop /usr/local/lib/python3.8/dist-packages/neutron_lib/callbacks/manager.py:192}}
Jul 14 10:50:28.670038 dv-cinder-796286-17-iscsi neutron-server[104699]: DEBUG neutron.api.v2.base [None req-5752600f-2b69-4868-9676-5c538e9d1437 admin admin] Request body: {'subnet': {'network_id': '82fbe7f0-637a-40ea-909e-37ee1439c51f', 'cidr': '172.20.0.0/28', 'name': 'tempest-EncryptedVolumesExtendAttachedTest-1912323181-subnet', 'tenant_id': '976185fe45ea434583f5cc33dd80da1a', 'enable_dhcp': False, 'ip_version': 4}} {{(pid=104699) prepare_request_body /opt/stack/neutron/neutron/api/v2/base.py:729}}
Jul 14 10:50:28.729360 dv-cinder-796286-17-iscsi neutron-server[104699]: DEBUG neutron.api.rpc.handlers.resources_rpc [None req-1275ac27-381b-4303-b046-7a80589f1bbb tempest-ServerRescueNegativeTestJSON-552422785 tempest-ServerRescueNegativeTestJSON-552422785-project] Pushing event updated for resources: {'Port': ['ID=85ff4410-a8d4-4950-b869-82d54991d917,revision_number=1']} {{(pid=104699) push /opt/stack/neutron/neutron/api/rpc/handlers/resources_rpc.py:237}}
Jul 14 10:50:28.775215 dv-cinder-796286-17-iscsi neutron-server[104699]: DEBUG neutron.scheduler.dhcp_agent_scheduler [req-06d639a4-e273-455c-9f35-3dc435b57db9 req-1275ac27-381b-4303-b046-7a80589f1bbb tempest-ServerRescueNegativeTestJSON-552422785 tempest-ServerRescueNegativeTestJSON-552422785-project] Network 7182185d-c07e-4c6c-882e-541564bfbcbc is already hosted by enough agents. {{(pid=104699) _get_dhcp_agents_hosting_network /opt/stack/neutron/neutron/scheduler/dhcp_agent_scheduler.py:275}}
Jul 14 10:50:28.782982 dv-cinder-796286-17-iscsi neutron-server[104699]: DEBUG neutron.scheduler.base_scheduler [req-06d639a4-e273-455c-9f35-3dc435b57db9 req-1275ac27-381b-4303-b046-7a80589f1bbb tempest-ServerRescueNegativeTestJSON-552422785 tempest-ServerRescueNegativeTestJSON-552422785-project] Resources bound (agent type, host, resource id): {{(pid=104699) schedule /opt/stack/neutron/neutron/scheduler/base_scheduler.py:57}}
Jul 14 10:50:28.786298 dv-cinder-796286-17-iscsi neutron-server[104699]: DEBUG neutron.db.l3_dvrscheduler_db [req-06d639a4-e273-455c-9f35-3dc435b57db9 req-1275ac27-381b-4303-b046-7a80589f1bbb tempest-ServerRescueNegativeTestJSON-552422785 tempest-ServerRescueNegativeTestJSON-552422785-project] Received port after_create {{(pid=104699) _notify_l3_agent_new_port /opt/stack/neutron/neutron/db/l3_dvrscheduler_db.py:535}}
Jul 14 10:50:28.793518 dv-cinder-796286-17-iscsi neutron-server[104699]: DEBUG neutron.pecan_wsgi.hooks.policy_enforcement [req-06d639a4-e273-455c-9f35-3dc435b57db9 req-1275ac27-381b-4303-b046-7a80589f1bbb tempest-ServerRescueNegativeTestJSON-552422785 tempest-ServerRescueNegativeTestJSON-552422785-project] Attributes excluded by policy engine: ['standard_attr_id', 'binding:profile', 'binding:host_id', 'binding:vif_type', 'binding:vif_details', 'network'] {{(pid=104699) _exclude_attributes_by_policy /opt/stack/neutron/neutron/pecan_wsgi/hooks/policy_enforcement.py:255}}
Jul 14 10:50:28.794528 dv-cinder-796286-17-iscsi neutron-server[104699]: DEBUG neutron_lib.callbacks.manager [req-06d639a4-e273-455c-9f35-3dc435b57db9 req-1275ac27-381b-4303-b046-7a80589f1bbb tempest-ServerRescueNegativeTestJSON-552422785 tempest-ServerRescueNegativeTestJSON-552422785-project] Notify callbacks ['neutron.notifiers.nova.Notifier._send_nova_notification-194507', 'neutron.api.rpc.agentnotifiers.dhcp_rpc_agent_api.DhcpAgentNotifyAPI._send_dhcp_notification-8331446'] for port, before_response {{(pid=104699) _notify_loop /usr/local/lib/python3.8/dist-packages/neutron_lib/callbacks/manager.py:192}}
Jul 14 10:50:28.885407 dv-cinder-796286-17-iscsi neutron-server[104700]: DEBUG neutron.db.db_base_plugin_common [req-821ecf7c-aa41-43cb-a05f-e7f671ec265a req-2a4b76c3-a418-4ab8-9a7c-236dc05a36f9 tempest-AttachVolumeShelveTestJSON-1904181405 tempest-AttachVolumeShelveTestJSON-1904181405-project] Allocated IP 172.20.0.14 (aa4b9753-2866-49c1-b2b6-fd6d0327d400/37246caa-0da0-4f4c-8a2e-909975b42556/9af0bad1-d148-4be7-a9f5-fb302b76f79c) {{(pid=104700) _store_ip_allocation /opt/stack/neutron/neutron/db/db_base_plugin_common.py:131}}
Jul 14 10:50:28.886815 dv-cinder-796286-17-iscsi neutron-server[104699]: INFO neutron.wsgi [req-96a4f90f-5c46-4438-92d4-bceda2add87b req-c87de936-3c4f-4215-97d4-27e338547007 tempest-AttachVolumeShelveTestJSON-1904181405 tempest-AttachVolumeShelveTestJSON-1904181405-project] 10.222.0.67 "GET /v2.0/ports?device_id=cb6927e6-acfc-4e84-a37a-ca87f725a125 HTTP/1.1" status: 200 len: 210 time: 0.0515692
Jul 14 10:50:28.975305 dv-cinder-796286-17-iscsi neutron-server[104699]: DEBUG neutron.notifiers.nova [req-8dae9c1c-6ca7-40df-ab68-2352b9b747c1 req-ac64b7a5-e6a6-4b67-ac24-80580e2c43cb service neutron] Ignoring state change previous_port_status: DOWN current_port_status: DOWN port_id 07c6f2f5-2eff-49db-b3f1-4c8cd3d6cb27 {{(pid=104699) record_port_status_changed /opt/stack/neutron/neutron/notifiers/nova.py:224}}
Jul 14 10:50:28.983576 dv-cinder-796286-17-iscsi neutron-server[104700]: DEBUG neutron_lib.callbacks.manager [None req-1f8925d3-e207-45e4-be43-394896aa6047 admin admin] Notify callbacks [] for security_group, precommit_create {{(pid=104700) _notify_loop /usr/local/lib/python3.8/dist-packages/neutron_lib/callbacks/manager.py:192}}
Jul 14 10:50:28.983783 dv-cinder-796286-17-iscsi neutron-server[104699]: DEBUG neutron_lib.callbacks.manager [req-8dae9c1c-6ca7-40df-ab68-2352b9b747c1 req-ac64b7a5-e6a6-4b67-ac24-80580e2c43cb service neutron] Notify callbacks [] for port, precommit_update {{(pid=104699) _notify_loop /usr/local/lib/python3.8/dist-packages/neutron_lib/callbacks/manager.py:192}}
Jul 14 10:50:29.000229 dv-cinder-796286-17-iscsi neutron-server[104699]: DEBUG neutron.db.provisioning_blocks [req-8dae9c1c-6ca7-40df-ab68-2352b9b747c1 req-ac64b7a5-e6a6-4b67-ac24-80580e2c43cb service neutron] Transition to ACTIVE for port object 07c6f2f5-2eff-49db-b3f1-4c8cd3d6cb27 will not be triggered until provisioned by entity L2. {{(pid=104699) add_provisioning_component /opt/stack/neutron/neutron/db/provisioning_blocks.py:73}}
Jul 14 10:50:29.013007 dv-cinder-796286-17-iscsi neutron-server[104699]: DEBUG neutron_lib.callbacks.manager [req-8dae9c1c-6ca7-40df-ab68-2352b9b747c1 req-ac64b7a5-e6a6-4b67-ac24-80580e2c43cb service neutron] Notify callbacks ['neutron.plugins.ml2.plugin.SecurityGroupServerNotifierRpcMixin._notify_sg_on_port_change-552762', 'neutron.plugins.ml2.ovo_rpc._ObjectChangeHandler.handle_event-81306', 'neutron.api.rpc.agentnotifiers.dhcp_rpc_agent_api.DhcpAgentNotifyAPI._native_event_send_dhcp_notification-8331456', 'neutron.db.l3_db.L3RpcNotifierMixin._notify_gateway_port_ip_changed-8792515387383', 'neutron.db.l3_dvrscheduler_db._notify_l3_agent_port_update-8792515011512', 'neutron.db.l3_hascheduler_db._notify_l3_agent_ha_port_update-8792515011530'] for port, after_update {{(pid=104699) _notify_loop /usr/local/lib/python3.8/dist-packages/neutron_lib/callbacks/manager.py:192}}
Jul 14 10:50:29.065155 dv-cinder-796286-17-iscsi neutron-server[104699]: DEBUG neutron.pecan_wsgi.hooks.quota_enforcement [None req-5752600f-2b69-4868-9676-5c538e9d1437 admin admin] Made reservation on behalf of 976185fe45ea434583f5cc33dd80da1a for: {'subnet': 1} {{(pid=104699) before /opt/stack/neutron/neutron/pecan_wsgi/hooks/quota_enforcement.py:53}}
Jul 14 10:50:29.068083 dv-cinder-796286-17-iscsi neutron-server[104699]: DEBUG neutron_lib.callbacks.manager [None req-5752600f-2b69-4868-9676-5c538e9d1437 admin admin] Notify callbacks [] for subnet, before_create {{(pid=104699) _notify_loop /usr/local/lib/python3.8/dist-packages/neutron_lib/callbacks/manager.py:192}}
Jul 14 10:50:29.090586 dv-cinder-796286-17-iscsi neutron-server[104699]: INFO neutron.wsgi [req-06d639a4-e273-455c-9f35-3dc435b57db9 req-1275ac27-381b-4303-b046-7a80589f1bbb tempest-ServerRescueNegativeTestJSON-552422785 tempest-ServerRescueNegativeTestJSON-552422785-project] 10.222.0.89 "POST /v2.0/ports HTTP/1.1" status: 201 len: 933 time: 2.4416804
Jul 14 10:50:29.123789 dv-cinder-796286-17-iscsi neutron-server[104700]: DEBUG neutron_lib.callbacks.manager [None req-1f8925d3-e207-45e4-be43-394896aa6047 admin admin] Notify callbacks ['neutron.plugins.ml2.ovo_rpc._ObjectChangeHandler.handle_event-8349931'] for security_group, after_create {{(pid=104700) _notify_loop /usr/local/lib/python3.8/dist-packages/neutron_lib/callbacks/manager.py:192}}
Jul 14 10:50:29.135905 dv-cinder-796286-17-iscsi neutron-server[104699]: DEBUG neutron.api.v2.base [req-06d639a4-e273-455c-9f35-3dc435b57db9 req-39392540-f470-441c-bdbd-ab40c6924ac0 service neutron] Request body: {'port': {'device_id': '4962609c-b9ec-4505-b300-a1092168bd72', 'device_owner': 'compute:nova', 'binding:host_id': 'hv-cinder-79628'}} {{(pid=104699) prepare_request_body /opt/stack/neutron/neutron/api/v2/base.py:729}}
Jul 14 10:50:29.164915 dv-cinder-796286-17-iscsi neutron-server[104699]: DEBUG neutron.api.rpc.handlers.resources_rpc [None req-ac64b7a5-e6a6-4b67-ac24-80580e2c43cb service neutron] Pushing event updated for resources: {'Port': ['ID=07c6f2f5-2eff-49db-b3f1-4c8cd3d6cb27,revision_number=2']} {{(pid=104699) push /opt/stack/neutron/neutron/api/rpc/handlers/resources_rpc.py:237}}
Jul 14 10:50:29.214463 dv-cinder-796286-17-iscsi neutron-server[104700]: INFO neutron.wsgi [None req-1f8925d3-e207-45e4-be43-394896aa6047 admin admin] 10.222.0.67 "GET /v2.0/security-groups?tenant_id=8cf5460fe7f2452f80f12df2edec9b97&name=default HTTP/1.1" status: 200 len: 2979 time: 0.6873085
Jul 14 10:50:29.219621 dv-cinder-796286-17-iscsi neutron-server[104699]: DEBUG neutron.wsgi [-] (104699) accepted ('10.222.0.67', 48454) {{(pid=104699) server /usr/local/lib/python3.8/dist-packages/eventlet/wsgi.py:982}}
Jul 14 10:50:29.223762 dv-cinder-796286-17-iscsi neutron-server[104700]: DEBUG neutron.api.rpc.handlers.resources_rpc [None req-1f8925d3-e207-45e4-be43-394896aa6047 admin admin] Pushing event updated for resources: {'SecurityGroup': ['ID=908dbfb7-8ab0-4d85-bc9a-c0706a5d8240,revision_number=1']} {{(pid=104700) push /opt/stack/neutron/neutron/api/rpc/handlers/resources_rpc.py:237}}
Jul 14 10:50:29.284180 dv-cinder-796286-17-iscsi neutron-server[104700]: DEBUG neutron_lib.callbacks.manager [req-821ecf7c-aa41-43cb-a05f-e7f671ec265a req-2a4b76c3-a418-4ab8-9a7c-236dc05a36f9 tempest-AttachVolumeShelveTestJSON-1904181405 tempest-AttachVolumeShelveTestJSON-1904181405-project] Notify callbacks [] for port, precommit_create {{(pid=104700) _notify_loop /usr/local/lib/python3.8/dist-packages/neutron_lib/callbacks/manager.py:192}}
Jul 14 10:50:29.330951 dv-cinder-796286-17-iscsi neutron-server[104700]: DEBUG neutron.db.provisioning_blocks [req-821ecf7c-aa41-43cb-a05f-e7f671ec265a req-2a4b76c3-a418-4ab8-9a7c-236dc05a36f9 tempest-AttachVolumeShelveTestJSON-1904181405 tempest-AttachVolumeShelveTestJSON-1904181405-project] Transition to ACTIVE for port object 9af0bad1-d148-4be7-a9f5-fb302b76f79c will not be triggered until provisioned by entity DHCP. {{(pid=104700) add_provisioning_component /opt/stack/neutron/neutron/db/provisioning_blocks.py:73}}
Jul 14 10:50:29.353417 dv-cinder-796286-17-iscsi neutron-server[104699]: DEBUG neutron.plugins.ml2.managers [req-8dae9c1c-6ca7-40df-ab68-2352b9b747c1 req-ac64b7a5-e6a6-4b67-ac24-80580e2c43cb service neutron] Attempting to bind port 07c6f2f5-2eff-49db-b3f1-4c8cd3d6cb27 on host hv-cinder-79628 for vnic_type normal with profile {{(pid=104699) bind_port /opt/stack/neutron/neutron/plugins/ml2/managers.py:790}}
Jul 14 10:50:29.353780 dv-cinder-796286-17-iscsi neutron-server[104699]: DEBUG neutron.plugins.ml2.managers [req-8dae9c1c-6ca7-40df-ab68-2352b9b747c1 req-ac64b7a5-e6a6-4b67-ac24-80580e2c43cb service neutron] Attempting to bind port 07c6f2f5-2eff-49db-b3f1-4c8cd3d6cb27 by drivers openvswitch,hyperv on host hv-cinder-79628 at level 0 using segments [{'id': 'd7e1a9df-c1ca-4a40-ab65-c30e30e7e914', 'network_type': 'vlan', 'physical_network': 'physnet1', 'segmentation_id': 1034, 'network_id': '7182185d-c07e-4c6c-882e-541564bfbcbc'}] {{(pid=104699) _bind_port_level /opt/stack/neutron/neutron/plugins/ml2/managers.py:815}}
Jul 14 10:50:29.355270 dv-cinder-796286-17-iscsi neutron-server[104699]: DEBUG neutron.plugins.ml2.drivers.mech_agent [req-8dae9c1c-6ca7-40df-ab68-2352b9b747c1 req-ac64b7a5-e6a6-4b67-ac24-80580e2c43cb service neutron] Attempting to bind port 07c6f2f5-2eff-49db-b3f1-4c8cd3d6cb27 on network 7182185d-c07e-4c6c-882e-541564bfbcbc {{(pid=104699) bind_port /opt/stack/neutron/neutron/plugins/ml2/drivers/mech_agent.py:86}}
Jul 14 10:50:29.383605 dv-cinder-796286-17-iscsi neutron-server[104700]: DEBUG neutron.pecan_wsgi.hooks.policy_enforcement [req-beee0a25-bc56-4c90-b7af-87e588bd0442 req-e7badd96-fba9-4c05-ad43-16e4fbd7347f tempest-DeleteServersTestJSON-558556894 tempest-DeleteServersTestJSON-558556894-project] Attributes excluded by policy engine: ['standard_attr_id', 'binding:profile', 'binding:host_id', 'binding:vif_type', 'binding:vif_details'] {{(pid=104700) _exclude_attributes_by_policy /opt/stack/neutron/neutron/pecan_wsgi/hooks/policy_enforcement.py:255}}
Jul 14 10:50:29.385815 dv-cinder-796286-17-iscsi neutron-server[104700]: INFO neutron.wsgi [req-beee0a25-bc56-4c90-b7af-87e588bd0442 req-e7badd96-fba9-4c05-ad43-16e4fbd7347f tempest-DeleteServersTestJSON-558556894 tempest-DeleteServersTestJSON-558556894-project] 10.222.0.67 "GET /v2.0/ports?device_id=c44d2d52-109b-4c61-8a44-98c1c54c0f80 HTTP/1.1" status: 200 len: 943 time: 0.1276133
Jul 14 10:50:29.389789 dv-cinder-796286-17-iscsi neutron-server[104699]: DEBUG neutron.plugins.ml2.drivers.mech_agent [req-8dae9c1c-6ca7-40df-ab68-2352b9b747c1 req-ac64b7a5-e6a6-4b67-ac24-80580e2c43cb service neutron] Port 07c6f2f5-2eff-49db-b3f1-4c8cd3d6cb27 on network 7182185d-c07e-4c6c-882e-541564bfbcbc not bound, no agent of type Open vSwitch agent registered on host hv-cinder-79628 {{(pid=104699) bind_port /opt/stack/neutron/neutron/plugins/ml2/drivers/mech_agent.py:98}}
