Jul 06 15:55:40.624238 dv-cinder-796286-14-iscsi devstack@c-api.service[99717]: /usr/local/lib/python3.8/dist-packages/oslo_context/context.py:105: DeprecationWarning: Policy enforcement is depending on the value of is_admin. This key is deprecated. Please update your policy file to use the standard policy values.
Jul 06 15:55:40.624238 dv-cinder-796286-14-iscsi devstack@c-api.service[99717]: warnings.warn('Policy enforcement is depending on the value of '
Jul 06 15:55:40.628689 dv-cinder-796286-14-iscsi devstack@c-api.service[99716]: INFO cinder.api.openstack.wsgi [None req-2c800372-33e7-4999-8099-77d6d71a80d7 tempest-ExtraSpecsNegativeTest-2078204786 tempest-ExtraSpecsNegativeTest-2078204786-project-admin] http://10.222.0.59/volume/v3/5af6adc82d8c4cfcbf18934cc9103c29/types/95a09a6f-f87b-4861-9bb1-d490fd3ecb42 returned with HTTP 404
Jul 06 15:55:40.637869 dv-cinder-796286-14-iscsi devstack@c-api.service[99716]: [pid: 99716|app: 0|req: 24/38] 10.222.0.59 () {58 vars in 1319 bytes} [Tue Jul 6 15:55:40 2021] GET /volume/v3/5af6adc82d8c4cfcbf18934cc9103c29/types/95a09a6f-f87b-4861-9bb1-d490fd3ecb42 => generated 114 bytes in 34 msecs (HTTP/1.1 404) 7 headers in 292 bytes (1 switches on core 0)
Jul 06 15:55:40.660723 dv-cinder-796286-14-iscsi devstack@c-api.service[99717]: INFO cinder.api.openstack.wsgi [None req-db9b84b5-0e2a-421f-b52d-81b762e44905 tempest-GroupsV320Test-1746279568 tempest-GroupsV320Test-1746279568-project] http://10.222.0.59/volume/v3/b1b74b1ac67c485a926959b27855d403/groups/bb7ba130-6861-4981-8afe-18408b9f3e90 returned with HTTP 200
Jul 06 15:55:40.666575 dv-cinder-796286-14-iscsi devstack@c-api.service[99717]: [pid: 99717|app: 0|req: 15/39] 10.222.0.59 () {60 vars in 1363 bytes} [Tue Jul 6 15:55:40 2021] GET /volume/v3/b1b74b1ac67c485a926959b27855d403/groups/bb7ba130-6861-4981-8afe-18408b9f3e90 => generated 388 bytes in 69 msecs (HTTP/1.1 200) 7 headers in 286 bytes (1 switches on core 0)
Jul 06 15:55:40.674955 dv-cinder-796286-14-iscsi devstack@c-api.service[99716]: INFO cinder.api.openstack.wsgi [None req-ec9bca0e-d62f-498e-9c4e-165e77246cc4 tempest-GroupsV320Test-1746279568 tempest-GroupsV320Test-1746279568-project] GET http://10.222.0.59/volume/v3/b1b74b1ac67c485a926959b27855d403/volumes/detail
Jul 06 15:55:40.675486 dv-cinder-796286-14-iscsi devstack@c-api.service[99716]: DEBUG cinder.api.openstack.wsgi [None req-ec9bca0e-d62f-498e-9c4e-165e77246cc4 tempest-GroupsV320Test-1746279568 tempest-GroupsV320Test-1746279568-project] Empty body provided in request {{(pid=99716) get_body /opt/stack/cinder/cinder/api/openstack/wsgi.py:713}}
Jul 06 15:55:40.675903 dv-cinder-796286-14-iscsi devstack@c-api.service[99716]: DEBUG cinder.api.openstack.wsgi [None req-ec9bca0e-d62f-498e-9c4e-165e77246cc4 tempest-GroupsV320Test-1746279568 tempest-GroupsV320Test-1746279568-project] Calling method 'detail' {{(pid=99716) _process_stack /opt/stack/cinder/cinder/api/openstack/wsgi.py:866}}
Jul 06 15:55:40.676895 dv-cinder-796286-14-iscsi devstack@c-api.service[99716]: DEBUG cinder.api.api_utils [None req-ec9bca0e-d62f-498e-9c4e-165e77246cc4 tempest-GroupsV320Test-1746279568 tempest-GroupsV320Test-1746279568-project] Removing options '' from query. {{(pid=99716) remove_invalid_filter_options /opt/stack/cinder/cinder/api/api_utils.py:73}}
Jul 06 15:55:40.690890 dv-cinder-796286-14-iscsi devstack@c-api.service[99716]: DEBUG cinder.volume.api [None req-ec9bca0e-d62f-498e-9c4e-165e77246cc4 tempest-GroupsV320Test-1746279568 tempest-GroupsV320Test-1746279568-project] Searching by: MultiDict([('no_migration_targets', True)]). {{(pid=99716) get_all /opt/stack/cinder/cinder/volume/api.py:617}}
Jul 06 15:55:40.823906 dv-cinder-796286-14-iscsi devstack@c-api.service[99717]: INFO cinder.api.openstack.wsgi [None req-0214ba98-9a40-4b98-820b-bf163061785f tempest-VolumesTestJSON-1666135334 tempest-VolumesTestJSON-1666135334-project] GET http://10.222.0.59/volume/v3/91f71b87792c4fbd9675b4b3d927f7a0/volumes/91da15ca-59cc-47b7-93bf-56ca343a14ff
Jul 06 15:55:40.824906 dv-cinder-796286-14-iscsi devstack@c-api.service[99717]: DEBUG cinder.api.openstack.wsgi [None req-0214ba98-9a40-4b98-820b-bf163061785f tempest-VolumesTestJSON-1666135334 tempest-VolumesTestJSON-1666135334-project] Empty body provided in request {{(pid=99717) get_body /opt/stack/cinder/cinder/api/openstack/wsgi.py:713}}
Jul 06 15:55:40.825188 dv-cinder-796286-14-iscsi devstack@c-api.service[99717]: /usr/local/lib/python3.8/dist-packages/webob/acceptparse.py:1047: DeprecationWarning: The behavior of AcceptValidHeader.best_match is currently being maintained for backward compatibility, but it will be deprecated in the future, as it does not conform to the RFC.
Jul 06 15:55:40.825188 dv-cinder-796286-14-iscsi devstack@c-api.service[99717]: warnings.warn(
Jul 06 15:55:40.826149 dv-cinder-796286-14-iscsi devstack@c-api.service[99717]: DEBUG cinder.api.openstack.wsgi [None req-0214ba98-9a40-4b98-820b-bf163061785f tempest-VolumesTestJSON-1666135334 tempest-VolumesTestJSON-1666135334-project] Calling method 'show' {{(pid=99717) _process_stack /opt/stack/cinder/cinder/api/openstack/wsgi.py:866}}
Jul 06 15:55:40.830462 dv-cinder-796286-14-iscsi devstack@c-api.service[99716]: INFO cinder.volume.api [None req-ec9bca0e-d62f-498e-9c4e-165e77246cc4 tempest-GroupsV320Test-1746279568 tempest-GroupsV320Test-1746279568-project] Get all volumes completed successfully.
Jul 06 15:55:40.835949 dv-cinder-796286-14-iscsi devstack@c-api.service[99716]: INFO cinder.api.openstack.wsgi [None req-ec9bca0e-d62f-498e-9c4e-165e77246cc4 tempest-GroupsV320Test-1746279568 tempest-GroupsV320Test-1746279568-project] http://10.222.0.59/volume/v3/b1b74b1ac67c485a926959b27855d403/volumes/detail returned with HTTP 200
Jul 06 15:55:40.850008 dv-cinder-796286-14-iscsi devstack@c-api.service[99716]: [pid: 99716|app: 0|req: 25/40] 10.222.0.59 () {60 vars in 1276 bytes} [Tue Jul 6 15:55:40 2021] GET /volume/v3/b1b74b1ac67c485a926959b27855d403/volumes/detail => generated 15 bytes in 179 msecs (HTTP/1.1 200) 7 headers in 285 bytes (1 switches on core 0)
Jul 06 15:55:40.857911 dv-cinder-796286-14-iscsi devstack@c-api.service[99716]: INFO cinder.api.openstack.wsgi [None req-773167e2-0a56-4176-a00f-1580c7a624dd tempest-GroupsV320Test-1746279568 tempest-GroupsV320Test-1746279568-project] POST http://10.222.0.59/volume/v3/b1b74b1ac67c485a926959b27855d403/groups/bb7ba130-6861-4981-8afe-18408b9f3e90/action
Jul 06 15:55:40.858278 dv-cinder-796286-14-iscsi devstack@c-api.service[99717]: /usr/local/lib/python3.8/dist-packages/oslo_context/context.py:105: DeprecationWarning: Policy enforcement is depending on the value of is_admin. This key is deprecated. Please update your policy file to use the standard policy values.
Jul 06 15:55:40.858278 dv-cinder-796286-14-iscsi devstack@c-api.service[99717]: warnings.warn('Policy enforcement is depending on the value of '
Jul 06 15:55:40.858638 dv-cinder-796286-14-iscsi devstack@c-api.service[99716]: DEBUG cinder.api.openstack.wsgi [None req-773167e2-0a56-4176-a00f-1580c7a624dd tempest-GroupsV320Test-1746279568 tempest-GroupsV320Test-1746279568-project] Action body: b'{"delete": {"delete-volumes": true}}' {{(pid=99716) get_method /opt/stack/cinder/cinder/api/openstack/wsgi.py:981}}
Jul 06 15:55:40.859109 dv-cinder-796286-14-iscsi devstack@c-api.service[99716]: DEBUG cinder.api.openstack.wsgi [None req-773167e2-0a56-4176-a00f-1580c7a624dd tempest-GroupsV320Test-1746279568 tempest-GroupsV320Test-1746279568-project] Action: 'action', calling method: version_select, body: {"delete": {"delete-volumes": true}} {{(pid=99716) _process_stack /opt/stack/cinder/cinder/api/openstack/wsgi.py:864}}
Jul 06 15:55:40.861042 dv-cinder-796286-14-iscsi devstack@c-api.service[99716]: DEBUG cinder.api.v3.groups [None req-773167e2-0a56-4176-a00f-1580c7a624dd tempest-GroupsV320Test-1746279568 tempest-GroupsV320Test-1746279568-project] delete called for group bb7ba130-6861-4981-8afe-18408b9f3e90 {{(pid=99716) _delete /opt/stack/cinder/cinder/api/v3/groups.py:117}}
Jul 06 15:55:40.861042 dv-cinder-796286-14-iscsi devstack@c-api.service[99716]: INFO cinder.api.v3.groups [None req-773167e2-0a56-4176-a00f-1580c7a624dd tempest-GroupsV320Test-1746279568 tempest-GroupsV320Test-1746279568-project] Delete group with id: bb7ba130-6861-4981-8afe-18408b9f3e90
Jul 06 15:55:40.882707 dv-cinder-796286-14-iscsi devstack@c-api.service[99717]: INFO cinder.volume.api [None req-0214ba98-9a40-4b98-820b-bf163061785f tempest-VolumesTestJSON-1666135334 tempest-VolumesTestJSON-1666135334-project] Volume info retrieved successfully.
Jul 06 15:55:40.886465 dv-cinder-796286-14-iscsi devstack@c-api.service[99716]: /usr/local/lib/python3.8/dist-packages/oslo_context/context.py:105: DeprecationWarning: Policy enforcement is depending on the value of is_admin. This key is deprecated. Please update your policy file to use the standard policy values.
Jul 06 15:55:40.886465 dv-cinder-796286-14-iscsi devstack@c-api.service[99716]: warnings.warn('Policy enforcement is depending on the value of '
Jul 06 15:55:40.932290 dv-cinder-796286-14-iscsi devstack@c-api.service[99717]: INFO cinder.api.openstack.wsgi [None req-0214ba98-9a40-4b98-820b-bf163061785f tempest-VolumesTestJSON-1666135334 tempest-VolumesTestJSON-1666135334-project] http://10.222.0.59/volume/v3/91f71b87792c4fbd9675b4b3d927f7a0/volumes/91da15ca-59cc-47b7-93bf-56ca343a14ff returned with HTTP 200
Jul 06 15:55:40.936118 dv-cinder-796286-14-iscsi devstack@c-api.service[99717]: [pid: 99717|app: 0|req: 16/41] 10.222.0.59 () {58 vars in 1325 bytes} [Tue Jul 6 15:55:40 2021] GET /volume/v3/91f71b87792c4fbd9675b4b3d927f7a0/volumes/91da15ca-59cc-47b7-93bf-56ca343a14ff => generated 922 bytes in 117 msecs (HTTP/1.1 200) 7 headers in 285 bytes (1 switches on core 0)
Jul 06 15:55:40.970413 dv-cinder-796286-14-iscsi devstack@c-api.service[99717]: INFO cinder.api.openstack.wsgi [req-30d743dc-15a2-4d3f-92b4-67c003b0c751 req-06eb7fcd-2ded-4277-b1d6-aee9093d7770 tempest-VolumesTestJSON-1666135334 tempest-VolumesTestJSON-1666135334-project] GET http://10.222.0.59/volume/v3/91f71b87792c4fbd9675b4b3d927f7a0/volumes/91da15ca-59cc-47b7-93bf-56ca343a14ff
Jul 06 15:55:40.971072 dv-cinder-796286-14-iscsi devstack@c-api.service[99717]: DEBUG cinder.api.openstack.wsgi [req-30d743dc-15a2-4d3f-92b4-67c003b0c751 req-06eb7fcd-2ded-4277-b1d6-aee9093d7770 tempest-VolumesTestJSON-1666135334 tempest-VolumesTestJSON-1666135334-project] Empty body provided in request {{(pid=99717) get_body /opt/stack/cinder/cinder/api/openstack/wsgi.py:713}}
Jul 06 15:55:40.971248 dv-cinder-796286-14-iscsi devstack@c-api.service[99717]: /usr/local/lib/python3.8/dist-packages/webob/acceptparse.py:1047: DeprecationWarning: The behavior of AcceptValidHeader.best_match is currently being maintained for backward compatibility, but it will be deprecated in the future, as it does not conform to the RFC.
Jul 06 15:55:40.971248 dv-cinder-796286-14-iscsi devstack@c-api.service[99717]: warnings.warn(
Jul 06 15:55:40.971574 dv-cinder-796286-14-iscsi devstack@c-api.service[99717]: DEBUG cinder.api.openstack.wsgi [req-30d743dc-15a2-4d3f-92b4-67c003b0c751 req-06eb7fcd-2ded-4277-b1d6-aee9093d7770 tempest-VolumesTestJSON-1666135334 tempest-VolumesTestJSON-1666135334-project] Calling method 'show' {{(pid=99717) _process_stack /opt/stack/cinder/cinder/api/openstack/wsgi.py:866}}
Jul 06 15:55:41.007000 dv-cinder-796286-14-iscsi devstack@c-api.service[99717]: /usr/local/lib/python3.8/dist-packages/oslo_context/context.py:105: DeprecationWarning: Policy enforcement is depending on the value of is_admin. This key is deprecated. Please update your policy file to use the standard policy values.
Jul 06 15:55:41.007000 dv-cinder-796286-14-iscsi devstack@c-api.service[99717]: warnings.warn('Policy enforcement is depending on the value of '
Jul 06 15:55:41.026643 dv-cinder-796286-14-iscsi devstack@c-api.service[99717]: INFO cinder.volume.api [req-30d743dc-15a2-4d3f-92b4-67c003b0c751 req-06eb7fcd-2ded-4277-b1d6-aee9093d7770 tempest-VolumesTestJSON-1666135334 tempest-VolumesTestJSON-1666135334-project] Volume info retrieved successfully.
Jul 06 15:55:41.087597 dv-cinder-796286-14-iscsi devstack@c-api.service[99717]: INFO cinder.api.openstack.wsgi [req-30d743dc-15a2-4d3f-92b4-67c003b0c751 req-06eb7fcd-2ded-4277-b1d6-aee9093d7770 tempest-VolumesTestJSON-1666135334 tempest-VolumesTestJSON-1666135334-project] http://10.222.0.59/volume/v3/91f71b87792c4fbd9675b4b3d927f7a0/volumes/91da15ca-59cc-47b7-93bf-56ca343a14ff returned with HTTP 200
Jul 06 15:55:41.096568 dv-cinder-796286-14-iscsi devstack@c-api.service[99717]: [pid: 99717|app: 0|req: 17/42] 10.222.0.59 () {60 vars in 1579 bytes} [Tue Jul 6 15:55:40 2021] GET /volume/v3/91f71b87792c4fbd9675b4b3d927f7a0/volumes/91da15ca-59cc-47b7-93bf-56ca343a14ff => generated 922 bytes in 131 msecs (HTTP/1.1 200) 7 headers in 285 bytes (1 switches on core 0)
Jul 06 15:55:41.108088 dv-cinder-796286-14-iscsi devstack@c-api.service[99717]: INFO cinder.api.openstack.wsgi [None req-59acb35e-acdf-4fe2-98db-b983a8c00331 tempest-VolumesTestJSON-1666135334 tempest-VolumesTestJSON-1666135334-project] POST http://10.222.0.59/volume/v3/91f71b87792c4fbd9675b4b3d927f7a0/volumes
Jul 06 15:55:41.108980 dv-cinder-796286-14-iscsi devstack@c-api.service[99717]: /usr/local/lib/python3.8/dist-packages/webob/acceptparse.py:1047: DeprecationWarning: The behavior of AcceptValidHeader.best_match is currently being maintained for backward compatibility, but it will be deprecated in the future, as it does not conform to the RFC.
Jul 06 15:55:41.108980 dv-cinder-796286-14-iscsi devstack@c-api.service[99717]: warnings.warn(
Jul 06 15:55:41.111449 dv-cinder-796286-14-iscsi devstack@c-api.service[99717]: DEBUG cinder.api.openstack.wsgi [None req-59acb35e-acdf-4fe2-98db-b983a8c00331 tempest-VolumesTestJSON-1666135334 tempest-VolumesTestJSON-1666135334-project] Action: 'create', calling method: create, body: {"volume": {"metadata": {"Type": "work"}, "size": 1, "display_name": "tempest-VolumesTestJSON-volume-783610307"}} {{(pid=99717) _process_stack /opt/stack/cinder/cinder/api/openstack/wsgi.py:864}}
Jul 06 15:55:41.115518 dv-cinder-796286-14-iscsi devstack@c-api.service[99717]: DEBUG cinder.api.v3.volumes [None req-59acb35e-acdf-4fe2-98db-b983a8c00331 tempest-VolumesTestJSON-1666135334 tempest-VolumesTestJSON-1666135334-project] Create volume request body: {'volume': {'metadata': {'Type': 'work'}, 'size': 1, 'display_name': 'tempest-VolumesTestJSON-volume-783610307'}} {{(pid=99717) create /opt/stack/cinder/cinder/api/v3/volumes.py:289}}
Jul 06 15:55:41.117964 dv-cinder-796286-14-iscsi devstack@c-api.service[99717]: INFO cinder.api.v3.volumes [None req-59acb35e-acdf-4fe2-98db-b983a8c00331 tempest-VolumesTestJSON-1666135334 tempest-VolumesTestJSON-1666135334-project] Create volume of 1 GB
Jul 06 15:55:41.137397 dv-cinder-796286-14-iscsi devstack@c-api.service[99717]: INFO cinder.volume.api [None req-59acb35e-acdf-4fe2-98db-b983a8c00331 tempest-VolumesTestJSON-1666135334 tempest-VolumesTestJSON-1666135334-project] Availability Zones retrieved successfully.
Jul 06 15:55:41.169346 dv-cinder-796286-14-iscsi devstack@c-api.service[99717]: DEBUG cinder.volume.api [None req-59acb35e-acdf-4fe2-98db-b983a8c00331 tempest-VolumesTestJSON-1666135334 tempest-VolumesTestJSON-1666135334-project] Flow 'volume_create_api' (fff45e1b-f20b-41c4-9035-98409ef02bdd) transitioned into state 'RUNNING' from state 'PENDING' {{(pid=99717) _flow_receiver /usr/local/lib/python3.8/dist-packages/taskflow/listeners/logging.py:141}}
Jul 06 15:55:41.178454 dv-cinder-796286-14-iscsi devstack@c-api.service[99717]: DEBUG cinder.volume.api [None req-59acb35e-acdf-4fe2-98db-b983a8c00331 tempest-VolumesTestJSON-1666135334 tempest-VolumesTestJSON-1666135334-project] Task 'cinder.volume.flows.api.create_volume.ExtractVolumeRequestTask;volume:create' (11d17aa6-e2a8-440b-ad86-05f04bfb013f) transitioned into state 'RUNNING' from state 'PENDING' {{(pid=99717) _task_receiver /usr/local/lib/python3.8/dist-packages/taskflow/listeners/logging.py:190}}
Jul 06 15:55:41.184480 dv-cinder-796286-14-iscsi devstack@c-api.service[99717]: DEBUG cinder.volume.flows.api.create_volume [None req-59acb35e-acdf-4fe2-98db-b983a8c00331 tempest-VolumesTestJSON-1666135334 tempest-VolumesTestJSON-1666135334-project] Validating volume size '1' using validate_int {{(pid=99717) _extract_size /opt/stack/cinder/cinder/volume/flows/api/create_volume.py:201}}
Jul 06 15:55:41.249674 dv-cinder-796286-14-iscsi devstack@c-api.service[99717]: DEBUG cinder.volume.api [None req-59acb35e-acdf-4fe2-98db-b983a8c00331 tempest-VolumesTestJSON-1666135334 tempest-VolumesTestJSON-1666135334-project] Task 'cinder.volume.flows.api.create_volume.ExtractVolumeRequestTask;volume:create' (11d17aa6-e2a8-440b-ad86-05f04bfb013f) transitioned into state 'SUCCESS' from state 'RUNNING' with result '{'size': 1, 'snapshot_id': None, 'source_volid': None, 'volume_type': VolumeType(created_at=2021-07-06T15:45:58Z,deleted=False,deleted_at=None,description='Default Volume Type',extra_specs={},id=43d07c18-ab3b-4eb5-ac7e-f7a71ce8859b,is_public=True,name='__DEFAULT__',projects=[],qos_specs=,qos_specs_id=None,updated_at=2021-07-06T15:45:58Z), 'volume_type_id': '43d07c18-ab3b-4eb5-ac7e-f7a71ce8859b', 'encryption_key_id': None, 'qos_specs': None, 'consistencygroup_id': None, 'cgsnapshot_id': None, 'group_id': None, 'replication_status': 'disabled', 'refresh_az': False, 'backup_id': None, 'multiattach': False, 'availability_zones': ['nova']}' {{(pid=99717) _task_receiver /usr/local/lib/python3.8/dist-packages/taskflow/listeners/logging.py:178}}
Jul 06 15:55:41.254265 dv-cinder-796286-14-iscsi devstack@c-api.service[99717]: DEBUG cinder.volume.api [None req-59acb35e-acdf-4fe2-98db-b983a8c00331 tempest-VolumesTestJSON-1666135334 tempest-VolumesTestJSON-1666135334-project] Task 'cinder.volume.flows.api.create_volume.QuotaReserveTask;volume:create' (1e803a9e-3d84-463c-9e14-f522abe09615) transitioned into state 'RUNNING' from state 'PENDING' {{(pid=99717) _task_receiver /usr/local/lib/python3.8/dist-packages/taskflow/listeners/logging.py:190}}
Jul 06 15:55:41.357579 dv-cinder-796286-14-iscsi devstack@c-api.service[99717]: DEBUG cinder.quota [None req-59acb35e-acdf-4fe2-98db-b983a8c00331 tempest-VolumesTestJSON-1666135334 tempest-VolumesTestJSON-1666135334-project] Created reservations ['65e8c9de-15f0-4793-9b2f-6937ba906951', '45d473e7-b939-47b4-b344-49fedbd3f428', '9c0927ab-9946-4c25-b4da-6302206e6ec2', '486bb1f4-1868-4184-bada-2554527fa0fb'] {{(pid=99717) reserve /opt/stack/cinder/cinder/quota.py:755}}
Jul 06 15:55:41.359769 dv-cinder-796286-14-iscsi devstack@c-api.service[99717]: DEBUG cinder.volume.api [None req-59acb35e-acdf-4fe2-98db-b983a8c00331 tempest-VolumesTestJSON-1666135334 tempest-VolumesTestJSON-1666135334-project] Task 'cinder.volume.flows.api.create_volume.QuotaReserveTask;volume:create' (1e803a9e-3d84-463c-9e14-f522abe09615) transitioned into state 'SUCCESS' from state 'RUNNING' with result '{'reservations': ['65e8c9de-15f0-4793-9b2f-6937ba906951', '45d473e7-b939-47b4-b344-49fedbd3f428', '9c0927ab-9946-4c25-b4da-6302206e6ec2', '486bb1f4-1868-4184-bada-2554527fa0fb']}' {{(pid=99717) _task_receiver /usr/local/lib/python3.8/dist-packages/taskflow/listeners/logging.py:178}}
Jul 06 15:55:41.362974 dv-cinder-796286-14-iscsi devstack@c-api.service[99717]: DEBUG cinder.volume.api [None req-59acb35e-acdf-4fe2-98db-b983a8c00331 tempest-VolumesTestJSON-1666135334 tempest-VolumesTestJSON-1666135334-project] Task 'cinder.volume.flows.api.create_volume.EntryCreateTask;volume:create' (1d3f34b8-476e-4155-afd4-05881318d422) transitioned into state 'RUNNING' from state 'PENDING' {{(pid=99717) _task_receiver /usr/local/lib/python3.8/dist-packages/taskflow/listeners/logging.py:190}}
Jul 06 15:55:41.416983 dv-cinder-796286-14-iscsi devstack@c-api.service[99717]: DEBUG cinder.volume.api [None req-59acb35e-acdf-4fe2-98db-b983a8c00331 tempest-VolumesTestJSON-1666135334 tempest-VolumesTestJSON-1666135334-project] Task 'cinder.volume.flows.api.create_volume.EntryCreateTask;volume:create' (1d3f34b8-476e-4155-afd4-05881318d422) transitioned into state 'SUCCESS' from state 'RUNNING' with result '{'volume_id': '5d2f1659-6b34-4957-a2f4-3e143def45e0', 'volume_properties': VolumeProperties(attach_status='detached',availability_zone='nova',cgsnapshot_id=None,consistencygroup_id=None,display_description=None,display_name='tempest-VolumesTestJSON-volume-783610307',encryption_key_id=None,group_id=None,group_type_id=,metadata={Type='work'},multiattach=False,project_id='91f71b87792c4fbd9675b4b3d927f7a0',qos_specs=None,replication_status=,reservations=['65e8c9de-15f0-4793-9b2f-6937ba906951','45d473e7-b939-47b4-b344-49fedbd3f428','9c0927ab-9946-4c25-b4da-6302206e6ec2','486bb1f4-1868-4184-bada-2554527fa0fb'],size=1,snapshot_id=None,source_replicaid=,source_volid=None,status='creating',user_id='e86851d6710047628e2c825b98af8b9b',volume_type_id=43d07c18-ab3b-4eb5-ac7e-f7a71ce8859b), 'volume': Volume(_name_id=None,admin_metadata=,attach_status='detached',availability_zone='nova',bootable=False,cluster=,cluster_name=None,consistencygroup=,consistencygroup_id=None,created_at=2021-07-06T15:55:41Z,deleted=False,deleted_at=None,display_description=None,display_name='tempest-VolumesTestJSON-volume-783610307',ec2_id=None,encryption_key_id=None,glance_metadata=,group=,group_id=None,host=None,id=5d2f1659-6b34-4957-a2f4-3e143def45e0,launched_at=None,metadata={Type='work'},migration_status=None,multiattach=False,previous_status=None,project_id='91f71b87792c4fbd9675b4b3d927f7a0',provider_auth=None,provider_geometry=None,provider_id=None,provider_location=None,replication_driver_data=None,replication_extended_status=None,replication_status=None,scheduled_at=None,service_uuid=None,shared_targets=True,size=1,snapshot_id=None,snapshots=,source_volid=None,status='creating',terminated_at=None,updated_at=None,user_id='e86851d6710047628e2c825b98af8b9b',volume_attachment=,volume_type=VolumeType(43d07c18-ab3b-4eb5-ac7e-f7a71ce8859b),volume_type_id=43d07c18-ab3b-4eb5-ac7e-f7a71ce8859b)}' {{(pid=99717) _task_receiver /usr/local/lib/python3.8/dist-packages/taskflow/listeners/logging.py:178}}
Jul 06 15:55:41.426399 dv-cinder-796286-14-iscsi devstack@c-api.service[99717]: DEBUG cinder.volume.api [None req-59acb35e-acdf-4fe2-98db-b983a8c00331 tempest-VolumesTestJSON-1666135334 tempest-VolumesTestJSON-1666135334-project] Task 'cinder.volume.flows.api.create_volume.QuotaCommitTask;volume:create' (035f5f3c-4e76-464b-9662-c8ba57d2325e) transitioned into state 'RUNNING' from state 'PENDING' {{(pid=99717) _task_receiver /usr/local/lib/python3.8/dist-packages/taskflow/listeners/logging.py:190}}
Jul 06 15:55:41.460946 dv-cinder-796286-14-iscsi devstack@c-api.service[99716]: INFO cinder.api.openstack.wsgi [None req-773167e2-0a56-4176-a00f-1580c7a624dd tempest-GroupsV320Test-1746279568 tempest-GroupsV320Test-1746279568-project] http://10.222.0.59/volume/v3/b1b74b1ac67c485a926959b27855d403/groups/bb7ba130-6861-4981-8afe-18408b9f3e90/action returned with HTTP 202
Jul 06 15:55:41.462478 dv-cinder-796286-14-iscsi devstack@c-api.service[99716]: [pid: 99716|app: 0|req: 26/43] 10.222.0.59 () {62 vars in 1405 bytes} [Tue Jul 6 15:55:40 2021] POST /volume/v3/b1b74b1ac67c485a926959b27855d403/groups/bb7ba130-6861-4981-8afe-18408b9f3e90/action => generated 0 bytes in 608 msecs (HTTP/1.1 202) 6 headers in 234 bytes (1 switches on core 0)
Jul 06 15:55:41.474496 dv-cinder-796286-14-iscsi devstack@c-api.service[99716]: INFO cinder.api.openstack.wsgi [req-33552ce6-cf3d-46c2-80aa-fb135f91cd3b req-2b3feb96-a0b8-4440-8451-c88c607eb09e tempest-VolumesSnapshotsTestJSON-224714651 tempest-VolumesSnapshotsTestJSON-224714651-project] GET http://10.222.0.59/volume/v3/2c93f1476a6048779f01419c000c5531/volumes/ffdef541-aec1-4ac6-87bc-a7227d5af170
Jul 06 15:55:41.475543 dv-cinder-796286-14-iscsi devstack@c-api.service[99716]: DEBUG cinder.api.openstack.wsgi [req-33552ce6-cf3d-46c2-80aa-fb135f91cd3b req-2b3feb96-a0b8-4440-8451-c88c607eb09e tempest-VolumesSnapshotsTestJSON-224714651 tempest-VolumesSnapshotsTestJSON-224714651-project] Empty body provided in request {{(pid=99716) get_body /opt/stack/cinder/cinder/api/openstack/wsgi.py:713}}
Jul 06 15:55:41.475866 dv-cinder-796286-14-iscsi devstack@c-api.service[99716]: /usr/local/lib/python3.8/dist-packages/webob/acceptparse.py:1047: DeprecationWarning: The behavior of AcceptValidHeader.best_match is currently being maintained for backward compatibility, but it will be deprecated in the future, as it does not conform to the RFC.
Jul 06 15:55:41.475866 dv-cinder-796286-14-iscsi devstack@c-api.service[99716]: warnings.warn(
Jul 06 15:55:41.477622 dv-cinder-796286-14-iscsi devstack@c-api.service[99716]: DEBUG cinder.api.openstack.wsgi [req-33552ce6-cf3d-46c2-80aa-fb135f91cd3b req-2b3feb96-a0b8-4440-8451-c88c607eb09e tempest-VolumesSnapshotsTestJSON-224714651 tempest-VolumesSnapshotsTestJSON-224714651-project] Calling method 'show' {{(pid=99716) _process_stack /opt/stack/cinder/cinder/api/openstack/wsgi.py:866}}
Jul 06 15:55:41.486254 dv-cinder-796286-14-iscsi devstack@c-api.service[99717]: DEBUG cinder.volume.api [None req-59acb35e-acdf-4fe2-98db-b983a8c00331 tempest-VolumesTestJSON-1666135334 tempest-VolumesTestJSON-1666135334-project] Task 'cinder.volume.flows.api.create_volume.QuotaCommitTask;volume:create' (035f5f3c-4e76-464b-9662-c8ba57d2325e) transitioned into state 'SUCCESS' from state 'RUNNING' with result '{'volume_properties': VolumeProperties(attach_status='detached',availability_zone='nova',cgsnapshot_id=None,consistencygroup_id=None,display_description=None,display_name='tempest-VolumesTestJSON-volume-783610307',encryption_key_id=None,group_id=None,group_type_id=,metadata={Type='work'},multiattach=False,project_id='91f71b87792c4fbd9675b4b3d927f7a0',qos_specs=None,replication_status=,reservations=['65e8c9de-15f0-4793-9b2f-6937ba906951','45d473e7-b939-47b4-b344-49fedbd3f428','9c0927ab-9946-4c25-b4da-6302206e6ec2','486bb1f4-1868-4184-bada-2554527fa0fb'],size=1,snapshot_id=None,source_replicaid=,source_volid=None,status='creating',user_id='e86851d6710047628e2c825b98af8b9b',volume_type_id=43d07c18-ab3b-4eb5-ac7e-f7a71ce8859b)}' {{(pid=99717) _task_receiver /usr/local/lib/python3.8/dist-packages/taskflow/listeners/logging.py:178}}
Jul 06 15:55:41.488414 dv-cinder-796286-14-iscsi devstack@c-api.service[99717]: DEBUG cinder.volume.api [None req-59acb35e-acdf-4fe2-98db-b983a8c00331 tempest-VolumesTestJSON-1666135334 tempest-VolumesTestJSON-1666135334-project] Task 'cinder.volume.flows.api.create_volume.VolumeCastTask;volume:create' (d723251c-80f8-4a59-8648-87bc09217488) transitioned into state 'RUNNING' from state 'PENDING' {{(pid=99717) _task_receiver /usr/local/lib/python3.8/dist-packages/taskflow/listeners/logging.py:190}}
Jul 06 15:55:41.504096 dv-cinder-796286-14-iscsi devstack@c-api.service[99716]: /usr/local/lib/python3.8/dist-packages/oslo_context/context.py:105: DeprecationWarning: Policy enforcement is depending on the value of is_admin. This key is deprecated. Please update your policy file to use the standard policy values.
Jul 06 15:55:41.504096 dv-cinder-796286-14-iscsi devstack@c-api.service[99716]: warnings.warn('Policy enforcement is depending on the value of '
Jul 06 15:55:41.516387 dv-cinder-796286-14-iscsi devstack@c-api.service[99717]: DEBUG cinder.volume.api [None req-59acb35e-acdf-4fe2-98db-b983a8c00331 tempest-VolumesTestJSON-1666135334 tempest-VolumesTestJSON-1666135334-project] Task 'cinder.volume.flows.api.create_volume.VolumeCastTask;volume:create' (d723251c-80f8-4a59-8648-87bc09217488) transitioned into state 'SUCCESS' from state 'RUNNING' with result 'None' {{(pid=99717) _task_receiver /usr/local/lib/python3.8/dist-packages/taskflow/listeners/logging.py:178}}
Jul 06 15:55:41.531773 dv-cinder-796286-14-iscsi devstack@c-api.service[99717]: DEBUG cinder.volume.api [None req-59acb35e-acdf-4fe2-98db-b983a8c00331 tempest-VolumesTestJSON-1666135334 tempest-VolumesTestJSON-1666135334-project] Flow 'volume_create_api' (fff45e1b-f20b-41c4-9035-98409ef02bdd) transitioned into state 'SUCCESS' from state 'RUNNING' {{(pid=99717) _flow_receiver /usr/local/lib/python3.8/dist-packages/taskflow/listeners/logging.py:141}}
Jul 06 15:55:41.533137 dv-cinder-796286-14-iscsi devstack@c-api.service[99717]: INFO cinder.volume.api [None req-59acb35e-acdf-4fe2-98db-b983a8c00331 tempest-VolumesTestJSON-1666135334 tempest-VolumesTestJSON-1666135334-project] Create volume request issued successfully.
Jul 06 15:55:41.534824 dv-cinder-796286-14-iscsi devstack@c-api.service[99716]: INFO cinder.volume.api [req-33552ce6-cf3d-46c2-80aa-fb135f91cd3b req-2b3feb96-a0b8-4440-8451-c88c607eb09e tempest-VolumesSnapshotsTestJSON-224714651 tempest-VolumesSnapshotsTestJSON-224714651-project] Volume info retrieved successfully.
Jul 06 15:55:41.544941 dv-cinder-796286-14-iscsi devstack@c-api.service[99717]: INFO cinder.api.openstack.wsgi [None req-59acb35e-acdf-4fe2-98db-b983a8c00331 tempest-VolumesTestJSON-1666135334 tempest-VolumesTestJSON-1666135334-project] http://10.222.0.59/volume/v3/91f71b87792c4fbd9675b4b3d927f7a0/volumes returned with HTTP 202
Jul 06 15:55:41.560055 dv-cinder-796286-14-iscsi devstack@c-api.service[99717]: [pid: 99717|app: 0|req: 18/44] 10.222.0.59 () {60 vars in 1236 bytes} [Tue Jul 6 15:55:41 2021] POST /volume/v3/91f71b87792c4fbd9675b4b3d927f7a0/volumes => generated 828 bytes in 446 msecs (HTTP/1.1 202) 7 headers in 291 bytes (2 switches on core 0)
Jul 06 15:55:41.569102 dv-cinder-796286-14-iscsi devstack@c-api.service[99717]: INFO cinder.api.openstack.wsgi [None req-a8cf6fcf-86dd-4f57-8b99-069af95edfc2 tempest-GroupsV320Test-1746279568 tempest-GroupsV320Test-1746279568-project] GET http://10.222.0.59/volume/v3/b1b74b1ac67c485a926959b27855d403/groups/bb7ba130-6861-4981-8afe-18408b9f3e90
Jul 06 15:55:41.569834 dv-cinder-796286-14-iscsi devstack@c-api.service[99717]: DEBUG cinder.api.openstack.wsgi [None req-a8cf6fcf-86dd-4f57-8b99-069af95edfc2 tempest-GroupsV320Test-1746279568 tempest-GroupsV320Test-1746279568-project] Empty body provided in request {{(pid=99717) get_body /opt/stack/cinder/cinder/api/openstack/wsgi.py:713}}
Jul 06 15:55:41.570276 dv-cinder-796286-14-iscsi devstack@c-api.service[99717]: /usr/local/lib/python3.8/dist-packages/webob/acceptparse.py:1047: DeprecationWarning: The behavior of AcceptValidHeader.best_match is currently being maintained for backward compatibility, but it will be deprecated in the future, as it does not conform to the RFC.
Jul 06 15:55:41.570276 dv-cinder-796286-14-iscsi devstack@c-api.service[99717]: warnings.warn(
Jul 06 15:55:41.570846 dv-cinder-796286-14-iscsi devstack@c-api.service[99717]: DEBUG cinder.api.openstack.wsgi [None req-a8cf6fcf-86dd-4f57-8b99-069af95edfc2 tempest-GroupsV320Test-1746279568 tempest-GroupsV320Test-1746279568-project] Calling method 'version_select' {{(pid=99717) _process_stack /opt/stack/cinder/cinder/api/openstack/wsgi.py:866}}
Jul 06 15:55:41.571607 dv-cinder-796286-14-iscsi devstack@c-api.service[99717]: DEBUG cinder.api.v3.groups [None req-a8cf6fcf-86dd-4f57-8b99-069af95edfc2 tempest-GroupsV320Test-1746279568 tempest-GroupsV320Test-1746279568-project] show called for member bb7ba130-6861-4981-8afe-18408b9f3e90 {{(pid=99717) show /opt/stack/cinder/cinder/api/v3/groups.py:58}}
Jul 06 15:55:41.577793 dv-cinder-796286-14-iscsi devstack@c-api.service[99717]: /usr/local/lib/python3.8/dist-packages/oslo_context/context.py:105: DeprecationWarning: Policy enforcement is depending on the value of is_admin. This key is deprecated. Please update your policy file to use the standard policy values.
Jul 06 15:55:41.577793 dv-cinder-796286-14-iscsi devstack@c-api.service[99717]: warnings.warn('Policy enforcement is depending on the value of '
Jul 06 15:55:41.578278 dv-cinder-796286-14-iscsi devstack@c-api.service[99716]: INFO cinder.api.openstack.wsgi [req-33552ce6-cf3d-46c2-80aa-fb135f91cd3b req-2b3feb96-a0b8-4440-8451-c88c607eb09e tempest-VolumesSnapshotsTestJSON-224714651 tempest-VolumesSnapshotsTestJSON-224714651-project] http://10.222.0.59/volume/v3/2c93f1476a6048779f01419c000c5531/volumes/ffdef541-aec1-4ac6-87bc-a7227d5af170 returned with HTTP 200
Jul 06 15:55:41.580099 dv-cinder-796286-14-iscsi devstack@c-api.service[99716]: [pid: 99716|app: 0|req: 27/45] 10.222.0.59 () {60 vars in 1579 bytes} [Tue Jul 6 15:55:41 2021] GET /volume/v3/2c93f1476a6048779f01419c000c5531/volumes/ffdef541-aec1-4ac6-87bc-a7227d5af170 => generated 916 bytes in 117 msecs (HTTP/1.1 200) 7 headers in 285 bytes (1 switches on core 0)
Jul 06 15:55:41.593327 dv-cinder-796286-14-iscsi devstack@c-api.service[99716]: INFO cinder.api.openstack.wsgi [None req-fe1cc942-574e-422d-8f49-5e7e2799443f tempest-VolumesTestJSON-1666135334 tempest-VolumesTestJSON-1666135334-project] GET http://10.222.0.59/volume/v3/91f71b87792c4fbd9675b4b3d927f7a0/volumes/5d2f1659-6b34-4957-a2f4-3e143def45e0
Jul 06 15:55:41.593752 dv-cinder-796286-14-iscsi devstack@c-api.service[99716]: DEBUG cinder.api.openstack.wsgi [None req-fe1cc942-574e-422d-8f49-5e7e2799443f tempest-VolumesTestJSON-1666135334 tempest-VolumesTestJSON-1666135334-project] Empty body provided in request {{(pid=99716) get_body /opt/stack/cinder/cinder/api/openstack/wsgi.py:713}}
Jul 06 15:55:41.594083 dv-cinder-796286-14-iscsi devstack@c-api.service[99716]: /usr/local/lib/python3.8/dist-packages/webob/acceptparse.py:1047: DeprecationWarning: The behavior of AcceptValidHeader.best_match is currently being maintained for backward compatibility, but it will be deprecated in the future, as it does not conform to the RFC.
Jul 06 15:55:41.594083 dv-cinder-796286-14-iscsi devstack@c-api.service[99716]: warnings.warn(
Jul 06 15:55:41.594083 dv-cinder-796286-14-iscsi devstack@c-api.service[99716]: DEBUG cinder.api.openstack.wsgi [None req-fe1cc942-574e-422d-8f49-5e7e2799443f tempest-VolumesTestJSON-1666135334 tempest-VolumesTestJSON-1666135334-project] Calling method 'show' {{(pid=99716) _process_stack /opt/stack/cinder/cinder/api/openstack/wsgi.py:866}}
Jul 06 15:55:41.595248 dv-cinder-796286-14-iscsi devstack@c-api.service[99717]: INFO cinder.api.openstack.wsgi [None req-a8cf6fcf-86dd-4f57-8b99-069af95edfc2 tempest-GroupsV320Test-1746279568 tempest-GroupsV320Test-1746279568-project] http://10.222.0.59/volume/v3/b1b74b1ac67c485a926959b27855d403/groups/bb7ba130-6861-4981-8afe-18408b9f3e90 returned with HTTP 200
Jul 06 15:55:41.596587 dv-cinder-796286-14-iscsi devstack@c-api.service[99717]: [pid: 99717|app: 0|req: 19/46] 10.222.0.59 () {60 vars in 1363 bytes} [Tue Jul 6 15:55:41 2021] GET /volume/v3/b1b74b1ac67c485a926959b27855d403/groups/bb7ba130-6861-4981-8afe-18408b9f3e90 => generated 387 bytes in 34 msecs (HTTP/1.1 200) 7 headers in 286 bytes (1 switches on core 0)
Jul 06 15:55:41.620342 dv-cinder-796286-14-iscsi devstack@c-api.service[99716]: /usr/local/lib/python3.8/dist-packages/oslo_context/context.py:105: DeprecationWarning: Policy enforcement is depending on the value of is_admin. This key is deprecated. Please update your policy file to use the standard policy values.
Jul 06 15:55:41.620342 dv-cinder-796286-14-iscsi devstack@c-api.service[99716]: warnings.warn('Policy enforcement is depending on the value of '
Jul 06 15:55:41.621579 dv-cinder-796286-14-iscsi devstack@c-api.service[99717]: INFO cinder.api.openstack.wsgi [req-38f1a1cc-3983-493e-bdfa-dd0b065b7712 req-d9f551ac-4f67-45c8-9b8d-bf6dfdc40060 tempest-VolumesSnapshotsTestJSON-224714651 tempest-VolumesSnapshotsTestJSON-224714651-project] POST http://10.222.0.59/volume/v3/2c93f1476a6048779f01419c000c5531/snapshots
Jul 06 15:55:41.622821 dv-cinder-796286-14-iscsi devstack@c-api.service[99717]: /usr/local/lib/python3.8/dist-packages/webob/acceptparse.py:1047: DeprecationWarning: The behavior of AcceptValidHeader.best_match is currently being maintained for backward compatibility, but it will be deprecated in the future, as it does not conform to the RFC.
Jul 06 15:55:41.622821 dv-cinder-796286-14-iscsi devstack@c-api.service[99717]: warnings.warn(
Jul 06 15:55:41.624002 dv-cinder-796286-14-iscsi devstack@c-api.service[99717]: DEBUG cinder.api.openstack.wsgi [req-38f1a1cc-3983-493e-bdfa-dd0b065b7712 req-d9f551ac-4f67-45c8-9b8d-bf6dfdc40060 tempest-VolumesSnapshotsTestJSON-224714651 tempest-VolumesSnapshotsTestJSON-224714651-project] Action: 'create', calling method: create, body: {"snapshot": {"volume_id": "ffdef541-aec1-4ac6-87bc-a7227d5af170", "force": false, "name": "tempest-VolumesSnapshotsTestJSON-Snapshot-1913458085", "description": null, "metadata": {}}} {{(pid=99717) _process_stack /opt/stack/cinder/cinder/api/openstack/wsgi.py:864}}
Jul 06 15:55:41.645236 dv-cinder-796286-14-iscsi devstack@c-api.service[99717]: /usr/local/lib/python3.8/dist-packages/oslo_context/context.py:105: DeprecationWarning: Policy enforcement is depending on the value of is_admin. This key is deprecated. Please update your policy file to use the standard policy values.
Jul 06 15:55:41.645236 dv-cinder-796286-14-iscsi devstack@c-api.service[99717]: warnings.warn('Policy enforcement is depending on the value of '
Jul 06 15:55:41.646833 dv-cinder-796286-14-iscsi devstack@c-api.service[99717]: INFO cinder.volume.api [req-38f1a1cc-3983-493e-bdfa-dd0b065b7712 req-d9f551ac-4f67-45c8-9b8d-bf6dfdc40060 tempest-VolumesSnapshotsTestJSON-224714651 tempest-VolumesSnapshotsTestJSON-224714651-project] Volume info retrieved successfully.
Jul 06 15:55:41.647297 dv-cinder-796286-14-iscsi devstack@c-api.service[99717]: INFO cinder.api.v2.snapshots [req-38f1a1cc-3983-493e-bdfa-dd0b065b7712 req-d9f551ac-4f67-45c8-9b8d-bf6dfdc40060 tempest-VolumesSnapshotsTestJSON-224714651 tempest-VolumesSnapshotsTestJSON-224714651-project] Create snapshot from volume ffdef541-aec1-4ac6-87bc-a7227d5af170
Jul 06 15:55:41.648775 dv-cinder-796286-14-iscsi devstack@c-api.service[99716]: INFO cinder.volume.api [None req-fe1cc942-574e-422d-8f49-5e7e2799443f tempest-VolumesTestJSON-1666135334 tempest-VolumesTestJSON-1666135334-project] Volume info retrieved successfully.
Jul 06 15:55:41.677284 dv-cinder-796286-14-iscsi devstack@c-api.service[99716]: INFO cinder.api.openstack.wsgi [None req-fe1cc942-574e-422d-8f49-5e7e2799443f tempest-VolumesTestJSON-1666135334 tempest-VolumesTestJSON-1666135334-project] http://10.222.0.59/volume/v3/91f71b87792c4fbd9675b4b3d927f7a0/volumes/5d2f1659-6b34-4957-a2f4-3e143def45e0 returned with HTTP 200
Jul 06 15:55:41.678695 dv-cinder-796286-14-iscsi devstack@c-api.service[99716]: [pid: 99716|app: 0|req: 28/47] 10.222.0.59 () {58 vars in 1325 bytes} [Tue Jul 6 15:55:41 2021] GET /volume/v3/91f71b87792c4fbd9675b4b3d927f7a0/volumes/5d2f1659-6b34-4957-a2f4-3e143def45e0 => generated 896 bytes in 98 msecs (HTTP/1.1 200) 7 headers in 285 bytes (1 switches on core 0)
Jul 06 15:55:41.682352 dv-cinder-796286-14-iscsi devstack@c-api.service[99717]: WARNING cinder.quota [req-38f1a1cc-3983-493e-bdfa-dd0b065b7712 req-d9f551ac-4f67-45c8-9b8d-bf6dfdc40060 tempest-VolumesSnapshotsTestJSON-224714651 tempest-VolumesSnapshotsTestJSON-224714651-project] Deprecated: Default quota for resource: snapshots___DEFAULT__ is set by the default quota flag: quota_snapshots___DEFAULT__, it is now deprecated. Please use the default quota class for default quota.
Jul 06 15:55:41.732041 dv-cinder-796286-14-iscsi devstack@c-api.service[99717]: DEBUG cinder.quota [req-38f1a1cc-3983-493e-bdfa-dd0b065b7712 req-d9f551ac-4f67-45c8-9b8d-bf6dfdc40060 tempest-VolumesSnapshotsTestJSON-224714651 tempest-VolumesSnapshotsTestJSON-224714651-project] Created reservations ['a8924d86-5252-43bb-b275-3ce9b33ddf36', 'b968a1f2-de0f-43a2-af07-4fa473eba43f', 'a69ef860-a610-4b56-93ba-060685a994d1', '2dbbe122-7742-47ed-ad4c-e375b1e02d53'] {{(pid=99717) reserve /opt/stack/cinder/cinder/quota.py:755}}
Jul 06 15:55:41.862358 dv-cinder-796286-14-iscsi devstack@c-api.service[99717]: INFO cinder.volume.api [req-38f1a1cc-3983-493e-bdfa-dd0b065b7712 req-d9f551ac-4f67-45c8-9b8d-bf6dfdc40060 tempest-VolumesSnapshotsTestJSON-224714651 tempest-VolumesSnapshotsTestJSON-224714651-project] Snapshot create request issued successfully.
Jul 06 15:55:41.863121 dv-cinder-796286-14-iscsi devstack@c-api.service[99717]: INFO cinder.api.openstack.wsgi [req-38f1a1cc-3983-493e-bdfa-dd0b065b7712 req-d9f551ac-4f67-45c8-9b8d-bf6dfdc40060 tempest-VolumesSnapshotsTestJSON-224714651 tempest-VolumesSnapshotsTestJSON-224714651-project] http://10.222.0.59/volume/v3/2c93f1476a6048779f01419c000c5531/snapshots returned with HTTP 202
Jul 06 15:55:41.864735 dv-cinder-796286-14-iscsi devstack@c-api.service[99717]: [pid: 99717|app: 0|req: 20/48] 10.222.0.59 () {64 vars in 1528 bytes} [Tue Jul 6 15:55:41 2021] POST /volume/v3/2c93f1476a6048779f01419c000c5531/snapshots => generated 311 bytes in 248 msecs (HTTP/1.1 202) 7 headers in 291 bytes (2 switches on core 0)
Jul 06 15:55:41.926624 dv-cinder-796286-14-iscsi devstack@c-api.service[99716]: INFO cinder.api.openstack.wsgi [req-d18f8841-f1a1-4665-8f9a-194b9709a28e req-aa184139-5ca5-448a-b61b-6f02b707627f tempest-VolumesSnapshotsTestJSON-224714651 tempest-VolumesSnapshotsTestJSON-224714651-project] GET http://10.222.0.59/volume/v3/2c93f1476a6048779f01419c000c5531/snapshots/2b7915dc-82d8-413b-baf0-7bbc96b2506e
Jul 06 15:55:41.927081 dv-cinder-796286-14-iscsi devstack@c-api.service[99716]: DEBUG cinder.api.openstack.wsgi [req-d18f8841-f1a1-4665-8f9a-194b9709a28e req-aa184139-5ca5-448a-b61b-6f02b707627f tempest-VolumesSnapshotsTestJSON-224714651 tempest-VolumesSnapshotsTestJSON-224714651-project] Empty body provided in request {{(pid=99716) get_body /opt/stack/cinder/cinder/api/openstack/wsgi.py:713}}
Jul 06 15:55:41.927258 dv-cinder-796286-14-iscsi devstack@c-api.service[99716]: /usr/local/lib/python3.8/dist-packages/webob/acceptparse.py:1047: DeprecationWarning: The behavior of AcceptValidHeader.best_match is currently being maintained for backward compatibility, but it will be deprecated in the future, as it does not conform to the RFC.
Jul 06 15:55:41.927258 dv-cinder-796286-14-iscsi devstack@c-api.service[99716]: warnings.warn(
Jul 06 15:55:41.927625 dv-cinder-796286-14-iscsi devstack@c-api.service[99716]: DEBUG cinder.api.openstack.wsgi [req-d18f8841-f1a1-4665-8f9a-194b9709a28e req-aa184139-5ca5-448a-b61b-6f02b707627f tempest-VolumesSnapshotsTestJSON-224714651 tempest-VolumesSnapshotsTestJSON-224714651-project] Calling method 'show' {{(pid=99716) _process_stack /opt/stack/cinder/cinder/api/openstack/wsgi.py:866}}
Jul 06 15:55:42.039612 dv-cinder-796286-14-iscsi devstack@c-api.service[99716]: /usr/local/lib/python3.8/dist-packages/oslo_context/context.py:105: DeprecationWarning: Policy enforcement is depending on the value of is_admin. This key is deprecated. Please update your policy file to use the standard policy values.
Jul 06 15:55:42.039612 dv-cinder-796286-14-iscsi devstack@c-api.service[99716]: warnings.warn('Policy enforcement is depending on the value of '
Jul 06 15:55:42.041987 dv-cinder-796286-14-iscsi devstack@c-api.service[99716]: INFO cinder.volume.api [req-d18f8841-f1a1-4665-8f9a-194b9709a28e req-aa184139-5ca5-448a-b61b-6f02b707627f tempest-VolumesSnapshotsTestJSON-224714651 tempest-VolumesSnapshotsTestJSON-224714651-project] Snapshot retrieved successfully.
Jul 06 15:55:42.049732 dv-cinder-796286-14-iscsi devstack@c-api.service[99716]: INFO cinder.api.openstack.wsgi [req-d18f8841-f1a1-4665-8f9a-194b9709a28e req-aa184139-5ca5-448a-b61b-6f02b707627f tempest-VolumesSnapshotsTestJSON-224714651 tempest-VolumesSnapshotsTestJSON-224714651-project] http://10.222.0.59/volume/v3/2c93f1476a6048779f01419c000c5531/snapshots/2b7915dc-82d8-413b-baf0-7bbc96b2506e returned with HTTP 200
Jul 06 15:55:42.055692 dv-cinder-796286-14-iscsi devstack@c-api.service[99716]: [pid: 99716|app: 0|req: 29/49] 10.222.0.59 () {60 vars in 1585 bytes} [Tue Jul 6 15:55:41 2021] GET /volume/v3/2c93f1476a6048779f01419c000c5531/snapshots/2b7915dc-82d8-413b-baf0-7bbc96b2506e => generated 443 bytes in 135 msecs (HTTP/1.1 200) 7 headers in 285 bytes (1 switches on core 0)
Jul 06 15:55:42.107938 dv-cinder-796286-14-iscsi devstack@c-api.service[99717]: INFO cinder.api.openstack.wsgi [req-fbbbe8b4-4e53-4d34-92ab-62193c826b63 req-d284d99c-faf0-4f03-9013-edde66cde933 tempest-VolumesSnapshotsTestJSON-224714651 tempest-VolumesSnapshotsTestJSON-224714651-project] GET http://10.222.0.59/volume/v3/2c93f1476a6048779f01419c000c5531/snapshots/detail
Jul 06 15:55:42.108400 dv-cinder-796286-14-iscsi devstack@c-api.service[99717]: DEBUG cinder.api.openstack.wsgi [req-fbbbe8b4-4e53-4d34-92ab-62193c826b63 req-d284d99c-faf0-4f03-9013-edde66cde933 tempest-VolumesSnapshotsTestJSON-224714651 tempest-VolumesSnapshotsTestJSON-224714651-project] Empty body provided in request {{(pid=99717) get_body /opt/stack/cinder/cinder/api/openstack/wsgi.py:713}}
Jul 06 15:55:42.108590 dv-cinder-796286-14-iscsi devstack@c-api.service[99717]: /usr/local/lib/python3.8/dist-packages/webob/acceptparse.py:1047: DeprecationWarning: The behavior of AcceptValidHeader.best_match is currently being maintained for backward compatibility, but it will be deprecated in the future, as it does not conform to the RFC.
Jul 06 15:55:42.108590 dv-cinder-796286-14-iscsi devstack@c-api.service[99717]: warnings.warn(
Jul 06 15:55:42.108894 dv-cinder-796286-14-iscsi devstack@c-api.service[99717]: DEBUG cinder.api.openstack.wsgi [req-fbbbe8b4-4e53-4d34-92ab-62193c826b63 req-d284d99c-faf0-4f03-9013-edde66cde933 tempest-VolumesSnapshotsTestJSON-224714651 tempest-VolumesSnapshotsTestJSON-224714651-project] Calling method 'detail' {{(pid=99717) _process_stack /opt/stack/cinder/cinder/api/openstack/wsgi.py:866}}
Jul 06 15:55:42.109579 dv-cinder-796286-14-iscsi devstack@c-api.service[99717]: DEBUG cinder.api.api_utils [req-fbbbe8b4-4e53-4d34-92ab-62193c826b63 req-d284d99c-faf0-4f03-9013-edde66cde933 tempest-VolumesSnapshotsTestJSON-224714651 tempest-VolumesSnapshotsTestJSON-224714651-project] Removing options '' from query. {{(pid=99717) remove_invalid_filter_options /opt/stack/cinder/cinder/api/api_utils.py:73}}
Jul 06 15:55:42.110216 dv-cinder-796286-14-iscsi devstack@c-api.service[99717]: /usr/local/lib/python3.8/dist-packages/oslo_context/context.py:105: DeprecationWarning: Policy enforcement is depending on the value of is_admin. This key is deprecated. Please update your policy file to use the standard policy values.
Jul 06 15:55:42.110216 dv-cinder-796286-14-iscsi devstack@c-api.service[99717]: warnings.warn('Policy enforcement is depending on the value of '
Jul 06 15:55:42.112223 dv-cinder-796286-14-iscsi devstack@c-api.service[99717]: DEBUG cinder.db.sqlalchemy.api [req-fbbbe8b4-4e53-4d34-92ab-62193c826b63 req-d284d99c-faf0-4f03-9013-edde66cde933 tempest-VolumesSnapshotsTestJSON-224714651 tempest-VolumesSnapshotsTestJSON-224714651-project] Building query based on filter {{(pid=99717) _process_snaps_filters /opt/stack/cinder/cinder/db/sqlalchemy/api.py:3138}}
Jul 06 15:55:42.155183 dv-cinder-796286-14-iscsi devstack@c-api.service[99717]: INFO cinder.volume.api [req-fbbbe8b4-4e53-4d34-92ab-62193c826b63 req-d284d99c-faf0-4f03-9013-edde66cde933 tempest-VolumesSnapshotsTestJSON-224714651 tempest-VolumesSnapshotsTestJSON-224714651-project] Get all snapshots completed successfully.
Jul 06 15:55:42.156853 dv-cinder-796286-14-iscsi devstack@c-api.service[99717]: /usr/local/lib/python3.8/dist-packages/oslo_context/context.py:105: DeprecationWarning: Policy enforcement is depending on the value of is_admin. This key is deprecated. Please update your policy file to use the standard policy values.
Jul 06 15:55:42.156853 dv-cinder-796286-14-iscsi devstack@c-api.service[99717]: warnings.warn('Policy enforcement is depending on the value of '
Jul 06 15:55:42.158232 dv-cinder-796286-14-iscsi devstack@c-api.service[99717]: INFO cinder.api.openstack.wsgi [req-fbbbe8b4-4e53-4d34-92ab-62193c826b63 req-d284d99c-faf0-4f03-9013-edde66cde933 tempest-VolumesSnapshotsTestJSON-224714651 tempest-VolumesSnapshotsTestJSON-224714651-project] http://10.222.0.59/volume/v3/2c93f1476a6048779f01419c000c5531/snapshots/detail returned with HTTP 200
Jul 06 15:55:42.166997 dv-cinder-796286-14-iscsi devstack@c-api.service[99717]: [pid: 99717|app: 0|req: 21/50] 10.222.0.59 () {60 vars in 1495 bytes} [Tue Jul 6 15:55:42 2021] GET /volume/v3/2c93f1476a6048779f01419c000c5531/snapshots/detail => generated 446 bytes in 58 msecs (HTTP/1.1 200) 7 headers in 285 bytes (1 switches on core 0)
Jul 06 15:55:42.194694 dv-cinder-796286-14-iscsi devstack@c-api.service[99716]: INFO cinder.api.openstack.wsgi [req-6a48140b-b556-48b5-907f-021ec4560d86 req-03d1a18a-79de-415c-bc59-9525e50733e5 tempest-VolumesSnapshotsTestJSON-224714651 tempest-VolumesSnapshotsTestJSON-224714651-project] GET http://10.222.0.59/volume/v3/2c93f1476a6048779f01419c000c5531/snapshots/2b7915dc-82d8-413b-baf0-7bbc96b2506e
Jul 06 15:55:42.195166 dv-cinder-796286-14-iscsi devstack@c-api.service[99716]: DEBUG cinder.api.openstack.wsgi [req-6a48140b-b556-48b5-907f-021ec4560d86 req-03d1a18a-79de-415c-bc59-9525e50733e5 tempest-VolumesSnapshotsTestJSON-224714651 tempest-VolumesSnapshotsTestJSON-224714651-project] Empty body provided in request {{(pid=99716) get_body /opt/stack/cinder/cinder/api/openstack/wsgi.py:713}}
Jul 06 15:55:42.195336 dv-cinder-796286-14-iscsi devstack@c-api.service[99716]: /usr/local/lib/python3.8/dist-packages/webob/acceptparse.py:1047: DeprecationWarning: The behavior of AcceptValidHeader.best_match is currently being maintained for backward compatibility, but it will be deprecated in the future, as it does not conform to the RFC.
Jul 06 15:55:42.195336 dv-cinder-796286-14-iscsi devstack@c-api.service[99716]: warnings.warn(
