Jul 22 11:42:30.795434 dv-cinder-796256-1-smb devstack@c-api.service[106438]: /usr/local/lib/python3.8/dist-packages/webob/acceptparse.py:1047: DeprecationWarning: The behavior of AcceptValidHeader.best_match is currently being maintained for backward compatibility, but it will be deprecated in the future, as it does not conform to the RFC.
Jul 22 11:42:30.795434 dv-cinder-796256-1-smb devstack@c-api.service[106438]: warnings.warn(
Jul 22 11:42:30.795978 dv-cinder-796256-1-smb devstack@c-api.service[106438]: DEBUG cinder.api.openstack.wsgi [None req-b9e23abe-d18d-4d67-96f1-0666920ead54 tempest-QosSpecsTestJSON-497159204 tempest-QosSpecsTestJSON-497159204-project-admin] Calling method 'show' {{(pid=106438) _process_stack /opt/stack/cinder/cinder/api/openstack/wsgi.py:856}}
Jul 22 11:42:30.797039 dv-cinder-796256-1-smb devstack@c-api.service[106438]: /usr/local/lib/python3.8/dist-packages/oslo_context/context.py:105: DeprecationWarning: Policy enforcement is depending on the value of is_admin. This key is deprecated. Please update your policy file to use the standard policy values.
Jul 22 11:42:30.797039 dv-cinder-796256-1-smb devstack@c-api.service[106438]: warnings.warn('Policy enforcement is depending on the value of '
Jul 22 11:42:30.799474 dv-cinder-796256-1-smb devstack@c-api.service[106437]: /usr/local/lib/python3.8/dist-packages/oslo_context/context.py:105: DeprecationWarning: Policy enforcement is depending on the value of is_admin. This key is deprecated. Please update your policy file to use the standard policy values.
Jul 22 11:42:30.799474 dv-cinder-796256-1-smb devstack@c-api.service[106437]: warnings.warn('Policy enforcement is depending on the value of '
Jul 22 11:42:30.803581 dv-cinder-796256-1-smb devstack@c-api.service[106437]: INFO cinder.api.openstack.wsgi [None req-e6d722b5-66cc-4566-9357-d76e8fdb154c tempest-GroupSnapshotsTest-348032236 tempest-GroupSnapshotsTest-348032236-project] http://10.222.0.50/volume/v3/99a8fd311d1e4111883e159ca04abc06/snapshots/detail returned with HTTP 200
Jul 22 11:42:30.805957 dv-cinder-796256-1-smb devstack@c-api.service[106438]: INFO cinder.api.openstack.wsgi [None req-b9e23abe-d18d-4d67-96f1-0666920ead54 tempest-QosSpecsTestJSON-497159204 tempest-QosSpecsTestJSON-497159204-project-admin] http://10.222.0.50/volume/v3/79b30f31bc854f6fb3a131b8bdc39dc9/qos-specs/10e57743-49c4-441a-b606-d048a10225b9 returned with HTTP 200
Jul 22 11:42:30.806082 dv-cinder-796256-1-smb devstack@c-api.service[106437]: [pid: 106437|app: 0|req: 107/199] 10.222.0.50 () {58 vars in 1241 bytes} [Thu Jul 22 11:42:30 2021] GET /volume/v3/99a8fd311d1e4111883e159ca04abc06/snapshots/detail => generated 1063 bytes in 56 msecs (HTTP/1.1 200) 7 headers in 286 bytes (1 switches on core 0)
Jul 22 11:42:30.807071 dv-cinder-796256-1-smb devstack@c-api.service[106438]: [pid: 106438|app: 0|req: 93/200] 10.222.0.50 () {58 vars in 1331 bytes} [Thu Jul 22 11:42:30 2021] GET /volume/v3/79b30f31bc854f6fb3a131b8bdc39dc9/qos-specs/10e57743-49c4-441a-b606-d048a10225b9 => generated 480 bytes in 20 msecs (HTTP/1.1 200) 7 headers in 285 bytes (2 switches on core 0)
Jul 22 11:42:30.817022 dv-cinder-796256-1-smb devstack@c-api.service[106437]: INFO cinder.api.openstack.wsgi [None req-3293b873-5116-41d6-89b0-77f6f1fc350d tempest-GroupSnapshotsTest-348032236 tempest-GroupSnapshotsTest-348032236-project] GET http://10.222.0.50/volume/v3/99a8fd311d1e4111883e159ca04abc06/snapshots/79a69a0a-6b3d-408d-bfc3-e1084cac9866
Jul 22 11:42:30.817608 dv-cinder-796256-1-smb devstack@c-api.service[106437]: DEBUG cinder.api.openstack.wsgi [None req-3293b873-5116-41d6-89b0-77f6f1fc350d tempest-GroupSnapshotsTest-348032236 tempest-GroupSnapshotsTest-348032236-project] Empty body provided in request {{(pid=106437) get_body /opt/stack/cinder/cinder/api/openstack/wsgi.py:703}}
Jul 22 11:42:30.819978 dv-cinder-796256-1-smb devstack@c-api.service[106437]: /usr/local/lib/python3.8/dist-packages/webob/acceptparse.py:1047: DeprecationWarning: The behavior of AcceptValidHeader.best_match is currently being maintained for backward compatibility, but it will be deprecated in the future, as it does not conform to the RFC.
Jul 22 11:42:30.819978 dv-cinder-796256-1-smb devstack@c-api.service[106437]: warnings.warn(
Jul 22 11:42:30.820339 dv-cinder-796256-1-smb devstack@c-api.service[106437]: DEBUG cinder.api.openstack.wsgi [None req-3293b873-5116-41d6-89b0-77f6f1fc350d tempest-GroupSnapshotsTest-348032236 tempest-GroupSnapshotsTest-348032236-project] Calling method 'show' {{(pid=106437) _process_stack /opt/stack/cinder/cinder/api/openstack/wsgi.py:856}}
Jul 22 11:42:30.826407 dv-cinder-796256-1-smb devstack@c-api.service[106438]: INFO cinder.api.openstack.wsgi [None req-549d3caa-439e-41a2-8ae3-064224704145 tempest-QosSpecsTestJSON-497159204 tempest-QosSpecsTestJSON-497159204-project-admin] PUT http://10.222.0.50/volume/v3/79b30f31bc854f6fb3a131b8bdc39dc9/qos-specs/10e57743-49c4-441a-b606-d048a10225b9/delete_keys
Jul 22 11:42:30.826844 dv-cinder-796256-1-smb devstack@c-api.service[106438]: /usr/local/lib/python3.8/dist-packages/webob/acceptparse.py:1047: DeprecationWarning: The behavior of AcceptValidHeader.best_match is currently being maintained for backward compatibility, but it will be deprecated in the future, as it does not conform to the RFC.
Jul 22 11:42:30.826844 dv-cinder-796256-1-smb devstack@c-api.service[106438]: warnings.warn(
Jul 22 11:42:30.827263 dv-cinder-796256-1-smb devstack@c-api.service[106438]: DEBUG cinder.api.openstack.wsgi [None req-549d3caa-439e-41a2-8ae3-064224704145 tempest-QosSpecsTestJSON-497159204 tempest-QosSpecsTestJSON-497159204-project-admin] Action: 'delete_keys', calling method: delete_keys, body: {"keys": ["iops_bytes"]} {{(pid=106438) _process_stack /opt/stack/cinder/cinder/api/openstack/wsgi.py:854}}
Jul 22 11:42:30.828383 dv-cinder-796256-1-smb devstack@c-api.service[106438]: /usr/local/lib/python3.8/dist-packages/oslo_context/context.py:105: DeprecationWarning: Policy enforcement is depending on the value of is_admin. This key is deprecated. Please update your policy file to use the standard policy values.
Jul 22 11:42:30.828383 dv-cinder-796256-1-smb devstack@c-api.service[106438]: warnings.warn('Policy enforcement is depending on the value of '
Jul 22 11:42:30.829376 dv-cinder-796256-1-smb devstack@c-api.service[106438]: DEBUG cinder.api.contrib.qos_specs_manage [None req-549d3caa-439e-41a2-8ae3-064224704145 tempest-QosSpecsTestJSON-497159204 tempest-QosSpecsTestJSON-497159204-project-admin] Delete_key spec: 10e57743-49c4-441a-b606-d048a10225b9, keys: ['iops_bytes'] {{(pid=106438) delete_keys /opt/stack/cinder/cinder/api/contrib/qos_specs_manage.py:207}}
Jul 22 11:42:30.838736 dv-cinder-796256-1-smb devstack@c-api.service[106437]: /usr/local/lib/python3.8/dist-packages/oslo_context/context.py:105: DeprecationWarning: Policy enforcement is depending on the value of is_admin. This key is deprecated. Please update your policy file to use the standard policy values.
Jul 22 11:42:30.838736 dv-cinder-796256-1-smb devstack@c-api.service[106437]: warnings.warn('Policy enforcement is depending on the value of '
Jul 22 11:42:30.840452 dv-cinder-796256-1-smb devstack@c-api.service[106437]: INFO cinder.volume.api [None req-3293b873-5116-41d6-89b0-77f6f1fc350d tempest-GroupSnapshotsTest-348032236 tempest-GroupSnapshotsTest-348032236-project] Snapshot retrieved successfully.
Jul 22 11:42:30.842804 dv-cinder-796256-1-smb devstack@c-api.service[106437]: INFO cinder.api.openstack.wsgi [None req-3293b873-5116-41d6-89b0-77f6f1fc350d tempest-GroupSnapshotsTest-348032236 tempest-GroupSnapshotsTest-348032236-project] http://10.222.0.50/volume/v3/99a8fd311d1e4111883e159ca04abc06/snapshots/79a69a0a-6b3d-408d-bfc3-e1084cac9866 returned with HTTP 200
Jul 22 11:42:30.843552 dv-cinder-796256-1-smb devstack@c-api.service[106437]: [pid: 106437|app: 0|req: 108/201] 10.222.0.50 () {58 vars in 1331 bytes} [Thu Jul 22 11:42:30 2021] GET /volume/v3/99a8fd311d1e4111883e159ca04abc06/snapshots/79a69a0a-6b3d-408d-bfc3-e1084cac9866 => generated 536 bytes in 31 msecs (HTTP/1.1 200) 7 headers in 285 bytes (2 switches on core 0)
Jul 22 11:42:30.853417 dv-cinder-796256-1-smb devstack@c-api.service[106438]: INFO cinder.api.openstack.wsgi [None req-549d3caa-439e-41a2-8ae3-064224704145 tempest-QosSpecsTestJSON-497159204 tempest-QosSpecsTestJSON-497159204-project-admin] http://10.222.0.50/volume/v3/79b30f31bc854f6fb3a131b8bdc39dc9/qos-specs/10e57743-49c4-441a-b606-d048a10225b9/delete_keys returned with HTTP 202
Jul 22 11:42:30.854740 dv-cinder-796256-1-smb devstack@c-api.service[106438]: [pid: 106438|app: 0|req: 94/202] 10.222.0.50 () {60 vars in 1387 bytes} [Thu Jul 22 11:42:30 2021] PUT /volume/v3/79b30f31bc854f6fb3a131b8bdc39dc9/qos-specs/10e57743-49c4-441a-b606-d048a10225b9/delete_keys => generated 0 bytes in 35 msecs (HTTP/1.1 202) 6 headers in 233 bytes (2 switches on core 0)
Jul 22 11:42:30.855579 dv-cinder-796256-1-smb devstack@c-api.service[106437]: INFO cinder.api.openstack.wsgi [None req-ae0ef757-35a1-4f61-9479-ac02601514ff tempest-GroupSnapshotsTest-348032236 tempest-GroupSnapshotsTest-348032236-project] GET http://10.222.0.50/volume/v3/99a8fd311d1e4111883e159ca04abc06/snapshots/78584a43-8151-41eb-8970-4f63bceb8fab
Jul 22 11:42:30.856067 dv-cinder-796256-1-smb devstack@c-api.service[106437]: DEBUG cinder.api.openstack.wsgi [None req-ae0ef757-35a1-4f61-9479-ac02601514ff tempest-GroupSnapshotsTest-348032236 tempest-GroupSnapshotsTest-348032236-project] Empty body provided in request {{(pid=106437) get_body /opt/stack/cinder/cinder/api/openstack/wsgi.py:703}}
Jul 22 11:42:30.856242 dv-cinder-796256-1-smb devstack@c-api.service[106437]: /usr/local/lib/python3.8/dist-packages/webob/acceptparse.py:1047: DeprecationWarning: The behavior of AcceptValidHeader.best_match is currently being maintained for backward compatibility, but it will be deprecated in the future, as it does not conform to the RFC.
Jul 22 11:42:30.856242 dv-cinder-796256-1-smb devstack@c-api.service[106437]: warnings.warn(
Jul 22 11:42:30.856569 dv-cinder-796256-1-smb devstack@c-api.service[106437]: DEBUG cinder.api.openstack.wsgi [None req-ae0ef757-35a1-4f61-9479-ac02601514ff tempest-GroupSnapshotsTest-348032236 tempest-GroupSnapshotsTest-348032236-project] Calling method 'show' {{(pid=106437) _process_stack /opt/stack/cinder/cinder/api/openstack/wsgi.py:856}}
Jul 22 11:42:30.863555 dv-cinder-796256-1-smb devstack@c-api.service[106438]: INFO cinder.api.openstack.wsgi [None req-c66dadd4-219b-4802-a964-02fc2702e704 tempest-QosSpecsTestJSON-497159204 tempest-QosSpecsTestJSON-497159204-project-admin] GET http://10.222.0.50/volume/v3/79b30f31bc854f6fb3a131b8bdc39dc9/qos-specs/10e57743-49c4-441a-b606-d048a10225b9
Jul 22 11:42:30.864217 dv-cinder-796256-1-smb devstack@c-api.service[106438]: DEBUG cinder.api.openstack.wsgi [None req-c66dadd4-219b-4802-a964-02fc2702e704 tempest-QosSpecsTestJSON-497159204 tempest-QosSpecsTestJSON-497159204-project-admin] Empty body provided in request {{(pid=106438) get_body /opt/stack/cinder/cinder/api/openstack/wsgi.py:703}}
Jul 22 11:42:30.864525 dv-cinder-796256-1-smb devstack@c-api.service[106438]: /usr/local/lib/python3.8/dist-packages/webob/acceptparse.py:1047: DeprecationWarning: The behavior of AcceptValidHeader.best_match is currently being maintained for backward compatibility, but it will be deprecated in the future, as it does not conform to the RFC.
Jul 22 11:42:30.864525 dv-cinder-796256-1-smb devstack@c-api.service[106438]: warnings.warn(
Jul 22 11:42:30.865046 dv-cinder-796256-1-smb devstack@c-api.service[106438]: DEBUG cinder.api.openstack.wsgi [None req-c66dadd4-219b-4802-a964-02fc2702e704 tempest-QosSpecsTestJSON-497159204 tempest-QosSpecsTestJSON-497159204-project-admin] Calling method 'show' {{(pid=106438) _process_stack /opt/stack/cinder/cinder/api/openstack/wsgi.py:856}}
Jul 22 11:42:30.865689 dv-cinder-796256-1-smb devstack@c-api.service[106437]: /usr/local/lib/python3.8/dist-packages/oslo_context/context.py:105: DeprecationWarning: Policy enforcement is depending on the value of is_admin. This key is deprecated. Please update your policy file to use the standard policy values.
Jul 22 11:42:30.865689 dv-cinder-796256-1-smb devstack@c-api.service[106437]: warnings.warn('Policy enforcement is depending on the value of '
Jul 22 11:42:30.866024 dv-cinder-796256-1-smb devstack@c-api.service[106438]: /usr/local/lib/python3.8/dist-packages/oslo_context/context.py:105: DeprecationWarning: Policy enforcement is depending on the value of is_admin. This key is deprecated. Please update your policy file to use the standard policy values.
Jul 22 11:42:30.866024 dv-cinder-796256-1-smb devstack@c-api.service[106438]: warnings.warn('Policy enforcement is depending on the value of '
Jul 22 11:42:30.866650 dv-cinder-796256-1-smb devstack@c-api.service[106437]: INFO cinder.volume.api [None req-ae0ef757-35a1-4f61-9479-ac02601514ff tempest-GroupSnapshotsTest-348032236 tempest-GroupSnapshotsTest-348032236-project] Snapshot retrieved successfully.
Jul 22 11:42:30.868448 dv-cinder-796256-1-smb devstack@c-api.service[106437]: INFO cinder.api.openstack.wsgi [None req-ae0ef757-35a1-4f61-9479-ac02601514ff tempest-GroupSnapshotsTest-348032236 tempest-GroupSnapshotsTest-348032236-project] http://10.222.0.50/volume/v3/99a8fd311d1e4111883e159ca04abc06/snapshots/78584a43-8151-41eb-8970-4f63bceb8fab returned with HTTP 200
Jul 22 11:42:30.869511 dv-cinder-796256-1-smb devstack@c-api.service[106437]: [pid: 106437|app: 0|req: 109/203] 10.222.0.50 () {58 vars in 1331 bytes} [Thu Jul 22 11:42:30 2021] GET /volume/v3/99a8fd311d1e4111883e159ca04abc06/snapshots/78584a43-8151-41eb-8970-4f63bceb8fab => generated 536 bytes in 18 msecs (HTTP/1.1 200) 7 headers in 285 bytes (1 switches on core 0)
Jul 22 11:42:30.873957 dv-cinder-796256-1-smb devstack@c-api.service[106438]: INFO cinder.api.openstack.wsgi [None req-c66dadd4-219b-4802-a964-02fc2702e704 tempest-QosSpecsTestJSON-497159204 tempest-QosSpecsTestJSON-497159204-project-admin] http://10.222.0.50/volume/v3/79b30f31bc854f6fb3a131b8bdc39dc9/qos-specs/10e57743-49c4-441a-b606-d048a10225b9 returned with HTTP 200
Jul 22 11:42:30.875144 dv-cinder-796256-1-smb devstack@c-api.service[106438]: [pid: 106438|app: 0|req: 95/204] 10.222.0.50 () {58 vars in 1331 bytes} [Thu Jul 22 11:42:30 2021] GET /volume/v3/79b30f31bc854f6fb3a131b8bdc39dc9/qos-specs/10e57743-49c4-441a-b606-d048a10225b9 => generated 459 bytes in 17 msecs (HTTP/1.1 200) 7 headers in 285 bytes (1 switches on core 0)
Jul 22 11:42:30.881962 dv-cinder-796256-1-smb devstack@c-api.service[106437]: INFO cinder.api.openstack.wsgi [None req-8a8ba2d7-b3a0-4d24-9b7f-1f7dee7cf5f6 tempest-GroupSnapshotsTest-348032236 tempest-GroupSnapshotsTest-348032236-project] DELETE http://10.222.0.50/volume/v3/99a8fd311d1e4111883e159ca04abc06/group_snapshots/156103f5-9d2f-4208-935e-80eeb7d7e54a
Jul 22 11:42:30.882465 dv-cinder-796256-1-smb devstack@c-api.service[106437]: DEBUG cinder.api.openstack.wsgi [None req-8a8ba2d7-b3a0-4d24-9b7f-1f7dee7cf5f6 tempest-GroupSnapshotsTest-348032236 tempest-GroupSnapshotsTest-348032236-project] Empty body provided in request {{(pid=106437) get_body /opt/stack/cinder/cinder/api/openstack/wsgi.py:703}}
Jul 22 11:42:30.882639 dv-cinder-796256-1-smb devstack@c-api.service[106437]: /usr/local/lib/python3.8/dist-packages/webob/acceptparse.py:1047: DeprecationWarning: The behavior of AcceptValidHeader.best_match is currently being maintained for backward compatibility, but it will be deprecated in the future, as it does not conform to the RFC.
Jul 22 11:42:30.882639 dv-cinder-796256-1-smb devstack@c-api.service[106437]: warnings.warn(
Jul 22 11:42:30.882962 dv-cinder-796256-1-smb devstack@c-api.service[106437]: DEBUG cinder.api.openstack.wsgi [None req-8a8ba2d7-b3a0-4d24-9b7f-1f7dee7cf5f6 tempest-GroupSnapshotsTest-348032236 tempest-GroupSnapshotsTest-348032236-project] Calling method 'version_select' {{(pid=106437) _process_stack /opt/stack/cinder/cinder/api/openstack/wsgi.py:856}}
Jul 22 11:42:30.883297 dv-cinder-796256-1-smb devstack@c-api.service[106437]: DEBUG cinder.api.v3.group_snapshots [None req-8a8ba2d7-b3a0-4d24-9b7f-1f7dee7cf5f6 tempest-GroupSnapshotsTest-348032236 tempest-GroupSnapshotsTest-348032236-project] delete called for member 156103f5-9d2f-4208-935e-80eeb7d7e54a {{(pid=106437) delete /opt/stack/cinder/cinder/api/v3/group_snapshots.py:72}}
Jul 22 11:42:30.883592 dv-cinder-796256-1-smb devstack@c-api.service[106437]: INFO cinder.api.v3.group_snapshots [None req-8a8ba2d7-b3a0-4d24-9b7f-1f7dee7cf5f6 tempest-GroupSnapshotsTest-348032236 tempest-GroupSnapshotsTest-348032236-project] Delete group_snapshot with id: 156103f5-9d2f-4208-935e-80eeb7d7e54a
Jul 22 11:42:30.887317 dv-cinder-796256-1-smb devstack@c-api.service[106438]: INFO cinder.api.openstack.wsgi [None req-f36c17db-4dd8-4f7f-b900-a622bc2f0934 tempest-QosSpecsTestJSON-497159204 tempest-QosSpecsTestJSON-497159204-project-admin] GET http://10.222.0.50/volume/v3/79b30f31bc854f6fb3a131b8bdc39dc9/qos-specs/10e57743-49c4-441a-b606-d048a10225b9
Jul 22 11:42:30.887317 dv-cinder-796256-1-smb devstack@c-api.service[106438]: DEBUG cinder.api.openstack.wsgi [None req-f36c17db-4dd8-4f7f-b900-a622bc2f0934 tempest-QosSpecsTestJSON-497159204 tempest-QosSpecsTestJSON-497159204-project-admin] Empty body provided in request {{(pid=106438) get_body /opt/stack/cinder/cinder/api/openstack/wsgi.py:703}}
Jul 22 11:42:30.887317 dv-cinder-796256-1-smb devstack@c-api.service[106438]: /usr/local/lib/python3.8/dist-packages/webob/acceptparse.py:1047: DeprecationWarning: The behavior of AcceptValidHeader.best_match is currently being maintained for backward compatibility, but it will be deprecated in the future, as it does not conform to the RFC.
Jul 22 11:42:30.887317 dv-cinder-796256-1-smb devstack@c-api.service[106438]: warnings.warn(
Jul 22 11:42:30.887630 dv-cinder-796256-1-smb devstack@c-api.service[106438]: DEBUG cinder.api.openstack.wsgi [None req-f36c17db-4dd8-4f7f-b900-a622bc2f0934 tempest-QosSpecsTestJSON-497159204 tempest-QosSpecsTestJSON-497159204-project-admin] Calling method 'show' {{(pid=106438) _process_stack /opt/stack/cinder/cinder/api/openstack/wsgi.py:856}}
Jul 22 11:42:30.888485 dv-cinder-796256-1-smb devstack@c-api.service[106438]: /usr/local/lib/python3.8/dist-packages/oslo_context/context.py:105: DeprecationWarning: Policy enforcement is depending on the value of is_admin. This key is deprecated. Please update your policy file to use the standard policy values.
Jul 22 11:42:30.888485 dv-cinder-796256-1-smb devstack@c-api.service[106438]: warnings.warn('Policy enforcement is depending on the value of '
Jul 22 11:42:30.894318 dv-cinder-796256-1-smb devstack@c-api.service[106438]: INFO cinder.api.openstack.wsgi [None req-f36c17db-4dd8-4f7f-b900-a622bc2f0934 tempest-QosSpecsTestJSON-497159204 tempest-QosSpecsTestJSON-497159204-project-admin] http://10.222.0.50/volume/v3/79b30f31bc854f6fb3a131b8bdc39dc9/qos-specs/10e57743-49c4-441a-b606-d048a10225b9 returned with HTTP 200
Jul 22 11:42:30.895254 dv-cinder-796256-1-smb devstack@c-api.service[106438]: [pid: 106438|app: 0|req: 96/205] 10.222.0.50 () {58 vars in 1331 bytes} [Thu Jul 22 11:42:30 2021] GET /volume/v3/79b30f31bc854f6fb3a131b8bdc39dc9/qos-specs/10e57743-49c4-441a-b606-d048a10225b9 => generated 459 bytes in 15 msecs (HTTP/1.1 200) 7 headers in 285 bytes (2 switches on core 0)
Jul 22 11:42:30.896612 dv-cinder-796256-1-smb devstack@c-api.service[106437]: /usr/local/lib/python3.8/dist-packages/oslo_context/context.py:105: DeprecationWarning: Policy enforcement is depending on the value of is_admin. This key is deprecated. Please update your policy file to use the standard policy values.
Jul 22 11:42:30.896612 dv-cinder-796256-1-smb devstack@c-api.service[106437]: warnings.warn('Policy enforcement is depending on the value of '
Jul 22 11:42:30.908114 dv-cinder-796256-1-smb devstack@c-api.service[106438]: INFO cinder.api.openstack.wsgi [None req-1260aee3-6d17-420b-a6db-e02ab96ae1b4 tempest-QosSpecsTestJSON-497159204 tempest-QosSpecsTestJSON-497159204-project-admin] DELETE http://10.222.0.50/volume/v3/79b30f31bc854f6fb3a131b8bdc39dc9/qos-specs/996a3124-b9f6-4b94-bd44-4bd13c373f93?force=False
Jul 22 11:42:30.908674 dv-cinder-796256-1-smb devstack@c-api.service[106438]: DEBUG cinder.api.openstack.wsgi [None req-1260aee3-6d17-420b-a6db-e02ab96ae1b4 tempest-QosSpecsTestJSON-497159204 tempest-QosSpecsTestJSON-497159204-project-admin] Empty body provided in request {{(pid=106438) get_body /opt/stack/cinder/cinder/api/openstack/wsgi.py:703}}
Jul 22 11:42:30.908791 dv-cinder-796256-1-smb devstack@c-api.service[106438]: /usr/local/lib/python3.8/dist-packages/webob/acceptparse.py:1047: DeprecationWarning: The behavior of AcceptValidHeader.best_match is currently being maintained for backward compatibility, but it will be deprecated in the future, as it does not conform to the RFC.
Jul 22 11:42:30.908791 dv-cinder-796256-1-smb devstack@c-api.service[106438]: warnings.warn(
Jul 22 11:42:30.909062 dv-cinder-796256-1-smb devstack@c-api.service[106438]: DEBUG cinder.api.openstack.wsgi [None req-1260aee3-6d17-420b-a6db-e02ab96ae1b4 tempest-QosSpecsTestJSON-497159204 tempest-QosSpecsTestJSON-497159204-project-admin] Calling method 'delete' {{(pid=106438) _process_stack /opt/stack/cinder/cinder/api/openstack/wsgi.py:856}}
Jul 22 11:42:30.909725 dv-cinder-796256-1-smb devstack@c-api.service[106438]: /usr/local/lib/python3.8/dist-packages/oslo_context/context.py:105: DeprecationWarning: Policy enforcement is depending on the value of is_admin. This key is deprecated. Please update your policy file to use the standard policy values.
Jul 22 11:42:30.909725 dv-cinder-796256-1-smb devstack@c-api.service[106438]: warnings.warn('Policy enforcement is depending on the value of '
Jul 22 11:42:30.910775 dv-cinder-796256-1-smb devstack@c-api.service[106438]: DEBUG cinder.api.contrib.qos_specs_manage [None req-1260aee3-6d17-420b-a6db-e02ab96ae1b4 tempest-QosSpecsTestJSON-497159204 tempest-QosSpecsTestJSON-497159204-project-admin] Delete qos_spec: 996a3124-b9f6-4b94-bd44-4bd13c373f93, force: False {{(pid=106438) delete /opt/stack/cinder/cinder/api/contrib/qos_specs_manage.py:168}}
Jul 22 11:42:30.915371 dv-cinder-796256-1-smb devstack@c-api.service[106438]: INFO cinder.api.openstack.wsgi [None req-1260aee3-6d17-420b-a6db-e02ab96ae1b4 tempest-QosSpecsTestJSON-497159204 tempest-QosSpecsTestJSON-497159204-project-admin] http://10.222.0.50/volume/v3/79b30f31bc854f6fb3a131b8bdc39dc9/qos-specs/996a3124-b9f6-4b94-bd44-4bd13c373f93?force=False returned with HTTP 404
Jul 22 11:42:30.919786 dv-cinder-796256-1-smb devstack@c-api.service[106438]: [pid: 106438|app: 0|req: 97/206] 10.222.0.50 () {58 vars in 1357 bytes} [Thu Jul 22 11:42:30 2021] DELETE /volume/v3/79b30f31bc854f6fb3a131b8bdc39dc9/qos-specs/996a3124-b9f6-4b94-bd44-4bd13c373f93?force=False => generated 100 bytes in 17 msecs (HTTP/1.1 404) 7 headers in 292 bytes (1 switches on core 0)
Jul 22 11:42:30.925644 dv-cinder-796256-1-smb devstack@c-api.service[106438]: INFO cinder.api.openstack.wsgi [None req-7f7ecd74-11ce-4545-9d48-6c32e1c2311d tempest-QosSpecsTestJSON-497159204 tempest-QosSpecsTestJSON-497159204-project-admin] GET http://10.222.0.50/volume/v3/79b30f31bc854f6fb3a131b8bdc39dc9/qos-specs/996a3124-b9f6-4b94-bd44-4bd13c373f93
Jul 22 11:42:30.926147 dv-cinder-796256-1-smb devstack@c-api.service[106438]: DEBUG cinder.api.openstack.wsgi [None req-7f7ecd74-11ce-4545-9d48-6c32e1c2311d tempest-QosSpecsTestJSON-497159204 tempest-QosSpecsTestJSON-497159204-project-admin] Empty body provided in request {{(pid=106438) get_body /opt/stack/cinder/cinder/api/openstack/wsgi.py:703}}
Jul 22 11:42:30.926566 dv-cinder-796256-1-smb devstack@c-api.service[106438]: DEBUG cinder.api.openstack.wsgi [None req-7f7ecd74-11ce-4545-9d48-6c32e1c2311d tempest-QosSpecsTestJSON-497159204 tempest-QosSpecsTestJSON-497159204-project-admin] Calling method 'show' {{(pid=106438) _process_stack /opt/stack/cinder/cinder/api/openstack/wsgi.py:856}}
Jul 22 11:42:30.933538 dv-cinder-796256-1-smb devstack@c-api.service[106438]: INFO cinder.api.openstack.wsgi [None req-7f7ecd74-11ce-4545-9d48-6c32e1c2311d tempest-QosSpecsTestJSON-497159204 tempest-QosSpecsTestJSON-497159204-project-admin] http://10.222.0.50/volume/v3/79b30f31bc854f6fb3a131b8bdc39dc9/qos-specs/996a3124-b9f6-4b94-bd44-4bd13c373f93 returned with HTTP 404
Jul 22 11:42:30.936922 dv-cinder-796256-1-smb devstack@c-api.service[106438]: [pid: 106438|app: 0|req: 98/207] 10.222.0.50 () {58 vars in 1331 bytes} [Thu Jul 22 11:42:30 2021] GET /volume/v3/79b30f31bc854f6fb3a131b8bdc39dc9/qos-specs/996a3124-b9f6-4b94-bd44-4bd13c373f93 => generated 100 bytes in 16 msecs (HTTP/1.1 404) 7 headers in 292 bytes (1 switches on core 0)
Jul 22 11:42:30.943921 dv-cinder-796256-1-smb devstack@c-api.service[106438]: INFO cinder.api.openstack.wsgi [None req-9e0b6b29-a733-4763-8864-f351c2027edc tempest-QosSpecsTestJSON-497159204 tempest-QosSpecsTestJSON-497159204-project-admin] DELETE http://10.222.0.50/volume/v3/79b30f31bc854f6fb3a131b8bdc39dc9/qos-specs/69eaf7fd-7bd7-476c-a287-d5003b0539c0?force=False
Jul 22 11:42:30.947845 dv-cinder-796256-1-smb devstack@c-api.service[106438]: DEBUG cinder.api.openstack.wsgi [None req-9e0b6b29-a733-4763-8864-f351c2027edc tempest-QosSpecsTestJSON-497159204 tempest-QosSpecsTestJSON-497159204-project-admin] Empty body provided in request {{(pid=106438) get_body /opt/stack/cinder/cinder/api/openstack/wsgi.py:703}}
Jul 22 11:42:30.947845 dv-cinder-796256-1-smb devstack@c-api.service[106438]: DEBUG cinder.api.openstack.wsgi [None req-9e0b6b29-a733-4763-8864-f351c2027edc tempest-QosSpecsTestJSON-497159204 tempest-QosSpecsTestJSON-497159204-project-admin] Calling method 'delete' {{(pid=106438) _process_stack /opt/stack/cinder/cinder/api/openstack/wsgi.py:856}}
Jul 22 11:42:30.947845 dv-cinder-796256-1-smb devstack@c-api.service[106438]: DEBUG cinder.api.contrib.qos_specs_manage [None req-9e0b6b29-a733-4763-8864-f351c2027edc tempest-QosSpecsTestJSON-497159204 tempest-QosSpecsTestJSON-497159204-project-admin] Delete qos_spec: 69eaf7fd-7bd7-476c-a287-d5003b0539c0, force: False {{(pid=106438) delete /opt/stack/cinder/cinder/api/contrib/qos_specs_manage.py:168}}
Jul 22 11:42:30.954052 dv-cinder-796256-1-smb devstack@c-api.service[106438]: INFO cinder.api.openstack.wsgi [None req-9e0b6b29-a733-4763-8864-f351c2027edc tempest-QosSpecsTestJSON-497159204 tempest-QosSpecsTestJSON-497159204-project-admin] http://10.222.0.50/volume/v3/79b30f31bc854f6fb3a131b8bdc39dc9/qos-specs/69eaf7fd-7bd7-476c-a287-d5003b0539c0?force=False returned with HTTP 404
Jul 22 11:42:30.955845 dv-cinder-796256-1-smb devstack@c-api.service[106438]: [pid: 106438|app: 0|req: 99/208] 10.222.0.50 () {58 vars in 1357 bytes} [Thu Jul 22 11:42:30 2021] DELETE /volume/v3/79b30f31bc854f6fb3a131b8bdc39dc9/qos-specs/69eaf7fd-7bd7-476c-a287-d5003b0539c0?force=False => generated 100 bytes in 18 msecs (HTTP/1.1 404) 7 headers in 292 bytes (2 switches on core 0)
Jul 22 11:42:30.970839 dv-cinder-796256-1-smb devstack@c-api.service[106438]: INFO cinder.api.openstack.wsgi [None req-4c8a36f7-4e92-435c-ae04-ff73c2d59521 tempest-QosSpecsTestJSON-497159204 tempest-QosSpecsTestJSON-497159204-project-admin] GET http://10.222.0.50/volume/v3/79b30f31bc854f6fb3a131b8bdc39dc9/qos-specs/69eaf7fd-7bd7-476c-a287-d5003b0539c0
Jul 22 11:42:30.970839 dv-cinder-796256-1-smb devstack@c-api.service[106438]: DEBUG cinder.api.openstack.wsgi [None req-4c8a36f7-4e92-435c-ae04-ff73c2d59521 tempest-QosSpecsTestJSON-497159204 tempest-QosSpecsTestJSON-497159204-project-admin] Empty body provided in request {{(pid=106438) get_body /opt/stack/cinder/cinder/api/openstack/wsgi.py:703}}
Jul 22 11:42:30.971793 dv-cinder-796256-1-smb devstack@c-api.service[106438]: DEBUG cinder.api.openstack.wsgi [None req-4c8a36f7-4e92-435c-ae04-ff73c2d59521 tempest-QosSpecsTestJSON-497159204 tempest-QosSpecsTestJSON-497159204-project-admin] Calling method 'show' {{(pid=106438) _process_stack /opt/stack/cinder/cinder/api/openstack/wsgi.py:856}}
Jul 22 11:42:30.972159 dv-cinder-796256-1-smb devstack@c-api.service[106437]: INFO cinder.api.openstack.wsgi [None req-8a8ba2d7-b3a0-4d24-9b7f-1f7dee7cf5f6 tempest-GroupSnapshotsTest-348032236 tempest-GroupSnapshotsTest-348032236-project] http://10.222.0.50/volume/v3/99a8fd311d1e4111883e159ca04abc06/group_snapshots/156103f5-9d2f-4208-935e-80eeb7d7e54a returned with HTTP 202
Jul 22 11:42:30.976822 dv-cinder-796256-1-smb devstack@c-api.service[106437]: [pid: 106437|app: 0|req: 110/209] 10.222.0.50 () {60 vars in 1393 bytes} [Thu Jul 22 11:42:30 2021] DELETE /volume/v3/99a8fd311d1e4111883e159ca04abc06/group_snapshots/156103f5-9d2f-4208-935e-80eeb7d7e54a => generated 0 bytes in 95 msecs (HTTP/1.1 202) 6 headers in 234 bytes (1 switches on core 0)
Jul 22 11:42:30.979568 dv-cinder-796256-1-smb devstack@c-api.service[106438]: INFO cinder.api.openstack.wsgi [None req-4c8a36f7-4e92-435c-ae04-ff73c2d59521 tempest-QosSpecsTestJSON-497159204 tempest-QosSpecsTestJSON-497159204-project-admin] http://10.222.0.50/volume/v3/79b30f31bc854f6fb3a131b8bdc39dc9/qos-specs/69eaf7fd-7bd7-476c-a287-d5003b0539c0 returned with HTTP 404
Jul 22 11:42:30.980648 dv-cinder-796256-1-smb devstack@c-api.service[106437]: INFO cinder.api.openstack.wsgi [None req-3a2ab5cb-a18e-450f-aacf-9d4375b2ef64 tempest-GroupSnapshotsTest-348032236 tempest-GroupSnapshotsTest-348032236-project] GET http://10.222.0.50/volume/v3/99a8fd311d1e4111883e159ca04abc06/volumes/detail
Jul 22 11:42:30.980908 dv-cinder-796256-1-smb devstack@c-api.service[106438]: [pid: 106438|app: 0|req: 100/210] 10.222.0.50 () {58 vars in 1331 bytes} [Thu Jul 22 11:42:30 2021] GET /volume/v3/79b30f31bc854f6fb3a131b8bdc39dc9/qos-specs/69eaf7fd-7bd7-476c-a287-d5003b0539c0 => generated 100 bytes in 21 msecs (HTTP/1.1 404) 7 headers in 292 bytes (2 switches on core 0)
Jul 22 11:42:30.981331 dv-cinder-796256-1-smb devstack@c-api.service[106437]: DEBUG cinder.api.openstack.wsgi [None req-3a2ab5cb-a18e-450f-aacf-9d4375b2ef64 tempest-GroupSnapshotsTest-348032236 tempest-GroupSnapshotsTest-348032236-project] Empty body provided in request {{(pid=106437) get_body /opt/stack/cinder/cinder/api/openstack/wsgi.py:703}}
Jul 22 11:42:30.981659 dv-cinder-796256-1-smb devstack@c-api.service[106437]: /usr/local/lib/python3.8/dist-packages/webob/acceptparse.py:1047: DeprecationWarning: The behavior of AcceptValidHeader.best_match is currently being maintained for backward compatibility, but it will be deprecated in the future, as it does not conform to the RFC.
Jul 22 11:42:30.981659 dv-cinder-796256-1-smb devstack@c-api.service[106437]: warnings.warn(
Jul 22 11:42:30.982113 dv-cinder-796256-1-smb devstack@c-api.service[106437]: DEBUG cinder.api.openstack.wsgi [None req-3a2ab5cb-a18e-450f-aacf-9d4375b2ef64 tempest-GroupSnapshotsTest-348032236 tempest-GroupSnapshotsTest-348032236-project] Calling method 'detail' {{(pid=106437) _process_stack /opt/stack/cinder/cinder/api/openstack/wsgi.py:856}}
Jul 22 11:42:30.982911 dv-cinder-796256-1-smb devstack@c-api.service[106437]: DEBUG cinder.api.api_utils [None req-3a2ab5cb-a18e-450f-aacf-9d4375b2ef64 tempest-GroupSnapshotsTest-348032236 tempest-GroupSnapshotsTest-348032236-project] Removing options '' from query. {{(pid=106437) remove_invalid_filter_options /opt/stack/cinder/cinder/api/api_utils.py:73}}
Jul 22 11:42:30.983778 dv-cinder-796256-1-smb devstack@c-api.service[106437]: /usr/local/lib/python3.8/dist-packages/oslo_context/context.py:105: DeprecationWarning: Policy enforcement is depending on the value of is_admin. This key is deprecated. Please update your policy file to use the standard policy values.
Jul 22 11:42:30.983778 dv-cinder-796256-1-smb devstack@c-api.service[106437]: warnings.warn('Policy enforcement is depending on the value of '
Jul 22 11:42:30.984938 dv-cinder-796256-1-smb devstack@c-api.service[106437]: DEBUG cinder.volume.api [None req-3a2ab5cb-a18e-450f-aacf-9d4375b2ef64 tempest-GroupSnapshotsTest-348032236 tempest-GroupSnapshotsTest-348032236-project] Searching by: MultiDict([('no_migration_targets', True)]). {{(pid=106437) get_all /opt/stack/cinder/cinder/volume/api.py:617}}
Jul 22 11:42:30.991351 dv-cinder-796256-1-smb devstack@c-api.service[106438]: INFO cinder.api.openstack.wsgi [None req-58c2bcf6-5c9e-4d86-8c52-0619964310bb tempest-QosSpecsTestJSON-497159204 tempest-QosSpecsTestJSON-497159204-project-admin] DELETE http://10.222.0.50/volume/v3/79b30f31bc854f6fb3a131b8bdc39dc9/qos-specs/a93c5a2d-5001-4062-8e66-1fa8d17082e6?force=False
Jul 22 11:42:30.992705 dv-cinder-796256-1-smb devstack@c-api.service[106438]: DEBUG cinder.api.openstack.wsgi [None req-58c2bcf6-5c9e-4d86-8c52-0619964310bb tempest-QosSpecsTestJSON-497159204 tempest-QosSpecsTestJSON-497159204-project-admin] Empty body provided in request {{(pid=106438) get_body /opt/stack/cinder/cinder/api/openstack/wsgi.py:703}}
Jul 22 11:42:30.993130 dv-cinder-796256-1-smb devstack@c-api.service[106438]: DEBUG cinder.api.openstack.wsgi [None req-58c2bcf6-5c9e-4d86-8c52-0619964310bb tempest-QosSpecsTestJSON-497159204 tempest-QosSpecsTestJSON-497159204-project-admin] Calling method 'delete' {{(pid=106438) _process_stack /opt/stack/cinder/cinder/api/openstack/wsgi.py:856}}
Jul 22 11:42:30.996525 dv-cinder-796256-1-smb devstack@c-api.service[106438]: DEBUG cinder.api.contrib.qos_specs_manage [None req-58c2bcf6-5c9e-4d86-8c52-0619964310bb tempest-QosSpecsTestJSON-497159204 tempest-QosSpecsTestJSON-497159204-project-admin] Delete qos_spec: a93c5a2d-5001-4062-8e66-1fa8d17082e6, force: False {{(pid=106438) delete /opt/stack/cinder/cinder/api/contrib/qos_specs_manage.py:168}}
Jul 22 11:42:31.003051 dv-cinder-796256-1-smb devstack@c-api.service[106438]: INFO cinder.api.openstack.wsgi [None req-58c2bcf6-5c9e-4d86-8c52-0619964310bb tempest-QosSpecsTestJSON-497159204 tempest-QosSpecsTestJSON-497159204-project-admin] http://10.222.0.50/volume/v3/79b30f31bc854f6fb3a131b8bdc39dc9/qos-specs/a93c5a2d-5001-4062-8e66-1fa8d17082e6?force=False returned with HTTP 404
Jul 22 11:42:31.004080 dv-cinder-796256-1-smb devstack@c-api.service[106438]: [pid: 106438|app: 0|req: 101/211] 10.222.0.50 () {58 vars in 1357 bytes} [Thu Jul 22 11:42:30 2021] DELETE /volume/v3/79b30f31bc854f6fb3a131b8bdc39dc9/qos-specs/a93c5a2d-5001-4062-8e66-1fa8d17082e6?force=False => generated 100 bytes in 19 msecs (HTTP/1.1 404) 7 headers in 292 bytes (1 switches on core 0)
Jul 22 11:42:31.014681 dv-cinder-796256-1-smb devstack@c-api.service[106438]: INFO cinder.api.openstack.wsgi [None req-9a3a5571-f4d2-4807-88bf-0929a21b823c tempest-QosSpecsTestJSON-497159204 tempest-QosSpecsTestJSON-497159204-project-admin] GET http://10.222.0.50/volume/v3/79b30f31bc854f6fb3a131b8bdc39dc9/qos-specs/a93c5a2d-5001-4062-8e66-1fa8d17082e6
Jul 22 11:42:31.016317 dv-cinder-796256-1-smb devstack@c-api.service[106438]: DEBUG cinder.api.openstack.wsgi [None req-9a3a5571-f4d2-4807-88bf-0929a21b823c tempest-QosSpecsTestJSON-497159204 tempest-QosSpecsTestJSON-497159204-project-admin] Empty body provided in request {{(pid=106438) get_body /opt/stack/cinder/cinder/api/openstack/wsgi.py:703}}
Jul 22 11:42:31.016937 dv-cinder-796256-1-smb devstack@c-api.service[106438]: DEBUG cinder.api.openstack.wsgi [None req-9a3a5571-f4d2-4807-88bf-0929a21b823c tempest-QosSpecsTestJSON-497159204 tempest-QosSpecsTestJSON-497159204-project-admin] Calling method 'show' {{(pid=106438) _process_stack /opt/stack/cinder/cinder/api/openstack/wsgi.py:856}}
Jul 22 11:42:31.027833 dv-cinder-796256-1-smb devstack@c-api.service[106438]: INFO cinder.api.openstack.wsgi [None req-9a3a5571-f4d2-4807-88bf-0929a21b823c tempest-QosSpecsTestJSON-497159204 tempest-QosSpecsTestJSON-497159204-project-admin] http://10.222.0.50/volume/v3/79b30f31bc854f6fb3a131b8bdc39dc9/qos-specs/a93c5a2d-5001-4062-8e66-1fa8d17082e6 returned with HTTP 404
Jul 22 11:42:31.030072 dv-cinder-796256-1-smb devstack@c-api.service[106438]: [pid: 106438|app: 0|req: 102/212] 10.222.0.50 () {58 vars in 1331 bytes} [Thu Jul 22 11:42:31 2021] GET /volume/v3/79b30f31bc854f6fb3a131b8bdc39dc9/qos-specs/a93c5a2d-5001-4062-8e66-1fa8d17082e6 => generated 100 bytes in 22 msecs (HTTP/1.1 404) 7 headers in 292 bytes (1 switches on core 0)
Jul 22 11:42:31.039006 dv-cinder-796256-1-smb devstack@c-api.service[106438]: INFO cinder.api.openstack.wsgi [None req-c2aaf1d9-db5f-476f-b44b-e87f60d798d2 tempest-QosSpecsTestJSON-497159204 tempest-QosSpecsTestJSON-497159204-project-admin] DELETE http://10.222.0.50/volume/v3/79b30f31bc854f6fb3a131b8bdc39dc9/types/9761395b-ccfe-4169-8071-b81a74013575
Jul 22 11:42:31.040322 dv-cinder-796256-1-smb devstack@c-api.service[106438]: DEBUG cinder.api.openstack.wsgi [None req-c2aaf1d9-db5f-476f-b44b-e87f60d798d2 tempest-QosSpecsTestJSON-497159204 tempest-QosSpecsTestJSON-497159204-project-admin] Empty body provided in request {{(pid=106438) get_body /opt/stack/cinder/cinder/api/openstack/wsgi.py:703}}
Jul 22 11:42:31.040871 dv-cinder-796256-1-smb devstack@c-api.service[106438]: DEBUG cinder.api.openstack.wsgi [None req-c2aaf1d9-db5f-476f-b44b-e87f60d798d2 tempest-QosSpecsTestJSON-497159204 tempest-QosSpecsTestJSON-497159204-project-admin] Calling method '_delete' {{(pid=106438) _process_stack /opt/stack/cinder/cinder/api/openstack/wsgi.py:856}}
Jul 22 11:42:31.070088 dv-cinder-796256-1-smb devstack@c-api.service[106437]: INFO cinder.volume.api [None req-3a2ab5cb-a18e-450f-aacf-9d4375b2ef64 tempest-GroupSnapshotsTest-348032236 tempest-GroupSnapshotsTest-348032236-project] Get all volumes completed successfully.
Jul 22 11:42:31.071631 dv-cinder-796256-1-smb devstack@c-api.service[106437]: WARNING stevedore.named [None req-3a2ab5cb-a18e-450f-aacf-9d4375b2ef64 tempest-GroupSnapshotsTest-348032236 tempest-GroupSnapshotsTest-348032236-project] Could not load cinder.keymgr.conf_key_mgr.ConfKeyManager
Jul 22 11:42:31.072141 dv-cinder-796256-1-smb devstack@c-api.service[106437]: WARNING castellan.key_manager [None req-3a2ab5cb-a18e-450f-aacf-9d4375b2ef64 tempest-GroupSnapshotsTest-348032236 tempest-GroupSnapshotsTest-348032236-project] Deprecation Warning : cinder.keymgr.conf_key_mgr.ConfKeyManager is not a stevedore based driver, trying to load it as a class: stevedore.exception.NoMatches: No 'castellan.drivers' driver found, looking for 'cinder.keymgr.conf_key_mgr.ConfKeyManager'
Jul 22 11:42:31.080990 dv-cinder-796256-1-smb devstack@c-api.service[106437]: DEBUG oslo_db.sqlalchemy.engines [None req-3a2ab5cb-a18e-450f-aacf-9d4375b2ef64 tempest-GroupSnapshotsTest-348032236 tempest-GroupSnapshotsTest-348032236-project] MySQL server mode set to STRICT_TRANS_TABLES,STRICT_ALL_TABLES,NO_ZERO_IN_DATE,NO_ZERO_DATE,ERROR_FOR_DIVISION_BY_ZERO,TRADITIONAL,NO_ENGINE_SUBSTITUTION {{(pid=106437) _check_effective_sql_mode /usr/local/lib/python3.8/dist-packages/oslo_db/sqlalchemy/engines.py:314}}
Jul 22 11:42:31.086921 dv-cinder-796256-1-smb devstack@c-api.service[106437]: /usr/local/lib/python3.8/dist-packages/oslo_context/context.py:105: DeprecationWarning: Policy enforcement is depending on the value of is_admin. This key is deprecated. Please update your policy file to use the standard policy values.
Jul 22 11:42:31.086921 dv-cinder-796256-1-smb devstack@c-api.service[106437]: warnings.warn('Policy enforcement is depending on the value of '
Jul 22 11:42:31.094483 dv-cinder-796256-1-smb devstack@c-api.service[106437]: WARNING stevedore.named [None req-3a2ab5cb-a18e-450f-aacf-9d4375b2ef64 tempest-GroupSnapshotsTest-348032236 tempest-GroupSnapshotsTest-348032236-project] Could not load cinder.keymgr.conf_key_mgr.ConfKeyManager
Jul 22 11:42:31.094898 dv-cinder-796256-1-smb devstack@c-api.service[106437]: WARNING castellan.key_manager [None req-3a2ab5cb-a18e-450f-aacf-9d4375b2ef64 tempest-GroupSnapshotsTest-348032236 tempest-GroupSnapshotsTest-348032236-project] Deprecation Warning : cinder.keymgr.conf_key_mgr.ConfKeyManager is not a stevedore based driver, trying to load it as a class: stevedore.exception.NoMatches: No 'castellan.drivers' driver found, looking for 'cinder.keymgr.conf_key_mgr.ConfKeyManager'
Jul 22 11:42:31.102511 dv-cinder-796256-1-smb devstack@c-api.service[106437]: DEBUG oslo_db.sqlalchemy.engines [None req-3a2ab5cb-a18e-450f-aacf-9d4375b2ef64 tempest-GroupSnapshotsTest-348032236 tempest-GroupSnapshotsTest-348032236-project] MySQL server mode set to STRICT_TRANS_TABLES,STRICT_ALL_TABLES,NO_ZERO_IN_DATE,NO_ZERO_DATE,ERROR_FOR_DIVISION_BY_ZERO,TRADITIONAL,NO_ENGINE_SUBSTITUTION {{(pid=106437) _check_effective_sql_mode /usr/local/lib/python3.8/dist-packages/oslo_db/sqlalchemy/engines.py:314}}
Jul 22 11:42:31.103825 dv-cinder-796256-1-smb devstack@c-api.service[106438]: INFO cinder.api.openstack.wsgi [None req-c2aaf1d9-db5f-476f-b44b-e87f60d798d2 tempest-QosSpecsTestJSON-497159204 tempest-QosSpecsTestJSON-497159204-project-admin] http://10.222.0.50/volume/v3/79b30f31bc854f6fb3a131b8bdc39dc9/types/9761395b-ccfe-4169-8071-b81a74013575 returned with HTTP 202
Jul 22 11:42:31.104863 dv-cinder-796256-1-smb devstack@c-api.service[106438]: [pid: 106438|app: 0|req: 103/213] 10.222.0.50 () {58 vars in 1322 bytes} [Thu Jul 22 11:42:31 2021] DELETE /volume/v3/79b30f31bc854f6fb3a131b8bdc39dc9/types/9761395b-ccfe-4169-8071-b81a74013575 => generated 0 bytes in 71 msecs (HTTP/1.1 202) 6 headers in 233 bytes (2 switches on core 0)
Jul 22 11:42:31.123646 dv-cinder-796256-1-smb devstack@c-api.service[106438]: INFO cinder.api.openstack.wsgi [None req-56beee8f-d962-4817-bd4a-12fb571e101a tempest-QosSpecsTestJSON-497159204 tempest-QosSpecsTestJSON-497159204-project-admin] GET http://10.222.0.50/volume/v3/79b30f31bc854f6fb3a131b8bdc39dc9/types/9761395b-ccfe-4169-8071-b81a74013575
Jul 22 11:42:31.123646 dv-cinder-796256-1-smb devstack@c-api.service[106438]: DEBUG cinder.api.openstack.wsgi [None req-56beee8f-d962-4817-bd4a-12fb571e101a tempest-QosSpecsTestJSON-497159204 tempest-QosSpecsTestJSON-497159204-project-admin] Empty body provided in request {{(pid=106438) get_body /opt/stack/cinder/cinder/api/openstack/wsgi.py:703}}
Jul 22 11:42:31.123646 dv-cinder-796256-1-smb devstack@c-api.service[106438]: DEBUG cinder.api.openstack.wsgi [None req-56beee8f-d962-4817-bd4a-12fb571e101a tempest-QosSpecsTestJSON-497159204 tempest-QosSpecsTestJSON-497159204-project-admin] Calling method 'show' {{(pid=106438) _process_stack /opt/stack/cinder/cinder/api/openstack/wsgi.py:856}}
Jul 22 11:42:31.123892 dv-cinder-796256-1-smb devstack@c-api.service[106437]: /usr/local/lib/python3.8/dist-packages/oslo_context/context.py:105: DeprecationWarning: Policy enforcement is depending on the value of is_admin. This key is deprecated. Please update your policy file to use the standard policy values.
Jul 22 11:42:31.123892 dv-cinder-796256-1-smb devstack@c-api.service[106437]: warnings.warn('Policy enforcement is depending on the value of '
Jul 22 11:42:31.125137 dv-cinder-796256-1-smb devstack@c-api.service[106438]: INFO cinder.api.openstack.wsgi [None req-56beee8f-d962-4817-bd4a-12fb571e101a tempest-QosSpecsTestJSON-497159204 tempest-QosSpecsTestJSON-497159204-project-admin] http://10.222.0.50/volume/v3/79b30f31bc854f6fb3a131b8bdc39dc9/types/9761395b-ccfe-4169-8071-b81a74013575 returned with HTTP 404
Jul 22 11:42:31.125137 dv-cinder-796256-1-smb devstack@c-api.service[106438]: [pid: 106438|app: 0|req: 104/214] 10.222.0.50 () {58 vars in 1319 bytes} [Thu Jul 22 11:42:31 2021] GET /volume/v3/79b30f31bc854f6fb3a131b8bdc39dc9/types/9761395b-ccfe-4169-8071-b81a74013575 => generated 114 bytes in 15 msecs (HTTP/1.1 404) 7 headers in 292 bytes (2 switches on core 0)
Jul 22 11:42:31.137985 dv-cinder-796256-1-smb devstack@c-api.service[106438]: INFO cinder.api.openstack.wsgi [None req-92b3a093-3f61-47ac-a282-829f6090fe3b tempest-QosSpecsTestJSON-497159204 tempest-QosSpecsTestJSON-497159204-project-admin] DELETE http://10.222.0.50/volume/v3/79b30f31bc854f6fb3a131b8bdc39dc9/types/af03650f-ddd4-4068-9a24-9684d73512fe
Jul 22 11:42:31.138805 dv-cinder-796256-1-smb devstack@c-api.service[106438]: DEBUG cinder.api.openstack.wsgi [None req-92b3a093-3f61-47ac-a282-829f6090fe3b tempest-QosSpecsTestJSON-497159204 tempest-QosSpecsTestJSON-497159204-project-admin] Empty body provided in request {{(pid=106438) get_body /opt/stack/cinder/cinder/api/openstack/wsgi.py:703}}
Jul 22 11:42:31.139321 dv-cinder-796256-1-smb devstack@c-api.service[106438]: DEBUG cinder.api.openstack.wsgi [None req-92b3a093-3f61-47ac-a282-829f6090fe3b tempest-QosSpecsTestJSON-497159204 tempest-QosSpecsTestJSON-497159204-project-admin] Calling method '_delete' {{(pid=106438) _process_stack /opt/stack/cinder/cinder/api/openstack/wsgi.py:856}}
Jul 22 11:42:31.148196 dv-cinder-796256-1-smb devstack@c-api.service[106437]: INFO cinder.api.openstack.wsgi [None req-3a2ab5cb-a18e-450f-aacf-9d4375b2ef64 tempest-GroupSnapshotsTest-348032236 tempest-GroupSnapshotsTest-348032236-project] http://10.222.0.50/volume/v3/99a8fd311d1e4111883e159ca04abc06/volumes/detail returned with HTTP 200
Jul 22 11:42:31.152093 dv-cinder-796256-1-smb devstack@c-api.service[106437]: [pid: 106437|app: 0|req: 111/215] 10.222.0.50 () {60 vars in 1276 bytes} [Thu Jul 22 11:42:30 2021] GET /volume/v3/99a8fd311d1e4111883e159ca04abc06/volumes/detail => generated 1991 bytes in 175 msecs (HTTP/1.1 200) 7 headers in 287 bytes (2 switches on core 0)
Jul 22 11:42:31.169430 dv-cinder-796256-1-smb devstack@c-api.service[106437]: INFO cinder.api.openstack.wsgi [None req-69d5ea53-9420-4ed9-8c17-47ccc71e7b57 tempest-GroupSnapshotsTest-348032236 tempest-GroupSnapshotsTest-348032236-project] GET http://10.222.0.50/volume/v3/99a8fd311d1e4111883e159ca04abc06/snapshots/detail
Jul 22 11:42:31.170123 dv-cinder-796256-1-smb devstack@c-api.service[106437]: DEBUG cinder.api.openstack.wsgi [None req-69d5ea53-9420-4ed9-8c17-47ccc71e7b57 tempest-GroupSnapshotsTest-348032236 tempest-GroupSnapshotsTest-348032236-project] Empty body provided in request {{(pid=106437) get_body /opt/stack/cinder/cinder/api/openstack/wsgi.py:703}}
Jul 22 11:42:31.170433 dv-cinder-796256-1-smb devstack@c-api.service[106437]: /usr/local/lib/python3.8/dist-packages/webob/acceptparse.py:1047: DeprecationWarning: The behavior of AcceptValidHeader.best_match is currently being maintained for backward compatibility, but it will be deprecated in the future, as it does not conform to the RFC.
Jul 22 11:42:31.170433 dv-cinder-796256-1-smb devstack@c-api.service[106437]: warnings.warn(
Jul 22 11:42:31.170957 dv-cinder-796256-1-smb devstack@c-api.service[106437]: DEBUG cinder.api.openstack.wsgi [None req-69d5ea53-9420-4ed9-8c17-47ccc71e7b57 tempest-GroupSnapshotsTest-348032236 tempest-GroupSnapshotsTest-348032236-project] Calling method 'detail' {{(pid=106437) _process_stack /opt/stack/cinder/cinder/api/openstack/wsgi.py:856}}
Jul 22 11:42:31.171595 dv-cinder-796256-1-smb devstack@c-api.service[106437]: DEBUG cinder.api.api_utils [None req-69d5ea53-9420-4ed9-8c17-47ccc71e7b57 tempest-GroupSnapshotsTest-348032236 tempest-GroupSnapshotsTest-348032236-project] Removing options '' from query. {{(pid=106437) remove_invalid_filter_options /opt/stack/cinder/cinder/api/api_utils.py:73}}
Jul 22 11:42:31.173790 dv-cinder-796256-1-smb devstack@c-api.service[106437]: DEBUG cinder.db.sqlalchemy.api [None req-69d5ea53-9420-4ed9-8c17-47ccc71e7b57 tempest-GroupSnapshotsTest-348032236 tempest-GroupSnapshotsTest-348032236-project] Building query based on filter {{(pid=106437) _process_snaps_filters /opt/stack/cinder/cinder/db/sqlalchemy/api.py:3138}}
Jul 22 11:42:31.180737 dv-cinder-796256-1-smb devstack@c-api.service[106437]: INFO cinder.volume.api [None req-69d5ea53-9420-4ed9-8c17-47ccc71e7b57 tempest-GroupSnapshotsTest-348032236 tempest-GroupSnapshotsTest-348032236-project] Get all snapshots completed successfully.
Jul 22 11:42:31.181863 dv-cinder-796256-1-smb devstack@c-api.service[106437]: /usr/local/lib/python3.8/dist-packages/oslo_context/context.py:105: DeprecationWarning: Policy enforcement is depending on the value of is_admin. This key is deprecated. Please update your policy file to use the standard policy values.
Jul 22 11:42:31.181863 dv-cinder-796256-1-smb devstack@c-api.service[106437]: warnings.warn('Policy enforcement is depending on the value of '
Jul 22 11:42:31.183451 dv-cinder-796256-1-smb devstack@c-api.service[106437]: INFO cinder.api.openstack.wsgi [None req-69d5ea53-9420-4ed9-8c17-47ccc71e7b57 tempest-GroupSnapshotsTest-348032236 tempest-GroupSnapshotsTest-348032236-project] http://10.222.0.50/volume/v3/99a8fd311d1e4111883e159ca04abc06/snapshots/detail returned with HTTP 200
Jul 22 11:42:31.184375 dv-cinder-796256-1-smb devstack@c-api.service[106437]: [pid: 106437|app: 0|req: 112/216] 10.222.0.50 () {58 vars in 1241 bytes} [Thu Jul 22 11:42:31 2021] GET /volume/v3/99a8fd311d1e4111883e159ca04abc06/snapshots/detail => generated 1061 bytes in 23 msecs (HTTP/1.1 200) 7 headers in 286 bytes (2 switches on core 0)
Jul 22 11:42:31.196185 dv-cinder-796256-1-smb devstack@c-api.service[106437]: INFO cinder.api.openstack.wsgi [None req-40edeb4c-bb06-401d-86b3-1721e0e572ec tempest-GroupSnapshotsTest-348032236 tempest-GroupSnapshotsTest-348032236-project] GET http://10.222.0.50/volume/v3/99a8fd311d1e4111883e159ca04abc06/snapshots/78584a43-8151-41eb-8970-4f63bceb8fab
Jul 22 11:42:31.198399 dv-cinder-796256-1-smb devstack@c-api.service[106437]: DEBUG cinder.api.openstack.wsgi [None req-40edeb4c-bb06-401d-86b3-1721e0e572ec tempest-GroupSnapshotsTest-348032236 tempest-GroupSnapshotsTest-348032236-project] Empty body provided in request {{(pid=106437) get_body /opt/stack/cinder/cinder/api/openstack/wsgi.py:703}}
Jul 22 11:42:31.198721 dv-cinder-796256-1-smb devstack@c-api.service[106437]: /usr/local/lib/python3.8/dist-packages/webob/acceptparse.py:1047: DeprecationWarning: The behavior of AcceptValidHeader.best_match is currently being maintained for backward compatibility, but it will be deprecated in the future, as it does not conform to the RFC.
