Oct 31 12:32:48.572302 dv-cinder-796170-6-smb devstack@c-api.service[111734]: /usr/local/lib/python3.8/dist-packages/oslo_context/context.py:100: DeprecationWarning: Policy enforcement is depending on the value of is_admin. This key is deprecated. Please update your policy file to use the standard policy values.
Oct 31 12:32:48.572302 dv-cinder-796170-6-smb devstack@c-api.service[111734]: warnings.warn('Policy enforcement is depending on the value of '
Oct 31 12:32:48.572846 dv-cinder-796170-6-smb devstack@c-api.service[111734]: DEBUG cinder.volume.flows.api.create_volume [None req-0a0ef359-4f40-4f4e-8cef-b753492db851 tempest-GroupSnapshotsTest-854740147 tempest-GroupSnapshotsTest-854740147-project] Validating volume size '1' using validate_int {{(pid=111734) _extract_size /opt/stack/cinder/cinder/volume/flows/api/create_volume.py:228}}
Oct 31 12:32:48.594585 dv-cinder-796170-6-smb devstack@c-api.service[111733]: DEBUG oslo_db.sqlalchemy.engines [None req-dd859b6f-4222-441e-9a1c-ffdffc895c69 tempest-GroupsV314Test-653563992 tempest-GroupsV314Test-653563992-project] MySQL server mode set to STRICT_TRANS_TABLES,STRICT_ALL_TABLES,NO_ZERO_IN_DATE,NO_ZERO_DATE,ERROR_FOR_DIVISION_BY_ZERO,TRADITIONAL,NO_ENGINE_SUBSTITUTION {{(pid=111733) _check_effective_sql_mode /usr/local/lib/python3.8/dist-packages/oslo_db/sqlalchemy/engines.py:326}}
Oct 31 12:32:48.614525 dv-cinder-796170-6-smb devstack@c-api.service[111733]: /usr/local/lib/python3.8/dist-packages/oslo_context/context.py:100: DeprecationWarning: Policy enforcement is depending on the value of is_admin. This key is deprecated. Please update your policy file to use the standard policy values.
Oct 31 12:32:48.614525 dv-cinder-796170-6-smb devstack@c-api.service[111733]: warnings.warn('Policy enforcement is depending on the value of '
Oct 31 12:32:48.637416 dv-cinder-796170-6-smb devstack@c-api.service[111733]: INFO cinder.api.openstack.wsgi [None req-dd859b6f-4222-441e-9a1c-ffdffc895c69 tempest-GroupsV314Test-653563992 tempest-GroupsV314Test-653563992-project] http://10.222.0.18/volume/v3/013c2a6c242c48f2b601d39284114f71/volumes returned with HTTP 202
Oct 31 12:32:48.649730 dv-cinder-796170-6-smb devstack@c-api.service[111733]: [pid: 111733|app: 0|req: 54/94] 10.222.0.18 () {62 vars in 1277 bytes} [Mon Oct 31 12:32:47 2022] POST /volume/v3/013c2a6c242c48f2b601d39284114f71/volumes => generated 898 bytes in 769 msecs (HTTP/1.1 202) 7 headers in 292 bytes (1 switches on core 0)
Oct 31 12:32:48.657751 dv-cinder-796170-6-smb devstack@c-api.service[111733]: DEBUG cinder.api.middleware.request_id [None req-3b055856-920e-441d-ac3d-3cc1387cfc56 None None] RequestId filter calling following filter/app {{(pid=111733) _context_setter /opt/stack/cinder/cinder/api/middleware/request_id.py:62}}
Oct 31 12:32:48.671088 dv-cinder-796170-6-smb devstack@c-api.service[111734]: DEBUG cinder.volume.api [None req-0a0ef359-4f40-4f4e-8cef-b753492db851 tempest-GroupSnapshotsTest-854740147 tempest-GroupSnapshotsTest-854740147-project] Task 'cinder.volume.flows.api.create_volume.ExtractVolumeRequestTask;volume:create' (7b5fb6c9-d3f4-4e8f-9003-abf9b72eab98) transitioned into state 'SUCCESS' from state 'RUNNING' with result '{'size': 1, 'snapshot_id': None, 'source_volid': None, 'volume_type': VolumeType(created_at=2022-10-31T12:32:44Z,deleted=False,deleted_at=None,description=None,extra_specs={},id=e7c8a5f3-e187-4d46-967c-5fd42fb01e9d,is_public=True,name='tempest-GroupSnapshotsTest-volume-type-122096372',projects=[],qos_specs=,qos_specs_id=None,updated_at=None), 'volume_type_id': 'e7c8a5f3-e187-4d46-967c-5fd42fb01e9d', 'encryption_key_id': None, 'qos_specs': None, 'consistencygroup_id': None, 'cgsnapshot_id': None, 'group_id': '29a503a2-6691-4772-ab4a-311ddb1309b7', 'replication_status': 'disabled', 'refresh_az': False, 'backup_id': None, 'multiattach': False, 'availability_zones': ['nova']}' {{(pid=111734) _task_receiver /usr/local/lib/python3.8/dist-packages/taskflow/listeners/logging.py:178}}
Oct 31 12:32:48.672608 dv-cinder-796170-6-smb devstack@c-api.service[111733]: INFO cinder.api.openstack.wsgi [None req-3b055856-920e-441d-ac3d-3cc1387cfc56 tempest-GroupsV314Test-653563992 tempest-GroupsV314Test-653563992-project] GET http://10.222.0.18/volume/v3/013c2a6c242c48f2b601d39284114f71/volumes/341697c7-5752-473d-bd85-1291b10512da
Oct 31 12:32:48.675767 dv-cinder-796170-6-smb devstack@c-api.service[111733]: DEBUG cinder.api.openstack.wsgi [None req-3b055856-920e-441d-ac3d-3cc1387cfc56 tempest-GroupsV314Test-653563992 tempest-GroupsV314Test-653563992-project] Empty body provided in request {{(pid=111733) get_body /opt/stack/cinder/cinder/api/openstack/wsgi.py:715}}
Oct 31 12:32:48.676386 dv-cinder-796170-6-smb devstack@c-api.service[111733]: DEBUG cinder.api.openstack.wsgi [None req-3b055856-920e-441d-ac3d-3cc1387cfc56 tempest-GroupsV314Test-653563992 tempest-GroupsV314Test-653563992-project] Calling method 'show' {{(pid=111733) _process_stack /opt/stack/cinder/cinder/api/openstack/wsgi.py:868}}
Oct 31 12:32:48.677873 dv-cinder-796170-6-smb devstack@c-api.service[111734]: DEBUG cinder.volume.api [None req-0a0ef359-4f40-4f4e-8cef-b753492db851 tempest-GroupSnapshotsTest-854740147 tempest-GroupSnapshotsTest-854740147-project] Task 'cinder.volume.flows.api.create_volume.QuotaReserveTask;volume:create' (a1d79c12-83f2-492c-830f-5e38f70a7e4c) transitioned into state 'RUNNING' from state 'PENDING' {{(pid=111734) _task_receiver /usr/local/lib/python3.8/dist-packages/taskflow/listeners/logging.py:190}}
Oct 31 12:32:48.737231 dv-cinder-796170-6-smb devstack@c-api.service[111733]: /usr/local/lib/python3.8/dist-packages/oslo_context/context.py:100: DeprecationWarning: Policy enforcement is depending on the value of is_admin. This key is deprecated. Please update your policy file to use the standard policy values.
Oct 31 12:32:48.737231 dv-cinder-796170-6-smb devstack@c-api.service[111733]: warnings.warn('Policy enforcement is depending on the value of '
Oct 31 12:32:48.763236 dv-cinder-796170-6-smb devstack@c-api.service[111734]: DEBUG dbcounter [-] [111734] Writing DB stats cinder:SELECT=78,cinder:INSERT=10,cinder:UPDATE=12 {{(pid=111734) stat_writer /usr/local/lib/python3.8/dist-packages/dbcounter.py:114}}
Oct 31 12:32:48.765468 dv-cinder-796170-6-smb devstack@c-api.service[111734]: WARNING cinder.quota [None req-0a0ef359-4f40-4f4e-8cef-b753492db851 tempest-GroupSnapshotsTest-854740147 tempest-GroupSnapshotsTest-854740147-project] Deprecated: Default quota for resource: volumes_tempest-GroupSnapshotsTest-volume-type-122096372 is set by the default quota flag: quota_volumes_tempest-GroupSnapshotsTest-volume-type-122096372, it is now deprecated. Please use the default quota class for default quota.
Oct 31 12:32:48.766660 dv-cinder-796170-6-smb devstack@c-api.service[111734]: WARNING cinder.quota [None req-0a0ef359-4f40-4f4e-8cef-b753492db851 tempest-GroupSnapshotsTest-854740147 tempest-GroupSnapshotsTest-854740147-project] Deprecated: Default quota for resource: gigabytes_tempest-GroupSnapshotsTest-volume-type-122096372 is set by the default quota flag: quota_gigabytes_tempest-GroupSnapshotsTest-volume-type-122096372, it is now deprecated. Please use the default quota class for default quota.
Oct 31 12:32:48.778944 dv-cinder-796170-6-smb devstack@c-api.service[111733]: INFO cinder.volume.api [None req-3b055856-920e-441d-ac3d-3cc1387cfc56 tempest-GroupsV314Test-653563992 tempest-GroupsV314Test-653563992-project] Volume info retrieved successfully.
Oct 31 12:32:48.780634 dv-cinder-796170-6-smb devstack@c-api.service[111733]: WARNING stevedore.named [None req-3b055856-920e-441d-ac3d-3cc1387cfc56 tempest-GroupsV314Test-653563992 tempest-GroupsV314Test-653563992-project] Could not load cinder.keymgr.conf_key_mgr.ConfKeyManager
Oct 31 12:32:48.781372 dv-cinder-796170-6-smb devstack@c-api.service[111733]: WARNING castellan.key_manager [None req-3b055856-920e-441d-ac3d-3cc1387cfc56 tempest-GroupsV314Test-653563992 tempest-GroupsV314Test-653563992-project] Deprecation Warning : cinder.keymgr.conf_key_mgr.ConfKeyManager is not a stevedore based driver, trying to load it as a class: stevedore.exception.NoMatches: No 'castellan.drivers' driver found, looking for 'cinder.keymgr.conf_key_mgr.ConfKeyManager'
Oct 31 12:32:48.807084 dv-cinder-796170-6-smb devstack@c-api.service[111733]: DEBUG oslo_db.sqlalchemy.engines [None req-3b055856-920e-441d-ac3d-3cc1387cfc56 tempest-GroupsV314Test-653563992 tempest-GroupsV314Test-653563992-project] MySQL server mode set to STRICT_TRANS_TABLES,STRICT_ALL_TABLES,NO_ZERO_IN_DATE,NO_ZERO_DATE,ERROR_FOR_DIVISION_BY_ZERO,TRADITIONAL,NO_ENGINE_SUBSTITUTION {{(pid=111733) _check_effective_sql_mode /usr/local/lib/python3.8/dist-packages/oslo_db/sqlalchemy/engines.py:326}}
Oct 31 12:32:48.816821 dv-cinder-796170-6-smb devstack@c-api.service[111733]: /usr/local/lib/python3.8/dist-packages/oslo_context/context.py:100: DeprecationWarning: Policy enforcement is depending on the value of is_admin. This key is deprecated. Please update your policy file to use the standard policy values.
Oct 31 12:32:48.816821 dv-cinder-796170-6-smb devstack@c-api.service[111733]: warnings.warn('Policy enforcement is depending on the value of '
Oct 31 12:32:48.835256 dv-cinder-796170-6-smb devstack@c-api.service[111734]: DEBUG cinder.quota [None req-0a0ef359-4f40-4f4e-8cef-b753492db851 tempest-GroupSnapshotsTest-854740147 tempest-GroupSnapshotsTest-854740147-project] Created reservations ['1a1340c2-3c40-45d2-a03a-ddf480953903', '2744f172-a62b-4f4f-b298-c2978a56b00d', '9b35c16d-fbf4-4132-bf12-e78bd6e815e1', 'fc4825be-4690-44d3-afb8-1979eeece4bc'] {{(pid=111734) reserve /opt/stack/cinder/cinder/quota.py:755}}
Oct 31 12:32:48.839735 dv-cinder-796170-6-smb devstack@c-api.service[111734]: DEBUG cinder.volume.api [None req-0a0ef359-4f40-4f4e-8cef-b753492db851 tempest-GroupSnapshotsTest-854740147 tempest-GroupSnapshotsTest-854740147-project] Task 'cinder.volume.flows.api.create_volume.QuotaReserveTask;volume:create' (a1d79c12-83f2-492c-830f-5e38f70a7e4c) transitioned into state 'SUCCESS' from state 'RUNNING' with result '{'reservations': ['1a1340c2-3c40-45d2-a03a-ddf480953903', '2744f172-a62b-4f4f-b298-c2978a56b00d', '9b35c16d-fbf4-4132-bf12-e78bd6e815e1', 'fc4825be-4690-44d3-afb8-1979eeece4bc']}' {{(pid=111734) _task_receiver /usr/local/lib/python3.8/dist-packages/taskflow/listeners/logging.py:178}}
Oct 31 12:32:48.853039 dv-cinder-796170-6-smb devstack@c-api.service[111734]: DEBUG cinder.volume.api [None req-0a0ef359-4f40-4f4e-8cef-b753492db851 tempest-GroupSnapshotsTest-854740147 tempest-GroupSnapshotsTest-854740147-project] Task 'cinder.volume.flows.api.create_volume.EntryCreateTask;volume:create' (74f05cb5-ebf1-4d33-b1c7-f367174bb1ee) transitioned into state 'RUNNING' from state 'PENDING' {{(pid=111734) _task_receiver /usr/local/lib/python3.8/dist-packages/taskflow/listeners/logging.py:190}}
Oct 31 12:32:48.894915 dv-cinder-796170-6-smb devstack@c-api.service[111733]: INFO cinder.api.openstack.wsgi [None req-3b055856-920e-441d-ac3d-3cc1387cfc56 tempest-GroupsV314Test-653563992 tempest-GroupsV314Test-653563992-project] http://10.222.0.18/volume/v3/013c2a6c242c48f2b601d39284114f71/volumes/341697c7-5752-473d-bd85-1291b10512da returned with HTTP 200
Oct 31 12:32:48.909312 dv-cinder-796170-6-smb devstack@c-api.service[111733]: [pid: 111733|app: 0|req: 55/95] 10.222.0.18 () {60 vars in 1366 bytes} [Mon Oct 31 12:32:48 2022] GET /volume/v3/013c2a6c242c48f2b601d39284114f71/volumes/341697c7-5752-473d-bd85-1291b10512da => generated 966 bytes in 253 msecs (HTTP/1.1 200) 7 headers in 286 bytes (1 switches on core 0)
Oct 31 12:32:48.917224 dv-cinder-796170-6-smb devstack@c-api.service[111733]: DEBUG cinder.api.middleware.request_id [None req-1aec8902-3e30-4c1d-8e56-59fc2547d917 None None] RequestId filter calling following filter/app {{(pid=111733) _context_setter /opt/stack/cinder/cinder/api/middleware/request_id.py:62}}
Oct 31 12:32:48.923117 dv-cinder-796170-6-smb devstack@c-api.service[111733]: INFO cinder.api.openstack.wsgi [None req-1aec8902-3e30-4c1d-8e56-59fc2547d917 tempest-VolumeManageAdminTest-2141073235 tempest-VolumeManageAdminTest-2141073235-project] GET http://10.222.0.18/volume/v3/cef0e9c7c4324330b0a019a0f3855d87/volumes/c7b23d1c-6b46-44d5-a3bc-65ab1071403e
Oct 31 12:32:48.923117 dv-cinder-796170-6-smb devstack@c-api.service[111733]: DEBUG cinder.api.openstack.wsgi [None req-1aec8902-3e30-4c1d-8e56-59fc2547d917 tempest-VolumeManageAdminTest-2141073235 tempest-VolumeManageAdminTest-2141073235-project] Empty body provided in request {{(pid=111733) get_body /opt/stack/cinder/cinder/api/openstack/wsgi.py:715}}
Oct 31 12:32:48.923117 dv-cinder-796170-6-smb devstack@c-api.service[111733]: DEBUG cinder.api.openstack.wsgi [None req-1aec8902-3e30-4c1d-8e56-59fc2547d917 tempest-VolumeManageAdminTest-2141073235 tempest-VolumeManageAdminTest-2141073235-project] Calling method 'show' {{(pid=111733) _process_stack /opt/stack/cinder/cinder/api/openstack/wsgi.py:868}}
Oct 31 12:32:48.939424 dv-cinder-796170-6-smb devstack@c-api.service[111734]: DEBUG cinder.volume.api [None req-0a0ef359-4f40-4f4e-8cef-b753492db851 tempest-GroupSnapshotsTest-854740147 tempest-GroupSnapshotsTest-854740147-project] Task 'cinder.volume.flows.api.create_volume.EntryCreateTask;volume:create' (74f05cb5-ebf1-4d33-b1c7-f367174bb1ee) transitioned into state 'SUCCESS' from state 'RUNNING' with result '{'volume_id': '002ae54b-d825-4b03-bd7b-4f0051731ec0', 'volume_properties': VolumeProperties(attach_status='detached',availability_zone='nova',cgsnapshot_id=None,consistencygroup_id=None,display_description=None,display_name='tempest-GroupSnapshotsTest-Volume-1811164989',encryption_key_id=None,group_id=29a503a2-6691-4772-ab4a-311ddb1309b7,group_type_id=,metadata={},multiattach=False,project_id='ce90c4e10eec473280445253ba522726',qos_specs=None,replication_status=,reservations=['1a1340c2-3c40-45d2-a03a-ddf480953903','2744f172-a62b-4f4f-b298-c2978a56b00d','9b35c16d-fbf4-4132-bf12-e78bd6e815e1','fc4825be-4690-44d3-afb8-1979eeece4bc'],size=1,snapshot_id=None,source_replicaid=,source_volid=None,status='creating',user_id='95ecd3b749be4913a9bdec3bfde156ee',volume_type_id=e7c8a5f3-e187-4d46-967c-5fd42fb01e9d), 'volume': Volume(_name_id=None,admin_metadata=,attach_status='detached',availability_zone='nova',bootable=False,cluster=,cluster_name=None,consistencygroup=,consistencygroup_id=None,created_at=2022-10-31T12:32:48Z,deleted=False,deleted_at=None,display_description=None,display_name='tempest-GroupSnapshotsTest-Volume-1811164989',ec2_id=None,encryption_key_id=None,glance_metadata=,group=,group_id=29a503a2-6691-4772-ab4a-311ddb1309b7,host=None,id=002ae54b-d825-4b03-bd7b-4f0051731ec0,launched_at=None,metadata={},migration_status=None,multiattach=False,previous_status=None,project_id='ce90c4e10eec473280445253ba522726',provider_auth=None,provider_geometry=None,provider_id=None,provider_location=None,replication_driver_data=None,replication_extended_status=None,replication_status=None,scheduled_at=None,service_uuid=None,shared_targets=True,size=1,snapshot_id=None,snapshots=,source_volid=None,status='creating',terminated_at=None,updated_at=None,use_quota=True,user_id='95ecd3b749be4913a9bdec3bfde156ee',volume_attachment=VolumeAttachmentList,volume_type=VolumeType(e7c8a5f3-e187-4d46-967c-5fd42fb01e9d),volume_type_id=e7c8a5f3-e187-4d46-967c-5fd42fb01e9d)}' {{(pid=111734) _task_receiver /usr/local/lib/python3.8/dist-packages/taskflow/listeners/logging.py:178}}
Oct 31 12:32:48.946043 dv-cinder-796170-6-smb devstack@c-api.service[111734]: DEBUG cinder.volume.api [None req-0a0ef359-4f40-4f4e-8cef-b753492db851 tempest-GroupSnapshotsTest-854740147 tempest-GroupSnapshotsTest-854740147-project] Task 'cinder.volume.flows.api.create_volume.QuotaCommitTask;volume:create' (0bf1618c-b792-4986-bfe7-e3a6668821c9) transitioned into state 'RUNNING' from state 'PENDING' {{(pid=111734) _task_receiver /usr/local/lib/python3.8/dist-packages/taskflow/listeners/logging.py:190}}
Oct 31 12:32:48.981726 dv-cinder-796170-6-smb devstack@c-api.service[111733]: /usr/local/lib/python3.8/dist-packages/oslo_context/context.py:100: DeprecationWarning: Policy enforcement is depending on the value of is_admin. This key is deprecated. Please update your policy file to use the standard policy values.
Oct 31 12:32:48.981726 dv-cinder-796170-6-smb devstack@c-api.service[111733]: warnings.warn('Policy enforcement is depending on the value of '
Oct 31 12:32:49.000171 dv-cinder-796170-6-smb devstack@c-api.service[111733]: INFO cinder.volume.api [None req-1aec8902-3e30-4c1d-8e56-59fc2547d917 tempest-VolumeManageAdminTest-2141073235 tempest-VolumeManageAdminTest-2141073235-project] Volume info retrieved successfully.
Oct 31 12:32:49.037760 dv-cinder-796170-6-smb devstack@c-api.service[111734]: DEBUG cinder.volume.api [None req-0a0ef359-4f40-4f4e-8cef-b753492db851 tempest-GroupSnapshotsTest-854740147 tempest-GroupSnapshotsTest-854740147-project] Task 'cinder.volume.flows.api.create_volume.QuotaCommitTask;volume:create' (0bf1618c-b792-4986-bfe7-e3a6668821c9) transitioned into state 'SUCCESS' from state 'RUNNING' with result '{'volume_properties': VolumeProperties(attach_status='detached',availability_zone='nova',cgsnapshot_id=None,consistencygroup_id=None,display_description=None,display_name='tempest-GroupSnapshotsTest-Volume-1811164989',encryption_key_id=None,group_id=29a503a2-6691-4772-ab4a-311ddb1309b7,group_type_id=,metadata={},multiattach=False,project_id='ce90c4e10eec473280445253ba522726',qos_specs=None,replication_status=,reservations=['1a1340c2-3c40-45d2-a03a-ddf480953903','2744f172-a62b-4f4f-b298-c2978a56b00d','9b35c16d-fbf4-4132-bf12-e78bd6e815e1','fc4825be-4690-44d3-afb8-1979eeece4bc'],size=1,snapshot_id=None,source_replicaid=,source_volid=None,status='creating',user_id='95ecd3b749be4913a9bdec3bfde156ee',volume_type_id=e7c8a5f3-e187-4d46-967c-5fd42fb01e9d)}' {{(pid=111734) _task_receiver /usr/local/lib/python3.8/dist-packages/taskflow/listeners/logging.py:178}}
Oct 31 12:32:49.039964 dv-cinder-796170-6-smb devstack@c-api.service[111734]: DEBUG cinder.volume.api [None req-0a0ef359-4f40-4f4e-8cef-b753492db851 tempest-GroupSnapshotsTest-854740147 tempest-GroupSnapshotsTest-854740147-project] Task 'cinder.volume.flows.api.create_volume.VolumeCastTask;volume:create' (d0ef0024-67aa-4609-a685-b171d9f1a5a4) transitioned into state 'RUNNING' from state 'PENDING' {{(pid=111734) _task_receiver /usr/local/lib/python3.8/dist-packages/taskflow/listeners/logging.py:190}}
Oct 31 12:32:49.047994 dv-cinder-796170-6-smb devstack@c-api.service[111733]: INFO cinder.api.openstack.wsgi [None req-1aec8902-3e30-4c1d-8e56-59fc2547d917 tempest-VolumeManageAdminTest-2141073235 tempest-VolumeManageAdminTest-2141073235-project] http://10.222.0.18/volume/v3/cef0e9c7c4324330b0a019a0f3855d87/volumes/c7b23d1c-6b46-44d5-a3bc-65ab1071403e returned with HTTP 200
Oct 31 12:32:49.059969 dv-cinder-796170-6-smb devstack@c-api.service[111733]: [pid: 111733|app: 0|req: 56/96] 10.222.0.18 () {58 vars in 1325 bytes} [Mon Oct 31 12:32:48 2022] GET /volume/v3/cef0e9c7c4324330b0a019a0f3855d87/volumes/c7b23d1c-6b46-44d5-a3bc-65ab1071403e => generated 914 bytes in 150 msecs (HTTP/1.1 200) 7 headers in 285 bytes (1 switches on core 0)
Oct 31 12:32:49.068932 dv-cinder-796170-6-smb devstack@c-api.service[111733]: DEBUG cinder.api.middleware.request_id [None req-baae2630-548e-41ca-a655-ca2b9610424a None None] RequestId filter calling following filter/app {{(pid=111733) _context_setter /opt/stack/cinder/cinder/api/middleware/request_id.py:62}}
Oct 31 12:32:49.080299 dv-cinder-796170-6-smb devstack@c-api.service[111733]: INFO cinder.api.openstack.wsgi [None req-baae2630-548e-41ca-a655-ca2b9610424a tempest-GroupsTest-1898244157 tempest-GroupsTest-1898244157-project] GET http://10.222.0.18/volume/v3/08053c3c1ffc4c69936f356f784493fe/groups/f57605e9-8cfe-4836-9ab7-970d5f2a5cbd
Oct 31 12:32:49.080836 dv-cinder-796170-6-smb devstack@c-api.service[111733]: DEBUG cinder.api.openstack.wsgi [None req-baae2630-548e-41ca-a655-ca2b9610424a tempest-GroupsTest-1898244157 tempest-GroupsTest-1898244157-project] Empty body provided in request {{(pid=111733) get_body /opt/stack/cinder/cinder/api/openstack/wsgi.py:715}}
Oct 31 12:32:49.081317 dv-cinder-796170-6-smb devstack@c-api.service[111733]: DEBUG cinder.api.openstack.wsgi [None req-baae2630-548e-41ca-a655-ca2b9610424a tempest-GroupsTest-1898244157 tempest-GroupsTest-1898244157-project] Calling method 'version_select' {{(pid=111733) _process_stack /opt/stack/cinder/cinder/api/openstack/wsgi.py:868}}
Oct 31 12:32:49.081691 dv-cinder-796170-6-smb devstack@c-api.service[111733]: DEBUG cinder.api.v3.groups [None req-baae2630-548e-41ca-a655-ca2b9610424a tempest-GroupsTest-1898244157 tempest-GroupsTest-1898244157-project] show called for member f57605e9-8cfe-4836-9ab7-970d5f2a5cbd {{(pid=111733) show /opt/stack/cinder/cinder/api/v3/groups.py:58}}
Oct 31 12:32:49.096230 dv-cinder-796170-6-smb devstack@c-api.service[111733]: /usr/local/lib/python3.8/dist-packages/oslo_context/context.py:100: DeprecationWarning: Policy enforcement is depending on the value of is_admin. This key is deprecated. Please update your policy file to use the standard policy values.
Oct 31 12:32:49.096230 dv-cinder-796170-6-smb devstack@c-api.service[111733]: warnings.warn('Policy enforcement is depending on the value of '
Oct 31 12:32:49.115013 dv-cinder-796170-6-smb devstack@c-api.service[111734]: DEBUG cinder.volume.api [None req-0a0ef359-4f40-4f4e-8cef-b753492db851 tempest-GroupSnapshotsTest-854740147 tempest-GroupSnapshotsTest-854740147-project] Task 'cinder.volume.flows.api.create_volume.VolumeCastTask;volume:create' (d0ef0024-67aa-4609-a685-b171d9f1a5a4) transitioned into state 'SUCCESS' from state 'RUNNING' with result 'None' {{(pid=111734) _task_receiver /usr/local/lib/python3.8/dist-packages/taskflow/listeners/logging.py:178}}
Oct 31 12:32:49.127698 dv-cinder-796170-6-smb devstack@c-api.service[111734]: DEBUG cinder.volume.api [None req-0a0ef359-4f40-4f4e-8cef-b753492db851 tempest-GroupSnapshotsTest-854740147 tempest-GroupSnapshotsTest-854740147-project] Flow 'volume_create_api' (8d042923-0b1e-4c1b-9331-db8d03e8d2dc) transitioned into state 'SUCCESS' from state 'RUNNING' {{(pid=111734) _flow_receiver /usr/local/lib/python3.8/dist-packages/taskflow/listeners/logging.py:141}}
Oct 31 12:32:49.130600 dv-cinder-796170-6-smb devstack@c-api.service[111733]: INFO cinder.api.openstack.wsgi [None req-baae2630-548e-41ca-a655-ca2b9610424a tempest-GroupsTest-1898244157 tempest-GroupsTest-1898244157-project] http://10.222.0.18/volume/v3/08053c3c1ffc4c69936f356f784493fe/groups/f57605e9-8cfe-4836-9ab7-970d5f2a5cbd returned with HTTP 200
Oct 31 12:32:49.139461 dv-cinder-796170-6-smb devstack@c-api.service[111733]: [pid: 111733|app: 0|req: 57/97] 10.222.0.18 () {60 vars in 1363 bytes} [Mon Oct 31 12:32:49 2022] GET /volume/v3/08053c3c1ffc4c69936f356f784493fe/groups/f57605e9-8cfe-4836-9ab7-970d5f2a5cbd => generated 323 bytes in 71 msecs (HTTP/1.1 200) 7 headers in 286 bytes (1 switches on core 0)
Oct 31 12:32:49.139664 dv-cinder-796170-6-smb devstack@c-api.service[111734]: INFO cinder.volume.api [None req-0a0ef359-4f40-4f4e-8cef-b753492db851 tempest-GroupSnapshotsTest-854740147 tempest-GroupSnapshotsTest-854740147-project] Create volume request issued successfully.
Oct 31 12:32:49.139755 dv-cinder-796170-6-smb devstack@c-api.service[111733]: DEBUG cinder.api.middleware.request_id [None req-5200e4e5-4be3-4b13-82da-25bd4698d225 None None] RequestId filter calling following filter/app {{(pid=111733) _context_setter /opt/stack/cinder/cinder/api/middleware/request_id.py:62}}
Oct 31 12:32:49.142405 dv-cinder-796170-6-smb devstack@c-api.service[111734]: WARNING stevedore.named [None req-0a0ef359-4f40-4f4e-8cef-b753492db851 tempest-GroupSnapshotsTest-854740147 tempest-GroupSnapshotsTest-854740147-project] Could not load cinder.keymgr.conf_key_mgr.ConfKeyManager
Oct 31 12:32:49.142818 dv-cinder-796170-6-smb devstack@c-api.service[111734]: WARNING castellan.key_manager [None req-0a0ef359-4f40-4f4e-8cef-b753492db851 tempest-GroupSnapshotsTest-854740147 tempest-GroupSnapshotsTest-854740147-project] Deprecation Warning : cinder.keymgr.conf_key_mgr.ConfKeyManager is not a stevedore based driver, trying to load it as a class: stevedore.exception.NoMatches: No 'castellan.drivers' driver found, looking for 'cinder.keymgr.conf_key_mgr.ConfKeyManager'
Oct 31 12:32:49.162861 dv-cinder-796170-6-smb devstack@c-api.service[111734]: DEBUG oslo_db.sqlalchemy.engines [None req-0a0ef359-4f40-4f4e-8cef-b753492db851 tempest-GroupSnapshotsTest-854740147 tempest-GroupSnapshotsTest-854740147-project] MySQL server mode set to STRICT_TRANS_TABLES,STRICT_ALL_TABLES,NO_ZERO_IN_DATE,NO_ZERO_DATE,ERROR_FOR_DIVISION_BY_ZERO,TRADITIONAL,NO_ENGINE_SUBSTITUTION {{(pid=111734) _check_effective_sql_mode /usr/local/lib/python3.8/dist-packages/oslo_db/sqlalchemy/engines.py:326}}
Oct 31 12:32:49.189945 dv-cinder-796170-6-smb devstack@c-api.service[111734]: /usr/local/lib/python3.8/dist-packages/oslo_context/context.py:100: DeprecationWarning: Policy enforcement is depending on the value of is_admin. This key is deprecated. Please update your policy file to use the standard policy values.
Oct 31 12:32:49.189945 dv-cinder-796170-6-smb devstack@c-api.service[111734]: warnings.warn('Policy enforcement is depending on the value of '
Oct 31 12:32:49.214803 dv-cinder-796170-6-smb devstack@c-api.service[111734]: INFO cinder.api.openstack.wsgi [None req-0a0ef359-4f40-4f4e-8cef-b753492db851 tempest-GroupSnapshotsTest-854740147 tempest-GroupSnapshotsTest-854740147-project] http://10.222.0.18/volume/v3/ce90c4e10eec473280445253ba522726/volumes returned with HTTP 202
Oct 31 12:32:49.215838 dv-cinder-796170-6-smb devstack@c-api.service[111734]: [pid: 111734|app: 0|req: 41/98] 10.222.0.18 () {62 vars in 1277 bytes} [Mon Oct 31 12:32:48 2022] POST /volume/v3/ce90c4e10eec473280445253ba522726/volumes => generated 907 bytes in 802 msecs (HTTP/1.1 202) 7 headers in 292 bytes (2 switches on core 0)
Oct 31 12:32:49.216960 dv-cinder-796170-6-smb devstack@c-api.service[111734]: DEBUG cinder.api.middleware.request_id [None req-875ddc73-f025-45b6-bf5c-822306e4f2ee None None] RequestId filter calling following filter/app {{(pid=111734) _context_setter /opt/stack/cinder/cinder/api/middleware/request_id.py:62}}
Oct 31 12:32:49.221200 dv-cinder-796170-6-smb devstack@c-api.service[111734]: INFO cinder.api.openstack.wsgi [None req-875ddc73-f025-45b6-bf5c-822306e4f2ee tempest-GroupsTest-1898244157 tempest-GroupsTest-1898244157-project] POST http://10.222.0.18/volume/v3/08053c3c1ffc4c69936f356f784493fe/groups
Oct 31 12:32:49.225316 dv-cinder-796170-6-smb devstack@c-api.service[111734]: DEBUG cinder.api.openstack.wsgi [None req-875ddc73-f025-45b6-bf5c-822306e4f2ee tempest-GroupsTest-1898244157 tempest-GroupsTest-1898244157-project] Action: 'create', calling method: version_select, body: {"group": {"group_type": "6d2d9459-c441-4e1c-a238-9434396d2f9d", "volume_types": ["998f282b-0c9d-4e43-b28b-dd74e4ff8c03"], "name": "tempest-Group2-1083512258"}} {{(pid=111734) _process_stack /opt/stack/cinder/cinder/api/openstack/wsgi.py:866}}
Oct 31 12:32:49.225316 dv-cinder-796170-6-smb devstack@c-api.service[111734]: DEBUG cinder.api.v3.groups [None req-875ddc73-f025-45b6-bf5c-822306e4f2ee tempest-GroupsTest-1898244157 tempest-GroupsTest-1898244157-project] Creating new group {'group': {'group_type': '6d2d9459-c441-4e1c-a238-9434396d2f9d', 'volume_types': ['998f282b-0c9d-4e43-b28b-dd74e4ff8c03'], 'name': 'tempest-Group2-1083512258'}} {{(pid=111734) create /opt/stack/cinder/cinder/api/v3/groups.py:190}}
Oct 31 12:32:49.247112 dv-cinder-796170-6-smb devstack@c-api.service[111734]: INFO cinder.api.v3.groups [None req-875ddc73-f025-45b6-bf5c-822306e4f2ee tempest-GroupsTest-1898244157 tempest-GroupsTest-1898244157-project] Creating group tempest-Group2-1083512258.
Oct 31 12:32:49.267912 dv-cinder-796170-6-smb devstack@c-api.service[111734]: INFO cinder.volume.api [None req-875ddc73-f025-45b6-bf5c-822306e4f2ee tempest-GroupsTest-1898244157 tempest-GroupsTest-1898244157-project] Availability Zones retrieved successfully.
Oct 31 12:32:49.310975 dv-cinder-796170-6-smb devstack@c-api.service[111734]: DEBUG cinder.quota [None req-875ddc73-f025-45b6-bf5c-822306e4f2ee tempest-GroupsTest-1898244157 tempest-GroupsTest-1898244157-project] Created reservations ['ef00f610-139d-40ed-92ea-c3c519c109b6'] {{(pid=111734) reserve /opt/stack/cinder/cinder/quota.py:755}}
Oct 31 12:32:49.333235 dv-cinder-796170-6-smb devstack@c-api.service[111733]: INFO cinder.api.openstack.wsgi [None req-5200e4e5-4be3-4b13-82da-25bd4698d225 tempest-VolumeManageAdminTest-1700948546 tempest-VolumeManageAdminTest-1700948546-project-admin] GET http://10.222.0.18/volume/v3/bc248c6a86d948e0b2301f56b3b705f8/volumes/c7b23d1c-6b46-44d5-a3bc-65ab1071403e
Oct 31 12:32:49.333699 dv-cinder-796170-6-smb devstack@c-api.service[111733]: DEBUG cinder.api.openstack.wsgi [None req-5200e4e5-4be3-4b13-82da-25bd4698d225 tempest-VolumeManageAdminTest-1700948546 tempest-VolumeManageAdminTest-1700948546-project-admin] Empty body provided in request {{(pid=111733) get_body /opt/stack/cinder/cinder/api/openstack/wsgi.py:715}}
Oct 31 12:32:49.334147 dv-cinder-796170-6-smb devstack@c-api.service[111733]: DEBUG cinder.api.openstack.wsgi [None req-5200e4e5-4be3-4b13-82da-25bd4698d225 tempest-VolumeManageAdminTest-1700948546 tempest-VolumeManageAdminTest-1700948546-project-admin] Calling method 'show' {{(pid=111733) _process_stack /opt/stack/cinder/cinder/api/openstack/wsgi.py:868}}
Oct 31 12:32:49.395884 dv-cinder-796170-6-smb devstack@c-api.service[111734]: INFO cinder.api.openstack.wsgi [None req-875ddc73-f025-45b6-bf5c-822306e4f2ee tempest-GroupsTest-1898244157 tempest-GroupsTest-1898244157-project] http://10.222.0.18/volume/v3/08053c3c1ffc4c69936f356f784493fe/groups returned with HTTP 202
Oct 31 12:32:49.396580 dv-cinder-796170-6-smb devstack@c-api.service[111734]: [pid: 111734|app: 0|req: 42/99] 10.222.0.18 () {62 vars in 1274 bytes} [Mon Oct 31 12:32:49 2022] POST /volume/v3/08053c3c1ffc4c69936f356f784493fe/groups => generated 94 bytes in 180 msecs (HTTP/1.1 202) 7 headers in 291 bytes (1 switches on core 0)
Oct 31 12:32:49.403384 dv-cinder-796170-6-smb devstack@c-api.service[111734]: DEBUG cinder.api.middleware.request_id [None req-c0f8443a-9fdd-4505-bc67-356ee7cd8014 None None] RequestId filter calling following filter/app {{(pid=111734) _context_setter /opt/stack/cinder/cinder/api/middleware/request_id.py:62}}
Oct 31 12:32:49.420671 dv-cinder-796170-6-smb devstack@c-api.service[111734]: INFO cinder.api.openstack.wsgi [None req-c0f8443a-9fdd-4505-bc67-356ee7cd8014 tempest-GroupSnapshotsTest-854740147 tempest-GroupSnapshotsTest-854740147-project] GET http://10.222.0.18/volume/v3/ce90c4e10eec473280445253ba522726/volumes/002ae54b-d825-4b03-bd7b-4f0051731ec0
Oct 31 12:32:49.421311 dv-cinder-796170-6-smb devstack@c-api.service[111734]: DEBUG cinder.api.openstack.wsgi [None req-c0f8443a-9fdd-4505-bc67-356ee7cd8014 tempest-GroupSnapshotsTest-854740147 tempest-GroupSnapshotsTest-854740147-project] Empty body provided in request {{(pid=111734) get_body /opt/stack/cinder/cinder/api/openstack/wsgi.py:715}}
Oct 31 12:32:49.421802 dv-cinder-796170-6-smb devstack@c-api.service[111734]: DEBUG cinder.api.openstack.wsgi [None req-c0f8443a-9fdd-4505-bc67-356ee7cd8014 tempest-GroupSnapshotsTest-854740147 tempest-GroupSnapshotsTest-854740147-project] Calling method 'show' {{(pid=111734) _process_stack /opt/stack/cinder/cinder/api/openstack/wsgi.py:868}}
Oct 31 12:32:49.455467 dv-cinder-796170-6-smb devstack@c-api.service[111734]: /usr/local/lib/python3.8/dist-packages/oslo_context/context.py:100: DeprecationWarning: Policy enforcement is depending on the value of is_admin. This key is deprecated. Please update your policy file to use the standard policy values.
Oct 31 12:32:49.455467 dv-cinder-796170-6-smb devstack@c-api.service[111734]: warnings.warn('Policy enforcement is depending on the value of '
Oct 31 12:32:49.464287 dv-cinder-796170-6-smb devstack@c-api.service[111734]: INFO cinder.volume.api [None req-c0f8443a-9fdd-4505-bc67-356ee7cd8014 tempest-GroupSnapshotsTest-854740147 tempest-GroupSnapshotsTest-854740147-project] Volume info retrieved successfully.
Oct 31 12:32:49.466015 dv-cinder-796170-6-smb devstack@c-api.service[111734]: WARNING stevedore.named [None req-c0f8443a-9fdd-4505-bc67-356ee7cd8014 tempest-GroupSnapshotsTest-854740147 tempest-GroupSnapshotsTest-854740147-project] Could not load cinder.keymgr.conf_key_mgr.ConfKeyManager
Oct 31 12:32:49.466572 dv-cinder-796170-6-smb devstack@c-api.service[111734]: WARNING castellan.key_manager [None req-c0f8443a-9fdd-4505-bc67-356ee7cd8014 tempest-GroupSnapshotsTest-854740147 tempest-GroupSnapshotsTest-854740147-project] Deprecation Warning : cinder.keymgr.conf_key_mgr.ConfKeyManager is not a stevedore based driver, trying to load it as a class: stevedore.exception.NoMatches: No 'castellan.drivers' driver found, looking for 'cinder.keymgr.conf_key_mgr.ConfKeyManager'
Oct 31 12:32:49.476648 dv-cinder-796170-6-smb devstack@c-api.service[111734]: DEBUG oslo_db.sqlalchemy.engines [None req-c0f8443a-9fdd-4505-bc67-356ee7cd8014 tempest-GroupSnapshotsTest-854740147 tempest-GroupSnapshotsTest-854740147-project] MySQL server mode set to STRICT_TRANS_TABLES,STRICT_ALL_TABLES,NO_ZERO_IN_DATE,NO_ZERO_DATE,ERROR_FOR_DIVISION_BY_ZERO,TRADITIONAL,NO_ENGINE_SUBSTITUTION {{(pid=111734) _check_effective_sql_mode /usr/local/lib/python3.8/dist-packages/oslo_db/sqlalchemy/engines.py:326}}
Oct 31 12:32:49.498062 dv-cinder-796170-6-smb devstack@c-api.service[111734]: /usr/local/lib/python3.8/dist-packages/oslo_context/context.py:100: DeprecationWarning: Policy enforcement is depending on the value of is_admin. This key is deprecated. Please update your policy file to use the standard policy values.
Oct 31 12:32:49.498062 dv-cinder-796170-6-smb devstack@c-api.service[111734]: warnings.warn('Policy enforcement is depending on the value of '
Oct 31 12:32:49.524142 dv-cinder-796170-6-smb devstack@c-api.service[111733]: /usr/local/lib/python3.8/dist-packages/oslo_context/context.py:100: DeprecationWarning: Policy enforcement is depending on the value of is_admin. This key is deprecated. Please update your policy file to use the standard policy values.
Oct 31 12:32:49.524142 dv-cinder-796170-6-smb devstack@c-api.service[111733]: warnings.warn('Policy enforcement is depending on the value of '
Oct 31 12:32:49.531468 dv-cinder-796170-6-smb devstack@c-api.service[111734]: INFO cinder.api.openstack.wsgi [None req-c0f8443a-9fdd-4505-bc67-356ee7cd8014 tempest-GroupSnapshotsTest-854740147 tempest-GroupSnapshotsTest-854740147-project] http://10.222.0.18/volume/v3/ce90c4e10eec473280445253ba522726/volumes/002ae54b-d825-4b03-bd7b-4f0051731ec0 returned with HTTP 200
Oct 31 12:32:49.532251 dv-cinder-796170-6-smb devstack@c-api.service[111734]: [pid: 111734|app: 0|req: 43/100] 10.222.0.18 () {60 vars in 1366 bytes} [Mon Oct 31 12:32:49 2022] GET /volume/v3/ce90c4e10eec473280445253ba522726/volumes/002ae54b-d825-4b03-bd7b-4f0051731ec0 => generated 999 bytes in 130 msecs (HTTP/1.1 200) 7 headers in 286 bytes (1 switches on core 0)
Oct 31 12:32:49.535421 dv-cinder-796170-6-smb devstack@c-api.service[111734]: DEBUG cinder.api.middleware.request_id [None req-5014b7dd-3408-43da-b4c3-90d605a81b76 None None] RequestId filter calling following filter/app {{(pid=111734) _context_setter /opt/stack/cinder/cinder/api/middleware/request_id.py:62}}
Oct 31 12:32:49.542595 dv-cinder-796170-6-smb devstack@c-api.service[111733]: INFO cinder.volume.api [None req-5200e4e5-4be3-4b13-82da-25bd4698d225 tempest-VolumeManageAdminTest-1700948546 tempest-VolumeManageAdminTest-1700948546-project-admin] Volume info retrieved successfully.
Oct 31 12:32:49.546612 dv-cinder-796170-6-smb devstack@c-api.service[111734]: INFO cinder.api.openstack.wsgi [None req-5014b7dd-3408-43da-b4c3-90d605a81b76 tempest-GroupsTest-1898244157 tempest-GroupsTest-1898244157-project] GET http://10.222.0.18/volume/v3/08053c3c1ffc4c69936f356f784493fe/groups/2f5dd2f4-ee96-414e-a546-87c0814b5f42
Oct 31 12:32:49.547128 dv-cinder-796170-6-smb devstack@c-api.service[111734]: DEBUG cinder.api.openstack.wsgi [None req-5014b7dd-3408-43da-b4c3-90d605a81b76 tempest-GroupsTest-1898244157 tempest-GroupsTest-1898244157-project] Empty body provided in request {{(pid=111734) get_body /opt/stack/cinder/cinder/api/openstack/wsgi.py:715}}
Oct 31 12:32:49.547655 dv-cinder-796170-6-smb devstack@c-api.service[111734]: DEBUG cinder.api.openstack.wsgi [None req-5014b7dd-3408-43da-b4c3-90d605a81b76 tempest-GroupsTest-1898244157 tempest-GroupsTest-1898244157-project] Calling method 'version_select' {{(pid=111734) _process_stack /opt/stack/cinder/cinder/api/openstack/wsgi.py:868}}
Oct 31 12:32:49.548026 dv-cinder-796170-6-smb devstack@c-api.service[111734]: DEBUG cinder.api.v3.groups [None req-5014b7dd-3408-43da-b4c3-90d605a81b76 tempest-GroupsTest-1898244157 tempest-GroupsTest-1898244157-project] show called for member 2f5dd2f4-ee96-414e-a546-87c0814b5f42 {{(pid=111734) show /opt/stack/cinder/cinder/api/v3/groups.py:58}}
Oct 31 12:32:49.559891 dv-cinder-796170-6-smb devstack@c-api.service[111733]: INFO cinder.api.openstack.wsgi [None req-5200e4e5-4be3-4b13-82da-25bd4698d225 tempest-VolumeManageAdminTest-1700948546 tempest-VolumeManageAdminTest-1700948546-project-admin] http://10.222.0.18/volume/v3/bc248c6a86d948e0b2301f56b3b705f8/volumes/c7b23d1c-6b46-44d5-a3bc-65ab1071403e returned with HTTP 200
Oct 31 12:32:49.560728 dv-cinder-796170-6-smb devstack@c-api.service[111733]: [pid: 111733|app: 0|req: 58/101] 10.222.0.18 () {58 vars in 1325 bytes} [Mon Oct 31 12:32:49 2022] GET /volume/v3/bc248c6a86d948e0b2301f56b3b705f8/volumes/c7b23d1c-6b46-44d5-a3bc-65ab1071403e => generated 1080 bytes in 428 msecs (HTTP/1.1 200) 7 headers in 286 bytes (1 switches on core 0)
Oct 31 12:32:49.564740 dv-cinder-796170-6-smb devstack@c-api.service[111734]: /usr/local/lib/python3.8/dist-packages/oslo_context/context.py:100: DeprecationWarning: Policy enforcement is depending on the value of is_admin. This key is deprecated. Please update your policy file to use the standard policy values.
Oct 31 12:32:49.564740 dv-cinder-796170-6-smb devstack@c-api.service[111734]: warnings.warn('Policy enforcement is depending on the value of '
Oct 31 12:32:49.578302 dv-cinder-796170-6-smb devstack@c-api.service[111733]: DEBUG cinder.api.middleware.request_id [None req-fc9a8b0d-df1c-4d55-b7f9-3e12d3bdc84e None None] RequestId filter calling following filter/app {{(pid=111733) _context_setter /opt/stack/cinder/cinder/api/middleware/request_id.py:62}}
Oct 31 12:32:49.582217 dv-cinder-796170-6-smb devstack@c-api.service[111733]: INFO cinder.api.openstack.wsgi [None req-fc9a8b0d-df1c-4d55-b7f9-3e12d3bdc84e tempest-VolumeManageAdminTest-1700948546 tempest-VolumeManageAdminTest-1700948546-project-admin] POST http://10.222.0.18/volume/v3/bc248c6a86d948e0b2301f56b3b705f8/volumes/c7b23d1c-6b46-44d5-a3bc-65ab1071403e/action
Oct 31 12:32:49.582881 dv-cinder-796170-6-smb devstack@c-api.service[111733]: DEBUG cinder.api.openstack.wsgi [None req-fc9a8b0d-df1c-4d55-b7f9-3e12d3bdc84e tempest-VolumeManageAdminTest-1700948546 tempest-VolumeManageAdminTest-1700948546-project-admin] Action body: b'{"os-unmanage": {}}' {{(pid=111733) get_method /opt/stack/cinder/cinder/api/openstack/wsgi.py:983}}
Oct 31 12:32:49.583209 dv-cinder-796170-6-smb devstack@c-api.service[111733]: DEBUG cinder.api.openstack.wsgi [None req-fc9a8b0d-df1c-4d55-b7f9-3e12d3bdc84e tempest-VolumeManageAdminTest-1700948546 tempest-VolumeManageAdminTest-1700948546-project-admin] Action: 'action', calling method: unmanage, body: {"os-unmanage": {}} {{(pid=111733) _process_stack /opt/stack/cinder/cinder/api/openstack/wsgi.py:866}}
Oct 31 12:32:49.583818 dv-cinder-796170-6-smb devstack@c-api.service[111733]: INFO cinder.api.contrib.volume_unmanage [None req-fc9a8b0d-df1c-4d55-b7f9-3e12d3bdc84e tempest-VolumeManageAdminTest-1700948546 tempest-VolumeManageAdminTest-1700948546-project-admin] Unmanage volume with id: c7b23d1c-6b46-44d5-a3bc-65ab1071403e
Oct 31 12:32:49.607838 dv-cinder-796170-6-smb devstack@c-api.service[111734]: INFO cinder.api.openstack.wsgi [None req-5014b7dd-3408-43da-b4c3-90d605a81b76 tempest-GroupsTest-1898244157 tempest-GroupsTest-1898244157-project] http://10.222.0.18/volume/v3/08053c3c1ffc4c69936f356f784493fe/groups/2f5dd2f4-ee96-414e-a546-87c0814b5f42 returned with HTTP 200
Oct 31 12:32:49.620349 dv-cinder-796170-6-smb devstack@c-api.service[111734]: [pid: 111734|app: 0|req: 44/102] 10.222.0.18 () {60 vars in 1363 bytes} [Mon Oct 31 12:32:49 2022] GET /volume/v3/08053c3c1ffc4c69936f356f784493fe/groups/2f5dd2f4-ee96-414e-a546-87c0814b5f42 => generated 323 bytes in 87 msecs (HTTP/1.1 200) 7 headers in 286 bytes (1 switches on core 0)
Oct 31 12:32:49.623235 dv-cinder-796170-6-smb devstack@c-api.service[111734]: DEBUG cinder.api.middleware.request_id [None req-8186b1a0-05f7-404d-98c9-e8488445bcaf None None] RequestId filter calling following filter/app {{(pid=111734) _context_setter /opt/stack/cinder/cinder/api/middleware/request_id.py:62}}
Oct 31 12:32:49.627152 dv-cinder-796170-6-smb devstack@c-api.service[111734]: INFO cinder.api.openstack.wsgi [None req-8186b1a0-05f7-404d-98c9-e8488445bcaf tempest-GroupsTest-1898244157 tempest-GroupsTest-1898244157-project] POST http://10.222.0.18/volume/v3/08053c3c1ffc4c69936f356f784493fe/volumes
Oct 31 12:32:49.628327 dv-cinder-796170-6-smb devstack@c-api.service[111734]: DEBUG cinder.api.openstack.wsgi [None req-8186b1a0-05f7-404d-98c9-e8488445bcaf tempest-GroupsTest-1898244157 tempest-GroupsTest-1898244157-project] Action: 'create', calling method: create, body: {"volume": {"name": "tempest-volume-762577359", "volume_type": "998f282b-0c9d-4e43-b28b-dd74e4ff8c03", "group_id": "f57605e9-8cfe-4836-9ab7-970d5f2a5cbd", "size": 1}} {{(pid=111734) _process_stack /opt/stack/cinder/cinder/api/openstack/wsgi.py:866}}
Oct 31 12:32:49.637718 dv-cinder-796170-6-smb devstack@c-api.service[111733]: /usr/local/lib/python3.8/dist-packages/oslo_context/context.py:100: DeprecationWarning: Policy enforcement is depending on the value of is_admin. This key is deprecated. Please update your policy file to use the standard policy values.
Oct 31 12:32:49.637718 dv-cinder-796170-6-smb devstack@c-api.service[111733]: warnings.warn('Policy enforcement is depending on the value of '
Oct 31 12:32:49.638564 dv-cinder-796170-6-smb devstack@c-api.service[111733]: INFO cinder.volume.api [None req-fc9a8b0d-df1c-4d55-b7f9-3e12d3bdc84e tempest-VolumeManageAdminTest-1700948546 tempest-VolumeManageAdminTest-1700948546-project-admin] Volume info retrieved successfully.
Oct 31 12:32:49.639297 dv-cinder-796170-6-smb devstack@c-api.service[111734]: DEBUG cinder.api.v3.volumes [None req-8186b1a0-05f7-404d-98c9-e8488445bcaf tempest-GroupsTest-1898244157 tempest-GroupsTest-1898244157-project] Create volume request body: {'volume': {'name': 'tempest-volume-762577359', 'volume_type': '998f282b-0c9d-4e43-b28b-dd74e4ff8c03', 'group_id': 'f57605e9-8cfe-4836-9ab7-970d5f2a5cbd', 'size': 1}} {{(pid=111734) create /opt/stack/cinder/cinder/api/v3/volumes.py:298}}
Oct 31 12:32:49.659072 dv-cinder-796170-6-smb devstack@c-api.service[111734]: /usr/local/lib/python3.8/dist-packages/oslo_context/context.py:100: DeprecationWarning: Policy enforcement is depending on the value of is_admin. This key is deprecated. Please update your policy file to use the standard policy values.
Oct 31 12:32:49.659072 dv-cinder-796170-6-smb devstack@c-api.service[111734]: warnings.warn('Policy enforcement is depending on the value of '
Oct 31 12:32:49.660418 dv-cinder-796170-6-smb devstack@c-api.service[111734]: INFO cinder.api.v3.volumes [None req-8186b1a0-05f7-404d-98c9-e8488445bcaf tempest-GroupsTest-1898244157 tempest-GroupsTest-1898244157-project] Create volume of 1 GB
Oct 31 12:32:49.689841 dv-cinder-796170-6-smb devstack@c-api.service[111734]: INFO cinder.volume.api [None req-8186b1a0-05f7-404d-98c9-e8488445bcaf tempest-GroupsTest-1898244157 tempest-GroupsTest-1898244157-project] Availability Zones retrieved successfully.
Oct 31 12:32:49.694570 dv-cinder-796170-6-smb devstack@c-api.service[111733]: INFO cinder.volume.api [None req-fc9a8b0d-df1c-4d55-b7f9-3e12d3bdc84e tempest-VolumeManageAdminTest-1700948546 tempest-VolumeManageAdminTest-1700948546-project-admin] Delete volume request issued successfully.
Oct 31 12:32:49.695075 dv-cinder-796170-6-smb devstack@c-api.service[111733]: INFO cinder.api.openstack.wsgi [None req-fc9a8b0d-df1c-4d55-b7f9-3e12d3bdc84e tempest-VolumeManageAdminTest-1700948546 tempest-VolumeManageAdminTest-1700948546-project-admin] http://10.222.0.18/volume/v3/bc248c6a86d948e0b2301f56b3b705f8/volumes/c7b23d1c-6b46-44d5-a3bc-65ab1071403e/action returned with HTTP 202
Oct 31 12:32:49.697961 dv-cinder-796170-6-smb devstack@c-api.service[111733]: [pid: 111733|app: 0|req: 59/103] 10.222.0.18 () {60 vars in 1367 bytes} [Mon Oct 31 12:32:49 2022] POST /volume/v3/bc248c6a86d948e0b2301f56b3b705f8/volumes/c7b23d1c-6b46-44d5-a3bc-65ab1071403e/action => generated 0 bytes in 120 msecs (HTTP/1.1 202) 6 headers in 233 bytes (2 switches on core 0)
Oct 31 12:32:49.704072 dv-cinder-796170-6-smb devstack@c-api.service[111733]: DEBUG cinder.api.middleware.request_id [None req-72ed3a90-0f68-4367-bde6-69efdce3cb7a None None] RequestId filter calling following filter/app {{(pid=111733) _context_setter /opt/stack/cinder/cinder/api/middleware/request_id.py:62}}
Oct 31 12:32:49.711014 dv-cinder-796170-6-smb devstack@c-api.service[111733]: INFO cinder.api.openstack.wsgi [None req-72ed3a90-0f68-4367-bde6-69efdce3cb7a tempest-VolumeManageAdminTest-1700948546 tempest-VolumeManageAdminTest-1700948546-project-admin] GET http://10.222.0.18/volume/v3/bc248c6a86d948e0b2301f56b3b705f8/volumes/c7b23d1c-6b46-44d5-a3bc-65ab1071403e
Oct 31 12:32:49.717656 dv-cinder-796170-6-smb devstack@c-api.service[111733]: DEBUG cinder.api.openstack.wsgi [None req-72ed3a90-0f68-4367-bde6-69efdce3cb7a tempest-VolumeManageAdminTest-1700948546 tempest-VolumeManageAdminTest-1700948546-project-admin] Empty body provided in request {{(pid=111733) get_body /opt/stack/cinder/cinder/api/openstack/wsgi.py:715}}
Oct 31 12:32:49.720146 dv-cinder-796170-6-smb devstack@c-api.service[111733]: DEBUG cinder.api.openstack.wsgi [None req-72ed3a90-0f68-4367-bde6-69efdce3cb7a tempest-VolumeManageAdminTest-1700948546 tempest-VolumeManageAdminTest-1700948546-project-admin] Calling method 'show' {{(pid=111733) _process_stack /opt/stack/cinder/cinder/api/openstack/wsgi.py:868}}
Oct 31 12:32:49.723212 dv-cinder-796170-6-smb devstack@c-api.service[111734]: DEBUG cinder.volume.api [None req-8186b1a0-05f7-404d-98c9-e8488445bcaf tempest-GroupsTest-1898244157 tempest-GroupsTest-1898244157-project] Flow 'volume_create_api' (7b61b528-93ac-49a9-a5f5-e189ac5592df) transitioned into state 'RUNNING' from state 'PENDING' {{(pid=111734) _flow_receiver /usr/local/lib/python3.8/dist-packages/taskflow/listeners/logging.py:141}}
Oct 31 12:32:49.731942 dv-cinder-796170-6-smb devstack@c-api.service[111734]: DEBUG cinder.volume.api [None req-8186b1a0-05f7-404d-98c9-e8488445bcaf tempest-GroupsTest-1898244157 tempest-GroupsTest-1898244157-project] Task 'cinder.volume.flows.api.create_volume.ExtractVolumeRequestTask;volume:create' (5e0e0b22-5d47-4126-8930-654b64e928a8) transitioned into state 'RUNNING' from state 'PENDING' {{(pid=111734) _task_receiver /usr/local/lib/python3.8/dist-packages/taskflow/listeners/logging.py:190}}
Oct 31 12:32:49.734699 dv-cinder-796170-6-smb devstack@c-api.service[111734]: /usr/local/lib/python3.8/dist-packages/oslo_context/context.py:100: DeprecationWarning: Policy enforcement is depending on the value of is_admin. This key is deprecated. Please update your policy file to use the standard policy values.
Oct 31 12:32:49.734699 dv-cinder-796170-6-smb devstack@c-api.service[111734]: warnings.warn('Policy enforcement is depending on the value of '
Oct 31 12:32:49.735685 dv-cinder-796170-6-smb devstack@c-api.service[111734]: DEBUG cinder.volume.flows.api.create_volume [None req-8186b1a0-05f7-404d-98c9-e8488445bcaf tempest-GroupsTest-1898244157 tempest-GroupsTest-1898244157-project] Validating volume size '1' using validate_int {{(pid=111734) _extract_size /opt/stack/cinder/cinder/volume/flows/api/create_volume.py:228}}
Oct 31 12:32:49.741523 dv-cinder-796170-6-smb devstack@c-api.service[111733]: /usr/local/lib/python3.8/dist-packages/oslo_context/context.py:100: DeprecationWarning: Policy enforcement is depending on the value of is_admin. This key is deprecated. Please update your policy file to use the standard policy values.
Oct 31 12:32:49.741523 dv-cinder-796170-6-smb devstack@c-api.service[111733]: warnings.warn('Policy enforcement is depending on the value of '
Oct 31 12:32:49.756069 dv-cinder-796170-6-smb devstack@c-api.service[111733]: INFO cinder.volume.api [None req-72ed3a90-0f68-4367-bde6-69efdce3cb7a tempest-VolumeManageAdminTest-1700948546 tempest-VolumeManageAdminTest-1700948546-project-admin] Volume info retrieved successfully.
Oct 31 12:32:49.770539 dv-cinder-796170-6-smb devstack@c-api.service[111733]: INFO cinder.api.openstack.wsgi [None req-72ed3a90-0f68-4367-bde6-69efdce3cb7a tempest-VolumeManageAdminTest-1700948546 tempest-VolumeManageAdminTest-1700948546-project-admin] http://10.222.0.18/volume/v3/bc248c6a86d948e0b2301f56b3b705f8/volumes/c7b23d1c-6b46-44d5-a3bc-65ab1071403e returned with HTTP 200
Oct 31 12:32:49.771935 dv-cinder-796170-6-smb devstack@c-api.service[111733]: [pid: 111733|app: 0|req: 60/104] 10.222.0.18 () {58 vars in 1325 bytes} [Mon Oct 31 12:32:49 2022] GET /volume/v3/bc248c6a86d948e0b2301f56b3b705f8/volumes/c7b23d1c-6b46-44d5-a3bc-65ab1071403e => generated 1081 bytes in 70 msecs (HTTP/1.1 200) 7 headers in 286 bytes (1 switches on core 0)
