Oct 31 12:26:12.038074 dv-cinder-796170-6-iscsi devstack@g-api.service[113087]: DEBUG oslo_db.sqlalchemy.engines [None req-7fb0147f-9c1b-4429-93b0-135d713ff8c9 admin admin] MySQL server mode set to STRICT_TRANS_TABLES,STRICT_ALL_TABLES,NO_ZERO_IN_DATE,NO_ZERO_DATE,ERROR_FOR_DIVISION_BY_ZERO,TRADITIONAL,NO_ENGINE_SUBSTITUTION {{(pid=113087) _check_effective_sql_mode /usr/local/lib/python3.8/dist-packages/oslo_db/sqlalchemy/engines.py:326}}
Oct 31 12:26:12.044469 dv-cinder-796170-6-iscsi devstack@g-api.service[113087]: DEBUG dbcounter [-] [113087] Writer thread running {{(pid=113087) stat_writer /usr/local/lib/python3.8/dist-packages/dbcounter.py:99}}
Oct 31 12:26:12.151967 dv-cinder-796170-6-iscsi devstack@g-api.service[113087]: [pid: 113087|app: 0|req: 1/3] 127.0.0.1 () {40 vars in 784 bytes} [Mon Oct 31 12:26:11 2022] POST /v2/images => generated 776 bytes in 881 msecs (HTTP/1.1 201) 6 headers in 314 bytes (1 switches on core 0)
Oct 31 12:26:12.161537 dv-cinder-796170-6-iscsi devstack@g-api.service[113086]: DEBUG glance.api.middleware.version_negotiation [None req-1e08637d-18c1-4d92-818d-2897a0ea090f None None] Determining version of request: PUT /v2/images/fbbea321-8f0d-4092-b070-b67a6931d610/file Accept: {{(pid=113086) process_request /opt/stack/glance/glance/api/middleware/version_negotiation.py:44}}
Oct 31 12:26:12.162221 dv-cinder-796170-6-iscsi devstack@g-api.service[113086]: DEBUG glance.api.middleware.version_negotiation [None req-1e08637d-18c1-4d92-818d-2897a0ea090f None None] Using url versioning {{(pid=113086) process_request /opt/stack/glance/glance/api/middleware/version_negotiation.py:57}}
Oct 31 12:26:12.164653 dv-cinder-796170-6-iscsi devstack@g-api.service[113086]: DEBUG glance.api.middleware.version_negotiation [None req-1e08637d-18c1-4d92-818d-2897a0ea090f None None] Matched version: v2 {{(pid=113086) process_request /opt/stack/glance/glance/api/middleware/version_negotiation.py:69}}
Oct 31 12:26:12.165203 dv-cinder-796170-6-iscsi devstack@g-api.service[113086]: DEBUG glance.api.middleware.version_negotiation [None req-1e08637d-18c1-4d92-818d-2897a0ea090f None None] new path /v2/images/fbbea321-8f0d-4092-b070-b67a6931d610/file {{(pid=113086) process_request /opt/stack/glance/glance/api/middleware/version_negotiation.py:70}}
Oct 31 12:26:12.278828 dv-cinder-796170-6-iscsi devstack@g-api.service[113086]: INFO dbcounter [None req-fc925ad0-da9e-4708-8861-aeb9d83ee6e2 admin admin] Registered counter for database glance
Oct 31 12:26:12.302144 dv-cinder-796170-6-iscsi devstack@g-api.service[113086]: DEBUG oslo_db.sqlalchemy.engines [None req-fc925ad0-da9e-4708-8861-aeb9d83ee6e2 admin admin] MySQL server mode set to STRICT_TRANS_TABLES,STRICT_ALL_TABLES,NO_ZERO_IN_DATE,NO_ZERO_DATE,ERROR_FOR_DIVISION_BY_ZERO,TRADITIONAL,NO_ENGINE_SUBSTITUTION {{(pid=113086) _check_effective_sql_mode /usr/local/lib/python3.8/dist-packages/oslo_db/sqlalchemy/engines.py:326}}
Oct 31 12:26:12.310040 dv-cinder-796170-6-iscsi devstack@g-api.service[113086]: DEBUG dbcounter [-] [113086] Writer thread running {{(pid=113086) stat_writer /usr/local/lib/python3.8/dist-packages/dbcounter.py:99}}
Oct 31 12:26:12.462990 dv-cinder-796170-6-iscsi devstack@g-api.service[113086]: INFO glance.api.v2.image_data [None req-fc925ad0-da9e-4708-8861-aeb9d83ee6e2 admin admin] Unable to create trust: no such option collect_timing in group [keystone_authtoken] Use the existing user token.
Oct 31 12:26:12.521981 dv-cinder-796170-6-iscsi devstack@g-api.service[113086]: DEBUG glance.location [None req-fc925ad0-da9e-4708-8861-aeb9d83ee6e2 admin admin] Enabling in-flight format inspection for vhdx {{(pid=113086) set_data /opt/stack/glance/glance/location.py:581}}
Oct 31 12:26:12.522533 dv-cinder-796170-6-iscsi devstack@g-api.service[113086]: DEBUG glance_store.backend [None req-fc925ad0-da9e-4708-8861-aeb9d83ee6e2 admin admin] Attempting to import store swift {{(pid=113086) _load_store /usr/local/lib/python3.8/dist-packages/glance_store/backend.py:216}}
Oct 31 12:26:12.525481 dv-cinder-796170-6-iscsi devstack@g-api.service[113086]: DEBUG glance_store.capabilities [None req-fc925ad0-da9e-4708-8861-aeb9d83ee6e2 admin admin] Store glance_store._drivers.swift.store.SingleTenantStore doesn't support updating dynamic storage capabilities. Please overwrite 'update_capabilities' method of the store to implement updating logics if needed. {{(pid=113086) update_capabilities /usr/local/lib/python3.8/dist-packages/glance_store/capabilities.py:91}}
Oct 31 12:26:12.525748 dv-cinder-796170-6-iscsi devstack@g-api.service[113086]: DEBUG glance_store.driver [None req-fc925ad0-da9e-4708-8861-aeb9d83ee6e2 admin admin] Late loading location class glance_store._drivers.swift.store.StoreLocation {{(pid=113086) get_store_location_class /usr/local/lib/python3.8/dist-packages/glance_store/driver.py:116}}
Oct 31 12:26:12.526041 dv-cinder-796170-6-iscsi devstack@g-api.service[113086]: DEBUG glance_store.location [None req-fc925ad0-da9e-4708-8861-aeb9d83ee6e2 admin admin] Registering scheme swift+https with {'store': , 'location_class': , 'store_entry': 'swift'} {{(pid=113086) register_scheme_map /usr/local/lib/python3.8/dist-packages/glance_store/location.py:146}}
Oct 31 12:26:12.526267 dv-cinder-796170-6-iscsi devstack@g-api.service[113086]: DEBUG glance_store.location [None req-fc925ad0-da9e-4708-8861-aeb9d83ee6e2 admin admin] Registering scheme swift+https with {'store': , 'location_class': , 'store_entry': 'swift'} {{(pid=113086) register_scheme_map /usr/local/lib/python3.8/dist-packages/glance_store/location.py:146}}
Oct 31 12:26:12.526508 dv-cinder-796170-6-iscsi devstack@g-api.service[113086]: DEBUG glance_store.location [None req-fc925ad0-da9e-4708-8861-aeb9d83ee6e2 admin admin] Registering scheme swift with {'store': , 'location_class': , 'store_entry': 'swift'} {{(pid=113086) register_scheme_map /usr/local/lib/python3.8/dist-packages/glance_store/location.py:146}}
Oct 31 12:26:12.526748 dv-cinder-796170-6-iscsi devstack@g-api.service[113086]: DEBUG glance_store.location [None req-fc925ad0-da9e-4708-8861-aeb9d83ee6e2 admin admin] Registering scheme swift+https with {'store': , 'location_class': , 'store_entry': 'swift'} {{(pid=113086) register_scheme_map /usr/local/lib/python3.8/dist-packages/glance_store/location.py:146}}
Oct 31 12:26:12.526989 dv-cinder-796170-6-iscsi devstack@g-api.service[113086]: DEBUG glance_store.location [None req-fc925ad0-da9e-4708-8861-aeb9d83ee6e2 admin admin] Registering scheme swift with {'store': , 'location_class': , 'store_entry': 'swift'} {{(pid=113086) register_scheme_map /usr/local/lib/python3.8/dist-packages/glance_store/location.py:146}}
Oct 31 12:26:12.527253 dv-cinder-796170-6-iscsi devstack@g-api.service[113086]: DEBUG glance_store.location [None req-fc925ad0-da9e-4708-8861-aeb9d83ee6e2 admin admin] Registering scheme swift+http with {'store': , 'location_class': , 'store_entry': 'swift'} {{(pid=113086) register_scheme_map /usr/local/lib/python3.8/dist-packages/glance_store/location.py:146}}
Oct 31 12:26:12.527490 dv-cinder-796170-6-iscsi devstack@g-api.service[113086]: DEBUG glance_store.location [None req-fc925ad0-da9e-4708-8861-aeb9d83ee6e2 admin admin] Registering scheme swift+https with {'store': , 'location_class': , 'store_entry': 'swift'} {{(pid=113086) register_scheme_map /usr/local/lib/python3.8/dist-packages/glance_store/location.py:146}}
Oct 31 12:26:12.527723 dv-cinder-796170-6-iscsi devstack@g-api.service[113086]: DEBUG glance_store.location [None req-fc925ad0-da9e-4708-8861-aeb9d83ee6e2 admin admin] Registering scheme swift with {'store': , 'location_class': , 'store_entry': 'swift'} {{(pid=113086) register_scheme_map /usr/local/lib/python3.8/dist-packages/glance_store/location.py:146}}
Oct 31 12:26:12.527951 dv-cinder-796170-6-iscsi devstack@g-api.service[113086]: DEBUG glance_store.location [None req-fc925ad0-da9e-4708-8861-aeb9d83ee6e2 admin admin] Registering scheme swift+http with {'store': , 'location_class': , 'store_entry': 'swift'} {{(pid=113086) register_scheme_map /usr/local/lib/python3.8/dist-packages/glance_store/location.py:146}}
Oct 31 12:26:12.528176 dv-cinder-796170-6-iscsi devstack@g-api.service[113086]: DEBUG glance_store.location [None req-fc925ad0-da9e-4708-8861-aeb9d83ee6e2 admin admin] Registering scheme swift+config with {'store': , 'location_class': , 'store_entry': 'swift'} {{(pid=113086) register_scheme_map /usr/local/lib/python3.8/dist-packages/glance_store/location.py:146}}
Oct 31 12:26:13.177208 dv-cinder-796170-6-iscsi devstack@g-api.service[113086]: INFO swiftclient [None req-fc925ad0-da9e-4708-8861-aeb9d83ee6e2 admin admin] REQ: curl -i http://10.222.0.15:8080/v1/AUTH_2c32444cef584bce966b38203ce128b2/glance -I -H "X-Auth-Token: gAAAAABjX77kZSEX..."
Oct 31 12:26:13.177451 dv-cinder-796170-6-iscsi devstack@g-api.service[113086]: INFO swiftclient [None req-fc925ad0-da9e-4708-8861-aeb9d83ee6e2 admin admin] RESP STATUS: 404 Not Found
Oct 31 12:26:13.177795 dv-cinder-796170-6-iscsi devstack@g-api.service[113086]: INFO swiftclient [None req-fc925ad0-da9e-4708-8861-aeb9d83ee6e2 admin admin] RESP HEADERS: {'Content-Type': 'text/html; charset=UTF-8', 'Content-Length': '0', 'X-Trans-Id': 'tx4894ebd65dc440ffbf0a0-00635fbee4', 'X-Openstack-Request-Id': 'tx4894ebd65dc440ffbf0a0-00635fbee4', 'Date': 'Mon, 31 Oct 2022 12:26:13 GMT'}
Oct 31 12:26:13.178302 dv-cinder-796170-6-iscsi devstack@g-api.service[113086]: INFO glance_store._drivers.swift.store [None req-fc925ad0-da9e-4708-8861-aeb9d83ee6e2 admin admin] Creating swift container glance
Oct 31 12:26:13.248068 dv-cinder-796170-6-iscsi devstack@g-api.service[113086]: DEBUG swiftclient [None req-fc925ad0-da9e-4708-8861-aeb9d83ee6e2 admin admin] REQ: curl -i http://10.222.0.15:8080/v1/AUTH_2c32444cef584bce966b38203ce128b2/glance -X PUT -H "X-Auth-Token: gAAAAABjX77kZSEX..." -H "Content-Length: 0" {{(pid=113086) http_log /usr/local/lib/python3.8/dist-packages/swiftclient/client.py:157}}
Oct 31 12:26:13.248314 dv-cinder-796170-6-iscsi devstack@g-api.service[113086]: DEBUG swiftclient [None req-fc925ad0-da9e-4708-8861-aeb9d83ee6e2 admin admin] RESP STATUS: 201 Created {{(pid=113086) http_log /usr/local/lib/python3.8/dist-packages/swiftclient/client.py:158}}
Oct 31 12:26:13.248652 dv-cinder-796170-6-iscsi devstack@g-api.service[113086]: DEBUG swiftclient [None req-fc925ad0-da9e-4708-8861-aeb9d83ee6e2 admin admin] RESP HEADERS: {'Content-Type': 'text/html; charset=UTF-8', 'Content-Length': '0', 'X-Trans-Id': 'tx402ea31b443444ea8e514-00635fbee5', 'X-Openstack-Request-Id': 'tx402ea31b443444ea8e514-00635fbee5', 'Date': 'Mon, 31 Oct 2022 12:26:13 GMT'} {{(pid=113086) http_log /usr/local/lib/python3.8/dist-packages/swiftclient/client.py:159}}
Oct 31 12:26:13.248959 dv-cinder-796170-6-iscsi devstack@g-api.service[113086]: DEBUG glance_store._drivers.swift.store [None req-fc925ad0-da9e-4708-8861-aeb9d83ee6e2 admin admin] Adding image object 'fbbea321-8f0d-4092-b070-b67a6931d610' to Swift {{(pid=113086) add /usr/local/lib/python3.8/dist-packages/glance_store/_drivers/swift/store.py:941}}
Oct 31 12:26:22.125841 dv-cinder-796170-6-iscsi devstack@g-api.service[113087]: DEBUG dbcounter [-] [113087] Writing DB stats glance:SELECT=7,glance:INSERT=5 {{(pid=113087) stat_writer /usr/local/lib/python3.8/dist-packages/dbcounter.py:114}}
Oct 31 12:26:22.498702 dv-cinder-796170-6-iscsi devstack@g-api.service[113086]: DEBUG dbcounter [-] [113086] Writing DB stats glance:SELECT=13,glance:UPDATE=1 {{(pid=113086) stat_writer /usr/local/lib/python3.8/dist-packages/dbcounter.py:114}}
Oct 31 12:26:28.100749 dv-cinder-796170-6-iscsi devstack@g-api.service[113086]: DEBUG swiftclient [None req-fc925ad0-da9e-4708-8861-aeb9d83ee6e2 admin admin] REQ: curl -i http://10.222.0.15:8080/v1/AUTH_2c32444cef584bce966b38203ce128b2/glance/fbbea321-8f0d-4092-b070-b67a6931d610 -X PUT -H "X-Auth-Token: gAAAAABjX77kZSEX..." -H "Content-Length: 645922816" {{(pid=113086) http_log /usr/local/lib/python3.8/dist-packages/swiftclient/client.py:157}}
Oct 31 12:26:28.101761 dv-cinder-796170-6-iscsi devstack@g-api.service[113086]: DEBUG swiftclient [None req-fc925ad0-da9e-4708-8861-aeb9d83ee6e2 admin admin] RESP STATUS: 201 Created {{(pid=113086) http_log /usr/local/lib/python3.8/dist-packages/swiftclient/client.py:158}}
Oct 31 12:26:28.101761 dv-cinder-796170-6-iscsi devstack@g-api.service[113086]: DEBUG swiftclient [None req-fc925ad0-da9e-4708-8861-aeb9d83ee6e2 admin admin] RESP HEADERS: {'Content-Type': 'text/html; charset=UTF-8', 'Content-Length': '0', 'Etag': '318f990048c8a194829e52141534610d', 'Last-Modified': 'Mon, 31 Oct 2022 12:26:14 GMT', 'X-Trans-Id': 'txb9b2e5f920ed42a39c9a6-00635fbee5', 'X-Openstack-Request-Id': 'txb9b2e5f920ed42a39c9a6-00635fbee5', 'Date': 'Mon, 31 Oct 2022 12:26:28 GMT'} {{(pid=113086) http_log /usr/local/lib/python3.8/dist-packages/swiftclient/client.py:159}}
Oct 31 12:26:28.102030 dv-cinder-796170-6-iscsi devstack@g-api.service[113086]: INFO glance.location [None req-fc925ad0-da9e-4708-8861-aeb9d83ee6e2 admin admin] Image format matched and virtual size computed: 734003200
Oct 31 12:26:28.147747 dv-cinder-796170-6-iscsi devstack@g-api.service[113086]: DEBUG glance_store.backend [None req-fc925ad0-da9e-4708-8861-aeb9d83ee6e2 admin admin] Attempting to import store swift {{(pid=113086) _load_store /usr/local/lib/python3.8/dist-packages/glance_store/backend.py:216}}
Oct 31 12:26:28.150603 dv-cinder-796170-6-iscsi devstack@g-api.service[113086]: DEBUG glance_store.capabilities [None req-fc925ad0-da9e-4708-8861-aeb9d83ee6e2 admin admin] Store glance_store._drivers.swift.store.SingleTenantStore doesn't support updating dynamic storage capabilities. Please overwrite 'update_capabilities' method of the store to implement updating logics if needed. {{(pid=113086) update_capabilities /usr/local/lib/python3.8/dist-packages/glance_store/capabilities.py:91}}
Oct 31 12:26:28.150863 dv-cinder-796170-6-iscsi devstack@g-api.service[113086]: DEBUG glance_store.driver [None req-fc925ad0-da9e-4708-8861-aeb9d83ee6e2 admin admin] Late loading location class glance_store._drivers.swift.store.StoreLocation {{(pid=113086) get_store_location_class /usr/local/lib/python3.8/dist-packages/glance_store/driver.py:116}}
Oct 31 12:26:28.151133 dv-cinder-796170-6-iscsi devstack@g-api.service[113086]: DEBUG glance_store.location [None req-fc925ad0-da9e-4708-8861-aeb9d83ee6e2 admin admin] Registering scheme swift+https with {'store': , 'location_class': , 'store_entry': 'swift'} {{(pid=113086) register_scheme_map /usr/local/lib/python3.8/dist-packages/glance_store/location.py:146}}
Oct 31 12:26:28.151404 dv-cinder-796170-6-iscsi devstack@g-api.service[113086]: DEBUG glance_store.location [None req-fc925ad0-da9e-4708-8861-aeb9d83ee6e2 admin admin] Registering scheme swift+https with {'store': , 'location_class': , 'store_entry': 'swift'} {{(pid=113086) register_scheme_map /usr/local/lib/python3.8/dist-packages/glance_store/location.py:146}}
Oct 31 12:26:28.151644 dv-cinder-796170-6-iscsi devstack@g-api.service[113086]: DEBUG glance_store.location [None req-fc925ad0-da9e-4708-8861-aeb9d83ee6e2 admin admin] Registering scheme swift with {'store': , 'location_class': , 'store_entry': 'swift'} {{(pid=113086) register_scheme_map /usr/local/lib/python3.8/dist-packages/glance_store/location.py:146}}
Oct 31 12:26:28.151886 dv-cinder-796170-6-iscsi devstack@g-api.service[113086]: DEBUG glance_store.location [None req-fc925ad0-da9e-4708-8861-aeb9d83ee6e2 admin admin] Registering scheme swift+https with {'store': , 'location_class': , 'store_entry': 'swift'} {{(pid=113086) register_scheme_map /usr/local/lib/python3.8/dist-packages/glance_store/location.py:146}}
Oct 31 12:26:28.152124 dv-cinder-796170-6-iscsi devstack@g-api.service[113086]: DEBUG glance_store.location [None req-fc925ad0-da9e-4708-8861-aeb9d83ee6e2 admin admin] Registering scheme swift with {'store': , 'location_class': , 'store_entry': 'swift'} {{(pid=113086) register_scheme_map /usr/local/lib/python3.8/dist-packages/glance_store/location.py:146}}
Oct 31 12:26:28.152360 dv-cinder-796170-6-iscsi devstack@g-api.service[113086]: DEBUG glance_store.location [None req-fc925ad0-da9e-4708-8861-aeb9d83ee6e2 admin admin] Registering scheme swift+http with {'store': , 'location_class': , 'store_entry': 'swift'} {{(pid=113086) register_scheme_map /usr/local/lib/python3.8/dist-packages/glance_store/location.py:146}}
Oct 31 12:26:28.152595 dv-cinder-796170-6-iscsi devstack@g-api.service[113086]: DEBUG glance_store.location [None req-fc925ad0-da9e-4708-8861-aeb9d83ee6e2 admin admin] Registering scheme swift+https with {'store': , 'location_class': , 'store_entry': 'swift'} {{(pid=113086) register_scheme_map /usr/local/lib/python3.8/dist-packages/glance_store/location.py:146}}
Oct 31 12:26:28.152826 dv-cinder-796170-6-iscsi devstack@g-api.service[113086]: DEBUG glance_store.location [None req-fc925ad0-da9e-4708-8861-aeb9d83ee6e2 admin admin] Registering scheme swift with {'store': , 'location_class': , 'store_entry': 'swift'} {{(pid=113086) register_scheme_map /usr/local/lib/python3.8/dist-packages/glance_store/location.py:146}}
Oct 31 12:26:28.153056 dv-cinder-796170-6-iscsi devstack@g-api.service[113086]: DEBUG glance_store.location [None req-fc925ad0-da9e-4708-8861-aeb9d83ee6e2 admin admin] Registering scheme swift+http with {'store': , 'location_class': , 'store_entry': 'swift'} {{(pid=113086) register_scheme_map /usr/local/lib/python3.8/dist-packages/glance_store/location.py:146}}
Oct 31 12:26:28.153284 dv-cinder-796170-6-iscsi devstack@g-api.service[113086]: DEBUG glance_store.location [None req-fc925ad0-da9e-4708-8861-aeb9d83ee6e2 admin admin] Registering scheme swift+config with {'store': , 'location_class': , 'store_entry': 'swift'} {{(pid=113086) register_scheme_map /usr/local/lib/python3.8/dist-packages/glance_store/location.py:146}}
Oct 31 12:26:28.153529 dv-cinder-796170-6-iscsi devstack@g-api.service[113086]: DEBUG glance_store.backend [None req-fc925ad0-da9e-4708-8861-aeb9d83ee6e2 admin admin] Skipping store.set_acls... not implemented. {{(pid=113086) set_acls /usr/local/lib/python3.8/dist-packages/glance_store/backend.py:508}}
Oct 31 12:26:28.156551 dv-cinder-796170-6-iscsi devstack@g-api.service[113086]: [pid: 113086|app: 0|req: 3/4] 127.0.0.1 () {40 vars in 878 bytes} [Mon Oct 31 12:26:12 2022] PUT /v2/images/fbbea321-8f0d-4092-b070-b67a6931d610/file => generated 0 bytes in 15995 msecs (HTTP/1.1 204) 4 headers in 171 bytes (1 switches on core 0)
Oct 31 12:26:38.145582 dv-cinder-796170-6-iscsi devstack@g-api.service[113086]: DEBUG dbcounter [-] [113086] Writing DB stats glance:SELECT=9,glance:UPDATE=1,glance:INSERT=1 {{(pid=113086) stat_writer /usr/local/lib/python3.8/dist-packages/dbcounter.py:114}}
Oct 31 12:27:44.463055 dv-cinder-796170-6-iscsi devstack@g-api.service[113087]: DEBUG glance.api.middleware.version_negotiation [None req-7fb0147f-9c1b-4429-93b0-135d713ff8c9 admin admin] Determining version of request: GET / Accept: application/json {{(pid=113087) process_request /opt/stack/glance/glance/api/middleware/version_negotiation.py:44}}
Oct 31 12:27:44.463690 dv-cinder-796170-6-iscsi devstack@g-api.service[113087]: DEBUG glance.api.middleware.version_negotiation [None req-7fb0147f-9c1b-4429-93b0-135d713ff8c9 admin admin] Using url versioning {{(pid=113087) process_request /opt/stack/glance/glance/api/middleware/version_negotiation.py:57}}
Oct 31 12:27:44.463690 dv-cinder-796170-6-iscsi devstack@g-api.service[113087]: DEBUG glance.api.middleware.version_negotiation [None req-7fb0147f-9c1b-4429-93b0-135d713ff8c9 admin admin] Unknown version. Returning version choices. {{(pid=113087) process_request /opt/stack/glance/glance/api/middleware/version_negotiation.py:64}}
Oct 31 12:27:44.465275 dv-cinder-796170-6-iscsi devstack@g-api.service[113087]: [pid: 113087|app: 0|req: 2/5] 127.0.0.1 () {34 vars in 521 bytes} [Mon Oct 31 12:27:44 2022] GET / => generated 1299 bytes in 3 msecs (HTTP/1.1 300) 3 headers in 106 bytes (1 switches on core 0)
Oct 31 12:27:44.477167 dv-cinder-796170-6-iscsi devstack@g-api.service[113086]: DEBUG glance.api.middleware.version_negotiation [None req-fc925ad0-da9e-4708-8861-aeb9d83ee6e2 admin admin] Determining version of request: GET /v2/images Accept: application/json {{(pid=113086) process_request /opt/stack/glance/glance/api/middleware/version_negotiation.py:44}}
Oct 31 12:27:44.477582 dv-cinder-796170-6-iscsi devstack@g-api.service[113086]: DEBUG glance.api.middleware.version_negotiation [None req-fc925ad0-da9e-4708-8861-aeb9d83ee6e2 admin admin] Using url versioning {{(pid=113086) process_request /opt/stack/glance/glance/api/middleware/version_negotiation.py:57}}
Oct 31 12:27:44.477842 dv-cinder-796170-6-iscsi devstack@g-api.service[113086]: DEBUG glance.api.middleware.version_negotiation [None req-fc925ad0-da9e-4708-8861-aeb9d83ee6e2 admin admin] Matched version: v2 {{(pid=113086) process_request /opt/stack/glance/glance/api/middleware/version_negotiation.py:69}}
Oct 31 12:27:44.478148 dv-cinder-796170-6-iscsi devstack@g-api.service[113086]: DEBUG glance.api.middleware.version_negotiation [None req-fc925ad0-da9e-4708-8861-aeb9d83ee6e2 admin admin] new path /v2/images {{(pid=113086) process_request /opt/stack/glance/glance/api/middleware/version_negotiation.py:70}}
Oct 31 12:27:44.992887 dv-cinder-796170-6-iscsi devstack@g-api.service[113086]: [pid: 113086|app: 0|req: 4/6] 127.0.0.1 () {36 vars in 743 bytes} [Mon Oct 31 12:27:44 2022] GET /v2/images => generated 1015 bytes in 516 msecs (HTTP/1.1 200) 4 headers in 158 bytes (1 switches on core 0)
Oct 31 12:27:54.982608 dv-cinder-796170-6-iscsi devstack@g-api.service[113086]: DEBUG dbcounter [-] [113086] Writing DB stats glance:SELECT=2 {{(pid=113086) stat_writer /usr/local/lib/python3.8/dist-packages/dbcounter.py:114}}
Oct 31 12:29:18.155097 dv-cinder-796170-6-iscsi devstack@g-api.service[113087]: DEBUG glance.api.middleware.version_negotiation [None req-7fb0147f-9c1b-4429-93b0-135d713ff8c9 admin admin] Determining version of request: GET /v1 Accept: application/json {{(pid=113087) process_request /opt/stack/glance/glance/api/middleware/version_negotiation.py:44}}
Oct 31 12:29:18.155557 dv-cinder-796170-6-iscsi devstack@g-api.service[113087]: DEBUG glance.api.middleware.version_negotiation [None req-7fb0147f-9c1b-4429-93b0-135d713ff8c9 admin admin] Using url versioning {{(pid=113087) process_request /opt/stack/glance/glance/api/middleware/version_negotiation.py:57}}
Oct 31 12:29:18.155832 dv-cinder-796170-6-iscsi devstack@g-api.service[113087]: DEBUG glance.api.middleware.version_negotiation [None req-7fb0147f-9c1b-4429-93b0-135d713ff8c9 admin admin] Unknown version. Returning version choices. {{(pid=113087) process_request /opt/stack/glance/glance/api/middleware/version_negotiation.py:64}}
Oct 31 12:29:18.157811 dv-cinder-796170-6-iscsi devstack@g-api.service[113087]: [pid: 113087|app: 0|req: 3/7] 127.0.0.1 () {38 vars in 700 bytes} [Mon Oct 31 12:29:18 2022] GET /v1 => generated 1299 bytes in 3 msecs (HTTP/1.1 300) 3 headers in 106 bytes (1 switches on core 0)
Oct 31 12:33:00.828037 dv-cinder-796170-6-iscsi devstack@g-api.service[113086]: DEBUG glance.api.middleware.version_negotiation [None req-e89e2b35-b759-4636-80ee-e68c0a086b31 admin admin] Determining version of request: GET / Accept: application/json {{(pid=113086) process_request /opt/stack/glance/glance/api/middleware/version_negotiation.py:44}}
Oct 31 12:33:00.828565 dv-cinder-796170-6-iscsi devstack@g-api.service[113086]: DEBUG glance.api.middleware.version_negotiation [None req-e89e2b35-b759-4636-80ee-e68c0a086b31 admin admin] Using url versioning {{(pid=113086) process_request /opt/stack/glance/glance/api/middleware/version_negotiation.py:57}}
Oct 31 12:33:00.828648 dv-cinder-796170-6-iscsi devstack@g-api.service[113086]: DEBUG glance.api.middleware.version_negotiation [None req-e89e2b35-b759-4636-80ee-e68c0a086b31 admin admin] Unknown version. Returning version choices. {{(pid=113086) process_request /opt/stack/glance/glance/api/middleware/version_negotiation.py:64}}
Oct 31 12:33:00.835398 dv-cinder-796170-6-iscsi devstack@g-api.service[113086]: [pid: 113086|app: 0|req: 5/8] 127.0.0.1 () {34 vars in 506 bytes} [Mon Oct 31 12:33:00 2022] GET / => generated 1299 bytes in 8 msecs (HTTP/1.1 300) 3 headers in 106 bytes (1 switches on core 0)
Oct 31 12:33:00.869484 dv-cinder-796170-6-iscsi devstack@g-api.service[113087]: DEBUG glance.api.middleware.version_negotiation [None req-7fb0147f-9c1b-4429-93b0-135d713ff8c9 admin admin] Determining version of request: GET /v2/images/fbbea321-8f0d-4092-b070-b67a6931d610 Accept: */* {{(pid=113087) process_request /opt/stack/glance/glance/api/middleware/version_negotiation.py:44}}
Oct 31 12:33:00.870025 dv-cinder-796170-6-iscsi devstack@g-api.service[113087]: DEBUG glance.api.middleware.version_negotiation [None req-7fb0147f-9c1b-4429-93b0-135d713ff8c9 admin admin] Using url versioning {{(pid=113087) process_request /opt/stack/glance/glance/api/middleware/version_negotiation.py:57}}
Oct 31 12:33:00.871270 dv-cinder-796170-6-iscsi devstack@g-api.service[113087]: DEBUG glance.api.middleware.version_negotiation [None req-7fb0147f-9c1b-4429-93b0-135d713ff8c9 admin admin] Matched version: v2 {{(pid=113087) process_request /opt/stack/glance/glance/api/middleware/version_negotiation.py:69}}
Oct 31 12:33:00.871616 dv-cinder-796170-6-iscsi devstack@g-api.service[113087]: DEBUG glance.api.middleware.version_negotiation [None req-7fb0147f-9c1b-4429-93b0-135d713ff8c9 admin admin] new path /v2/images/fbbea321-8f0d-4092-b070-b67a6931d610 {{(pid=113087) process_request /opt/stack/glance/glance/api/middleware/version_negotiation.py:70}}
Oct 31 12:33:00.873897 dv-cinder-796170-6-iscsi devstack@g-api.service[113087]: WARNING keystonemiddleware.auth_token [None req-7fb0147f-9c1b-4429-93b0-135d713ff8c9 admin admin] A valid token was submitted as a service token, but it was not a valid service token. This is incorrect but backwards compatible behaviour. This will be removed in future releases.
Oct 31 12:33:00.950452 dv-cinder-796170-6-iscsi devstack@g-api.service[113086]: DEBUG glance.api.middleware.version_negotiation [None req-e89e2b35-b759-4636-80ee-e68c0a086b31 admin admin] Determining version of request: GET /v2/schemas/image Accept: */* {{(pid=113086) process_request /opt/stack/glance/glance/api/middleware/version_negotiation.py:44}}
Oct 31 12:33:00.950785 dv-cinder-796170-6-iscsi devstack@g-api.service[113086]: DEBUG glance.api.middleware.version_negotiation [None req-e89e2b35-b759-4636-80ee-e68c0a086b31 admin admin] Using url versioning {{(pid=113086) process_request /opt/stack/glance/glance/api/middleware/version_negotiation.py:57}}
Oct 31 12:33:00.951155 dv-cinder-796170-6-iscsi devstack@g-api.service[113086]: DEBUG glance.api.middleware.version_negotiation [None req-e89e2b35-b759-4636-80ee-e68c0a086b31 admin admin] Matched version: v2 {{(pid=113086) process_request /opt/stack/glance/glance/api/middleware/version_negotiation.py:69}}
Oct 31 12:33:00.951430 dv-cinder-796170-6-iscsi devstack@g-api.service[113086]: DEBUG glance.api.middleware.version_negotiation [None req-e89e2b35-b759-4636-80ee-e68c0a086b31 admin admin] new path /v2/schemas/image {{(pid=113086) process_request /opt/stack/glance/glance/api/middleware/version_negotiation.py:70}}
Oct 31 12:33:00.953228 dv-cinder-796170-6-iscsi devstack@g-api.service[113086]: WARNING keystonemiddleware.auth_token [None req-e89e2b35-b759-4636-80ee-e68c0a086b31 admin admin] A valid token was submitted as a service token, but it was not a valid service token. This is incorrect but backwards compatible behaviour. This will be removed in future releases.
Oct 31 12:33:00.957502 dv-cinder-796170-6-iscsi devstack@g-api.service[113086]: [pid: 113086|app: 0|req: 6/10] 127.0.0.1 () {42 vars in 1003 bytes} [Mon Oct 31 12:33:00 2022] GET /v2/schemas/image => generated 6083 bytes in 7 msecs (HTTP/1.1 200) 4 headers in 158 bytes (1 switches on core 0)
Oct 31 12:33:00.968697 dv-cinder-796170-6-iscsi devstack@g-api.service[113087]: [pid: 113087|app: 0|req: 4/10] 127.0.0.1 () {42 vars in 1063 bytes} [Mon Oct 31 12:33:00 2022] GET /v2/images/fbbea321-8f0d-4092-b070-b67a6931d610 => generated 946 bytes in 76 msecs (HTTP/1.1 200) 4 headers in 157 bytes (1 switches on core 0)
Oct 31 12:33:02.575646 dv-cinder-796170-6-iscsi devstack@g-api.service[113086]: DEBUG glance.api.middleware.version_negotiation [None req-bd466508-023a-4bb4-b32c-6e1210e638c9 tempest-DeleteServersTestJSON-1374602671 tempest-DeleteServersTestJSON-1374602671-project] Determining version of request: GET / Accept: application/json {{(pid=113086) process_request /opt/stack/glance/glance/api/middleware/version_negotiation.py:44}}
Oct 31 12:33:02.576559 dv-cinder-796170-6-iscsi devstack@g-api.service[113086]: DEBUG glance.api.middleware.version_negotiation [None req-bd466508-023a-4bb4-b32c-6e1210e638c9 tempest-DeleteServersTestJSON-1374602671 tempest-DeleteServersTestJSON-1374602671-project] Using url versioning {{(pid=113086) process_request /opt/stack/glance/glance/api/middleware/version_negotiation.py:57}}
Oct 31 12:33:02.577573 dv-cinder-796170-6-iscsi devstack@g-api.service[113086]: DEBUG glance.api.middleware.version_negotiation [None req-bd466508-023a-4bb4-b32c-6e1210e638c9 tempest-DeleteServersTestJSON-1374602671 tempest-DeleteServersTestJSON-1374602671-project] Unknown version. Returning version choices. {{(pid=113086) process_request /opt/stack/glance/glance/api/middleware/version_negotiation.py:64}}
Oct 31 12:33:02.580261 dv-cinder-796170-6-iscsi devstack@g-api.service[113086]: [pid: 113086|app: 0|req: 7/11] 127.0.0.1 () {34 vars in 506 bytes} [Mon Oct 31 12:33:02 2022] GET / => generated 1299 bytes in 6 msecs (HTTP/1.1 300) 3 headers in 106 bytes (1 switches on core 0)
Oct 31 12:33:02.607716 dv-cinder-796170-6-iscsi devstack@g-api.service[113087]: DEBUG glance.api.middleware.version_negotiation [None req-bd466508-023a-4bb4-b32c-6e1210e638c9 tempest-DeleteServersTestJSON-1374602671 tempest-DeleteServersTestJSON-1374602671-project] Determining version of request: GET /v2/images/fbbea321-8f0d-4092-b070-b67a6931d610 Accept: */* {{(pid=113087) process_request /opt/stack/glance/glance/api/middleware/version_negotiation.py:44}}
Oct 31 12:33:02.608151 dv-cinder-796170-6-iscsi devstack@g-api.service[113087]: DEBUG glance.api.middleware.version_negotiation [None req-bd466508-023a-4bb4-b32c-6e1210e638c9 tempest-DeleteServersTestJSON-1374602671 tempest-DeleteServersTestJSON-1374602671-project] Using url versioning {{(pid=113087) process_request /opt/stack/glance/glance/api/middleware/version_negotiation.py:57}}
Oct 31 12:33:02.608552 dv-cinder-796170-6-iscsi devstack@g-api.service[113087]: DEBUG glance.api.middleware.version_negotiation [None req-bd466508-023a-4bb4-b32c-6e1210e638c9 tempest-DeleteServersTestJSON-1374602671 tempest-DeleteServersTestJSON-1374602671-project] Matched version: v2 {{(pid=113087) process_request /opt/stack/glance/glance/api/middleware/version_negotiation.py:69}}
Oct 31 12:33:02.609452 dv-cinder-796170-6-iscsi devstack@g-api.service[113087]: DEBUG glance.api.middleware.version_negotiation [None req-bd466508-023a-4bb4-b32c-6e1210e638c9 tempest-DeleteServersTestJSON-1374602671 tempest-DeleteServersTestJSON-1374602671-project] new path /v2/images/fbbea321-8f0d-4092-b070-b67a6931d610 {{(pid=113087) process_request /opt/stack/glance/glance/api/middleware/version_negotiation.py:70}}
Oct 31 12:33:02.656139 dv-cinder-796170-6-iscsi devstack@g-api.service[113086]: DEBUG glance.api.middleware.version_negotiation [None req-bd466508-023a-4bb4-b32c-6e1210e638c9 tempest-DeleteServersTestJSON-1374602671 tempest-DeleteServersTestJSON-1374602671-project] Determining version of request: GET /v2/schemas/image Accept: */* {{(pid=113086) process_request /opt/stack/glance/glance/api/middleware/version_negotiation.py:44}}
Oct 31 12:33:02.657678 dv-cinder-796170-6-iscsi devstack@g-api.service[113086]: DEBUG glance.api.middleware.version_negotiation [None req-bd466508-023a-4bb4-b32c-6e1210e638c9 tempest-DeleteServersTestJSON-1374602671 tempest-DeleteServersTestJSON-1374602671-project] Using url versioning {{(pid=113086) process_request /opt/stack/glance/glance/api/middleware/version_negotiation.py:57}}
Oct 31 12:33:02.658146 dv-cinder-796170-6-iscsi devstack@g-api.service[113086]: DEBUG glance.api.middleware.version_negotiation [None req-bd466508-023a-4bb4-b32c-6e1210e638c9 tempest-DeleteServersTestJSON-1374602671 tempest-DeleteServersTestJSON-1374602671-project] Matched version: v2 {{(pid=113086) process_request /opt/stack/glance/glance/api/middleware/version_negotiation.py:69}}
Oct 31 12:33:02.658570 dv-cinder-796170-6-iscsi devstack@g-api.service[113086]: DEBUG glance.api.middleware.version_negotiation [None req-bd466508-023a-4bb4-b32c-6e1210e638c9 tempest-DeleteServersTestJSON-1374602671 tempest-DeleteServersTestJSON-1374602671-project] new path /v2/schemas/image {{(pid=113086) process_request /opt/stack/glance/glance/api/middleware/version_negotiation.py:70}}
Oct 31 12:33:02.676922 dv-cinder-796170-6-iscsi devstack@g-api.service[113087]: [pid: 113087|app: 0|req: 5/13] 127.0.0.1 () {42 vars in 1063 bytes} [Mon Oct 31 12:33:02 2022] GET /v2/images/fbbea321-8f0d-4092-b070-b67a6931d610 => generated 946 bytes in 42 msecs (HTTP/1.1 200) 4 headers in 157 bytes (1 switches on core 0)
Oct 31 12:33:02.678978 dv-cinder-796170-6-iscsi devstack@g-api.service[113086]: [pid: 113086|app: 0|req: 8/13] 127.0.0.1 () {42 vars in 1003 bytes} [Mon Oct 31 12:33:02 2022] GET /v2/schemas/image => generated 6083 bytes in 15 msecs (HTTP/1.1 200) 4 headers in 158 bytes (1 switches on core 0)
Oct 31 12:33:04.884112 dv-cinder-796170-6-iscsi devstack@g-api.service[113087]: DEBUG glance.api.middleware.version_negotiation [None req-8ebca387-d2a9-4ce8-96c9-6ef82d17492d tempest-ServerRescueNegativeTestJSON-1357722577 tempest-ServerRescueNegativeTestJSON-1357722577-project] Determining version of request: GET /v2/images/fbbea321-8f0d-4092-b070-b67a6931d610 Accept: */* {{(pid=113087) process_request /opt/stack/glance/glance/api/middleware/version_negotiation.py:44}}
Oct 31 12:33:04.884638 dv-cinder-796170-6-iscsi devstack@g-api.service[113087]: DEBUG glance.api.middleware.version_negotiation [None req-8ebca387-d2a9-4ce8-96c9-6ef82d17492d tempest-ServerRescueNegativeTestJSON-1357722577 tempest-ServerRescueNegativeTestJSON-1357722577-project] Using url versioning {{(pid=113087) process_request /opt/stack/glance/glance/api/middleware/version_negotiation.py:57}}
Oct 31 12:33:04.884763 dv-cinder-796170-6-iscsi devstack@g-api.service[113087]: DEBUG glance.api.middleware.version_negotiation [None req-8ebca387-d2a9-4ce8-96c9-6ef82d17492d tempest-ServerRescueNegativeTestJSON-1357722577 tempest-ServerRescueNegativeTestJSON-1357722577-project] Matched version: v2 {{(pid=113087) process_request /opt/stack/glance/glance/api/middleware/version_negotiation.py:69}}
Oct 31 12:33:04.886062 dv-cinder-796170-6-iscsi devstack@g-api.service[113087]: DEBUG glance.api.middleware.version_negotiation [None req-8ebca387-d2a9-4ce8-96c9-6ef82d17492d tempest-ServerRescueNegativeTestJSON-1357722577 tempest-ServerRescueNegativeTestJSON-1357722577-project] new path /v2/images/fbbea321-8f0d-4092-b070-b67a6931d610 {{(pid=113087) process_request /opt/stack/glance/glance/api/middleware/version_negotiation.py:70}}
Oct 31 12:33:04.942109 dv-cinder-796170-6-iscsi devstack@g-api.service[113087]: [pid: 113087|app: 0|req: 6/14] 127.0.0.1 () {42 vars in 1063 bytes} [Mon Oct 31 12:33:04 2022] GET /v2/images/fbbea321-8f0d-4092-b070-b67a6931d610 => generated 946 bytes in 58 msecs (HTTP/1.1 200) 4 headers in 157 bytes (1 switches on core 0)
Oct 31 12:33:04.952404 dv-cinder-796170-6-iscsi devstack@g-api.service[113086]: DEBUG glance.api.middleware.version_negotiation [None req-8ebca387-d2a9-4ce8-96c9-6ef82d17492d tempest-ServerRescueNegativeTestJSON-1357722577 tempest-ServerRescueNegativeTestJSON-1357722577-project] Determining version of request: GET /v2/schemas/image Accept: */* {{(pid=113086) process_request /opt/stack/glance/glance/api/middleware/version_negotiation.py:44}}
Oct 31 12:33:04.953578 dv-cinder-796170-6-iscsi devstack@g-api.service[113086]: DEBUG glance.api.middleware.version_negotiation [None req-8ebca387-d2a9-4ce8-96c9-6ef82d17492d tempest-ServerRescueNegativeTestJSON-1357722577 tempest-ServerRescueNegativeTestJSON-1357722577-project] Using url versioning {{(pid=113086) process_request /opt/stack/glance/glance/api/middleware/version_negotiation.py:57}}
Oct 31 12:33:04.954303 dv-cinder-796170-6-iscsi devstack@g-api.service[113086]: DEBUG glance.api.middleware.version_negotiation [None req-8ebca387-d2a9-4ce8-96c9-6ef82d17492d tempest-ServerRescueNegativeTestJSON-1357722577 tempest-ServerRescueNegativeTestJSON-1357722577-project] Matched version: v2 {{(pid=113086) process_request /opt/stack/glance/glance/api/middleware/version_negotiation.py:69}}
Oct 31 12:33:04.954841 dv-cinder-796170-6-iscsi devstack@g-api.service[113086]: DEBUG glance.api.middleware.version_negotiation [None req-8ebca387-d2a9-4ce8-96c9-6ef82d17492d tempest-ServerRescueNegativeTestJSON-1357722577 tempest-ServerRescueNegativeTestJSON-1357722577-project] new path /v2/schemas/image {{(pid=113086) process_request /opt/stack/glance/glance/api/middleware/version_negotiation.py:70}}
Oct 31 12:33:04.973259 dv-cinder-796170-6-iscsi devstack@g-api.service[113086]: [pid: 113086|app: 0|req: 9/15] 127.0.0.1 () {42 vars in 1003 bytes} [Mon Oct 31 12:33:04 2022] GET /v2/schemas/image => generated 6083 bytes in 21 msecs (HTTP/1.1 200) 4 headers in 158 bytes (1 switches on core 0)
Oct 31 12:33:06.425840 dv-cinder-796170-6-iscsi devstack@g-api.service[113087]: DEBUG glance.api.middleware.version_negotiation [None req-6f95b1d9-cf2d-46e2-a1c2-f5a9ed18eb2a tempest-AttachVolumeTestJSON-447861972 tempest-AttachVolumeTestJSON-447861972-project] Determining version of request: GET /v2/images/fbbea321-8f0d-4092-b070-b67a6931d610 Accept: */* {{(pid=113087) process_request /opt/stack/glance/glance/api/middleware/version_negotiation.py:44}}
Oct 31 12:33:06.426415 dv-cinder-796170-6-iscsi devstack@g-api.service[113087]: DEBUG glance.api.middleware.version_negotiation [None req-6f95b1d9-cf2d-46e2-a1c2-f5a9ed18eb2a tempest-AttachVolumeTestJSON-447861972 tempest-AttachVolumeTestJSON-447861972-project] Using url versioning {{(pid=113087) process_request /opt/stack/glance/glance/api/middleware/version_negotiation.py:57}}
Oct 31 12:33:06.426554 dv-cinder-796170-6-iscsi devstack@g-api.service[113087]: DEBUG glance.api.middleware.version_negotiation [None req-6f95b1d9-cf2d-46e2-a1c2-f5a9ed18eb2a tempest-AttachVolumeTestJSON-447861972 tempest-AttachVolumeTestJSON-447861972-project] Matched version: v2 {{(pid=113087) process_request /opt/stack/glance/glance/api/middleware/version_negotiation.py:69}}
Oct 31 12:33:06.426985 dv-cinder-796170-6-iscsi devstack@g-api.service[113087]: DEBUG glance.api.middleware.version_negotiation [None req-6f95b1d9-cf2d-46e2-a1c2-f5a9ed18eb2a tempest-AttachVolumeTestJSON-447861972 tempest-AttachVolumeTestJSON-447861972-project] new path /v2/images/fbbea321-8f0d-4092-b070-b67a6931d610 {{(pid=113087) process_request /opt/stack/glance/glance/api/middleware/version_negotiation.py:70}}
Oct 31 12:33:06.470709 dv-cinder-796170-6-iscsi devstack@g-api.service[113087]: [pid: 113087|app: 0|req: 7/16] 127.0.0.1 () {42 vars in 1063 bytes} [Mon Oct 31 12:33:06 2022] GET /v2/images/fbbea321-8f0d-4092-b070-b67a6931d610 => generated 946 bytes in 45 msecs (HTTP/1.1 200) 4 headers in 157 bytes (1 switches on core 0)
Oct 31 12:33:06.486744 dv-cinder-796170-6-iscsi devstack@g-api.service[113086]: DEBUG glance.api.middleware.version_negotiation [None req-6f95b1d9-cf2d-46e2-a1c2-f5a9ed18eb2a tempest-AttachVolumeTestJSON-447861972 tempest-AttachVolumeTestJSON-447861972-project] Determining version of request: GET /v2/schemas/image Accept: */* {{(pid=113086) process_request /opt/stack/glance/glance/api/middleware/version_negotiation.py:44}}
Oct 31 12:33:06.487391 dv-cinder-796170-6-iscsi devstack@g-api.service[113086]: DEBUG glance.api.middleware.version_negotiation [None req-6f95b1d9-cf2d-46e2-a1c2-f5a9ed18eb2a tempest-AttachVolumeTestJSON-447861972 tempest-AttachVolumeTestJSON-447861972-project] Using url versioning {{(pid=113086) process_request /opt/stack/glance/glance/api/middleware/version_negotiation.py:57}}
Oct 31 12:33:06.487843 dv-cinder-796170-6-iscsi devstack@g-api.service[113086]: DEBUG glance.api.middleware.version_negotiation [None req-6f95b1d9-cf2d-46e2-a1c2-f5a9ed18eb2a tempest-AttachVolumeTestJSON-447861972 tempest-AttachVolumeTestJSON-447861972-project] Matched version: v2 {{(pid=113086) process_request /opt/stack/glance/glance/api/middleware/version_negotiation.py:69}}
Oct 31 12:33:06.488310 dv-cinder-796170-6-iscsi devstack@g-api.service[113086]: DEBUG glance.api.middleware.version_negotiation [None req-6f95b1d9-cf2d-46e2-a1c2-f5a9ed18eb2a tempest-AttachVolumeTestJSON-447861972 tempest-AttachVolumeTestJSON-447861972-project] new path /v2/schemas/image {{(pid=113086) process_request /opt/stack/glance/glance/api/middleware/version_negotiation.py:70}}
Oct 31 12:33:06.493279 dv-cinder-796170-6-iscsi devstack@g-api.service[113086]: [pid: 113086|app: 0|req: 10/17] 127.0.0.1 () {42 vars in 1003 bytes} [Mon Oct 31 12:33:06 2022] GET /v2/schemas/image => generated 6083 bytes in 7 msecs (HTTP/1.1 200) 4 headers in 158 bytes (1 switches on core 0)
Oct 31 12:33:07.317451 dv-cinder-796170-6-iscsi devstack@g-api.service[113087]: DEBUG glance.api.middleware.version_negotiation [None req-020a783b-22d9-4366-bc64-41428620370c tempest-ServerRescueNegativeTestJSON-1357722577 tempest-ServerRescueNegativeTestJSON-1357722577-project] Determining version of request: GET /v2/images/fbbea321-8f0d-4092-b070-b67a6931d610 Accept: */* {{(pid=113087) process_request /opt/stack/glance/glance/api/middleware/version_negotiation.py:44}}
Oct 31 12:33:07.317788 dv-cinder-796170-6-iscsi devstack@g-api.service[113087]: DEBUG glance.api.middleware.version_negotiation [None req-020a783b-22d9-4366-bc64-41428620370c tempest-ServerRescueNegativeTestJSON-1357722577 tempest-ServerRescueNegativeTestJSON-1357722577-project] Using url versioning {{(pid=113087) process_request /opt/stack/glance/glance/api/middleware/version_negotiation.py:57}}
Oct 31 12:33:07.318113 dv-cinder-796170-6-iscsi devstack@g-api.service[113087]: DEBUG glance.api.middleware.version_negotiation [None req-020a783b-22d9-4366-bc64-41428620370c tempest-ServerRescueNegativeTestJSON-1357722577 tempest-ServerRescueNegativeTestJSON-1357722577-project] Matched version: v2 {{(pid=113087) process_request /opt/stack/glance/glance/api/middleware/version_negotiation.py:69}}
Oct 31 12:33:07.318395 dv-cinder-796170-6-iscsi devstack@g-api.service[113087]: DEBUG glance.api.middleware.version_negotiation [None req-020a783b-22d9-4366-bc64-41428620370c tempest-ServerRescueNegativeTestJSON-1357722577 tempest-ServerRescueNegativeTestJSON-1357722577-project] new path /v2/images/fbbea321-8f0d-4092-b070-b67a6931d610 {{(pid=113087) process_request /opt/stack/glance/glance/api/middleware/version_negotiation.py:70}}
Oct 31 12:33:07.387909 dv-cinder-796170-6-iscsi devstack@g-api.service[113087]: [pid: 113087|app: 0|req: 8/18] 127.0.0.1 () {42 vars in 1063 bytes} [Mon Oct 31 12:33:07 2022] GET /v2/images/fbbea321-8f0d-4092-b070-b67a6931d610 => generated 946 bytes in 71 msecs (HTTP/1.1 200) 4 headers in 157 bytes (1 switches on core 0)
Oct 31 12:33:07.401119 dv-cinder-796170-6-iscsi devstack@g-api.service[113086]: DEBUG glance.api.middleware.version_negotiation [None req-020a783b-22d9-4366-bc64-41428620370c tempest-ServerRescueNegativeTestJSON-1357722577 tempest-ServerRescueNegativeTestJSON-1357722577-project] Determining version of request: GET /v2/schemas/image Accept: */* {{(pid=113086) process_request /opt/stack/glance/glance/api/middleware/version_negotiation.py:44}}
Oct 31 12:33:07.401473 dv-cinder-796170-6-iscsi devstack@g-api.service[113086]: DEBUG glance.api.middleware.version_negotiation [None req-020a783b-22d9-4366-bc64-41428620370c tempest-ServerRescueNegativeTestJSON-1357722577 tempest-ServerRescueNegativeTestJSON-1357722577-project] Using url versioning {{(pid=113086) process_request /opt/stack/glance/glance/api/middleware/version_negotiation.py:57}}
Oct 31 12:33:07.401988 dv-cinder-796170-6-iscsi devstack@g-api.service[113086]: DEBUG glance.api.middleware.version_negotiation [None req-020a783b-22d9-4366-bc64-41428620370c tempest-ServerRescueNegativeTestJSON-1357722577 tempest-ServerRescueNegativeTestJSON-1357722577-project] Matched version: v2 {{(pid=113086) process_request /opt/stack/glance/glance/api/middleware/version_negotiation.py:69}}
Oct 31 12:33:07.402286 dv-cinder-796170-6-iscsi devstack@g-api.service[113086]: DEBUG glance.api.middleware.version_negotiation [None req-020a783b-22d9-4366-bc64-41428620370c tempest-ServerRescueNegativeTestJSON-1357722577 tempest-ServerRescueNegativeTestJSON-1357722577-project] new path /v2/schemas/image {{(pid=113086) process_request /opt/stack/glance/glance/api/middleware/version_negotiation.py:70}}
Oct 31 12:33:07.407225 dv-cinder-796170-6-iscsi devstack@g-api.service[113086]: [pid: 113086|app: 0|req: 11/19] 127.0.0.1 () {42 vars in 1003 bytes} [Mon Oct 31 12:33:07 2022] GET /v2/schemas/image => generated 6083 bytes in 7 msecs (HTTP/1.1 200) 4 headers in 158 bytes (1 switches on core 0)
Oct 31 12:33:09.804463 dv-cinder-796170-6-iscsi devstack@g-api.service[113087]: DEBUG glance.api.middleware.version_negotiation [None req-fbd852c1-9567-4c42-82dd-bc54122f8af1 tempest-AttachVolumeNegativeTest-1648165012 tempest-AttachVolumeNegativeTest-1648165012-project] Determining version of request: GET /v2/images/fbbea321-8f0d-4092-b070-b67a6931d610 Accept: */* {{(pid=113087) process_request /opt/stack/glance/glance/api/middleware/version_negotiation.py:44}}
Oct 31 12:33:09.804966 dv-cinder-796170-6-iscsi devstack@g-api.service[113087]: DEBUG glance.api.middleware.version_negotiation [None req-fbd852c1-9567-4c42-82dd-bc54122f8af1 tempest-AttachVolumeNegativeTest-1648165012 tempest-AttachVolumeNegativeTest-1648165012-project] Using url versioning {{(pid=113087) process_request /opt/stack/glance/glance/api/middleware/version_negotiation.py:57}}
Oct 31 12:33:09.805109 dv-cinder-796170-6-iscsi devstack@g-api.service[113087]: DEBUG glance.api.middleware.version_negotiation [None req-fbd852c1-9567-4c42-82dd-bc54122f8af1 tempest-AttachVolumeNegativeTest-1648165012 tempest-AttachVolumeNegativeTest-1648165012-project] Matched version: v2 {{(pid=113087) process_request /opt/stack/glance/glance/api/middleware/version_negotiation.py:69}}
Oct 31 12:33:09.805393 dv-cinder-796170-6-iscsi devstack@g-api.service[113087]: DEBUG glance.api.middleware.version_negotiation [None req-fbd852c1-9567-4c42-82dd-bc54122f8af1 tempest-AttachVolumeNegativeTest-1648165012 tempest-AttachVolumeNegativeTest-1648165012-project] new path /v2/images/fbbea321-8f0d-4092-b070-b67a6931d610 {{(pid=113087) process_request /opt/stack/glance/glance/api/middleware/version_negotiation.py:70}}
Oct 31 12:33:09.851520 dv-cinder-796170-6-iscsi devstack@g-api.service[113087]: [pid: 113087|app: 0|req: 9/20] 127.0.0.1 () {40 vars in 856 bytes} [Mon Oct 31 12:33:09 2022] GET /v2/images/fbbea321-8f0d-4092-b070-b67a6931d610 => generated 946 bytes in 47 msecs (HTTP/1.1 200) 4 headers in 157 bytes (1 switches on core 0)
Oct 31 12:33:09.860642 dv-cinder-796170-6-iscsi devstack@g-api.service[113086]: DEBUG glance.api.middleware.version_negotiation [None req-fbd852c1-9567-4c42-82dd-bc54122f8af1 tempest-AttachVolumeNegativeTest-1648165012 tempest-AttachVolumeNegativeTest-1648165012-project] Determining version of request: GET /v2/schemas/image Accept: */* {{(pid=113086) process_request /opt/stack/glance/glance/api/middleware/version_negotiation.py:44}}
Oct 31 12:33:09.861851 dv-cinder-796170-6-iscsi devstack@g-api.service[113086]: DEBUG glance.api.middleware.version_negotiation [None req-fbd852c1-9567-4c42-82dd-bc54122f8af1 tempest-AttachVolumeNegativeTest-1648165012 tempest-AttachVolumeNegativeTest-1648165012-project] Using url versioning {{(pid=113086) process_request /opt/stack/glance/glance/api/middleware/version_negotiation.py:57}}
Oct 31 12:33:09.862995 dv-cinder-796170-6-iscsi devstack@g-api.service[113086]: DEBUG glance.api.middleware.version_negotiation [None req-fbd852c1-9567-4c42-82dd-bc54122f8af1 tempest-AttachVolumeNegativeTest-1648165012 tempest-AttachVolumeNegativeTest-1648165012-project] Matched version: v2 {{(pid=113086) process_request /opt/stack/glance/glance/api/middleware/version_negotiation.py:69}}
Oct 31 12:33:09.864844 dv-cinder-796170-6-iscsi devstack@g-api.service[113086]: DEBUG glance.api.middleware.version_negotiation [None req-fbd852c1-9567-4c42-82dd-bc54122f8af1 tempest-AttachVolumeNegativeTest-1648165012 tempest-AttachVolumeNegativeTest-1648165012-project] new path /v2/schemas/image {{(pid=113086) process_request /opt/stack/glance/glance/api/middleware/version_negotiation.py:70}}
Oct 31 12:33:09.874965 dv-cinder-796170-6-iscsi devstack@g-api.service[113086]: [pid: 113086|app: 0|req: 12/21] 127.0.0.1 () {40 vars in 796 bytes} [Mon Oct 31 12:33:09 2022] GET /v2/schemas/image => generated 6083 bytes in 15 msecs (HTTP/1.1 200) 4 headers in 158 bytes (1 switches on core 0)
Oct 31 12:33:10.008059 dv-cinder-796170-6-iscsi devstack@g-api.service[113087]: DEBUG glance.api.middleware.version_negotiation [None req-8ebca387-d2a9-4ce8-96c9-6ef82d17492d tempest-ServerRescueNegativeTestJSON-1357722577 tempest-ServerRescueNegativeTestJSON-1357722577-project] Determining version of request: GET /v2/images/fbbea321-8f0d-4092-b070-b67a6931d610 Accept: */* {{(pid=113087) process_request /opt/stack/glance/glance/api/middleware/version_negotiation.py:44}}
