Oct 31 12:33:24.139443 dv-cinder-796170-6-iscsi devstack@c-api.service[111792]: INFO cinder.api.openstack.wsgi [None req-e6d4db06-c595-4276-a8fd-835e30c80cc3 tempest-VolumeTypesTest-348018768 tempest-VolumeTypesTest-348018768-project-admin] DELETE http://10.222.0.15/volume/v3/685a10b3658849e2b21e61ca1222bda6/types/467222a7-19a3-4f5b-ab27-da4e26ff471e
Oct 31 12:33:24.140582 dv-cinder-796170-6-iscsi devstack@c-api.service[111792]: DEBUG cinder.api.openstack.wsgi [None req-e6d4db06-c595-4276-a8fd-835e30c80cc3 tempest-VolumeTypesTest-348018768 tempest-VolumeTypesTest-348018768-project-admin] Empty body provided in request {{(pid=111792) get_body /opt/stack/cinder/cinder/api/openstack/wsgi.py:715}}
Oct 31 12:33:24.141203 dv-cinder-796170-6-iscsi devstack@c-api.service[111792]: DEBUG cinder.api.openstack.wsgi [None req-e6d4db06-c595-4276-a8fd-835e30c80cc3 tempest-VolumeTypesTest-348018768 tempest-VolumeTypesTest-348018768-project-admin] Calling method '_delete' {{(pid=111792) _process_stack /opt/stack/cinder/cinder/api/openstack/wsgi.py:868}}
Oct 31 12:33:24.165265 dv-cinder-796170-6-iscsi devstack@c-api.service[111793]: DEBUG cinder.api.middleware.request_id [None req-06f00d60-b1b8-45ab-b66d-0b0ad9b44d81 None None] RequestId filter calling following filter/app {{(pid=111793) _context_setter /opt/stack/cinder/cinder/api/middleware/request_id.py:62}}
Oct 31 12:33:24.310358 dv-cinder-796170-6-iscsi devstack@c-api.service[111792]: INFO cinder.api.openstack.wsgi [None req-e6d4db06-c595-4276-a8fd-835e30c80cc3 tempest-VolumeTypesTest-348018768 tempest-VolumeTypesTest-348018768-project-admin] http://10.222.0.15/volume/v3/685a10b3658849e2b21e61ca1222bda6/types/467222a7-19a3-4f5b-ab27-da4e26ff471e returned with HTTP 202
Oct 31 12:33:24.311455 dv-cinder-796170-6-iscsi devstack@c-api.service[111792]: [pid: 111792|app: 0|req: 75/143] 10.222.0.15 () {58 vars in 1322 bytes} [Mon Oct 31 12:33:24 2022] DELETE /volume/v3/685a10b3658849e2b21e61ca1222bda6/types/467222a7-19a3-4f5b-ab27-da4e26ff471e => generated 0 bytes in 187 msecs (HTTP/1.1 202) 6 headers in 233 bytes (1 switches on core 0)
Oct 31 12:33:24.317132 dv-cinder-796170-6-iscsi devstack@c-api.service[111792]: DEBUG cinder.api.middleware.request_id [None req-acd57c94-fe14-4cae-a8ad-47b0557057d9 None None] RequestId filter calling following filter/app {{(pid=111792) _context_setter /opt/stack/cinder/cinder/api/middleware/request_id.py:62}}
Oct 31 12:33:24.326944 dv-cinder-796170-6-iscsi devstack@c-api.service[111792]: INFO cinder.api.openstack.wsgi [None req-acd57c94-fe14-4cae-a8ad-47b0557057d9 tempest-VolumeTypesTest-348018768 tempest-VolumeTypesTest-348018768-project-admin] GET http://10.222.0.15/volume/v3/685a10b3658849e2b21e61ca1222bda6/types/467222a7-19a3-4f5b-ab27-da4e26ff471e
Oct 31 12:33:24.327479 dv-cinder-796170-6-iscsi devstack@c-api.service[111792]: DEBUG cinder.api.openstack.wsgi [None req-acd57c94-fe14-4cae-a8ad-47b0557057d9 tempest-VolumeTypesTest-348018768 tempest-VolumeTypesTest-348018768-project-admin] Empty body provided in request {{(pid=111792) get_body /opt/stack/cinder/cinder/api/openstack/wsgi.py:715}}
Oct 31 12:33:24.327930 dv-cinder-796170-6-iscsi devstack@c-api.service[111792]: DEBUG cinder.api.openstack.wsgi [None req-acd57c94-fe14-4cae-a8ad-47b0557057d9 tempest-VolumeTypesTest-348018768 tempest-VolumeTypesTest-348018768-project-admin] Calling method 'show' {{(pid=111792) _process_stack /opt/stack/cinder/cinder/api/openstack/wsgi.py:868}}
Oct 31 12:33:24.354970 dv-cinder-796170-6-iscsi devstack@c-api.service[111792]: INFO cinder.api.openstack.wsgi [None req-acd57c94-fe14-4cae-a8ad-47b0557057d9 tempest-VolumeTypesTest-348018768 tempest-VolumeTypesTest-348018768-project-admin] http://10.222.0.15/volume/v3/685a10b3658849e2b21e61ca1222bda6/types/467222a7-19a3-4f5b-ab27-da4e26ff471e returned with HTTP 404
Oct 31 12:33:24.356982 dv-cinder-796170-6-iscsi devstack@c-api.service[111792]: [pid: 111792|app: 0|req: 76/144] 10.222.0.15 () {58 vars in 1319 bytes} [Mon Oct 31 12:33:24 2022] GET /volume/v3/685a10b3658849e2b21e61ca1222bda6/types/467222a7-19a3-4f5b-ab27-da4e26ff471e => generated 114 bytes in 41 msecs (HTTP/1.1 404) 7 headers in 292 bytes (1 switches on core 0)
Oct 31 12:33:24.366837 dv-cinder-796170-6-iscsi devstack@c-api.service[111792]: DEBUG cinder.api.middleware.request_id [None req-6abd8d5f-0bc1-4105-9efb-4bb2680241a2 None None] RequestId filter calling following filter/app {{(pid=111792) _context_setter /opt/stack/cinder/cinder/api/middleware/request_id.py:62}}
Oct 31 12:33:24.381927 dv-cinder-796170-6-iscsi devstack@c-api.service[111792]: INFO cinder.api.openstack.wsgi [None req-6abd8d5f-0bc1-4105-9efb-4bb2680241a2 tempest-VolumeTypesTest-348018768 tempest-VolumeTypesTest-348018768-project-admin] DELETE http://10.222.0.15/volume/v3/685a10b3658849e2b21e61ca1222bda6/types/9d15744c-c55e-44d2-ad92-74ded4ec7660
Oct 31 12:33:24.384886 dv-cinder-796170-6-iscsi devstack@c-api.service[111792]: DEBUG cinder.api.openstack.wsgi [None req-6abd8d5f-0bc1-4105-9efb-4bb2680241a2 tempest-VolumeTypesTest-348018768 tempest-VolumeTypesTest-348018768-project-admin] Empty body provided in request {{(pid=111792) get_body /opt/stack/cinder/cinder/api/openstack/wsgi.py:715}}
Oct 31 12:33:24.390001 dv-cinder-796170-6-iscsi devstack@c-api.service[111792]: DEBUG cinder.api.openstack.wsgi [None req-6abd8d5f-0bc1-4105-9efb-4bb2680241a2 tempest-VolumeTypesTest-348018768 tempest-VolumeTypesTest-348018768-project-admin] Calling method '_delete' {{(pid=111792) _process_stack /opt/stack/cinder/cinder/api/openstack/wsgi.py:868}}
Oct 31 12:33:24.458259 dv-cinder-796170-6-iscsi devstack@c-api.service[111793]: INFO cinder.api.openstack.wsgi [None req-06f00d60-b1b8-45ab-b66d-0b0ad9b44d81 tempest-VolumeSnapshotQuotasNegativeTestJSON-277067033 tempest-VolumeSnapshotQuotasNegativeTestJSON-277067033-project-admin] GET http://10.222.0.15/volume/v3/e707c2b2e76f4cdf8f41b4e9863c2e9e/os-quota-sets/ea42f548e2df4e9f8a8e72e4243950d1
Oct 31 12:33:24.458972 dv-cinder-796170-6-iscsi devstack@c-api.service[111793]: DEBUG cinder.api.openstack.wsgi [None req-06f00d60-b1b8-45ab-b66d-0b0ad9b44d81 tempest-VolumeSnapshotQuotasNegativeTestJSON-277067033 tempest-VolumeSnapshotQuotasNegativeTestJSON-277067033-project-admin] Empty body provided in request {{(pid=111793) get_body /opt/stack/cinder/cinder/api/openstack/wsgi.py:715}}
Oct 31 12:33:24.459604 dv-cinder-796170-6-iscsi devstack@c-api.service[111793]: DEBUG cinder.api.openstack.wsgi [None req-06f00d60-b1b8-45ab-b66d-0b0ad9b44d81 tempest-VolumeSnapshotQuotasNegativeTestJSON-277067033 tempest-VolumeSnapshotQuotasNegativeTestJSON-277067033-project-admin] Calling method 'show' {{(pid=111793) _process_stack /opt/stack/cinder/cinder/api/openstack/wsgi.py:868}}
Oct 31 12:33:24.489747 dv-cinder-796170-6-iscsi devstack@c-api.service[111792]: DEBUG dbcounter [-] [111792] Writing DB stats cinder:INSERT=7,cinder:SELECT=86,cinder:UPDATE=7 {{(pid=111792) stat_writer /usr/local/lib/python3.8/dist-packages/dbcounter.py:114}}
Oct 31 12:33:24.508483 dv-cinder-796170-6-iscsi devstack@c-api.service[111793]: WARNING cinder.quota [None req-06f00d60-b1b8-45ab-b66d-0b0ad9b44d81 tempest-VolumeSnapshotQuotasNegativeTestJSON-277067033 tempest-VolumeSnapshotQuotasNegativeTestJSON-277067033-project-admin] Deprecated: Default quota for resource: backups is set by the default quota flag: quota_backups, it is now deprecated. Please use the default quota class for default quota.
Oct 31 12:33:24.510627 dv-cinder-796170-6-iscsi devstack@c-api.service[111793]: WARNING cinder.quota [None req-06f00d60-b1b8-45ab-b66d-0b0ad9b44d81 tempest-VolumeSnapshotQuotasNegativeTestJSON-277067033 tempest-VolumeSnapshotQuotasNegativeTestJSON-277067033-project-admin] Deprecated: Default quota for resource: backup_gigabytes is set by the default quota flag: quota_backup_gigabytes, it is now deprecated. Please use the default quota class for default quota.
Oct 31 12:33:24.515648 dv-cinder-796170-6-iscsi devstack@c-api.service[111793]: WARNING cinder.quota [None req-06f00d60-b1b8-45ab-b66d-0b0ad9b44d81 tempest-VolumeSnapshotQuotasNegativeTestJSON-277067033 tempest-VolumeSnapshotQuotasNegativeTestJSON-277067033-project-admin] Deprecated: Default quota for resource: snapshots_tempest-VolumeTypesTest-volume-type-144775426 is set by the default quota flag: quota_snapshots_tempest-VolumeTypesTest-volume-type-144775426, it is now deprecated. Please use the default quota class for default quota.
Oct 31 12:33:24.517827 dv-cinder-796170-6-iscsi devstack@c-api.service[111793]: WARNING cinder.quota [None req-06f00d60-b1b8-45ab-b66d-0b0ad9b44d81 tempest-VolumeSnapshotQuotasNegativeTestJSON-277067033 tempest-VolumeSnapshotQuotasNegativeTestJSON-277067033-project-admin] Deprecated: Default quota for resource: volumes_lvmdriver-1 is set by the default quota flag: quota_volumes_lvmdriver-1, it is now deprecated. Please use the default quota class for default quota.
Oct 31 12:33:24.519964 dv-cinder-796170-6-iscsi devstack@c-api.service[111792]: INFO cinder.api.openstack.wsgi [None req-6abd8d5f-0bc1-4105-9efb-4bb2680241a2 tempest-VolumeTypesTest-348018768 tempest-VolumeTypesTest-348018768-project-admin] http://10.222.0.15/volume/v3/685a10b3658849e2b21e61ca1222bda6/types/9d15744c-c55e-44d2-ad92-74ded4ec7660 returned with HTTP 202
Oct 31 12:33:24.521283 dv-cinder-796170-6-iscsi devstack@c-api.service[111792]: [pid: 111792|app: 0|req: 77/145] 10.222.0.15 () {58 vars in 1322 bytes} [Mon Oct 31 12:33:24 2022] DELETE /volume/v3/685a10b3658849e2b21e61ca1222bda6/types/9d15744c-c55e-44d2-ad92-74ded4ec7660 => generated 0 bytes in 159 msecs (HTTP/1.1 202) 6 headers in 233 bytes (1 switches on core 0)
Oct 31 12:33:24.521519 dv-cinder-796170-6-iscsi devstack@c-api.service[111793]: WARNING cinder.quota [None req-06f00d60-b1b8-45ab-b66d-0b0ad9b44d81 tempest-VolumeSnapshotQuotasNegativeTestJSON-277067033 tempest-VolumeSnapshotQuotasNegativeTestJSON-277067033-project-admin] Deprecated: Default quota for resource: gigabytes_lvmdriver-1 is set by the default quota flag: quota_gigabytes_lvmdriver-1, it is now deprecated. Please use the default quota class for default quota.
Oct 31 12:33:24.524173 dv-cinder-796170-6-iscsi devstack@c-api.service[111793]: WARNING cinder.quota [None req-06f00d60-b1b8-45ab-b66d-0b0ad9b44d81 tempest-VolumeSnapshotQuotasNegativeTestJSON-277067033 tempest-VolumeSnapshotQuotasNegativeTestJSON-277067033-project-admin] Deprecated: Default quota for resource: snapshots_lvmdriver-1 is set by the default quota flag: quota_snapshots_lvmdriver-1, it is now deprecated. Please use the default quota class for default quota.
Oct 31 12:33:24.525618 dv-cinder-796170-6-iscsi devstack@c-api.service[111792]: DEBUG cinder.api.middleware.request_id [None req-2a9228ca-61f2-4f41-8df4-8f31e8e30083 None None] RequestId filter calling following filter/app {{(pid=111792) _context_setter /opt/stack/cinder/cinder/api/middleware/request_id.py:62}}
Oct 31 12:33:24.526342 dv-cinder-796170-6-iscsi devstack@c-api.service[111793]: WARNING cinder.quota [None req-06f00d60-b1b8-45ab-b66d-0b0ad9b44d81 tempest-VolumeSnapshotQuotasNegativeTestJSON-277067033 tempest-VolumeSnapshotQuotasNegativeTestJSON-277067033-project-admin] Deprecated: Default quota for resource: snapshots___DEFAULT__ is set by the default quota flag: quota_snapshots___DEFAULT__, it is now deprecated. Please use the default quota class for default quota.
Oct 31 12:33:24.529890 dv-cinder-796170-6-iscsi devstack@c-api.service[111792]: INFO cinder.api.openstack.wsgi [None req-2a9228ca-61f2-4f41-8df4-8f31e8e30083 tempest-VolumeTypesTest-348018768 tempest-VolumeTypesTest-348018768-project-admin] GET http://10.222.0.15/volume/v3/685a10b3658849e2b21e61ca1222bda6/types/9d15744c-c55e-44d2-ad92-74ded4ec7660
Oct 31 12:33:24.530343 dv-cinder-796170-6-iscsi devstack@c-api.service[111792]: DEBUG cinder.api.openstack.wsgi [None req-2a9228ca-61f2-4f41-8df4-8f31e8e30083 tempest-VolumeTypesTest-348018768 tempest-VolumeTypesTest-348018768-project-admin] Empty body provided in request {{(pid=111792) get_body /opt/stack/cinder/cinder/api/openstack/wsgi.py:715}}
Oct 31 12:33:24.530847 dv-cinder-796170-6-iscsi devstack@c-api.service[111792]: DEBUG cinder.api.openstack.wsgi [None req-2a9228ca-61f2-4f41-8df4-8f31e8e30083 tempest-VolumeTypesTest-348018768 tempest-VolumeTypesTest-348018768-project-admin] Calling method 'show' {{(pid=111792) _process_stack /opt/stack/cinder/cinder/api/openstack/wsgi.py:868}}
Oct 31 12:33:24.536973 dv-cinder-796170-6-iscsi devstack@c-api.service[111793]: INFO cinder.api.openstack.wsgi [None req-06f00d60-b1b8-45ab-b66d-0b0ad9b44d81 tempest-VolumeSnapshotQuotasNegativeTestJSON-277067033 tempest-VolumeSnapshotQuotasNegativeTestJSON-277067033-project-admin] http://10.222.0.15/volume/v3/e707c2b2e76f4cdf8f41b4e9863c2e9e/os-quota-sets/ea42f548e2df4e9f8a8e72e4243950d1 returned with HTTP 200
Oct 31 12:33:24.538383 dv-cinder-796170-6-iscsi devstack@c-api.service[111793]: [pid: 111793|app: 0|req: 69/146] 10.222.0.15 () {58 vars in 1331 bytes} [Mon Oct 31 12:33:24 2022] GET /volume/v3/e707c2b2e76f4cdf8f41b4e9863c2e9e/os-quota-sets/ea42f548e2df4e9f8a8e72e4243950d1 => generated 548 bytes in 374 msecs (HTTP/1.1 200) 7 headers in 285 bytes (2 switches on core 0)
Oct 31 12:33:24.547825 dv-cinder-796170-6-iscsi devstack@c-api.service[111792]: INFO cinder.api.openstack.wsgi [None req-2a9228ca-61f2-4f41-8df4-8f31e8e30083 tempest-VolumeTypesTest-348018768 tempest-VolumeTypesTest-348018768-project-admin] http://10.222.0.15/volume/v3/685a10b3658849e2b21e61ca1222bda6/types/9d15744c-c55e-44d2-ad92-74ded4ec7660 returned with HTTP 404
Oct 31 12:33:24.548277 dv-cinder-796170-6-iscsi devstack@c-api.service[111793]: DEBUG cinder.api.middleware.request_id [None req-0d37c859-25bd-455b-96b6-0d4f4baaedf9 None None] RequestId filter calling following filter/app {{(pid=111793) _context_setter /opt/stack/cinder/cinder/api/middleware/request_id.py:62}}
Oct 31 12:33:24.550169 dv-cinder-796170-6-iscsi devstack@c-api.service[111792]: [pid: 111792|app: 0|req: 78/147] 10.222.0.15 () {58 vars in 1319 bytes} [Mon Oct 31 12:33:24 2022] GET /volume/v3/685a10b3658849e2b21e61ca1222bda6/types/9d15744c-c55e-44d2-ad92-74ded4ec7660 => generated 114 bytes in 24 msecs (HTTP/1.1 404) 7 headers in 292 bytes (2 switches on core 0)
Oct 31 12:33:24.586181 dv-cinder-796170-6-iscsi devstack@c-api.service[111793]: INFO cinder.api.openstack.wsgi [None req-0d37c859-25bd-455b-96b6-0d4f4baaedf9 tempest-VolumeSnapshotQuotasNegativeTestJSON-277067033 tempest-VolumeSnapshotQuotasNegativeTestJSON-277067033-project-admin] PUT http://10.222.0.15/volume/v3/e707c2b2e76f4cdf8f41b4e9863c2e9e/os-quota-sets/ea42f548e2df4e9f8a8e72e4243950d1
Oct 31 12:33:24.586181 dv-cinder-796170-6-iscsi devstack@c-api.service[111793]: DEBUG cinder.api.openstack.wsgi [None req-0d37c859-25bd-455b-96b6-0d4f4baaedf9 tempest-VolumeSnapshotQuotasNegativeTestJSON-277067033 tempest-VolumeSnapshotQuotasNegativeTestJSON-277067033-project-admin] Action: 'update', calling method: update, body: {"quota_set": {"gigabytes": 3, "volumes": 1, "snapshots": 1}} {{(pid=111793) _process_stack /opt/stack/cinder/cinder/api/openstack/wsgi.py:866}}
Oct 31 12:33:25.073697 dv-cinder-796170-6-iscsi devstack@c-api.service[111793]: INFO cinder.api.openstack.wsgi [None req-0d37c859-25bd-455b-96b6-0d4f4baaedf9 tempest-VolumeSnapshotQuotasNegativeTestJSON-277067033 tempest-VolumeSnapshotQuotasNegativeTestJSON-277067033-project-admin] http://10.222.0.15/volume/v3/e707c2b2e76f4cdf8f41b4e9863c2e9e/os-quota-sets/ea42f548e2df4e9f8a8e72e4243950d1 returned with HTTP 200
Oct 31 12:33:25.076537 dv-cinder-796170-6-iscsi devstack@c-api.service[111793]: [pid: 111793|app: 0|req: 70/148] 10.222.0.15 () {60 vars in 1351 bytes} [Mon Oct 31 12:33:24 2022] PUT /volume/v3/e707c2b2e76f4cdf8f41b4e9863c2e9e/os-quota-sets/ea42f548e2df4e9f8a8e72e4243950d1 => generated 314 bytes in 530 msecs (HTTP/1.1 200) 7 headers in 285 bytes (1 switches on core 0)
Oct 31 12:33:25.087076 dv-cinder-796170-6-iscsi devstack@c-api.service[111792]: DEBUG cinder.api.middleware.request_id [None req-5fe7308c-f259-4228-a541-9e0f6a17f0cd None None] RequestId filter calling following filter/app {{(pid=111792) _context_setter /opt/stack/cinder/cinder/api/middleware/request_id.py:62}}
Oct 31 12:33:25.512473 dv-cinder-796170-6-iscsi devstack@c-api.service[111792]: INFO cinder.api.openstack.wsgi [None req-5fe7308c-f259-4228-a541-9e0f6a17f0cd tempest-VolumeSnapshotQuotasNegativeTestJSON-963468631 tempest-VolumeSnapshotQuotasNegativeTestJSON-963468631-project] POST http://10.222.0.15/volume/v3/ea42f548e2df4e9f8a8e72e4243950d1/volumes
Oct 31 12:33:25.513158 dv-cinder-796170-6-iscsi devstack@c-api.service[111792]: DEBUG cinder.api.openstack.wsgi [None req-5fe7308c-f259-4228-a541-9e0f6a17f0cd tempest-VolumeSnapshotQuotasNegativeTestJSON-963468631 tempest-VolumeSnapshotQuotasNegativeTestJSON-963468631-project] Action: 'create', calling method: create, body: {"volume": {"size": 1, "name": "tempest-VolumeSnapshotQuotasNegativeTestJSON-Volume-52820668"}} {{(pid=111792) _process_stack /opt/stack/cinder/cinder/api/openstack/wsgi.py:866}}
Oct 31 12:33:25.516332 dv-cinder-796170-6-iscsi devstack@c-api.service[111792]: DEBUG cinder.api.v3.volumes [None req-5fe7308c-f259-4228-a541-9e0f6a17f0cd tempest-VolumeSnapshotQuotasNegativeTestJSON-963468631 tempest-VolumeSnapshotQuotasNegativeTestJSON-963468631-project] Create volume request body: {'volume': {'size': 1, 'name': 'tempest-VolumeSnapshotQuotasNegativeTestJSON-Volume-52820668'}} {{(pid=111792) create /opt/stack/cinder/cinder/api/v3/volumes.py:298}}
Oct 31 12:33:25.516818 dv-cinder-796170-6-iscsi devstack@c-api.service[111792]: INFO cinder.api.v3.volumes [None req-5fe7308c-f259-4228-a541-9e0f6a17f0cd tempest-VolumeSnapshotQuotasNegativeTestJSON-963468631 tempest-VolumeSnapshotQuotasNegativeTestJSON-963468631-project] Create volume of 1 GB
Oct 31 12:33:25.534268 dv-cinder-796170-6-iscsi devstack@c-api.service[111792]: INFO cinder.volume.api [None req-5fe7308c-f259-4228-a541-9e0f6a17f0cd tempest-VolumeSnapshotQuotasNegativeTestJSON-963468631 tempest-VolumeSnapshotQuotasNegativeTestJSON-963468631-project] Availability Zones retrieved successfully.
Oct 31 12:33:25.557979 dv-cinder-796170-6-iscsi devstack@c-api.service[111792]: DEBUG cinder.volume.api [None req-5fe7308c-f259-4228-a541-9e0f6a17f0cd tempest-VolumeSnapshotQuotasNegativeTestJSON-963468631 tempest-VolumeSnapshotQuotasNegativeTestJSON-963468631-project] Flow 'volume_create_api' (a5e74667-db2c-4c4e-869c-10316d245344) transitioned into state 'RUNNING' from state 'PENDING' {{(pid=111792) _flow_receiver /usr/local/lib/python3.8/dist-packages/taskflow/listeners/logging.py:141}}
Oct 31 12:33:25.562135 dv-cinder-796170-6-iscsi devstack@c-api.service[111792]: DEBUG cinder.volume.api [None req-5fe7308c-f259-4228-a541-9e0f6a17f0cd tempest-VolumeSnapshotQuotasNegativeTestJSON-963468631 tempest-VolumeSnapshotQuotasNegativeTestJSON-963468631-project] Task 'cinder.volume.flows.api.create_volume.ExtractVolumeRequestTask;volume:create' (b06d5637-42f0-47c2-889b-8b68eb4e97db) transitioned into state 'RUNNING' from state 'PENDING' {{(pid=111792) _task_receiver /usr/local/lib/python3.8/dist-packages/taskflow/listeners/logging.py:190}}
Oct 31 12:33:25.565882 dv-cinder-796170-6-iscsi devstack@c-api.service[111792]: DEBUG cinder.volume.flows.api.create_volume [None req-5fe7308c-f259-4228-a541-9e0f6a17f0cd tempest-VolumeSnapshotQuotasNegativeTestJSON-963468631 tempest-VolumeSnapshotQuotasNegativeTestJSON-963468631-project] Validating volume size '1' using validate_int {{(pid=111792) _extract_size /opt/stack/cinder/cinder/volume/flows/api/create_volume.py:228}}
Oct 31 12:33:25.617559 dv-cinder-796170-6-iscsi devstack@c-api.service[111792]: DEBUG cinder.volume.api [None req-5fe7308c-f259-4228-a541-9e0f6a17f0cd tempest-VolumeSnapshotQuotasNegativeTestJSON-963468631 tempest-VolumeSnapshotQuotasNegativeTestJSON-963468631-project] Task 'cinder.volume.flows.api.create_volume.ExtractVolumeRequestTask;volume:create' (b06d5637-42f0-47c2-889b-8b68eb4e97db) transitioned into state 'SUCCESS' from state 'RUNNING' with result '{'size': 1, 'snapshot_id': None, 'source_volid': None, 'volume_type': VolumeType(created_at=2022-10-31T12:23:13Z,deleted=False,deleted_at=None,description='Default Volume Type',extra_specs={},id=abe4a51f-22a9-4e67-986b-2071f5a72f00,is_public=True,name='__DEFAULT__',projects=[],qos_specs=,qos_specs_id=None,updated_at=2022-10-31T12:23:13Z), 'volume_type_id': 'abe4a51f-22a9-4e67-986b-2071f5a72f00', 'encryption_key_id': None, 'qos_specs': None, 'consistencygroup_id': None, 'cgsnapshot_id': None, 'group_id': None, 'replication_status': 'disabled', 'refresh_az': False, 'backup_id': None, 'multiattach': False, 'availability_zones': ['nova']}' {{(pid=111792) _task_receiver /usr/local/lib/python3.8/dist-packages/taskflow/listeners/logging.py:178}}
Oct 31 12:33:25.639025 dv-cinder-796170-6-iscsi devstack@c-api.service[111792]: DEBUG cinder.volume.api [None req-5fe7308c-f259-4228-a541-9e0f6a17f0cd tempest-VolumeSnapshotQuotasNegativeTestJSON-963468631 tempest-VolumeSnapshotQuotasNegativeTestJSON-963468631-project] Task 'cinder.volume.flows.api.create_volume.QuotaReserveTask;volume:create' (dcd7120b-7fee-4c22-8f44-4e03629874cf) transitioned into state 'RUNNING' from state 'PENDING' {{(pid=111792) _task_receiver /usr/local/lib/python3.8/dist-packages/taskflow/listeners/logging.py:190}}
Oct 31 12:33:25.684333 dv-cinder-796170-6-iscsi devstack@c-api.service[111792]: WARNING cinder.quota [None req-5fe7308c-f259-4228-a541-9e0f6a17f0cd tempest-VolumeSnapshotQuotasNegativeTestJSON-963468631 tempest-VolumeSnapshotQuotasNegativeTestJSON-963468631-project] Deprecated: Default quota for resource: volumes___DEFAULT__ is set by the default quota flag: quota_volumes___DEFAULT__, it is now deprecated. Please use the default quota class for default quota.
Oct 31 12:33:25.685929 dv-cinder-796170-6-iscsi devstack@c-api.service[111792]: WARNING cinder.quota [None req-5fe7308c-f259-4228-a541-9e0f6a17f0cd tempest-VolumeSnapshotQuotasNegativeTestJSON-963468631 tempest-VolumeSnapshotQuotasNegativeTestJSON-963468631-project] Deprecated: Default quota for resource: gigabytes___DEFAULT__ is set by the default quota flag: quota_gigabytes___DEFAULT__, it is now deprecated. Please use the default quota class for default quota.
Oct 31 12:33:25.807232 dv-cinder-796170-6-iscsi devstack@c-api.service[111792]: DEBUG cinder.quota [None req-5fe7308c-f259-4228-a541-9e0f6a17f0cd tempest-VolumeSnapshotQuotasNegativeTestJSON-963468631 tempest-VolumeSnapshotQuotasNegativeTestJSON-963468631-project] Created reservations ['9317ccea-bcae-4cd0-a035-936e966bc6e2', '1a066e07-32f8-42e6-9da5-2448f9f7c0dd', 'b70f1064-513b-43b9-b0ac-1d02379209ad', 'b75fa4b1-6ba1-4d2d-8adc-7f807d838747'] {{(pid=111792) reserve /opt/stack/cinder/cinder/quota.py:755}}
Oct 31 12:33:25.809407 dv-cinder-796170-6-iscsi devstack@c-api.service[111792]: DEBUG cinder.volume.api [None req-5fe7308c-f259-4228-a541-9e0f6a17f0cd tempest-VolumeSnapshotQuotasNegativeTestJSON-963468631 tempest-VolumeSnapshotQuotasNegativeTestJSON-963468631-project] Task 'cinder.volume.flows.api.create_volume.QuotaReserveTask;volume:create' (dcd7120b-7fee-4c22-8f44-4e03629874cf) transitioned into state 'SUCCESS' from state 'RUNNING' with result '{'reservations': ['9317ccea-bcae-4cd0-a035-936e966bc6e2', '1a066e07-32f8-42e6-9da5-2448f9f7c0dd', 'b70f1064-513b-43b9-b0ac-1d02379209ad', 'b75fa4b1-6ba1-4d2d-8adc-7f807d838747']}' {{(pid=111792) _task_receiver /usr/local/lib/python3.8/dist-packages/taskflow/listeners/logging.py:178}}
Oct 31 12:33:25.812113 dv-cinder-796170-6-iscsi devstack@c-api.service[111792]: DEBUG cinder.volume.api [None req-5fe7308c-f259-4228-a541-9e0f6a17f0cd tempest-VolumeSnapshotQuotasNegativeTestJSON-963468631 tempest-VolumeSnapshotQuotasNegativeTestJSON-963468631-project] Task 'cinder.volume.flows.api.create_volume.EntryCreateTask;volume:create' (7e848cae-f137-40c9-877e-4d0521ba5417) transitioned into state 'RUNNING' from state 'PENDING' {{(pid=111792) _task_receiver /usr/local/lib/python3.8/dist-packages/taskflow/listeners/logging.py:190}}
Oct 31 12:33:25.849311 dv-cinder-796170-6-iscsi devstack@c-api.service[111792]: DEBUG cinder.volume.api [None req-5fe7308c-f259-4228-a541-9e0f6a17f0cd tempest-VolumeSnapshotQuotasNegativeTestJSON-963468631 tempest-VolumeSnapshotQuotasNegativeTestJSON-963468631-project] Task 'cinder.volume.flows.api.create_volume.EntryCreateTask;volume:create' (7e848cae-f137-40c9-877e-4d0521ba5417) transitioned into state 'SUCCESS' from state 'RUNNING' with result '{'volume_id': 'c3b74b10-d827-4408-89de-833c0450069d', 'volume_properties': VolumeProperties(attach_status='detached',availability_zone='nova',cgsnapshot_id=None,consistencygroup_id=None,display_description=None,display_name='tempest-VolumeSnapshotQuotasNegativeTestJSON-Volume-52820668',encryption_key_id=None,group_id=None,group_type_id=,metadata={},multiattach=False,project_id='ea42f548e2df4e9f8a8e72e4243950d1',qos_specs=None,replication_status=,reservations=['9317ccea-bcae-4cd0-a035-936e966bc6e2','1a066e07-32f8-42e6-9da5-2448f9f7c0dd','b70f1064-513b-43b9-b0ac-1d02379209ad','b75fa4b1-6ba1-4d2d-8adc-7f807d838747'],size=1,snapshot_id=None,source_replicaid=,source_volid=None,status='creating',user_id='5108166ba8d3427c8f7e7fe23fa61881',volume_type_id=abe4a51f-22a9-4e67-986b-2071f5a72f00), 'volume': Volume(_name_id=None,admin_metadata=,attach_status='detached',availability_zone='nova',bootable=False,cluster=,cluster_name=None,consistencygroup=,consistencygroup_id=None,created_at=2022-10-31T12:33:25Z,deleted=False,deleted_at=None,display_description=None,display_name='tempest-VolumeSnapshotQuotasNegativeTestJSON-Volume-52820668',ec2_id=None,encryption_key_id=None,glance_metadata=,group=,group_id=None,host=None,id=c3b74b10-d827-4408-89de-833c0450069d,launched_at=None,metadata={},migration_status=None,multiattach=False,previous_status=None,project_id='ea42f548e2df4e9f8a8e72e4243950d1',provider_auth=None,provider_geometry=None,provider_id=None,provider_location=None,replication_driver_data=None,replication_extended_status=None,replication_status=None,scheduled_at=None,service_uuid=None,shared_targets=True,size=1,snapshot_id=None,snapshots=,source_volid=None,status='creating',terminated_at=None,updated_at=None,use_quota=True,user_id='5108166ba8d3427c8f7e7fe23fa61881',volume_attachment=VolumeAttachmentList,volume_type=VolumeType(abe4a51f-22a9-4e67-986b-2071f5a72f00),volume_type_id=abe4a51f-22a9-4e67-986b-2071f5a72f00)}' {{(pid=111792) _task_receiver /usr/local/lib/python3.8/dist-packages/taskflow/listeners/logging.py:178}}
Oct 31 12:33:25.852688 dv-cinder-796170-6-iscsi devstack@c-api.service[111792]: DEBUG cinder.volume.api [None req-5fe7308c-f259-4228-a541-9e0f6a17f0cd tempest-VolumeSnapshotQuotasNegativeTestJSON-963468631 tempest-VolumeSnapshotQuotasNegativeTestJSON-963468631-project] Task 'cinder.volume.flows.api.create_volume.QuotaCommitTask;volume:create' (d4d78ba4-2478-4e93-b189-b3f75e399b9d) transitioned into state 'RUNNING' from state 'PENDING' {{(pid=111792) _task_receiver /usr/local/lib/python3.8/dist-packages/taskflow/listeners/logging.py:190}}
Oct 31 12:33:25.890168 dv-cinder-796170-6-iscsi devstack@c-api.service[111792]: DEBUG cinder.volume.api [None req-5fe7308c-f259-4228-a541-9e0f6a17f0cd tempest-VolumeSnapshotQuotasNegativeTestJSON-963468631 tempest-VolumeSnapshotQuotasNegativeTestJSON-963468631-project] Task 'cinder.volume.flows.api.create_volume.QuotaCommitTask;volume:create' (d4d78ba4-2478-4e93-b189-b3f75e399b9d) transitioned into state 'SUCCESS' from state 'RUNNING' with result '{'volume_properties': VolumeProperties(attach_status='detached',availability_zone='nova',cgsnapshot_id=None,consistencygroup_id=None,display_description=None,display_name='tempest-VolumeSnapshotQuotasNegativeTestJSON-Volume-52820668',encryption_key_id=None,group_id=None,group_type_id=,metadata={},multiattach=False,project_id='ea42f548e2df4e9f8a8e72e4243950d1',qos_specs=None,replication_status=,reservations=['9317ccea-bcae-4cd0-a035-936e966bc6e2','1a066e07-32f8-42e6-9da5-2448f9f7c0dd','b70f1064-513b-43b9-b0ac-1d02379209ad','b75fa4b1-6ba1-4d2d-8adc-7f807d838747'],size=1,snapshot_id=None,source_replicaid=,source_volid=None,status='creating',user_id='5108166ba8d3427c8f7e7fe23fa61881',volume_type_id=abe4a51f-22a9-4e67-986b-2071f5a72f00)}' {{(pid=111792) _task_receiver /usr/local/lib/python3.8/dist-packages/taskflow/listeners/logging.py:178}}
Oct 31 12:33:25.895868 dv-cinder-796170-6-iscsi devstack@c-api.service[111792]: DEBUG cinder.volume.api [None req-5fe7308c-f259-4228-a541-9e0f6a17f0cd tempest-VolumeSnapshotQuotasNegativeTestJSON-963468631 tempest-VolumeSnapshotQuotasNegativeTestJSON-963468631-project] Task 'cinder.volume.flows.api.create_volume.VolumeCastTask;volume:create' (fd11a293-0d86-45ba-abc9-73725dbde68c) transitioned into state 'RUNNING' from state 'PENDING' {{(pid=111792) _task_receiver /usr/local/lib/python3.8/dist-packages/taskflow/listeners/logging.py:190}}
Oct 31 12:33:25.937740 dv-cinder-796170-6-iscsi devstack@c-api.service[111792]: DEBUG cinder.volume.api [None req-5fe7308c-f259-4228-a541-9e0f6a17f0cd tempest-VolumeSnapshotQuotasNegativeTestJSON-963468631 tempest-VolumeSnapshotQuotasNegativeTestJSON-963468631-project] Task 'cinder.volume.flows.api.create_volume.VolumeCastTask;volume:create' (fd11a293-0d86-45ba-abc9-73725dbde68c) transitioned into state 'SUCCESS' from state 'RUNNING' with result 'None' {{(pid=111792) _task_receiver /usr/local/lib/python3.8/dist-packages/taskflow/listeners/logging.py:178}}
Oct 31 12:33:25.947888 dv-cinder-796170-6-iscsi devstack@c-api.service[111792]: DEBUG cinder.volume.api [None req-5fe7308c-f259-4228-a541-9e0f6a17f0cd tempest-VolumeSnapshotQuotasNegativeTestJSON-963468631 tempest-VolumeSnapshotQuotasNegativeTestJSON-963468631-project] Flow 'volume_create_api' (a5e74667-db2c-4c4e-869c-10316d245344) transitioned into state 'SUCCESS' from state 'RUNNING' {{(pid=111792) _flow_receiver /usr/local/lib/python3.8/dist-packages/taskflow/listeners/logging.py:141}}
Oct 31 12:33:25.948884 dv-cinder-796170-6-iscsi devstack@c-api.service[111792]: INFO cinder.volume.api [None req-5fe7308c-f259-4228-a541-9e0f6a17f0cd tempest-VolumeSnapshotQuotasNegativeTestJSON-963468631 tempest-VolumeSnapshotQuotasNegativeTestJSON-963468631-project] Create volume request issued successfully.
Oct 31 12:33:25.952284 dv-cinder-796170-6-iscsi devstack@c-api.service[111792]: INFO cinder.api.openstack.wsgi [None req-5fe7308c-f259-4228-a541-9e0f6a17f0cd tempest-VolumeSnapshotQuotasNegativeTestJSON-963468631 tempest-VolumeSnapshotQuotasNegativeTestJSON-963468631-project] http://10.222.0.15/volume/v3/ea42f548e2df4e9f8a8e72e4243950d1/volumes returned with HTTP 202
Oct 31 12:33:25.963221 dv-cinder-796170-6-iscsi devstack@c-api.service[111792]: [pid: 111792|app: 0|req: 79/149] 10.222.0.15 () {60 vars in 1235 bytes} [Mon Oct 31 12:33:25 2022] POST /volume/v3/ea42f548e2df4e9f8a8e72e4243950d1/volumes => generated 834 bytes in 869 msecs (HTTP/1.1 202) 7 headers in 291 bytes (1 switches on core 0)
Oct 31 12:33:25.982080 dv-cinder-796170-6-iscsi devstack@c-api.service[111793]: DEBUG cinder.api.middleware.request_id [None req-951fd55d-3093-48cb-9304-f5eeb6758803 None None] RequestId filter calling following filter/app {{(pid=111793) _context_setter /opt/stack/cinder/cinder/api/middleware/request_id.py:62}}
Oct 31 12:33:25.987980 dv-cinder-796170-6-iscsi devstack@c-api.service[111793]: INFO cinder.api.openstack.wsgi [None req-951fd55d-3093-48cb-9304-f5eeb6758803 tempest-VolumeSnapshotQuotasNegativeTestJSON-963468631 tempest-VolumeSnapshotQuotasNegativeTestJSON-963468631-project] GET http://10.222.0.15/volume/v3/ea42f548e2df4e9f8a8e72e4243950d1/volumes/c3b74b10-d827-4408-89de-833c0450069d
Oct 31 12:33:25.989270 dv-cinder-796170-6-iscsi devstack@c-api.service[111793]: DEBUG cinder.api.openstack.wsgi [None req-951fd55d-3093-48cb-9304-f5eeb6758803 tempest-VolumeSnapshotQuotasNegativeTestJSON-963468631 tempest-VolumeSnapshotQuotasNegativeTestJSON-963468631-project] Empty body provided in request {{(pid=111793) get_body /opt/stack/cinder/cinder/api/openstack/wsgi.py:715}}
Oct 31 12:33:25.989768 dv-cinder-796170-6-iscsi devstack@c-api.service[111793]: DEBUG cinder.api.openstack.wsgi [None req-951fd55d-3093-48cb-9304-f5eeb6758803 tempest-VolumeSnapshotQuotasNegativeTestJSON-963468631 tempest-VolumeSnapshotQuotasNegativeTestJSON-963468631-project] Calling method 'show' {{(pid=111793) _process_stack /opt/stack/cinder/cinder/api/openstack/wsgi.py:868}}
Oct 31 12:33:26.025502 dv-cinder-796170-6-iscsi devstack@c-api.service[111793]: /usr/local/lib/python3.8/dist-packages/oslo_context/context.py:100: DeprecationWarning: Policy enforcement is depending on the value of is_admin. This key is deprecated. Please update your policy file to use the standard policy values.
Oct 31 12:33:26.025502 dv-cinder-796170-6-iscsi devstack@c-api.service[111793]: warnings.warn('Policy enforcement is depending on the value of '
Oct 31 12:33:26.051681 dv-cinder-796170-6-iscsi devstack@c-api.service[111793]: INFO cinder.volume.api [None req-951fd55d-3093-48cb-9304-f5eeb6758803 tempest-VolumeSnapshotQuotasNegativeTestJSON-963468631 tempest-VolumeSnapshotQuotasNegativeTestJSON-963468631-project] Volume info retrieved successfully.
Oct 31 12:33:26.069946 dv-cinder-796170-6-iscsi devstack@c-api.service[111793]: INFO cinder.api.openstack.wsgi [None req-951fd55d-3093-48cb-9304-f5eeb6758803 tempest-VolumeSnapshotQuotasNegativeTestJSON-963468631 tempest-VolumeSnapshotQuotasNegativeTestJSON-963468631-project] http://10.222.0.15/volume/v3/ea42f548e2df4e9f8a8e72e4243950d1/volumes/c3b74b10-d827-4408-89de-833c0450069d returned with HTTP 200
Oct 31 12:33:26.071469 dv-cinder-796170-6-iscsi devstack@c-api.service[111793]: [pid: 111793|app: 0|req: 71/150] 10.222.0.15 () {58 vars in 1325 bytes} [Mon Oct 31 12:33:25 2022] GET /volume/v3/ea42f548e2df4e9f8a8e72e4243950d1/volumes/c3b74b10-d827-4408-89de-833c0450069d => generated 902 bytes in 91 msecs (HTTP/1.1 200) 7 headers in 285 bytes (1 switches on core 0)
Oct 31 12:33:27.089644 dv-cinder-796170-6-iscsi devstack@c-api.service[111792]: DEBUG cinder.api.middleware.request_id [None req-42632385-325a-484a-92ce-8bb680ad45b5 None None] RequestId filter calling following filter/app {{(pid=111792) _context_setter /opt/stack/cinder/cinder/api/middleware/request_id.py:62}}
Oct 31 12:33:27.095028 dv-cinder-796170-6-iscsi devstack@c-api.service[111792]: INFO cinder.api.openstack.wsgi [None req-42632385-325a-484a-92ce-8bb680ad45b5 tempest-VolumeSnapshotQuotasNegativeTestJSON-963468631 tempest-VolumeSnapshotQuotasNegativeTestJSON-963468631-project] GET http://10.222.0.15/volume/v3/ea42f548e2df4e9f8a8e72e4243950d1/volumes/c3b74b10-d827-4408-89de-833c0450069d
Oct 31 12:33:27.100664 dv-cinder-796170-6-iscsi devstack@c-api.service[111792]: DEBUG cinder.api.openstack.wsgi [None req-42632385-325a-484a-92ce-8bb680ad45b5 tempest-VolumeSnapshotQuotasNegativeTestJSON-963468631 tempest-VolumeSnapshotQuotasNegativeTestJSON-963468631-project] Empty body provided in request {{(pid=111792) get_body /opt/stack/cinder/cinder/api/openstack/wsgi.py:715}}
Oct 31 12:33:27.101171 dv-cinder-796170-6-iscsi devstack@c-api.service[111792]: DEBUG cinder.api.openstack.wsgi [None req-42632385-325a-484a-92ce-8bb680ad45b5 tempest-VolumeSnapshotQuotasNegativeTestJSON-963468631 tempest-VolumeSnapshotQuotasNegativeTestJSON-963468631-project] Calling method 'show' {{(pid=111792) _process_stack /opt/stack/cinder/cinder/api/openstack/wsgi.py:868}}
Oct 31 12:33:27.130023 dv-cinder-796170-6-iscsi devstack@c-api.service[111792]: /usr/local/lib/python3.8/dist-packages/oslo_context/context.py:100: DeprecationWarning: Policy enforcement is depending on the value of is_admin. This key is deprecated. Please update your policy file to use the standard policy values.
Oct 31 12:33:27.130023 dv-cinder-796170-6-iscsi devstack@c-api.service[111792]: warnings.warn('Policy enforcement is depending on the value of '
Oct 31 12:33:27.148574 dv-cinder-796170-6-iscsi devstack@c-api.service[111792]: INFO cinder.volume.api [None req-42632385-325a-484a-92ce-8bb680ad45b5 tempest-VolumeSnapshotQuotasNegativeTestJSON-963468631 tempest-VolumeSnapshotQuotasNegativeTestJSON-963468631-project] Volume info retrieved successfully.
Oct 31 12:33:27.167977 dv-cinder-796170-6-iscsi devstack@c-api.service[111792]: INFO cinder.api.openstack.wsgi [None req-42632385-325a-484a-92ce-8bb680ad45b5 tempest-VolumeSnapshotQuotasNegativeTestJSON-963468631 tempest-VolumeSnapshotQuotasNegativeTestJSON-963468631-project] http://10.222.0.15/volume/v3/ea42f548e2df4e9f8a8e72e4243950d1/volumes/c3b74b10-d827-4408-89de-833c0450069d returned with HTTP 200
Oct 31 12:33:27.170129 dv-cinder-796170-6-iscsi devstack@c-api.service[111792]: [pid: 111792|app: 0|req: 80/151] 10.222.0.15 () {58 vars in 1325 bytes} [Mon Oct 31 12:33:27 2022] GET /volume/v3/ea42f548e2df4e9f8a8e72e4243950d1/volumes/c3b74b10-d827-4408-89de-833c0450069d => generated 927 bytes in 82 msecs (HTTP/1.1 200) 7 headers in 285 bytes (1 switches on core 0)
Oct 31 12:33:27.187678 dv-cinder-796170-6-iscsi devstack@c-api.service[111793]: DEBUG cinder.api.middleware.request_id [None req-794b454e-d809-4484-b274-06816b18482e None None] RequestId filter calling following filter/app {{(pid=111793) _context_setter /opt/stack/cinder/cinder/api/middleware/request_id.py:62}}
Oct 31 12:33:27.191766 dv-cinder-796170-6-iscsi devstack@c-api.service[111793]: INFO cinder.api.openstack.wsgi [None req-794b454e-d809-4484-b274-06816b18482e tempest-VolumeSnapshotQuotasNegativeTestJSON-963468631 tempest-VolumeSnapshotQuotasNegativeTestJSON-963468631-project] POST http://10.222.0.15/volume/v3/ea42f548e2df4e9f8a8e72e4243950d1/snapshots
Oct 31 12:33:27.192475 dv-cinder-796170-6-iscsi devstack@c-api.service[111793]: DEBUG cinder.api.openstack.wsgi [None req-794b454e-d809-4484-b274-06816b18482e tempest-VolumeSnapshotQuotasNegativeTestJSON-963468631 tempest-VolumeSnapshotQuotasNegativeTestJSON-963468631-project] Action: 'create', calling method: create, body: {"snapshot": {"volume_id": "c3b74b10-d827-4408-89de-833c0450069d", "name": "tempest-VolumeSnapshotQuotasNegativeTestJSON-Snapshot-319273994"}} {{(pid=111793) _process_stack /opt/stack/cinder/cinder/api/openstack/wsgi.py:866}}
Oct 31 12:33:27.209583 dv-cinder-796170-6-iscsi devstack@c-api.service[111793]: /usr/local/lib/python3.8/dist-packages/oslo_context/context.py:100: DeprecationWarning: Policy enforcement is depending on the value of is_admin. This key is deprecated. Please update your policy file to use the standard policy values.
Oct 31 12:33:27.209583 dv-cinder-796170-6-iscsi devstack@c-api.service[111793]: warnings.warn('Policy enforcement is depending on the value of '
Oct 31 12:33:27.210621 dv-cinder-796170-6-iscsi devstack@c-api.service[111793]: INFO cinder.volume.api [None req-794b454e-d809-4484-b274-06816b18482e tempest-VolumeSnapshotQuotasNegativeTestJSON-963468631 tempest-VolumeSnapshotQuotasNegativeTestJSON-963468631-project] Volume info retrieved successfully.
Oct 31 12:33:27.210921 dv-cinder-796170-6-iscsi devstack@c-api.service[111793]: INFO cinder.api.v3.snapshots [None req-794b454e-d809-4484-b274-06816b18482e tempest-VolumeSnapshotQuotasNegativeTestJSON-963468631 tempest-VolumeSnapshotQuotasNegativeTestJSON-963468631-project] Create snapshot from volume c3b74b10-d827-4408-89de-833c0450069d
Oct 31 12:33:27.289038 dv-cinder-796170-6-iscsi devstack@c-api.service[111793]: DEBUG dbcounter [-] [111793] Writing DB stats cinder:SELECT=82,cinder:UPDATE=8,cinder:INSERT=10 {{(pid=111793) stat_writer /usr/local/lib/python3.8/dist-packages/dbcounter.py:114}}
Oct 31 12:33:27.296818 dv-cinder-796170-6-iscsi devstack@c-api.service[111793]: DEBUG cinder.quota [None req-794b454e-d809-4484-b274-06816b18482e tempest-VolumeSnapshotQuotasNegativeTestJSON-963468631 tempest-VolumeSnapshotQuotasNegativeTestJSON-963468631-project] Created reservations ['8645c1eb-dd46-41b9-9473-4e345844474d', '64cf8e98-0241-4ea1-ab8f-2d384d6696a8', '08bcc444-7340-4e39-98ba-884d6091798d', 'dad39424-3ea8-4647-a7cb-b9d2a3c27744'] {{(pid=111793) reserve /opt/stack/cinder/cinder/quota.py:755}}
Oct 31 12:33:27.436111 dv-cinder-796170-6-iscsi devstack@c-api.service[111793]: INFO cinder.volume.api [None req-794b454e-d809-4484-b274-06816b18482e tempest-VolumeSnapshotQuotasNegativeTestJSON-963468631 tempest-VolumeSnapshotQuotasNegativeTestJSON-963468631-project] Snapshot create request issued successfully.
Oct 31 12:33:27.436965 dv-cinder-796170-6-iscsi devstack@c-api.service[111793]: INFO cinder.api.openstack.wsgi [None req-794b454e-d809-4484-b274-06816b18482e tempest-VolumeSnapshotQuotasNegativeTestJSON-963468631 tempest-VolumeSnapshotQuotasNegativeTestJSON-963468631-project] http://10.222.0.15/volume/v3/ea42f548e2df4e9f8a8e72e4243950d1/snapshots returned with HTTP 202
Oct 31 12:33:27.437762 dv-cinder-796170-6-iscsi devstack@c-api.service[111793]: [pid: 111793|app: 0|req: 72/152] 10.222.0.15 () {60 vars in 1242 bytes} [Mon Oct 31 12:33:27 2022] POST /volume/v3/ea42f548e2df4e9f8a8e72e4243950d1/snapshots => generated 322 bytes in 251 msecs (HTTP/1.1 202) 7 headers in 291 bytes (1 switches on core 0)
Oct 31 12:33:27.446296 dv-cinder-796170-6-iscsi devstack@c-api.service[111792]: DEBUG cinder.api.middleware.request_id [None req-c785103e-6427-49e4-af8f-c6ff469b4670 None None] RequestId filter calling following filter/app {{(pid=111792) _context_setter /opt/stack/cinder/cinder/api/middleware/request_id.py:62}}
Oct 31 12:33:27.450536 dv-cinder-796170-6-iscsi devstack@c-api.service[111792]: INFO cinder.api.openstack.wsgi [None req-c785103e-6427-49e4-af8f-c6ff469b4670 tempest-VolumeSnapshotQuotasNegativeTestJSON-963468631 tempest-VolumeSnapshotQuotasNegativeTestJSON-963468631-project] GET http://10.222.0.15/volume/v3/ea42f548e2df4e9f8a8e72e4243950d1/snapshots/8b8e739f-4681-40c7-9587-3799d937ad5e
Oct 31 12:33:27.451102 dv-cinder-796170-6-iscsi devstack@c-api.service[111792]: DEBUG cinder.api.openstack.wsgi [None req-c785103e-6427-49e4-af8f-c6ff469b4670 tempest-VolumeSnapshotQuotasNegativeTestJSON-963468631 tempest-VolumeSnapshotQuotasNegativeTestJSON-963468631-project] Empty body provided in request {{(pid=111792) get_body /opt/stack/cinder/cinder/api/openstack/wsgi.py:715}}
Oct 31 12:33:27.451822 dv-cinder-796170-6-iscsi devstack@c-api.service[111792]: DEBUG cinder.api.openstack.wsgi [None req-c785103e-6427-49e4-af8f-c6ff469b4670 tempest-VolumeSnapshotQuotasNegativeTestJSON-963468631 tempest-VolumeSnapshotQuotasNegativeTestJSON-963468631-project] Calling method 'show' {{(pid=111792) _process_stack /opt/stack/cinder/cinder/api/openstack/wsgi.py:868}}
Oct 31 12:33:27.495483 dv-cinder-796170-6-iscsi devstack@c-api.service[111792]: /usr/local/lib/python3.8/dist-packages/oslo_context/context.py:100: DeprecationWarning: Policy enforcement is depending on the value of is_admin. This key is deprecated. Please update your policy file to use the standard policy values.
Oct 31 12:33:27.495483 dv-cinder-796170-6-iscsi devstack@c-api.service[111792]: warnings.warn('Policy enforcement is depending on the value of '
Oct 31 12:33:27.497032 dv-cinder-796170-6-iscsi devstack@c-api.service[111792]: INFO cinder.volume.api [None req-c785103e-6427-49e4-af8f-c6ff469b4670 tempest-VolumeSnapshotQuotasNegativeTestJSON-963468631 tempest-VolumeSnapshotQuotasNegativeTestJSON-963468631-project] Snapshot retrieved successfully.
Oct 31 12:33:27.499274 dv-cinder-796170-6-iscsi devstack@c-api.service[111792]: INFO cinder.api.openstack.wsgi [None req-c785103e-6427-49e4-af8f-c6ff469b4670 tempest-VolumeSnapshotQuotasNegativeTestJSON-963468631 tempest-VolumeSnapshotQuotasNegativeTestJSON-963468631-project] http://10.222.0.15/volume/v3/ea42f548e2df4e9f8a8e72e4243950d1/snapshots/8b8e739f-4681-40c7-9587-3799d937ad5e returned with HTTP 200
Oct 31 12:33:27.500858 dv-cinder-796170-6-iscsi devstack@c-api.service[111792]: [pid: 111792|app: 0|req: 81/153] 10.222.0.15 () {58 vars in 1331 bytes} [Mon Oct 31 12:33:27 2022] GET /volume/v3/ea42f548e2df4e9f8a8e72e4243950d1/snapshots/8b8e739f-4681-40c7-9587-3799d937ad5e => generated 454 bytes in 55 msecs (HTTP/1.1 200) 7 headers in 285 bytes (1 switches on core 0)
Oct 31 12:33:27.779695 dv-cinder-796170-6-iscsi devstack@c-api.service[111793]: DEBUG cinder.api.middleware.request_id [None req-1d342110-acf0-4bef-9dd2-2b7736b7960c None None] RequestId filter calling following filter/app {{(pid=111793) _context_setter /opt/stack/cinder/cinder/api/middleware/request_id.py:62}}
Oct 31 12:33:28.059701 dv-cinder-796170-6-iscsi devstack@c-api.service[111793]: INFO cinder.api.openstack.wsgi [None req-1d342110-acf0-4bef-9dd2-2b7736b7960c tempest-AvailabilityZoneTestJSON-1714991752 tempest-AvailabilityZoneTestJSON-1714991752-project] GET http://10.222.0.15/volume/v3/d783018f8c854d42a147376a405f2f7f/os-availability-zone
Oct 31 12:33:28.060464 dv-cinder-796170-6-iscsi devstack@c-api.service[111793]: DEBUG cinder.api.openstack.wsgi [None req-1d342110-acf0-4bef-9dd2-2b7736b7960c tempest-AvailabilityZoneTestJSON-1714991752 tempest-AvailabilityZoneTestJSON-1714991752-project] Empty body provided in request {{(pid=111793) get_body /opt/stack/cinder/cinder/api/openstack/wsgi.py:715}}
Oct 31 12:33:28.068627 dv-cinder-796170-6-iscsi devstack@c-api.service[111793]: DEBUG cinder.api.openstack.wsgi [None req-1d342110-acf0-4bef-9dd2-2b7736b7960c tempest-AvailabilityZoneTestJSON-1714991752 tempest-AvailabilityZoneTestJSON-1714991752-project] Calling method 'index' {{(pid=111793) _process_stack /opt/stack/cinder/cinder/api/openstack/wsgi.py:868}}
Oct 31 12:33:28.075510 dv-cinder-796170-6-iscsi devstack@c-api.service[111793]: INFO cinder.volume.api [None req-1d342110-acf0-4bef-9dd2-2b7736b7960c tempest-AvailabilityZoneTestJSON-1714991752 tempest-AvailabilityZoneTestJSON-1714991752-project] Availability Zones retrieved successfully.
Oct 31 12:33:28.076650 dv-cinder-796170-6-iscsi devstack@c-api.service[111793]: INFO cinder.api.openstack.wsgi [None req-1d342110-acf0-4bef-9dd2-2b7736b7960c tempest-AvailabilityZoneTestJSON-1714991752 tempest-AvailabilityZoneTestJSON-1714991752-project] http://10.222.0.15/volume/v3/d783018f8c854d42a147376a405f2f7f/os-availability-zone returned with HTTP 200
Oct 31 12:33:28.082005 dv-cinder-796170-6-iscsi devstack@c-api.service[111793]: [pid: 111793|app: 0|req: 73/154] 10.222.0.15 () {58 vars in 1253 bytes} [Mon Oct 31 12:33:27 2022] GET /volume/v3/d783018f8c854d42a147376a405f2f7f/os-availability-zone => generated 82 bytes in 300 msecs (HTTP/1.1 200) 7 headers in 284 bytes (1 switches on core 0)
Oct 31 12:33:28.510477 dv-cinder-796170-6-iscsi devstack@c-api.service[111792]: DEBUG cinder.api.middleware.request_id [None req-b2b10243-d3c0-4a62-b1ec-76d41c3f90fe None None] RequestId filter calling following filter/app {{(pid=111792) _context_setter /opt/stack/cinder/cinder/api/middleware/request_id.py:62}}
Oct 31 12:33:28.515351 dv-cinder-796170-6-iscsi devstack@c-api.service[111792]: INFO cinder.api.openstack.wsgi [None req-b2b10243-d3c0-4a62-b1ec-76d41c3f90fe tempest-VolumeSnapshotQuotasNegativeTestJSON-963468631 tempest-VolumeSnapshotQuotasNegativeTestJSON-963468631-project] GET http://10.222.0.15/volume/v3/ea42f548e2df4e9f8a8e72e4243950d1/snapshots/8b8e739f-4681-40c7-9587-3799d937ad5e
Oct 31 12:33:28.520489 dv-cinder-796170-6-iscsi devstack@c-api.service[111792]: DEBUG cinder.api.openstack.wsgi [None req-b2b10243-d3c0-4a62-b1ec-76d41c3f90fe tempest-VolumeSnapshotQuotasNegativeTestJSON-963468631 tempest-VolumeSnapshotQuotasNegativeTestJSON-963468631-project] Empty body provided in request {{(pid=111792) get_body /opt/stack/cinder/cinder/api/openstack/wsgi.py:715}}
Oct 31 12:33:28.522585 dv-cinder-796170-6-iscsi devstack@c-api.service[111792]: DEBUG cinder.api.openstack.wsgi [None req-b2b10243-d3c0-4a62-b1ec-76d41c3f90fe tempest-VolumeSnapshotQuotasNegativeTestJSON-963468631 tempest-VolumeSnapshotQuotasNegativeTestJSON-963468631-project] Calling method 'show' {{(pid=111792) _process_stack /opt/stack/cinder/cinder/api/openstack/wsgi.py:868}}
Oct 31 12:33:28.547565 dv-cinder-796170-6-iscsi devstack@c-api.service[111792]: /usr/local/lib/python3.8/dist-packages/oslo_context/context.py:100: DeprecationWarning: Policy enforcement is depending on the value of is_admin. This key is deprecated. Please update your policy file to use the standard policy values.
Oct 31 12:33:28.547565 dv-cinder-796170-6-iscsi devstack@c-api.service[111792]: warnings.warn('Policy enforcement is depending on the value of '
Oct 31 12:33:28.553132 dv-cinder-796170-6-iscsi devstack@c-api.service[111792]: INFO cinder.volume.api [None req-b2b10243-d3c0-4a62-b1ec-76d41c3f90fe tempest-VolumeSnapshotQuotasNegativeTestJSON-963468631 tempest-VolumeSnapshotQuotasNegativeTestJSON-963468631-project] Snapshot retrieved successfully.
Oct 31 12:33:28.555481 dv-cinder-796170-6-iscsi devstack@c-api.service[111792]: INFO cinder.api.openstack.wsgi [None req-b2b10243-d3c0-4a62-b1ec-76d41c3f90fe tempest-VolumeSnapshotQuotasNegativeTestJSON-963468631 tempest-VolumeSnapshotQuotasNegativeTestJSON-963468631-project] http://10.222.0.15/volume/v3/ea42f548e2df4e9f8a8e72e4243950d1/snapshots/8b8e739f-4681-40c7-9587-3799d937ad5e returned with HTTP 200
Oct 31 12:33:28.556230 dv-cinder-796170-6-iscsi devstack@c-api.service[111792]: [pid: 111792|app: 0|req: 82/155] 10.222.0.15 () {58 vars in 1331 bytes} [Mon Oct 31 12:33:28 2022] GET /volume/v3/ea42f548e2df4e9f8a8e72e4243950d1/snapshots/8b8e739f-4681-40c7-9587-3799d937ad5e => generated 454 bytes in 47 msecs (HTTP/1.1 200) 7 headers in 285 bytes (1 switches on core 0)
Oct 31 12:33:29.480950 dv-cinder-796170-6-iscsi devstack@c-api.service[111793]: DEBUG cinder.api.middleware.request_id [None req-441b6991-2b99-42e0-910f-d994a9cc811a None None] RequestId filter calling following filter/app {{(pid=111793) _context_setter /opt/stack/cinder/cinder/api/middleware/request_id.py:62}}
