Oct 31 12:33:16.533927 dv-cinder-796170-6-iscsi devstack@c-api.service[111792]: INFO cinder.api.openstack.wsgi [None req-a3d6b13f-4213-4baa-9dd0-6b6f48a730a9 tempest-VolumeTypesNegativeTest-1312322922 tempest-VolumeTypesNegativeTest-1312322922-project-admin] DELETE http://10.222.0.15/volume/v3/d549fbb3c6bf4014b6fc54ab5b45386d/types/20dcc2ca-e1f9-40ef-8e45-e28499b732fa
Oct 31 12:33:16.534575 dv-cinder-796170-6-iscsi devstack@c-api.service[111792]: DEBUG cinder.api.openstack.wsgi [None req-a3d6b13f-4213-4baa-9dd0-6b6f48a730a9 tempest-VolumeTypesNegativeTest-1312322922 tempest-VolumeTypesNegativeTest-1312322922-project-admin] Empty body provided in request {{(pid=111792) get_body /opt/stack/cinder/cinder/api/openstack/wsgi.py:715}}
Oct 31 12:33:16.548589 dv-cinder-796170-6-iscsi devstack@c-api.service[111792]: DEBUG cinder.api.openstack.wsgi [None req-a3d6b13f-4213-4baa-9dd0-6b6f48a730a9 tempest-VolumeTypesNegativeTest-1312322922 tempest-VolumeTypesNegativeTest-1312322922-project-admin] Calling method '_delete' {{(pid=111792) _process_stack /opt/stack/cinder/cinder/api/openstack/wsgi.py:868}}
Oct 31 12:33:16.587843 dv-cinder-796170-6-iscsi devstack@c-api.service[111792]: INFO cinder.api.openstack.wsgi [None req-a3d6b13f-4213-4baa-9dd0-6b6f48a730a9 tempest-VolumeTypesNegativeTest-1312322922 tempest-VolumeTypesNegativeTest-1312322922-project-admin] http://10.222.0.15/volume/v3/d549fbb3c6bf4014b6fc54ab5b45386d/types/20dcc2ca-e1f9-40ef-8e45-e28499b732fa returned with HTTP 404
Oct 31 12:33:16.590081 dv-cinder-796170-6-iscsi devstack@c-api.service[111792]: [pid: 111792|app: 0|req: 54/106] 10.222.0.15 () {58 vars in 1322 bytes} [Mon Oct 31 12:33:16 2022] DELETE /volume/v3/d549fbb3c6bf4014b6fc54ab5b45386d/types/20dcc2ca-e1f9-40ef-8e45-e28499b732fa => generated 114 bytes in 67 msecs (HTTP/1.1 404) 7 headers in 292 bytes (1 switches on core 0)
Oct 31 12:33:16.594068 dv-cinder-796170-6-iscsi devstack@c-api.service[111793]: INFO cinder.api.openstack.wsgi [None req-cde72f9c-a0fd-4884-a4b8-893982f4a053 tempest-VolumeTypesTest-1012709201 tempest-VolumeTypesTest-1012709201-project] POST http://10.222.0.15/volume/v3/62d591a4cc824393886ced9e459a8002/volumes
Oct 31 12:33:16.594797 dv-cinder-796170-6-iscsi devstack@c-api.service[111793]: DEBUG cinder.api.openstack.wsgi [None req-cde72f9c-a0fd-4884-a4b8-893982f4a053 tempest-VolumeTypesTest-1012709201 tempest-VolumeTypesTest-1012709201-project] Action: 'create', calling method: create, body: {"volume": {"name": "tempest-VolumeTypesTest-volume-1486494813", "volume_type": "9d15744c-c55e-44d2-ad92-74ded4ec7660", "size": 1}} {{(pid=111793) _process_stack /opt/stack/cinder/cinder/api/openstack/wsgi.py:866}}
Oct 31 12:33:16.597883 dv-cinder-796170-6-iscsi devstack@c-api.service[111793]: DEBUG cinder.api.v3.volumes [None req-cde72f9c-a0fd-4884-a4b8-893982f4a053 tempest-VolumeTypesTest-1012709201 tempest-VolumeTypesTest-1012709201-project] Create volume request body: {'volume': {'name': 'tempest-VolumeTypesTest-volume-1486494813', 'volume_type': '9d15744c-c55e-44d2-ad92-74ded4ec7660', 'size': 1}} {{(pid=111793) create /opt/stack/cinder/cinder/api/v3/volumes.py:298}}
Oct 31 12:33:16.599425 dv-cinder-796170-6-iscsi devstack@c-api.service[111792]: DEBUG cinder.api.middleware.request_id [None req-f49bba52-ed09-4040-86f5-3081446cee38 None None] RequestId filter calling following filter/app {{(pid=111792) _context_setter /opt/stack/cinder/cinder/api/middleware/request_id.py:62}}
Oct 31 12:33:16.609414 dv-cinder-796170-6-iscsi devstack@c-api.service[111792]: INFO cinder.api.openstack.wsgi [None req-f49bba52-ed09-4040-86f5-3081446cee38 tempest-VolumeTypesNegativeTest-1312322922 tempest-VolumeTypesNegativeTest-1312322922-project-admin] GET http://10.222.0.15/volume/v3/d549fbb3c6bf4014b6fc54ab5b45386d/types/69d73dc6-6528-47a1-af53-97d96de3a85c
Oct 31 12:33:16.610154 dv-cinder-796170-6-iscsi devstack@c-api.service[111792]: DEBUG cinder.api.openstack.wsgi [None req-f49bba52-ed09-4040-86f5-3081446cee38 tempest-VolumeTypesNegativeTest-1312322922 tempest-VolumeTypesNegativeTest-1312322922-project-admin] Empty body provided in request {{(pid=111792) get_body /opt/stack/cinder/cinder/api/openstack/wsgi.py:715}}
Oct 31 12:33:16.611048 dv-cinder-796170-6-iscsi devstack@c-api.service[111792]: DEBUG cinder.api.openstack.wsgi [None req-f49bba52-ed09-4040-86f5-3081446cee38 tempest-VolumeTypesNegativeTest-1312322922 tempest-VolumeTypesNegativeTest-1312322922-project-admin] Calling method 'show' {{(pid=111792) _process_stack /opt/stack/cinder/cinder/api/openstack/wsgi.py:868}}
Oct 31 12:33:16.618312 dv-cinder-796170-6-iscsi devstack@c-api.service[111793]: INFO cinder.api.v3.volumes [None req-cde72f9c-a0fd-4884-a4b8-893982f4a053 tempest-VolumeTypesTest-1012709201 tempest-VolumeTypesTest-1012709201-project] Create volume of 1 GB
Oct 31 12:33:16.618929 dv-cinder-796170-6-iscsi devstack@c-api.service[111793]: /usr/local/lib/python3.8/dist-packages/oslo_context/context.py:100: DeprecationWarning: Policy enforcement is depending on the value of is_admin. This key is deprecated. Please update your policy file to use the standard policy values.
Oct 31 12:33:16.618929 dv-cinder-796170-6-iscsi devstack@c-api.service[111793]: warnings.warn('Policy enforcement is depending on the value of '
Oct 31 12:33:16.622193 dv-cinder-796170-6-iscsi devstack@c-api.service[111793]: INFO cinder.volume.api [None req-cde72f9c-a0fd-4884-a4b8-893982f4a053 tempest-VolumeTypesTest-1012709201 tempest-VolumeTypesTest-1012709201-project] Availability Zones retrieved successfully.
Oct 31 12:33:16.626477 dv-cinder-796170-6-iscsi devstack@c-api.service[111792]: INFO cinder.api.openstack.wsgi [None req-f49bba52-ed09-4040-86f5-3081446cee38 tempest-VolumeTypesNegativeTest-1312322922 tempest-VolumeTypesNegativeTest-1312322922-project-admin] http://10.222.0.15/volume/v3/d549fbb3c6bf4014b6fc54ab5b45386d/types/69d73dc6-6528-47a1-af53-97d96de3a85c returned with HTTP 404
Oct 31 12:33:16.635443 dv-cinder-796170-6-iscsi devstack@c-api.service[111792]: [pid: 111792|app: 0|req: 55/107] 10.222.0.15 () {58 vars in 1319 bytes} [Mon Oct 31 12:33:16 2022] GET /volume/v3/d549fbb3c6bf4014b6fc54ab5b45386d/types/69d73dc6-6528-47a1-af53-97d96de3a85c => generated 114 bytes in 34 msecs (HTTP/1.1 404) 7 headers in 292 bytes (1 switches on core 0)
Oct 31 12:33:16.640473 dv-cinder-796170-6-iscsi devstack@c-api.service[111792]: DEBUG cinder.api.middleware.request_id [None req-687bdcd9-df5d-416e-88af-9095a02d3d0c None None] RequestId filter calling following filter/app {{(pid=111792) _context_setter /opt/stack/cinder/cinder/api/middleware/request_id.py:62}}
Oct 31 12:33:16.649396 dv-cinder-796170-6-iscsi devstack@c-api.service[111792]: INFO cinder.api.openstack.wsgi [None req-687bdcd9-df5d-416e-88af-9095a02d3d0c tempest-VolumeTypesNegativeTest-1312322922 tempest-VolumeTypesNegativeTest-1312322922-project-admin] DELETE http://10.222.0.15/volume/v3/d549fbb3c6bf4014b6fc54ab5b45386d/types/cd1bc6e2-2e03-404e-ae28-d674929581ef
Oct 31 12:33:16.650140 dv-cinder-796170-6-iscsi devstack@c-api.service[111792]: DEBUG cinder.api.openstack.wsgi [None req-687bdcd9-df5d-416e-88af-9095a02d3d0c tempest-VolumeTypesNegativeTest-1312322922 tempest-VolumeTypesNegativeTest-1312322922-project-admin] Empty body provided in request {{(pid=111792) get_body /opt/stack/cinder/cinder/api/openstack/wsgi.py:715}}
Oct 31 12:33:16.650885 dv-cinder-796170-6-iscsi devstack@c-api.service[111792]: DEBUG cinder.api.openstack.wsgi [None req-687bdcd9-df5d-416e-88af-9095a02d3d0c tempest-VolumeTypesNegativeTest-1312322922 tempest-VolumeTypesNegativeTest-1312322922-project-admin] Calling method '_delete' {{(pid=111792) _process_stack /opt/stack/cinder/cinder/api/openstack/wsgi.py:868}}
Oct 31 12:33:16.682336 dv-cinder-796170-6-iscsi devstack@c-api.service[111793]: DEBUG cinder.volume.api [None req-cde72f9c-a0fd-4884-a4b8-893982f4a053 tempest-VolumeTypesTest-1012709201 tempest-VolumeTypesTest-1012709201-project] Flow 'volume_create_api' (5debd492-0103-470a-bfa0-6c60878bf777) transitioned into state 'RUNNING' from state 'PENDING' {{(pid=111793) _flow_receiver /usr/local/lib/python3.8/dist-packages/taskflow/listeners/logging.py:141}}
Oct 31 12:33:16.703562 dv-cinder-796170-6-iscsi devstack@c-api.service[111793]: DEBUG cinder.volume.api [None req-cde72f9c-a0fd-4884-a4b8-893982f4a053 tempest-VolumeTypesTest-1012709201 tempest-VolumeTypesTest-1012709201-project] Task 'cinder.volume.flows.api.create_volume.ExtractVolumeRequestTask;volume:create' (c2ae5275-6c88-4733-9e6a-718219b6638a) transitioned into state 'RUNNING' from state 'PENDING' {{(pid=111793) _task_receiver /usr/local/lib/python3.8/dist-packages/taskflow/listeners/logging.py:190}}
Oct 31 12:33:16.707422 dv-cinder-796170-6-iscsi devstack@c-api.service[111793]: DEBUG cinder.volume.flows.api.create_volume [None req-cde72f9c-a0fd-4884-a4b8-893982f4a053 tempest-VolumeTypesTest-1012709201 tempest-VolumeTypesTest-1012709201-project] Validating volume size '1' using validate_int {{(pid=111793) _extract_size /opt/stack/cinder/cinder/volume/flows/api/create_volume.py:228}}
Oct 31 12:33:16.768543 dv-cinder-796170-6-iscsi devstack@c-api.service[111792]: INFO cinder.api.openstack.wsgi [None req-687bdcd9-df5d-416e-88af-9095a02d3d0c tempest-VolumeTypesNegativeTest-1312322922 tempest-VolumeTypesNegativeTest-1312322922-project-admin] http://10.222.0.15/volume/v3/d549fbb3c6bf4014b6fc54ab5b45386d/types/cd1bc6e2-2e03-404e-ae28-d674929581ef returned with HTTP 202
Oct 31 12:33:16.770117 dv-cinder-796170-6-iscsi devstack@c-api.service[111792]: [pid: 111792|app: 0|req: 56/108] 10.222.0.15 () {58 vars in 1322 bytes} [Mon Oct 31 12:33:16 2022] DELETE /volume/v3/d549fbb3c6bf4014b6fc54ab5b45386d/types/cd1bc6e2-2e03-404e-ae28-d674929581ef => generated 0 bytes in 133 msecs (HTTP/1.1 202) 6 headers in 233 bytes (1 switches on core 0)
Oct 31 12:33:16.775567 dv-cinder-796170-6-iscsi devstack@c-api.service[111792]: DEBUG cinder.api.middleware.request_id [None req-8541e1b1-e0df-4cd9-b368-80b9fdc7d9ee None None] RequestId filter calling following filter/app {{(pid=111792) _context_setter /opt/stack/cinder/cinder/api/middleware/request_id.py:62}}
Oct 31 12:33:16.795583 dv-cinder-796170-6-iscsi devstack@c-api.service[111792]: INFO cinder.api.openstack.wsgi [None req-8541e1b1-e0df-4cd9-b368-80b9fdc7d9ee tempest-VolumeTypesNegativeTest-1312322922 tempest-VolumeTypesNegativeTest-1312322922-project-admin] GET http://10.222.0.15/volume/v3/d549fbb3c6bf4014b6fc54ab5b45386d/types/cd1bc6e2-2e03-404e-ae28-d674929581ef
Oct 31 12:33:16.798802 dv-cinder-796170-6-iscsi devstack@c-api.service[111792]: DEBUG cinder.api.openstack.wsgi [None req-8541e1b1-e0df-4cd9-b368-80b9fdc7d9ee tempest-VolumeTypesNegativeTest-1312322922 tempest-VolumeTypesNegativeTest-1312322922-project-admin] Empty body provided in request {{(pid=111792) get_body /opt/stack/cinder/cinder/api/openstack/wsgi.py:715}}
Oct 31 12:33:16.800860 dv-cinder-796170-6-iscsi devstack@c-api.service[111792]: DEBUG cinder.api.openstack.wsgi [None req-8541e1b1-e0df-4cd9-b368-80b9fdc7d9ee tempest-VolumeTypesNegativeTest-1312322922 tempest-VolumeTypesNegativeTest-1312322922-project-admin] Calling method 'show' {{(pid=111792) _process_stack /opt/stack/cinder/cinder/api/openstack/wsgi.py:868}}
Oct 31 12:33:16.805503 dv-cinder-796170-6-iscsi devstack@c-api.service[111793]: DEBUG cinder.volume.api [None req-cde72f9c-a0fd-4884-a4b8-893982f4a053 tempest-VolumeTypesTest-1012709201 tempest-VolumeTypesTest-1012709201-project] Task 'cinder.volume.flows.api.create_volume.ExtractVolumeRequestTask;volume:create' (c2ae5275-6c88-4733-9e6a-718219b6638a) transitioned into state 'SUCCESS' from state 'RUNNING' with result '{'size': 1, 'snapshot_id': None, 'source_volid': None, 'volume_type': VolumeType(created_at=2022-10-31T12:33:16Z,deleted=False,deleted_at=None,description=None,extra_specs={storage_protocol='iSCSI',vendor_name='Microsoft'},id=9d15744c-c55e-44d2-ad92-74ded4ec7660,is_public=True,name='tempest-VolumeTypesTest-volume-type-144775426',projects=[],qos_specs=,qos_specs_id=None,updated_at=None), 'volume_type_id': '9d15744c-c55e-44d2-ad92-74ded4ec7660', 'encryption_key_id': None, 'qos_specs': None, 'consistencygroup_id': None, 'cgsnapshot_id': None, 'group_id': None, 'replication_status': 'disabled', 'refresh_az': False, 'backup_id': None, 'multiattach': False, 'availability_zones': ['nova']}' {{(pid=111793) _task_receiver /usr/local/lib/python3.8/dist-packages/taskflow/listeners/logging.py:178}}
Oct 31 12:33:16.810605 dv-cinder-796170-6-iscsi devstack@c-api.service[111793]: DEBUG cinder.volume.api [None req-cde72f9c-a0fd-4884-a4b8-893982f4a053 tempest-VolumeTypesTest-1012709201 tempest-VolumeTypesTest-1012709201-project] Task 'cinder.volume.flows.api.create_volume.QuotaReserveTask;volume:create' (155ace6b-abea-47a0-815d-6d86d70d32e4) transitioned into state 'RUNNING' from state 'PENDING' {{(pid=111793) _task_receiver /usr/local/lib/python3.8/dist-packages/taskflow/listeners/logging.py:190}}
Oct 31 12:33:16.825768 dv-cinder-796170-6-iscsi devstack@c-api.service[111792]: INFO cinder.api.openstack.wsgi [None req-8541e1b1-e0df-4cd9-b368-80b9fdc7d9ee tempest-VolumeTypesNegativeTest-1312322922 tempest-VolumeTypesNegativeTest-1312322922-project-admin] http://10.222.0.15/volume/v3/d549fbb3c6bf4014b6fc54ab5b45386d/types/cd1bc6e2-2e03-404e-ae28-d674929581ef returned with HTTP 404
Oct 31 12:33:16.831283 dv-cinder-796170-6-iscsi devstack@c-api.service[111792]: [pid: 111792|app: 0|req: 57/109] 10.222.0.15 () {58 vars in 1319 bytes} [Mon Oct 31 12:33:16 2022] GET /volume/v3/d549fbb3c6bf4014b6fc54ab5b45386d/types/cd1bc6e2-2e03-404e-ae28-d674929581ef => generated 114 bytes in 56 msecs (HTTP/1.1 404) 7 headers in 292 bytes (1 switches on core 0)
Oct 31 12:33:16.837908 dv-cinder-796170-6-iscsi devstack@c-api.service[111792]: DEBUG cinder.api.middleware.request_id [None req-e36d4ea4-3a45-47be-8341-bfc4cc0431f1 None None] RequestId filter calling following filter/app {{(pid=111792) _context_setter /opt/stack/cinder/cinder/api/middleware/request_id.py:62}}
Oct 31 12:33:16.855541 dv-cinder-796170-6-iscsi devstack@c-api.service[111792]: INFO cinder.api.openstack.wsgi [None req-e36d4ea4-3a45-47be-8341-bfc4cc0431f1 tempest-VolumeTypesNegativeTest-1312322922 tempest-VolumeTypesNegativeTest-1312322922-project-admin] DELETE http://10.222.0.15/volume/v3/d549fbb3c6bf4014b6fc54ab5b45386d/types/4dda0774-a0c3-4438-9d81-50023549733d
Oct 31 12:33:16.857932 dv-cinder-796170-6-iscsi devstack@c-api.service[111792]: DEBUG cinder.api.openstack.wsgi [None req-e36d4ea4-3a45-47be-8341-bfc4cc0431f1 tempest-VolumeTypesNegativeTest-1312322922 tempest-VolumeTypesNegativeTest-1312322922-project-admin] Empty body provided in request {{(pid=111792) get_body /opt/stack/cinder/cinder/api/openstack/wsgi.py:715}}
Oct 31 12:33:16.858114 dv-cinder-796170-6-iscsi devstack@c-api.service[111792]: DEBUG cinder.api.openstack.wsgi [None req-e36d4ea4-3a45-47be-8341-bfc4cc0431f1 tempest-VolumeTypesNegativeTest-1312322922 tempest-VolumeTypesNegativeTest-1312322922-project-admin] Calling method '_delete' {{(pid=111792) _process_stack /opt/stack/cinder/cinder/api/openstack/wsgi.py:868}}
Oct 31 12:33:16.922266 dv-cinder-796170-6-iscsi devstack@c-api.service[111793]: WARNING cinder.quota [None req-cde72f9c-a0fd-4884-a4b8-893982f4a053 tempest-VolumeTypesTest-1012709201 tempest-VolumeTypesTest-1012709201-project] Deprecated: Default quota for resource: volumes_tempest-VolumeTypesTest-volume-type-144775426 is set by the default quota flag: quota_volumes_tempest-VolumeTypesTest-volume-type-144775426, it is now deprecated. Please use the default quota class for default quota.
Oct 31 12:33:16.923573 dv-cinder-796170-6-iscsi devstack@c-api.service[111793]: WARNING cinder.quota [None req-cde72f9c-a0fd-4884-a4b8-893982f4a053 tempest-VolumeTypesTest-1012709201 tempest-VolumeTypesTest-1012709201-project] Deprecated: Default quota for resource: gigabytes_tempest-VolumeTypesTest-volume-type-144775426 is set by the default quota flag: quota_gigabytes_tempest-VolumeTypesTest-volume-type-144775426, it is now deprecated. Please use the default quota class for default quota.
Oct 31 12:33:17.029903 dv-cinder-796170-6-iscsi devstack@c-api.service[111792]: INFO cinder.api.openstack.wsgi [None req-e36d4ea4-3a45-47be-8341-bfc4cc0431f1 tempest-VolumeTypesNegativeTest-1312322922 tempest-VolumeTypesNegativeTest-1312322922-project-admin] http://10.222.0.15/volume/v3/d549fbb3c6bf4014b6fc54ab5b45386d/types/4dda0774-a0c3-4438-9d81-50023549733d returned with HTTP 202
Oct 31 12:33:17.031188 dv-cinder-796170-6-iscsi devstack@c-api.service[111792]: [pid: 111792|app: 0|req: 58/110] 10.222.0.15 () {58 vars in 1322 bytes} [Mon Oct 31 12:33:16 2022] DELETE /volume/v3/d549fbb3c6bf4014b6fc54ab5b45386d/types/4dda0774-a0c3-4438-9d81-50023549733d => generated 0 bytes in 198 msecs (HTTP/1.1 202) 6 headers in 233 bytes (1 switches on core 0)
Oct 31 12:33:17.036384 dv-cinder-796170-6-iscsi devstack@c-api.service[111792]: DEBUG cinder.api.middleware.request_id [None req-6de4f150-71da-4838-811a-58337e8e7238 None None] RequestId filter calling following filter/app {{(pid=111792) _context_setter /opt/stack/cinder/cinder/api/middleware/request_id.py:62}}
Oct 31 12:33:17.047829 dv-cinder-796170-6-iscsi devstack@c-api.service[111793]: DEBUG cinder.quota [None req-cde72f9c-a0fd-4884-a4b8-893982f4a053 tempest-VolumeTypesTest-1012709201 tempest-VolumeTypesTest-1012709201-project] Created reservations ['35dbf5a2-279f-4b70-abb3-182854403ecb', 'c954df7b-2bfa-49b6-970f-a5178849e606', '40690e29-7dda-4c89-8c7c-5c942a237317', '7d11751b-feda-4a23-a4c1-f5337ce3e1a5'] {{(pid=111793) reserve /opt/stack/cinder/cinder/quota.py:755}}
Oct 31 12:33:17.050233 dv-cinder-796170-6-iscsi devstack@c-api.service[111793]: DEBUG cinder.volume.api [None req-cde72f9c-a0fd-4884-a4b8-893982f4a053 tempest-VolumeTypesTest-1012709201 tempest-VolumeTypesTest-1012709201-project] Task 'cinder.volume.flows.api.create_volume.QuotaReserveTask;volume:create' (155ace6b-abea-47a0-815d-6d86d70d32e4) transitioned into state 'SUCCESS' from state 'RUNNING' with result '{'reservations': ['35dbf5a2-279f-4b70-abb3-182854403ecb', 'c954df7b-2bfa-49b6-970f-a5178849e606', '40690e29-7dda-4c89-8c7c-5c942a237317', '7d11751b-feda-4a23-a4c1-f5337ce3e1a5']}' {{(pid=111793) _task_receiver /usr/local/lib/python3.8/dist-packages/taskflow/listeners/logging.py:178}}
Oct 31 12:33:17.052653 dv-cinder-796170-6-iscsi devstack@c-api.service[111793]: DEBUG cinder.volume.api [None req-cde72f9c-a0fd-4884-a4b8-893982f4a053 tempest-VolumeTypesTest-1012709201 tempest-VolumeTypesTest-1012709201-project] Task 'cinder.volume.flows.api.create_volume.EntryCreateTask;volume:create' (934a4990-cfb2-4daa-b5dd-6a72c282c940) transitioned into state 'RUNNING' from state 'PENDING' {{(pid=111793) _task_receiver /usr/local/lib/python3.8/dist-packages/taskflow/listeners/logging.py:190}}
Oct 31 12:33:17.061294 dv-cinder-796170-6-iscsi devstack@c-api.service[111792]: INFO cinder.api.openstack.wsgi [None req-6de4f150-71da-4838-811a-58337e8e7238 tempest-VolumeTypesNegativeTest-1312322922 tempest-VolumeTypesNegativeTest-1312322922-project-admin] GET http://10.222.0.15/volume/v3/d549fbb3c6bf4014b6fc54ab5b45386d/types/4dda0774-a0c3-4438-9d81-50023549733d
Oct 31 12:33:17.061784 dv-cinder-796170-6-iscsi devstack@c-api.service[111792]: DEBUG cinder.api.openstack.wsgi [None req-6de4f150-71da-4838-811a-58337e8e7238 tempest-VolumeTypesNegativeTest-1312322922 tempest-VolumeTypesNegativeTest-1312322922-project-admin] Empty body provided in request {{(pid=111792) get_body /opt/stack/cinder/cinder/api/openstack/wsgi.py:715}}
Oct 31 12:33:17.062250 dv-cinder-796170-6-iscsi devstack@c-api.service[111792]: DEBUG cinder.api.openstack.wsgi [None req-6de4f150-71da-4838-811a-58337e8e7238 tempest-VolumeTypesNegativeTest-1312322922 tempest-VolumeTypesNegativeTest-1312322922-project-admin] Calling method 'show' {{(pid=111792) _process_stack /opt/stack/cinder/cinder/api/openstack/wsgi.py:868}}
Oct 31 12:33:17.079888 dv-cinder-796170-6-iscsi devstack@c-api.service[111792]: INFO cinder.api.openstack.wsgi [None req-6de4f150-71da-4838-811a-58337e8e7238 tempest-VolumeTypesNegativeTest-1312322922 tempest-VolumeTypesNegativeTest-1312322922-project-admin] http://10.222.0.15/volume/v3/d549fbb3c6bf4014b6fc54ab5b45386d/types/4dda0774-a0c3-4438-9d81-50023549733d returned with HTTP 404
Oct 31 12:33:17.083322 dv-cinder-796170-6-iscsi devstack@c-api.service[111792]: [pid: 111792|app: 0|req: 59/111] 10.222.0.15 () {58 vars in 1319 bytes} [Mon Oct 31 12:33:17 2022] GET /volume/v3/d549fbb3c6bf4014b6fc54ab5b45386d/types/4dda0774-a0c3-4438-9d81-50023549733d => generated 114 bytes in 49 msecs (HTTP/1.1 404) 7 headers in 292 bytes (1 switches on core 0)
Oct 31 12:33:17.107146 dv-cinder-796170-6-iscsi devstack@c-api.service[111793]: DEBUG cinder.volume.api [None req-cde72f9c-a0fd-4884-a4b8-893982f4a053 tempest-VolumeTypesTest-1012709201 tempest-VolumeTypesTest-1012709201-project] Task 'cinder.volume.flows.api.create_volume.EntryCreateTask;volume:create' (934a4990-cfb2-4daa-b5dd-6a72c282c940) transitioned into state 'SUCCESS' from state 'RUNNING' with result '{'volume_id': '5d6530db-3df2-419f-9397-e02472aa03df', 'volume_properties': VolumeProperties(attach_status='detached',availability_zone='nova',cgsnapshot_id=None,consistencygroup_id=None,display_description=None,display_name='tempest-VolumeTypesTest-volume-1486494813',encryption_key_id=None,group_id=None,group_type_id=,metadata={},multiattach=False,project_id='62d591a4cc824393886ced9e459a8002',qos_specs=None,replication_status=,reservations=['35dbf5a2-279f-4b70-abb3-182854403ecb','c954df7b-2bfa-49b6-970f-a5178849e606','40690e29-7dda-4c89-8c7c-5c942a237317','7d11751b-feda-4a23-a4c1-f5337ce3e1a5'],size=1,snapshot_id=None,source_replicaid=,source_volid=None,status='creating',user_id='8efc04798db9441cb1c461500b3fb03d',volume_type_id=9d15744c-c55e-44d2-ad92-74ded4ec7660), 'volume': Volume(_name_id=None,admin_metadata=,attach_status='detached',availability_zone='nova',bootable=False,cluster=,cluster_name=None,consistencygroup=,consistencygroup_id=None,created_at=2022-10-31T12:33:17Z,deleted=False,deleted_at=None,display_description=None,display_name='tempest-VolumeTypesTest-volume-1486494813',ec2_id=None,encryption_key_id=None,glance_metadata=,group=,group_id=None,host=None,id=5d6530db-3df2-419f-9397-e02472aa03df,launched_at=None,metadata={},migration_status=None,multiattach=False,previous_status=None,project_id='62d591a4cc824393886ced9e459a8002',provider_auth=None,provider_geometry=None,provider_id=None,provider_location=None,replication_driver_data=None,replication_extended_status=None,replication_status=None,scheduled_at=None,service_uuid=None,shared_targets=True,size=1,snapshot_id=None,snapshots=,source_volid=None,status='creating',terminated_at=None,updated_at=None,use_quota=True,user_id='8efc04798db9441cb1c461500b3fb03d',volume_attachment=VolumeAttachmentList,volume_type=VolumeType(9d15744c-c55e-44d2-ad92-74ded4ec7660),volume_type_id=9d15744c-c55e-44d2-ad92-74ded4ec7660)}' {{(pid=111793) _task_receiver /usr/local/lib/python3.8/dist-packages/taskflow/listeners/logging.py:178}}
Oct 31 12:33:17.114032 dv-cinder-796170-6-iscsi devstack@c-api.service[111793]: DEBUG cinder.volume.api [None req-cde72f9c-a0fd-4884-a4b8-893982f4a053 tempest-VolumeTypesTest-1012709201 tempest-VolumeTypesTest-1012709201-project] Task 'cinder.volume.flows.api.create_volume.QuotaCommitTask;volume:create' (9bb2b588-f703-48da-aca5-d4332fc7548e) transitioned into state 'RUNNING' from state 'PENDING' {{(pid=111793) _task_receiver /usr/local/lib/python3.8/dist-packages/taskflow/listeners/logging.py:190}}
Oct 31 12:33:17.176916 dv-cinder-796170-6-iscsi devstack@c-api.service[111793]: DEBUG cinder.volume.api [None req-cde72f9c-a0fd-4884-a4b8-893982f4a053 tempest-VolumeTypesTest-1012709201 tempest-VolumeTypesTest-1012709201-project] Task 'cinder.volume.flows.api.create_volume.QuotaCommitTask;volume:create' (9bb2b588-f703-48da-aca5-d4332fc7548e) transitioned into state 'SUCCESS' from state 'RUNNING' with result '{'volume_properties': VolumeProperties(attach_status='detached',availability_zone='nova',cgsnapshot_id=None,consistencygroup_id=None,display_description=None,display_name='tempest-VolumeTypesTest-volume-1486494813',encryption_key_id=None,group_id=None,group_type_id=,metadata={},multiattach=False,project_id='62d591a4cc824393886ced9e459a8002',qos_specs=None,replication_status=,reservations=['35dbf5a2-279f-4b70-abb3-182854403ecb','c954df7b-2bfa-49b6-970f-a5178849e606','40690e29-7dda-4c89-8c7c-5c942a237317','7d11751b-feda-4a23-a4c1-f5337ce3e1a5'],size=1,snapshot_id=None,source_replicaid=,source_volid=None,status='creating',user_id='8efc04798db9441cb1c461500b3fb03d',volume_type_id=9d15744c-c55e-44d2-ad92-74ded4ec7660)}' {{(pid=111793) _task_receiver /usr/local/lib/python3.8/dist-packages/taskflow/listeners/logging.py:178}}
Oct 31 12:33:17.183417 dv-cinder-796170-6-iscsi devstack@c-api.service[111793]: DEBUG cinder.volume.api [None req-cde72f9c-a0fd-4884-a4b8-893982f4a053 tempest-VolumeTypesTest-1012709201 tempest-VolumeTypesTest-1012709201-project] Task 'cinder.volume.flows.api.create_volume.VolumeCastTask;volume:create' (3b39715b-ad62-4a8a-8292-bf64cd257c6f) transitioned into state 'RUNNING' from state 'PENDING' {{(pid=111793) _task_receiver /usr/local/lib/python3.8/dist-packages/taskflow/listeners/logging.py:190}}
Oct 31 12:33:17.239683 dv-cinder-796170-6-iscsi devstack@c-api.service[111793]: DEBUG cinder.volume.api [None req-cde72f9c-a0fd-4884-a4b8-893982f4a053 tempest-VolumeTypesTest-1012709201 tempest-VolumeTypesTest-1012709201-project] Task 'cinder.volume.flows.api.create_volume.VolumeCastTask;volume:create' (3b39715b-ad62-4a8a-8292-bf64cd257c6f) transitioned into state 'SUCCESS' from state 'RUNNING' with result 'None' {{(pid=111793) _task_receiver /usr/local/lib/python3.8/dist-packages/taskflow/listeners/logging.py:178}}
Oct 31 12:33:17.250007 dv-cinder-796170-6-iscsi devstack@c-api.service[111793]: DEBUG cinder.volume.api [None req-cde72f9c-a0fd-4884-a4b8-893982f4a053 tempest-VolumeTypesTest-1012709201 tempest-VolumeTypesTest-1012709201-project] Flow 'volume_create_api' (5debd492-0103-470a-bfa0-6c60878bf777) transitioned into state 'SUCCESS' from state 'RUNNING' {{(pid=111793) _flow_receiver /usr/local/lib/python3.8/dist-packages/taskflow/listeners/logging.py:141}}
Oct 31 12:33:17.250752 dv-cinder-796170-6-iscsi devstack@c-api.service[111793]: INFO cinder.volume.api [None req-cde72f9c-a0fd-4884-a4b8-893982f4a053 tempest-VolumeTypesTest-1012709201 tempest-VolumeTypesTest-1012709201-project] Create volume request issued successfully.
Oct 31 12:33:17.257392 dv-cinder-796170-6-iscsi devstack@c-api.service[111793]: INFO cinder.api.openstack.wsgi [None req-cde72f9c-a0fd-4884-a4b8-893982f4a053 tempest-VolumeTypesTest-1012709201 tempest-VolumeTypesTest-1012709201-project] http://10.222.0.15/volume/v3/62d591a4cc824393886ced9e459a8002/volumes returned with HTTP 202
Oct 31 12:33:17.272514 dv-cinder-796170-6-iscsi devstack@c-api.service[111793]: [pid: 111793|app: 0|req: 53/112] 10.222.0.15 () {60 vars in 1236 bytes} [Mon Oct 31 12:33:16 2022] POST /volume/v3/62d591a4cc824393886ced9e459a8002/volumes => generated 849 bytes in 915 msecs (HTTP/1.1 202) 7 headers in 291 bytes (1 switches on core 0)
Oct 31 12:33:17.291450 dv-cinder-796170-6-iscsi devstack@c-api.service[111792]: DEBUG cinder.api.middleware.request_id [None req-8eebf62d-df21-43ae-b945-5769da91033d None None] RequestId filter calling following filter/app {{(pid=111792) _context_setter /opt/stack/cinder/cinder/api/middleware/request_id.py:62}}
Oct 31 12:33:17.295457 dv-cinder-796170-6-iscsi devstack@c-api.service[111792]: INFO cinder.api.openstack.wsgi [None req-8eebf62d-df21-43ae-b945-5769da91033d tempest-VolumeTypesTest-1012709201 tempest-VolumeTypesTest-1012709201-project] GET http://10.222.0.15/volume/v3/62d591a4cc824393886ced9e459a8002/volumes/5d6530db-3df2-419f-9397-e02472aa03df
Oct 31 12:33:17.296401 dv-cinder-796170-6-iscsi devstack@c-api.service[111792]: DEBUG cinder.api.openstack.wsgi [None req-8eebf62d-df21-43ae-b945-5769da91033d tempest-VolumeTypesTest-1012709201 tempest-VolumeTypesTest-1012709201-project] Empty body provided in request {{(pid=111792) get_body /opt/stack/cinder/cinder/api/openstack/wsgi.py:715}}
Oct 31 12:33:17.297000 dv-cinder-796170-6-iscsi devstack@c-api.service[111792]: DEBUG cinder.api.openstack.wsgi [None req-8eebf62d-df21-43ae-b945-5769da91033d tempest-VolumeTypesTest-1012709201 tempest-VolumeTypesTest-1012709201-project] Calling method 'show' {{(pid=111792) _process_stack /opt/stack/cinder/cinder/api/openstack/wsgi.py:868}}
Oct 31 12:33:17.324735 dv-cinder-796170-6-iscsi devstack@c-api.service[111792]: /usr/local/lib/python3.8/dist-packages/oslo_context/context.py:100: DeprecationWarning: Policy enforcement is depending on the value of is_admin. This key is deprecated. Please update your policy file to use the standard policy values.
Oct 31 12:33:17.324735 dv-cinder-796170-6-iscsi devstack@c-api.service[111792]: warnings.warn('Policy enforcement is depending on the value of '
Oct 31 12:33:17.365119 dv-cinder-796170-6-iscsi devstack@c-api.service[111792]: INFO cinder.volume.api [None req-8eebf62d-df21-43ae-b945-5769da91033d tempest-VolumeTypesTest-1012709201 tempest-VolumeTypesTest-1012709201-project] Volume info retrieved successfully.
Oct 31 12:33:17.395053 dv-cinder-796170-6-iscsi devstack@c-api.service[111792]: INFO cinder.api.openstack.wsgi [None req-8eebf62d-df21-43ae-b945-5769da91033d tempest-VolumeTypesTest-1012709201 tempest-VolumeTypesTest-1012709201-project] http://10.222.0.15/volume/v3/62d591a4cc824393886ced9e459a8002/volumes/5d6530db-3df2-419f-9397-e02472aa03df returned with HTTP 200
Oct 31 12:33:17.411876 dv-cinder-796170-6-iscsi devstack@c-api.service[111792]: [pid: 111792|app: 0|req: 60/113] 10.222.0.15 () {58 vars in 1325 bytes} [Mon Oct 31 12:33:17 2022] GET /volume/v3/62d591a4cc824393886ced9e459a8002/volumes/5d6530db-3df2-419f-9397-e02472aa03df => generated 917 bytes in 121 msecs (HTTP/1.1 200) 7 headers in 285 bytes (1 switches on core 0)
Oct 31 12:33:18.417090 dv-cinder-796170-6-iscsi devstack@c-api.service[111793]: DEBUG cinder.api.middleware.request_id [None req-918395d2-56b2-49ee-b1eb-c63fed501f9e None None] RequestId filter calling following filter/app {{(pid=111793) _context_setter /opt/stack/cinder/cinder/api/middleware/request_id.py:62}}
Oct 31 12:33:18.422564 dv-cinder-796170-6-iscsi devstack@c-api.service[111793]: INFO cinder.api.openstack.wsgi [None req-918395d2-56b2-49ee-b1eb-c63fed501f9e tempest-VolumeTypesTest-1012709201 tempest-VolumeTypesTest-1012709201-project] GET http://10.222.0.15/volume/v3/62d591a4cc824393886ced9e459a8002/volumes/5d6530db-3df2-419f-9397-e02472aa03df
Oct 31 12:33:18.423204 dv-cinder-796170-6-iscsi devstack@c-api.service[111793]: DEBUG cinder.api.openstack.wsgi [None req-918395d2-56b2-49ee-b1eb-c63fed501f9e tempest-VolumeTypesTest-1012709201 tempest-VolumeTypesTest-1012709201-project] Empty body provided in request {{(pid=111793) get_body /opt/stack/cinder/cinder/api/openstack/wsgi.py:715}}
Oct 31 12:33:18.423914 dv-cinder-796170-6-iscsi devstack@c-api.service[111793]: DEBUG cinder.api.openstack.wsgi [None req-918395d2-56b2-49ee-b1eb-c63fed501f9e tempest-VolumeTypesTest-1012709201 tempest-VolumeTypesTest-1012709201-project] Calling method 'show' {{(pid=111793) _process_stack /opt/stack/cinder/cinder/api/openstack/wsgi.py:868}}
Oct 31 12:33:18.443849 dv-cinder-796170-6-iscsi devstack@c-api.service[111793]: /usr/local/lib/python3.8/dist-packages/oslo_context/context.py:100: DeprecationWarning: Policy enforcement is depending on the value of is_admin. This key is deprecated. Please update your policy file to use the standard policy values.
Oct 31 12:33:18.443849 dv-cinder-796170-6-iscsi devstack@c-api.service[111793]: warnings.warn('Policy enforcement is depending on the value of '
Oct 31 12:33:18.457939 dv-cinder-796170-6-iscsi devstack@c-api.service[111793]: INFO cinder.volume.api [None req-918395d2-56b2-49ee-b1eb-c63fed501f9e tempest-VolumeTypesTest-1012709201 tempest-VolumeTypesTest-1012709201-project] Volume info retrieved successfully.
Oct 31 12:33:18.506237 dv-cinder-796170-6-iscsi devstack@c-api.service[111793]: INFO cinder.api.openstack.wsgi [None req-918395d2-56b2-49ee-b1eb-c63fed501f9e tempest-VolumeTypesTest-1012709201 tempest-VolumeTypesTest-1012709201-project] http://10.222.0.15/volume/v3/62d591a4cc824393886ced9e459a8002/volumes/5d6530db-3df2-419f-9397-e02472aa03df returned with HTTP 200
Oct 31 12:33:18.507012 dv-cinder-796170-6-iscsi devstack@c-api.service[111793]: [pid: 111793|app: 0|req: 54/114] 10.222.0.15 () {58 vars in 1325 bytes} [Mon Oct 31 12:33:18 2022] GET /volume/v3/62d591a4cc824393886ced9e459a8002/volumes/5d6530db-3df2-419f-9397-e02472aa03df => generated 942 bytes in 91 msecs (HTTP/1.1 200) 7 headers in 285 bytes (1 switches on core 0)
Oct 31 12:33:18.530820 dv-cinder-796170-6-iscsi devstack@c-api.service[111792]: DEBUG cinder.api.middleware.request_id [None req-e5b96205-f1d2-4dd6-bd37-1b5b6787fcab None None] RequestId filter calling following filter/app {{(pid=111792) _context_setter /opt/stack/cinder/cinder/api/middleware/request_id.py:62}}
Oct 31 12:33:18.544360 dv-cinder-796170-6-iscsi devstack@c-api.service[111792]: INFO cinder.api.openstack.wsgi [None req-e5b96205-f1d2-4dd6-bd37-1b5b6787fcab tempest-VolumeTypesTest-1012709201 tempest-VolumeTypesTest-1012709201-project] POST http://10.222.0.15/volume/v3/62d591a4cc824393886ced9e459a8002/volumes/5d6530db-3df2-419f-9397-e02472aa03df/action
Oct 31 12:33:18.545123 dv-cinder-796170-6-iscsi devstack@c-api.service[111792]: DEBUG cinder.api.openstack.wsgi [None req-e5b96205-f1d2-4dd6-bd37-1b5b6787fcab tempest-VolumeTypesTest-1012709201 tempest-VolumeTypesTest-1012709201-project] Action body: b'{"os-retype": {"new_type": "467222a7-19a3-4f5b-ab27-da4e26ff471e"}}' {{(pid=111792) get_method /opt/stack/cinder/cinder/api/openstack/wsgi.py:983}}
Oct 31 12:33:18.545459 dv-cinder-796170-6-iscsi devstack@c-api.service[111792]: DEBUG cinder.api.openstack.wsgi [None req-e5b96205-f1d2-4dd6-bd37-1b5b6787fcab tempest-VolumeTypesTest-1012709201 tempest-VolumeTypesTest-1012709201-project] Action: 'action', calling method: _retype, body: {"os-retype": {"new_type": "467222a7-19a3-4f5b-ab27-da4e26ff471e"}} {{(pid=111792) _process_stack /opt/stack/cinder/cinder/api/openstack/wsgi.py:866}}
Oct 31 12:33:18.636861 dv-cinder-796170-6-iscsi devstack@c-api.service[111792]: /usr/local/lib/python3.8/dist-packages/oslo_context/context.py:100: DeprecationWarning: Policy enforcement is depending on the value of is_admin. This key is deprecated. Please update your policy file to use the standard policy values.
Oct 31 12:33:18.636861 dv-cinder-796170-6-iscsi devstack@c-api.service[111792]: warnings.warn('Policy enforcement is depending on the value of '
Oct 31 12:33:18.642234 dv-cinder-796170-6-iscsi devstack@c-api.service[111792]: INFO cinder.volume.api [None req-e5b96205-f1d2-4dd6-bd37-1b5b6787fcab tempest-VolumeTypesTest-1012709201 tempest-VolumeTypesTest-1012709201-project] Volume info retrieved successfully.
Oct 31 12:33:18.786050 dv-cinder-796170-6-iscsi devstack@c-api.service[111792]: WARNING cinder.quota [None req-e5b96205-f1d2-4dd6-bd37-1b5b6787fcab tempest-VolumeTypesTest-1012709201 tempest-VolumeTypesTest-1012709201-project] Deprecated: Default quota for resource: volumes_tempest-VolumeTypesTest-volume-type-441507472 is set by the default quota flag: quota_volumes_tempest-VolumeTypesTest-volume-type-441507472, it is now deprecated. Please use the default quota class for default quota.
Oct 31 12:33:18.788380 dv-cinder-796170-6-iscsi devstack@c-api.service[111792]: WARNING cinder.quota [None req-e5b96205-f1d2-4dd6-bd37-1b5b6787fcab tempest-VolumeTypesTest-1012709201 tempest-VolumeTypesTest-1012709201-project] Deprecated: Default quota for resource: gigabytes_tempest-VolumeTypesTest-volume-type-441507472 is set by the default quota flag: quota_gigabytes_tempest-VolumeTypesTest-volume-type-441507472, it is now deprecated. Please use the default quota class for default quota.
Oct 31 12:33:18.883411 dv-cinder-796170-6-iscsi devstack@c-api.service[111792]: DEBUG cinder.quota [None req-e5b96205-f1d2-4dd6-bd37-1b5b6787fcab tempest-VolumeTypesTest-1012709201 tempest-VolumeTypesTest-1012709201-project] Created reservations ['9a792b8b-541d-45cc-ba87-63dced5b09c6', '16dabc13-43b5-495d-b9fb-4c9de981e5f9'] {{(pid=111792) reserve /opt/stack/cinder/cinder/quota.py:755}}
Oct 31 12:33:18.977112 dv-cinder-796170-6-iscsi devstack@c-api.service[111792]: WARNING cinder.quota [None req-e5b96205-f1d2-4dd6-bd37-1b5b6787fcab tempest-VolumeTypesTest-1012709201 tempest-VolumeTypesTest-1012709201-project] Deprecated: Default quota for resource: volumes_tempest-VolumeTypesTest-volume-type-144775426 is set by the default quota flag: quota_volumes_tempest-VolumeTypesTest-volume-type-144775426, it is now deprecated. Please use the default quota class for default quota.
Oct 31 12:33:18.979834 dv-cinder-796170-6-iscsi devstack@c-api.service[111792]: WARNING cinder.quota [None req-e5b96205-f1d2-4dd6-bd37-1b5b6787fcab tempest-VolumeTypesTest-1012709201 tempest-VolumeTypesTest-1012709201-project] Deprecated: Default quota for resource: gigabytes_tempest-VolumeTypesTest-volume-type-144775426 is set by the default quota flag: quota_gigabytes_tempest-VolumeTypesTest-volume-type-144775426, it is now deprecated. Please use the default quota class for default quota.
Oct 31 12:33:18.991389 dv-cinder-796170-6-iscsi devstack@c-api.service[111792]: DEBUG dbcounter [-] [111792] Writing DB stats cinder:SELECT=85,cinder:INSERT=5,cinder:UPDATE=10 {{(pid=111792) stat_writer /usr/local/lib/python3.8/dist-packages/dbcounter.py:114}}
Oct 31 12:33:19.026205 dv-cinder-796170-6-iscsi devstack@c-api.service[111792]: DEBUG cinder.quota [None req-e5b96205-f1d2-4dd6-bd37-1b5b6787fcab tempest-VolumeTypesTest-1012709201 tempest-VolumeTypesTest-1012709201-project] Created reservations ['fef4c23f-9e50-41d3-9b2b-e331cf80429c', '800044b5-c281-4c8b-85a4-e4d05c3eb0ba'] {{(pid=111792) reserve /opt/stack/cinder/cinder/quota.py:755}}
Oct 31 12:33:19.187632 dv-cinder-796170-6-iscsi devstack@c-api.service[111792]: INFO cinder.volume.api [None req-e5b96205-f1d2-4dd6-bd37-1b5b6787fcab tempest-VolumeTypesTest-1012709201 tempest-VolumeTypesTest-1012709201-project] Retype volume request issued successfully.
Oct 31 12:33:19.188139 dv-cinder-796170-6-iscsi devstack@c-api.service[111792]: INFO cinder.api.openstack.wsgi [None req-e5b96205-f1d2-4dd6-bd37-1b5b6787fcab tempest-VolumeTypesTest-1012709201 tempest-VolumeTypesTest-1012709201-project] http://10.222.0.15/volume/v3/62d591a4cc824393886ced9e459a8002/volumes/5d6530db-3df2-419f-9397-e02472aa03df/action returned with HTTP 202
Oct 31 12:33:19.202332 dv-cinder-796170-6-iscsi devstack@c-api.service[111792]: [pid: 111792|app: 0|req: 61/115] 10.222.0.15 () {60 vars in 1367 bytes} [Mon Oct 31 12:33:18 2022] POST /volume/v3/62d591a4cc824393886ced9e459a8002/volumes/5d6530db-3df2-419f-9397-e02472aa03df/action => generated 0 bytes in 673 msecs (HTTP/1.1 202) 7 headers in 289 bytes (1 switches on core 0)
Oct 31 12:33:19.207287 dv-cinder-796170-6-iscsi devstack@c-api.service[111793]: DEBUG cinder.api.middleware.request_id [None req-05752edc-e759-4228-8b54-d42a1e374ac2 None None] RequestId filter calling following filter/app {{(pid=111793) _context_setter /opt/stack/cinder/cinder/api/middleware/request_id.py:62}}
Oct 31 12:33:19.218079 dv-cinder-796170-6-iscsi devstack@c-api.service[111793]: INFO cinder.api.openstack.wsgi [None req-05752edc-e759-4228-8b54-d42a1e374ac2 tempest-VolumeTypesTest-1012709201 tempest-VolumeTypesTest-1012709201-project] GET http://10.222.0.15/volume/v3/62d591a4cc824393886ced9e459a8002/volumes/5d6530db-3df2-419f-9397-e02472aa03df
Oct 31 12:33:19.221200 dv-cinder-796170-6-iscsi devstack@c-api.service[111793]: DEBUG cinder.api.openstack.wsgi [None req-05752edc-e759-4228-8b54-d42a1e374ac2 tempest-VolumeTypesTest-1012709201 tempest-VolumeTypesTest-1012709201-project] Empty body provided in request {{(pid=111793) get_body /opt/stack/cinder/cinder/api/openstack/wsgi.py:715}}
Oct 31 12:33:19.222775 dv-cinder-796170-6-iscsi devstack@c-api.service[111793]: DEBUG cinder.api.openstack.wsgi [None req-05752edc-e759-4228-8b54-d42a1e374ac2 tempest-VolumeTypesTest-1012709201 tempest-VolumeTypesTest-1012709201-project] Calling method 'show' {{(pid=111793) _process_stack /opt/stack/cinder/cinder/api/openstack/wsgi.py:868}}
Oct 31 12:33:19.255880 dv-cinder-796170-6-iscsi devstack@c-api.service[111793]: /usr/local/lib/python3.8/dist-packages/oslo_context/context.py:100: DeprecationWarning: Policy enforcement is depending on the value of is_admin. This key is deprecated. Please update your policy file to use the standard policy values.
Oct 31 12:33:19.255880 dv-cinder-796170-6-iscsi devstack@c-api.service[111793]: warnings.warn('Policy enforcement is depending on the value of '
Oct 31 12:33:19.266793 dv-cinder-796170-6-iscsi devstack@c-api.service[111793]: INFO cinder.volume.api [None req-05752edc-e759-4228-8b54-d42a1e374ac2 tempest-VolumeTypesTest-1012709201 tempest-VolumeTypesTest-1012709201-project] Volume info retrieved successfully.
Oct 31 12:33:19.278686 dv-cinder-796170-6-iscsi devstack@c-api.service[111793]: DEBUG dbcounter [-] [111793] Writing DB stats cinder:SELECT=71,cinder:INSERT=17,cinder:UPDATE=12 {{(pid=111793) stat_writer /usr/local/lib/python3.8/dist-packages/dbcounter.py:114}}
Oct 31 12:33:19.289838 dv-cinder-796170-6-iscsi devstack@c-api.service[111793]: INFO cinder.api.openstack.wsgi [None req-05752edc-e759-4228-8b54-d42a1e374ac2 tempest-VolumeTypesTest-1012709201 tempest-VolumeTypesTest-1012709201-project] http://10.222.0.15/volume/v3/62d591a4cc824393886ced9e459a8002/volumes/5d6530db-3df2-419f-9397-e02472aa03df returned with HTTP 200
Oct 31 12:33:19.293125 dv-cinder-796170-6-iscsi devstack@c-api.service[111793]: [pid: 111793|app: 0|req: 55/116] 10.222.0.15 () {58 vars in 1325 bytes} [Mon Oct 31 12:33:19 2022] GET /volume/v3/62d591a4cc824393886ced9e459a8002/volumes/5d6530db-3df2-419f-9397-e02472aa03df => generated 941 bytes in 90 msecs (HTTP/1.1 200) 7 headers in 285 bytes (1 switches on core 0)
Oct 31 12:33:20.315333 dv-cinder-796170-6-iscsi devstack@c-api.service[111792]: DEBUG cinder.api.middleware.request_id [None req-922cc232-f030-4d12-9ac0-593a9c2aeff8 None None] RequestId filter calling following filter/app {{(pid=111792) _context_setter /opt/stack/cinder/cinder/api/middleware/request_id.py:62}}
Oct 31 12:33:20.322156 dv-cinder-796170-6-iscsi devstack@c-api.service[111792]: INFO cinder.api.openstack.wsgi [None req-922cc232-f030-4d12-9ac0-593a9c2aeff8 tempest-VolumeTypesTest-1012709201 tempest-VolumeTypesTest-1012709201-project] GET http://10.222.0.15/volume/v3/62d591a4cc824393886ced9e459a8002/volumes/5d6530db-3df2-419f-9397-e02472aa03df
Oct 31 12:33:20.322747 dv-cinder-796170-6-iscsi devstack@c-api.service[111792]: DEBUG cinder.api.openstack.wsgi [None req-922cc232-f030-4d12-9ac0-593a9c2aeff8 tempest-VolumeTypesTest-1012709201 tempest-VolumeTypesTest-1012709201-project] Empty body provided in request {{(pid=111792) get_body /opt/stack/cinder/cinder/api/openstack/wsgi.py:715}}
Oct 31 12:33:20.323595 dv-cinder-796170-6-iscsi devstack@c-api.service[111792]: DEBUG cinder.api.openstack.wsgi [None req-922cc232-f030-4d12-9ac0-593a9c2aeff8 tempest-VolumeTypesTest-1012709201 tempest-VolumeTypesTest-1012709201-project] Calling method 'show' {{(pid=111792) _process_stack /opt/stack/cinder/cinder/api/openstack/wsgi.py:868}}
Oct 31 12:33:20.392342 dv-cinder-796170-6-iscsi devstack@c-api.service[111792]: /usr/local/lib/python3.8/dist-packages/oslo_context/context.py:100: DeprecationWarning: Policy enforcement is depending on the value of is_admin. This key is deprecated. Please update your policy file to use the standard policy values.
Oct 31 12:33:20.392342 dv-cinder-796170-6-iscsi devstack@c-api.service[111792]: warnings.warn('Policy enforcement is depending on the value of '
Oct 31 12:33:20.414001 dv-cinder-796170-6-iscsi devstack@c-api.service[111792]: INFO cinder.volume.api [None req-922cc232-f030-4d12-9ac0-593a9c2aeff8 tempest-VolumeTypesTest-1012709201 tempest-VolumeTypesTest-1012709201-project] Volume info retrieved successfully.
Oct 31 12:33:20.440606 dv-cinder-796170-6-iscsi devstack@c-api.service[111792]: INFO cinder.api.openstack.wsgi [None req-922cc232-f030-4d12-9ac0-593a9c2aeff8 tempest-VolumeTypesTest-1012709201 tempest-VolumeTypesTest-1012709201-project] http://10.222.0.15/volume/v3/62d591a4cc824393886ced9e459a8002/volumes/5d6530db-3df2-419f-9397-e02472aa03df returned with HTTP 200
Oct 31 12:33:20.462791 dv-cinder-796170-6-iscsi devstack@c-api.service[111793]: DEBUG cinder.api.middleware.request_id [None req-63de10aa-a33b-4030-8abc-b3715d66bc1a None None] RequestId filter calling following filter/app {{(pid=111793) _context_setter /opt/stack/cinder/cinder/api/middleware/request_id.py:62}}
Oct 31 12:33:20.469505 dv-cinder-796170-6-iscsi devstack@c-api.service[111793]: INFO cinder.api.openstack.wsgi [None req-63de10aa-a33b-4030-8abc-b3715d66bc1a tempest-VolumeTypesTest-1012709201 tempest-VolumeTypesTest-1012709201-project] GET http://10.222.0.15/volume/v3/62d591a4cc824393886ced9e459a8002/volumes/5d6530db-3df2-419f-9397-e02472aa03df
Oct 31 12:33:20.470002 dv-cinder-796170-6-iscsi devstack@c-api.service[111793]: DEBUG cinder.api.openstack.wsgi [None req-63de10aa-a33b-4030-8abc-b3715d66bc1a tempest-VolumeTypesTest-1012709201 tempest-VolumeTypesTest-1012709201-project] Empty body provided in request {{(pid=111793) get_body /opt/stack/cinder/cinder/api/openstack/wsgi.py:715}}
Oct 31 12:33:20.470606 dv-cinder-796170-6-iscsi devstack@c-api.service[111793]: DEBUG cinder.api.openstack.wsgi [None req-63de10aa-a33b-4030-8abc-b3715d66bc1a tempest-VolumeTypesTest-1012709201 tempest-VolumeTypesTest-1012709201-project] Calling method 'show' {{(pid=111793) _process_stack /opt/stack/cinder/cinder/api/openstack/wsgi.py:868}}
Oct 31 12:33:20.473468 dv-cinder-796170-6-iscsi devstack@c-api.service[111792]: [pid: 111792|app: 0|req: 62/117] 10.222.0.15 () {58 vars in 1325 bytes} [Mon Oct 31 12:33:20 2022] GET /volume/v3/62d591a4cc824393886ced9e459a8002/volumes/5d6530db-3df2-419f-9397-e02472aa03df => generated 942 bytes in 161 msecs (HTTP/1.1 200) 7 headers in 285 bytes (1 switches on core 0)
Oct 31 12:33:20.544655 dv-cinder-796170-6-iscsi devstack@c-api.service[111793]: /usr/local/lib/python3.8/dist-packages/oslo_context/context.py:100: DeprecationWarning: Policy enforcement is depending on the value of is_admin. This key is deprecated. Please update your policy file to use the standard policy values.
Oct 31 12:33:20.544655 dv-cinder-796170-6-iscsi devstack@c-api.service[111793]: warnings.warn('Policy enforcement is depending on the value of '
Oct 31 12:33:20.574440 dv-cinder-796170-6-iscsi devstack@c-api.service[111793]: INFO cinder.volume.api [None req-63de10aa-a33b-4030-8abc-b3715d66bc1a tempest-VolumeTypesTest-1012709201 tempest-VolumeTypesTest-1012709201-project] Volume info retrieved successfully.
Oct 31 12:33:20.608373 dv-cinder-796170-6-iscsi devstack@c-api.service[111793]: INFO cinder.api.openstack.wsgi [None req-63de10aa-a33b-4030-8abc-b3715d66bc1a tempest-VolumeTypesTest-1012709201 tempest-VolumeTypesTest-1012709201-project] http://10.222.0.15/volume/v3/62d591a4cc824393886ced9e459a8002/volumes/5d6530db-3df2-419f-9397-e02472aa03df returned with HTTP 200
Oct 31 12:33:20.609314 dv-cinder-796170-6-iscsi devstack@c-api.service[111793]: [pid: 111793|app: 0|req: 56/118] 10.222.0.15 () {58 vars in 1325 bytes} [Mon Oct 31 12:33:20 2022] GET /volume/v3/62d591a4cc824393886ced9e459a8002/volumes/5d6530db-3df2-419f-9397-e02472aa03df => generated 942 bytes in 147 msecs (HTTP/1.1 200) 7 headers in 285 bytes (1 switches on core 0)
Oct 31 12:33:20.630673 dv-cinder-796170-6-iscsi devstack@c-api.service[111792]: DEBUG cinder.api.middleware.request_id [None req-5bc42763-00a8-4ac6-ab87-8da39bc9edcf None None] RequestId filter calling following filter/app {{(pid=111792) _context_setter /opt/stack/cinder/cinder/api/middleware/request_id.py:62}}
Oct 31 12:33:20.634581 dv-cinder-796170-6-iscsi devstack@c-api.service[111792]: INFO cinder.api.openstack.wsgi [None req-5bc42763-00a8-4ac6-ab87-8da39bc9edcf tempest-VolumeTypesTest-348018768 tempest-VolumeTypesTest-348018768-project-admin] POST http://10.222.0.15/volume/v3/685a10b3658849e2b21e61ca1222bda6/types
Oct 31 12:33:20.635389 dv-cinder-796170-6-iscsi devstack@c-api.service[111792]: DEBUG cinder.api.openstack.wsgi [None req-5bc42763-00a8-4ac6-ab87-8da39bc9edcf tempest-VolumeTypesTest-348018768 tempest-VolumeTypesTest-348018768-project-admin] Action: 'create', calling method: _create, body: {"volume_type": {"name": "tempest-VolumeTypesTest-volume-type-1841252284", "description": "tempest-volume-type-description-317263015", "extra_specs": {"storage_protocol": "iSCSI", "vendor_name": "Microsoft"}, "os-volume-type-access:is_public": true}} {{(pid=111792) _process_stack /opt/stack/cinder/cinder/api/openstack/wsgi.py:866}}
Oct 31 12:33:20.693117 dv-cinder-796170-6-iscsi devstack@c-api.service[111792]: INFO cinder.api.openstack.wsgi [None req-5bc42763-00a8-4ac6-ab87-8da39bc9edcf tempest-VolumeTypesTest-348018768 tempest-VolumeTypesTest-348018768-project-admin] http://10.222.0.15/volume/v3/685a10b3658849e2b21e61ca1222bda6/types returned with HTTP 200
Oct 31 12:33:20.702483 dv-cinder-796170-6-iscsi devstack@c-api.service[111793]: DEBUG cinder.api.middleware.request_id [None req-e4d637ff-9a6f-4068-b6da-8d1240aaa936 None None] RequestId filter calling following filter/app {{(pid=111793) _context_setter /opt/stack/cinder/cinder/api/middleware/request_id.py:62}}
