Jun 14 03:22:29.405115 dv-cinder-796170-1-smb neutron-server[92478]: DEBUG oslo_concurrency.lockutils [None req-334902b0-ff2a-4036-85ea-f30f778cee5c service neutron] Lock "event-dispatch" released by "neutron.plugins.ml2.ovo_rpc._ObjectChangeHandler.dispatch_events" :: held 0.109s {{(pid=92478) inner /usr/local/lib/python3.8/dist-packages/oslo_concurrency/lockutils.py:367}}
Jun 14 03:22:29.409517 dv-cinder-796170-1-smb neutron-server[92479]: DEBUG oslo_concurrency.lockutils [None req-c63c4c1a-9de9-40a1-ac36-3643a5c135ad None None] Lock "event-dispatch" released by "neutron.plugins.ml2.ovo_rpc._ObjectChangeHandler.dispatch_events" :: held 0.106s {{(pid=92479) inner /usr/local/lib/python3.8/dist-packages/oslo_concurrency/lockutils.py:367}}
Jun 14 03:22:29.466565 dv-cinder-796170-1-smb neutron-server[92477]: INFO neutron.wsgi [req-1f3dcc08-1830-40e6-9135-46a01d6fa003 req-d422d076-9e8b-4c54-8970-c773401fb447 tempest-AttachVolumeTestJSON-750898245 tempest-AttachVolumeTestJSON-750898245-project] 10.222.0.15 "GET /v2.0/ports?device_id=80f827ce-e220-450a-a5ef-faf03a089e11 HTTP/1.1" status: 200 len: 210 time: 0.0516782
Jun 14 03:22:29.513368 dv-cinder-796170-1-smb neutron-server[92477]: DEBUG neutron.pecan_wsgi.hooks.policy_enforcement [req-4fe031b3-02f9-4430-8798-4a428e198b45 req-bff85b15-e46c-4bc5-9185-26c4bdb35885 tempest-DeleteServersTestJSON-139151843 tempest-DeleteServersTestJSON-139151843-project] Attributes excluded by policy engine: ['standard_attr_id', 'binding:profile', 'binding:host_id', 'binding:vif_type', 'binding:vif_details'] {{(pid=92477) _exclude_attributes_by_policy /opt/stack/neutron/neutron/pecan_wsgi/hooks/policy_enforcement.py:255}}
Jun 14 03:22:29.515256 dv-cinder-796170-1-smb neutron-server[92477]: INFO neutron.wsgi [req-4fe031b3-02f9-4430-8798-4a428e198b45 req-bff85b15-e46c-4bc5-9185-26c4bdb35885 tempest-DeleteServersTestJSON-139151843 tempest-DeleteServersTestJSON-139151843-project] 10.222.0.15 "GET /v2.0/ports?device_id=6bbc92c6-6dff-4af0-b754-0830bb73878c HTTP/1.1" status: 200 len: 943 time: 0.4454291
Jun 14 03:22:29.562103 dv-cinder-796170-1-smb neutron-server[92477]: DEBUG neutron.wsgi [-] (92477) accepted ('10.222.0.15', 53870) {{(pid=92477) server /usr/local/lib/python3.8/dist-packages/eventlet/wsgi.py:992}}
Jun 14 03:22:29.588709 dv-cinder-796170-1-smb neutron-server[92478]: DEBUG neutron.pecan_wsgi.hooks.policy_enforcement [req-e1da8bcd-d793-4599-a0f5-009f494fc7df req-9c49547d-e99d-4e35-9431-eeb6f733054d service neutron] Attributes excluded by policy engine: ['standard_attr_id'] {{(pid=92478) _exclude_attributes_by_policy /opt/stack/neutron/neutron/pecan_wsgi/hooks/policy_enforcement.py:255}}
Jun 14 03:22:29.590283 dv-cinder-796170-1-smb neutron-server[92478]: INFO neutron.wsgi [req-e1da8bcd-d793-4599-a0f5-009f494fc7df req-9c49547d-e99d-4e35-9431-eeb6f733054d service neutron] 10.222.0.23 "GET /v2.0/ports?tenant_id=a8c7d84dd7fb452998cc19cffc074b51&device_id=405c92e6-a258-49cd-adb9-621d87d4f3c3 HTTP/1.1" status: 200 len: 1097 time: 0.1141460
Jun 14 03:22:29.628848 dv-cinder-796170-1-smb neutron-server[92477]: INFO neutron.wsgi [req-76c28163-30a3-40ee-8450-fa0eb8f3f7fc req-cb2917be-903c-4a56-a93f-1ad9fdf77aa9 tempest-AttachVolumeShelveTestJSON-1747790280 tempest-AttachVolumeShelveTestJSON-1747790280-project] 10.222.0.15 "GET /v2.0/ports?device_id=8d0ea0e7-7509-4f71-97eb-4c60ba84d20d HTTP/1.1" status: 200 len: 210 time: 0.0933273
Jun 14 03:22:29.632717 dv-cinder-796170-1-smb neutron-server[92479]: DEBUG neutron.plugins.ml2.db [None req-c63c4c1a-9de9-40a1-ac36-3643a5c135ad None None] For port 8a832a7f-7047-4cf7-b0ac-8a35166edc0c, host hv-cinder-79617, got binding levels [PortBindingLevel(driver='hyperv',host='hv-cinder-79617',level=0,port_id=8a832a7f-7047-4cf7-b0ac-8a35166edc0c,segment=NetworkSegment(870dc865-334d-480b-9bdf-cb2d4e627921),segment_id=870dc865-334d-480b-9bdf-cb2d4e627921)] {{(pid=92479) get_binding_level_objs /opt/stack/neutron/neutron/plugins/ml2/db.py:75}}
Jun 14 03:22:29.683203 dv-cinder-796170-1-smb neutron-server[92478]: INFO neutron.wsgi [req-e1da8bcd-d793-4599-a0f5-009f494fc7df req-6b036451-1d4f-4937-94e4-97e1c55dbe24 service neutron] 10.222.0.23 "GET /v2.0/floatingips?fixed_ip_address=172.20.0.10&port_id=4ccf09ec-e2c3-4233-b7a0-f2861b3c91f6 HTTP/1.1" status: 200 len: 217 time: 0.0836437
Jun 14 03:22:29.703048 dv-cinder-796170-1-smb neutron-server[92479]: DEBUG neutron.plugins.ml2.rpc [None req-c63c4c1a-9de9-40a1-ac36-3643a5c135ad None None] Returning: {'device': '8a832a7f-7047-4cf7-b0ac-8a35166edc0c', 'network_id': 'fa081582-846b-4032-8607-f43cdbb2ba40', 'port_id': '8a832a7f-7047-4cf7-b0ac-8a35166edc0c', 'mac_address': 'fa:16:3e:19:1f:20', 'admin_state_up': True, 'network_type': 'vlan', 'segmentation_id': 209, 'physical_network': 'physnet1', 'mtu': 1500, 'fixed_ips': [{'subnet_id': '9930d6b4-dff2-4808-90ef-7d22ff880d6e', 'ip_address': '172.20.0.2'}], 'device_owner': 'compute:nova', 'allowed_address_pairs': [], 'port_security_enabled': True, 'qos_policy_id': None, 'network_qos_policy_id': None, 'profile': {}, 'propagate_uplink_status': False} {{(pid=92479) _get_device_details /opt/stack/neutron/neutron/plugins/ml2/rpc.py:168}}
Jun 14 03:22:29.722049 dv-cinder-796170-1-smb neutron-server[92477]: DEBUG neutron_lib.callbacks.manager [None req-0d19aaae-0548-4c44-af60-c309ba6c3ce0 admin admin] Notify callbacks [] for security_group, before_create {{(pid=92477) _notify_loop /usr/local/lib/python3.8/dist-packages/neutron_lib/callbacks/manager.py:192}}
Jun 14 03:22:29.728863 dv-cinder-796170-1-smb neutron-server[92478]: DEBUG novaclient.v2.client [-] RESP: [200] Connection: close Content-Length: 179 Content-Type: application/json Date: Mon, 14 Jun 2021 03:22:29 GMT OpenStack-API-Version: compute 2.1 Server: Apache/2.4.41 (Ubuntu) Vary: OpenStack-API-Version,X-OpenStack-Nova-API-Version X-OpenStack-Nova-API-Version: 2.1 x-compute-request-id: req-9f7f8d73-d0f4-4960-9409-e1a8618a7dec x-openstack-request-id: req-9f7f8d73-d0f4-4960-9409-e1a8618a7dec {{(pid=92478) _http_log_response /usr/local/lib/python3.8/dist-packages/keystoneauth1/session.py:550}}
Jun 14 03:22:29.729222 dv-cinder-796170-1-smb neutron-server[92478]: DEBUG novaclient.v2.client [-] RESP BODY: {"events": [{"name": "network-changed", "server_uuid": "405c92e6-a258-49cd-adb9-621d87d4f3c3", "tag": "4ccf09ec-e2c3-4233-b7a0-f2861b3c91f6", "status": "completed", "code": 200}]} {{(pid=92478) _http_log_response /usr/local/lib/python3.8/dist-packages/keystoneauth1/session.py:582}}
Jun 14 03:22:29.730024 dv-cinder-796170-1-smb neutron-server[92478]: DEBUG novaclient.v2.client [-] POST call to compute for http://10.222.0.15/compute/v2.1/os-server-external-events used request id req-9f7f8d73-d0f4-4960-9409-e1a8618a7dec {{(pid=92478) request /usr/local/lib/python3.8/dist-packages/keystoneauth1/session.py:954}}
Jun 14 03:22:29.730024 dv-cinder-796170-1-smb neutron-server[92478]: INFO neutron.notifiers.nova [-] Nova event response: {'name': 'network-changed', 'server_uuid': '405c92e6-a258-49cd-adb9-621d87d4f3c3', 'tag': '4ccf09ec-e2c3-4233-b7a0-f2861b3c91f6', 'status': 'completed', 'code': 200}
Jun 14 03:22:29.744645 dv-cinder-796170-1-smb neutron-server[92477]: INFO neutron.wsgi [req-4fe031b3-02f9-4430-8798-4a428e198b45 req-801c08a3-e6e0-445b-b2fe-41c18f32a77e tempest-DeleteServersTestJSON-139151843 tempest-DeleteServersTestJSON-139151843-project] 10.222.0.15 "GET /v2.0/security-groups?id=c52d5c7d-6799-410a-a661-c6910a2f5c35&fields=id&fields=name HTTP/1.1" status: 200 len: 286 time: 0.2236845
Jun 14 03:22:29.754346 dv-cinder-796170-1-smb neutron-server[92478]: DEBUG neutron.pecan_wsgi.hooks.policy_enforcement [req-e1da8bcd-d793-4599-a0f5-009f494fc7df req-3a64e515-2529-424a-9cb4-7fb4f9db36e7 service neutron] Attributes excluded by policy engine: ['standard_attr_id', 'shared'] {{(pid=92478) _exclude_attributes_by_policy /opt/stack/neutron/neutron/pecan_wsgi/hooks/policy_enforcement.py:255}}
Jun 14 03:22:29.756155 dv-cinder-796170-1-smb neutron-server[92478]: INFO neutron.wsgi [req-e1da8bcd-d793-4599-a0f5-009f494fc7df req-3a64e515-2529-424a-9cb4-7fb4f9db36e7 service neutron] 10.222.0.23 "GET /v2.0/subnets?id=dbe15bd6-29b5-4ce6-befd-0fd4a9a9210e HTTP/1.1" status: 200 len: 857 time: 0.0666323
Jun 14 03:22:29.766076 dv-cinder-796170-1-smb neutron-server[92478]: DEBUG neutron.wsgi [-] (92478) accepted ('10.222.0.15', 53874) {{(pid=92478) server /usr/local/lib/python3.8/dist-packages/eventlet/wsgi.py:992}}
Jun 14 03:22:29.797080 dv-cinder-796170-1-smb neutron-server[92479]: DEBUG neutron_lib.callbacks.manager [None req-c63c4c1a-9de9-40a1-ac36-3643a5c135ad None None] Notify callbacks ['neutron.plugins.ml2.plugin.SecurityGroupDbMixin._ensure_default_security_group_handler_port-4182312'] for port, before_update {{(pid=92479) _notify_loop /usr/local/lib/python3.8/dist-packages/neutron_lib/callbacks/manager.py:192}}
Jun 14 03:22:29.814582 dv-cinder-796170-1-smb neutron-server[92478]: INFO neutron.wsgi [req-e1da8bcd-d793-4599-a0f5-009f494fc7df req-7885fa0f-5631-437d-bf46-0b5868484fde service neutron] 10.222.0.23 "GET /v2.0/ports?network_id=16d0137e-5f4c-4f10-b39d-6bbcc2835b7e&device_owner=network%3Adhcp HTTP/1.1" status: 200 len: 210 time: 0.0465925
Jun 14 03:22:29.818763 dv-cinder-796170-1-smb neutron-server[92479]: DEBUG neutron.notifiers.nova [None req-c63c4c1a-9de9-40a1-ac36-3643a5c135ad None None] Ignoring state change previous_port_status: DOWN current_port_status: BUILD port_id 8a832a7f-7047-4cf7-b0ac-8a35166edc0c {{(pid=92479) record_port_status_changed /opt/stack/neutron/neutron/notifiers/nova.py:224}}
Jun 14 03:22:29.849537 dv-cinder-796170-1-smb neutron-server[92479]: DEBUG neutron_lib.callbacks.manager [None req-c816484c-a1b4-4447-92b6-1c758c5a2d23 None None] Notify callbacks ['neutron.services.segments.db._update_segment_host_mapping_for_agent-8770794877862', 'neutron.plugins.ml2.plugin.Ml2Plugin._retry_binding_revived_agents-4169777'] for agent, after_update {{(pid=92479) _notify_loop /usr/local/lib/python3.8/dist-packages/neutron_lib/callbacks/manager.py:192}}
Jun 14 03:22:29.853830 dv-cinder-796170-1-smb neutron-server[92479]: DEBUG neutron.plugins.ml2.db [None req-c63c4c1a-9de9-40a1-ac36-3643a5c135ad None None] For port 8a832a7f-7047-4cf7-b0ac-8a35166edc0c, host hv-cinder-79617, got binding levels [PortBindingLevel(driver='hyperv',host='hv-cinder-79617',level=0,port_id=8a832a7f-7047-4cf7-b0ac-8a35166edc0c,segment=NetworkSegment(870dc865-334d-480b-9bdf-cb2d4e627921),segment_id=870dc865-334d-480b-9bdf-cb2d4e627921)] {{(pid=92479) get_binding_level_objs /opt/stack/neutron/neutron/plugins/ml2/db.py:75}}
Jun 14 03:22:29.922434 dv-cinder-796170-1-smb neutron-server[92477]: DEBUG neutron.pecan_wsgi.hooks.policy_enforcement [req-057de448-c3b6-42eb-b1eb-256b2b522f67 req-c643ddd8-ce50-4f9e-a51b-14a05d56c5f9 tempest-ServerRescueNegativeTestJSON-1680234149 tempest-ServerRescueNegativeTestJSON-1680234149-project] Attributes excluded by policy engine: ['standard_attr_id', 'vlan_transparent', 'provider:network_type', 'provider:physical_network', 'provider:segmentation_id'] {{(pid=92477) _exclude_attributes_by_policy /opt/stack/neutron/neutron/pecan_wsgi/hooks/policy_enforcement.py:255}}
Jun 14 03:22:29.924245 dv-cinder-796170-1-smb neutron-server[92477]: INFO neutron.wsgi [req-057de448-c3b6-42eb-b1eb-256b2b522f67 req-c643ddd8-ce50-4f9e-a51b-14a05d56c5f9 tempest-ServerRescueNegativeTestJSON-1680234149 tempest-ServerRescueNegativeTestJSON-1680234149-project] 10.222.0.23 "GET /v2.0/networks?id=16d0137e-5f4c-4f10-b39d-6bbcc2835b7e HTTP/1.1" status: 200 len: 817 time: 0.3607736
Jun 14 03:22:29.940611 dv-cinder-796170-1-smb neutron-server[92477]: DEBUG neutron.api.v2.base [req-057de448-c3b6-42eb-b1eb-256b2b522f67 req-dbd607a9-cda9-475b-8521-a850f988b14a tempest-ServerRescueNegativeTestJSON-1680234149 tempest-ServerRescueNegativeTestJSON-1680234149-project] Request body: {'port': {'device_id': 'd2fa9301-1556-4c96-848e-c3a44ddff63d', 'network_id': '16d0137e-5f4c-4f10-b39d-6bbcc2835b7e', 'admin_state_up': True, 'tenant_id': 'a8c7d84dd7fb452998cc19cffc074b51'}} {{(pid=92477) prepare_request_body /opt/stack/neutron/neutron/api/v2/base.py:729}}
Jun 14 03:22:29.978514 dv-cinder-796170-1-smb neutron-server[92479]: DEBUG neutron_lib.callbacks.manager [None req-c63c4c1a-9de9-40a1-ac36-3643a5c135ad None None] Notify callbacks ['neutron.plugins.ml2.plugin.SecurityGroupServerNotifierRpcMixin.notify_sg_on_port_change-4182466', 'neutron.plugins.ml2.ovo_rpc._ObjectChangeHandler.handle_event-168896', 'neutron.api.rpc.agentnotifiers.dhcp_rpc_agent_api.DhcpAgentNotifyAPI._native_event_send_dhcp_notification-537122', 'neutron.db.l3_db.L3RpcNotifierMixin._notify_gateway_port_ip_changed-8770794765123', 'neutron.db.l3_dvrscheduler_db._notify_l3_agent_port_update-8770794323258', 'neutron.db.l3_hascheduler_db._notify_l3_agent_ha_port_update-8770794323303'] for port, after_update {{(pid=92479) _notify_loop /usr/local/lib/python3.8/dist-packages/neutron_lib/callbacks/manager.py:192}}
Jun 14 03:22:29.986735 dv-cinder-796170-1-smb neutron-server[92479]: DEBUG oslo_concurrency.lockutils [None req-78a56f34-5448-48a0-a1a9-d1d4dc1f8c2d None None] Lock "event-dispatch" acquired by "neutron.plugins.ml2.ovo_rpc._ObjectChangeHandler.dispatch_events" :: waited 0.000s {{(pid=92479) inner /usr/local/lib/python3.8/dist-packages/oslo_concurrency/lockutils.py:355}}
Jun 14 03:22:30.007266 dv-cinder-796170-1-smb neutron-server[92478]: INFO neutron.wsgi [req-e1da8bcd-d793-4599-a0f5-009f494fc7df req-4bbaa8a7-1e2b-4428-83dc-20d8204c6f34 service neutron] 10.222.0.23 "GET /v2.0/networks/16d0137e-5f4c-4f10-b39d-6bbcc2835b7e?fields=segments HTTP/1.1" status: 200 len: 212 time: 0.1847005
Jun 14 03:22:30.008172 dv-cinder-796170-1-smb neutron-server[92478]: DEBUG neutron_lib.callbacks.manager [None req-e25f93b6-05c1-49de-8d9f-d07e26ac9154 admin admin] Notify callbacks [] for security_group, before_create {{(pid=92478) _notify_loop /usr/local/lib/python3.8/dist-packages/neutron_lib/callbacks/manager.py:192}}
Jun 14 03:22:30.067910 dv-cinder-796170-1-smb neutron-server[92479]: DEBUG neutron.api.rpc.handlers.resources_rpc [None req-c63c4c1a-9de9-40a1-ac36-3643a5c135ad None None] Pushing event updated for resources: {'Port': ['ID=8a832a7f-7047-4cf7-b0ac-8a35166edc0c,revision_number=4']} {{(pid=92479) push /opt/stack/neutron/neutron/api/rpc/handlers/resources_rpc.py:237}}
Jun 14 03:22:30.079449 dv-cinder-796170-1-smb neutron-server[92479]: DEBUG oslo_concurrency.lockutils [None req-c63c4c1a-9de9-40a1-ac36-3643a5c135ad None None] Lock "event-dispatch" released by "neutron.plugins.ml2.ovo_rpc._ObjectChangeHandler.dispatch_events" :: held 0.093s {{(pid=92479) inner /usr/local/lib/python3.8/dist-packages/oslo_concurrency/lockutils.py:367}}
Jun 14 03:22:30.093176 dv-cinder-796170-1-smb neutron-server[92479]: DEBUG neutron_lib.callbacks.manager [None req-fd34c2a1-2c0c-4582-9fa9-c3ee0feb30ec None None] Notify callbacks ['neutron.services.segments.db._update_segment_host_mapping_for_agent-8770794877862', 'neutron.plugins.ml2.plugin.Ml2Plugin._retry_binding_revived_agents-4169777'] for agent, after_update {{(pid=92479) _notify_loop /usr/local/lib/python3.8/dist-packages/neutron_lib/callbacks/manager.py:192}}
Jun 14 03:22:30.146151 dv-cinder-796170-1-smb neutron-server[92477]: INFO neutron.wsgi [req-a8f6a15d-9f68-459d-a0c4-8c91d737bf7b req-9cf80908-49a5-43c0-95ee-0c6aa5368ef6 tempest-ServerRescueNegativeTestJSON-1680234149 tempest-ServerRescueNegativeTestJSON-1680234149-project] 10.222.0.15 "GET /v2.0/ports?device_id=d2fa9301-1556-4c96-848e-c3a44ddff63d HTTP/1.1" status: 200 len: 210 time: 0.1167624
Jun 14 03:22:30.212060 dv-cinder-796170-1-smb neutron-server[92478]: INFO neutron.wsgi [req-e1da8bcd-d793-4599-a0f5-009f494fc7df req-b01b49d3-dc4b-4472-96cf-d08564805ed0 service neutron] 10.222.0.23 "GET /v2.0/networks/16d0137e-5f4c-4f10-b39d-6bbcc2835b7e?fields=provider%3Aphysical_network&fields=provider%3Anetwork_type HTTP/1.1" status: 200 len: 281 time: 0.1922154
Jun 14 03:22:30.272510 dv-cinder-796170-1-smb neutron-server[92477]: DEBUG neutron_lib.callbacks.manager [None req-0d19aaae-0548-4c44-af60-c309ba6c3ce0 admin admin] Notify callbacks [] for security_group, precommit_create {{(pid=92477) _notify_loop /usr/local/lib/python3.8/dist-packages/neutron_lib/callbacks/manager.py:192}}
Jun 14 03:22:30.307118 dv-cinder-796170-1-smb neutron-server[92477]: DEBUG neutron.pecan_wsgi.hooks.policy_enforcement [req-7f7cbb19-bc4c-4a62-8318-c8df550f61c5 req-a914a23e-644e-4a4e-a440-e662a2e45a66 tempest-AttachVolumeNegativeTest-944712188 tempest-AttachVolumeNegativeTest-944712188-project] Attributes excluded by policy engine: ['standard_attr_id', 'binding:profile', 'binding:host_id', 'binding:vif_type', 'binding:vif_details'] {{(pid=92477) _exclude_attributes_by_policy /opt/stack/neutron/neutron/pecan_wsgi/hooks/policy_enforcement.py:255}}
Jun 14 03:22:30.308602 dv-cinder-796170-1-smb neutron-server[92477]: INFO neutron.wsgi [req-7f7cbb19-bc4c-4a62-8318-c8df550f61c5 req-a914a23e-644e-4a4e-a440-e662a2e45a66 tempest-AttachVolumeNegativeTest-944712188 tempest-AttachVolumeNegativeTest-944712188-project] 10.222.0.15 "GET /v2.0/ports?device_id=a3b54413-ab50-4fc8-9970-b3f2bc8be6c9 HTTP/1.1" status: 200 len: 944 time: 0.0775781
Jun 14 03:22:30.356019 dv-cinder-796170-1-smb neutron-server[92477]: INFO neutron.wsgi [req-7f7cbb19-bc4c-4a62-8318-c8df550f61c5 req-afc2f8bc-84d4-4c77-8301-24743d8b8211 tempest-AttachVolumeNegativeTest-944712188 tempest-AttachVolumeNegativeTest-944712188-project] 10.222.0.15 "GET /v2.0/security-groups?id=6f2f3be1-b42f-469f-b3cb-00e76642e117&fields=id&fields=name HTTP/1.1" status: 200 len: 286 time: 0.0412760
Jun 14 03:22:30.365230 dv-cinder-796170-1-smb neutron-server[92479]: DEBUG neutron.plugins.ml2.db [None req-c63c4c1a-9de9-40a1-ac36-3643a5c135ad None None] get_ports_and_sgs() called for port_ids ['8a832a7f-7047-4cf7-b0ac-8a35166edc0c'] {{(pid=92479) get_ports_and_sgs /opt/stack/neutron/neutron/plugins/ml2/db.py:164}}
Jun 14 03:22:30.415494 dv-cinder-796170-1-smb neutron-server[92479]: DEBUG neutron.plugins.ml2.db [None req-c63c4c1a-9de9-40a1-ac36-3643a5c135ad None None] get_ports_and_sgs() called for port_ids ['e18bcfc9-57f7-4d79-8beb-8445eccf9627'] {{(pid=92479) get_ports_and_sgs /opt/stack/neutron/neutron/plugins/ml2/db.py:164}}
Jun 14 03:22:30.424638 dv-cinder-796170-1-smb neutron-server[92477]: DEBUG neutron_lib.callbacks.manager [None req-0d19aaae-0548-4c44-af60-c309ba6c3ce0 admin admin] Notify callbacks ['neutron.plugins.ml2.ovo_rpc._ObjectChangeHandler.handle_event-982136'] for security_group, after_create {{(pid=92477) _notify_loop /usr/local/lib/python3.8/dist-packages/neutron_lib/callbacks/manager.py:192}}
Jun 14 03:22:30.428897 dv-cinder-796170-1-smb neutron-server[92477]: DEBUG oslo_concurrency.lockutils [-] Lock "event-dispatch" acquired by "neutron.plugins.ml2.ovo_rpc._ObjectChangeHandler.dispatch_events" :: waited 0.000s {{(pid=92477) inner /usr/local/lib/python3.8/dist-packages/oslo_concurrency/lockutils.py:355}}
Jun 14 03:22:30.450617 dv-cinder-796170-1-smb neutron-server[92477]: DEBUG neutron_lib.db.api [req-057de448-c3b6-42eb-b1eb-256b2b522f67 req-dbd607a9-cda9-475b-8521-a850f988b14a tempest-ServerRescueNegativeTestJSON-1680234149 tempest-ServerRescueNegativeTestJSON-1680234149-project] Retry wrapper got retriable exception: (pymysql.err.OperationalError) (1213, 'Deadlock found when trying to get lock; try restarting transaction')
Jun 14 03:22:30.450617 dv-cinder-796170-1-smb neutron-server[92477]: [SQL: DELETE FROM reservations WHERE reservations.project_id = %(project_id_1)s AND reservations.expiration < %(expiration_1)s]
Jun 14 03:22:30.450617 dv-cinder-796170-1-smb neutron-server[92477]: [parameters: {'project_id_1': 'a8c7d84dd7fb452998cc19cffc074b51', 'expiration_1': datetime.datetime(2021, 6, 14, 3, 22, 30, 217768)}]
Jun 14 03:22:30.450617 dv-cinder-796170-1-smb neutron-server[92477]: (Background on this error at: http://sqlalche.me/e/14/e3q8) {{(pid=92477) wrapped /usr/local/lib/python3.8/dist-packages/neutron_lib/db/api.py:183}}
Jun 14 03:22:30.451300 dv-cinder-796170-1-smb neutron-server[92477]: DEBUG oslo_db.api [req-057de448-c3b6-42eb-b1eb-256b2b522f67 req-dbd607a9-cda9-475b-8521-a850f988b14a tempest-ServerRescueNegativeTestJSON-1680234149 tempest-ServerRescueNegativeTestJSON-1680234149-project] Performing DB retry for function neutron.db.quota.driver_nolock.DbQuotaNoLockDriver.make_reservation {{(pid=92477) wrapper /usr/local/lib/python3.8/dist-packages/oslo_db/api.py:155}}
Jun 14 03:22:30.477145 dv-cinder-796170-1-smb neutron-server[92477]: INFO neutron.wsgi [None req-0d19aaae-0548-4c44-af60-c309ba6c3ce0 admin admin] 10.222.0.15 "GET /v2.0/security-groups?tenant_id=357daf1629564619906217bd79fd9297&name=default HTTP/1.1" status: 200 len: 2979 time: 0.9096396
Jun 14 03:22:30.477145 dv-cinder-796170-1-smb neutron-server[92477]: DEBUG neutron.api.rpc.handlers.resources_rpc [None req-0d19aaae-0548-4c44-af60-c309ba6c3ce0 admin admin] Pushing event updated for resources: {'SecurityGroup': ['ID=a2fd2b6f-f0a9-4299-b9bf-39d181672b1b,revision_number=1']} {{(pid=92477) push /opt/stack/neutron/neutron/api/rpc/handlers/resources_rpc.py:237}}
Jun 14 03:22:30.479257 dv-cinder-796170-1-smb neutron-server[92478]: DEBUG neutron.wsgi [-] (92478) accepted ('10.222.0.15', 53894) {{(pid=92478) server /usr/local/lib/python3.8/dist-packages/eventlet/wsgi.py:992}}
Jun 14 03:22:30.508893 dv-cinder-796170-1-smb neutron-server[92477]: DEBUG oslo_concurrency.lockutils [None req-0d19aaae-0548-4c44-af60-c309ba6c3ce0 admin admin] Lock "event-dispatch" released by "neutron.plugins.ml2.ovo_rpc._ObjectChangeHandler.dispatch_events" :: held 0.080s {{(pid=92477) inner /usr/local/lib/python3.8/dist-packages/oslo_concurrency/lockutils.py:367}}
Jun 14 03:22:30.530039 dv-cinder-796170-1-smb neutron-server[92478]: DEBUG neutron.pecan_wsgi.hooks.policy_enforcement [req-cbdce918-c803-4a40-b5f4-37edac3ac881 req-a830c946-1a42-4d26-be69-e02ba0c84d13 service neutron] Attributes excluded by policy engine: ['standard_attr_id'] {{(pid=92478) _exclude_attributes_by_policy /opt/stack/neutron/neutron/pecan_wsgi/hooks/policy_enforcement.py:255}}
Jun 14 03:22:30.530039 dv-cinder-796170-1-smb neutron-server[92478]: INFO neutron.wsgi [req-cbdce918-c803-4a40-b5f4-37edac3ac881 req-a830c946-1a42-4d26-be69-e02ba0c84d13 service neutron] 10.222.0.23 "GET /v2.0/ports?tenant_id=a8c7d84dd7fb452998cc19cffc074b51&device_id=405c92e6-a258-49cd-adb9-621d87d4f3c3 HTTP/1.1" status: 200 len: 1097 time: 0.1338611
Jun 14 03:22:30.637987 dv-cinder-796170-1-smb neutron-server[92477]: INFO neutron.wsgi [req-0308af31-b8ba-45f7-80ed-186ea25a3185 req-590bc223-bdeb-4ecf-8db7-37abf9efb00b tempest-AttachVolumeTestJSON-750898245 tempest-AttachVolumeTestJSON-750898245-project] 10.222.0.15 "GET /v2.0/ports?device_id=80f827ce-e220-450a-a5ef-faf03a089e11 HTTP/1.1" status: 200 len: 210 time: 0.0357928
Jun 14 03:22:30.844949 dv-cinder-796170-1-smb neutron-server[92477]: INFO neutron.wsgi [req-e9b44aa3-9723-4d3b-8a48-b71fb029bcfe req-2dfb2deb-df06-463c-8b7e-6fbf290f4329 tempest-AttachVolumeShelveTestJSON-1747790280 tempest-AttachVolumeShelveTestJSON-1747790280-project] 10.222.0.15 "GET /v2.0/ports?device_id=8d0ea0e7-7509-4f71-97eb-4c60ba84d20d HTTP/1.1" status: 200 len: 210 time: 0.0489652
Jun 14 03:22:30.875262 dv-cinder-796170-1-smb neutron-server[92479]: DEBUG neutron_lib.callbacks.manager [None req-1efa4499-7e55-47a0-9947-ffed62f1523a None None] Notify callbacks ['neutron.services.segments.db._update_segment_host_mapping_for_agent-8770794877862', 'neutron.plugins.ml2.plugin.Ml2Plugin._retry_binding_revived_agents-4169777'] for agent, after_update {{(pid=92479) _notify_loop /usr/local/lib/python3.8/dist-packages/neutron_lib/callbacks/manager.py:192}}
Jun 14 03:22:30.892310 dv-cinder-796170-1-smb neutron-server[92478]: DEBUG neutron_lib.callbacks.manager [None req-156cbd4f-5f3e-405c-873f-9e3099db8120 admin admin] Notify callbacks [] for security_group, before_delete {{(pid=92478) _notify_loop /usr/local/lib/python3.8/dist-packages/neutron_lib/callbacks/manager.py:192}}
Jun 14 03:22:30.915301 dv-cinder-796170-1-smb neutron-server[92478]: DEBUG neutron_lib.callbacks.manager [None req-e25f93b6-05c1-49de-8d9f-d07e26ac9154 admin admin] Notify callbacks [] for security_group, precommit_create {{(pid=92478) _notify_loop /usr/local/lib/python3.8/dist-packages/neutron_lib/callbacks/manager.py:192}}
Jun 14 03:22:30.936053 dv-cinder-796170-1-smb neutron-server[92478]: DEBUG neutron_lib.callbacks.manager [None req-156cbd4f-5f3e-405c-873f-9e3099db8120 admin admin] Notify callbacks [] for security_group, precommit_delete {{(pid=92478) _notify_loop /usr/local/lib/python3.8/dist-packages/neutron_lib/callbacks/manager.py:192}}
Jun 14 03:22:30.955968 dv-cinder-796170-1-smb neutron-server[92478]: DEBUG neutron.pecan_wsgi.hooks.policy_enforcement [req-cbdce918-c803-4a40-b5f4-37edac3ac881 req-8286b5f2-f0f6-4a62-98e4-2fd3497f45de service neutron] Attributes excluded by policy engine: ['standard_attr_id', 'vlan_transparent'] {{(pid=92478) _exclude_attributes_by_policy /opt/stack/neutron/neutron/pecan_wsgi/hooks/policy_enforcement.py:255}}
Jun 14 03:22:30.957932 dv-cinder-796170-1-smb neutron-server[92478]: INFO neutron.wsgi [req-cbdce918-c803-4a40-b5f4-37edac3ac881 req-8286b5f2-f0f6-4a62-98e4-2fd3497f45de service neutron] 10.222.0.23 "GET /v2.0/networks?id=16d0137e-5f4c-4f10-b39d-6bbcc2835b7e HTTP/1.1" status: 200 len: 918 time: 0.4178493
Jun 14 03:22:30.978990 dv-cinder-796170-1-smb neutron-server[92477]: DEBUG neutron.pecan_wsgi.hooks.policy_enforcement [req-5f210415-09c0-4198-985d-be8eea3f660e req-c1fff89f-43e0-40df-a7a3-192e3a12ea04 tempest-DeleteServersTestJSON-139151843 tempest-DeleteServersTestJSON-139151843-project] Attributes excluded by policy engine: ['standard_attr_id', 'binding:profile', 'binding:host_id', 'binding:vif_type', 'binding:vif_details'] {{(pid=92477) _exclude_attributes_by_policy /opt/stack/neutron/neutron/pecan_wsgi/hooks/policy_enforcement.py:255}}
Jun 14 03:22:30.983714 dv-cinder-796170-1-smb neutron-server[92477]: INFO neutron.wsgi [req-5f210415-09c0-4198-985d-be8eea3f660e req-c1fff89f-43e0-40df-a7a3-192e3a12ea04 tempest-DeleteServersTestJSON-139151843 tempest-DeleteServersTestJSON-139151843-project] 10.222.0.15 "GET /v2.0/ports?device_id=6bbc92c6-6dff-4af0-b754-0830bb73878c HTTP/1.1" status: 200 len: 944 time: 0.0859730
Jun 14 03:22:31.031865 dv-cinder-796170-1-smb neutron-server[92478]: INFO neutron.wsgi [req-cbdce918-c803-4a40-b5f4-37edac3ac881 req-5b8a1c34-3caa-4652-b571-cecefc18c3f0 service neutron] 10.222.0.23 "GET /v2.0/floatingips?fixed_ip_address=172.20.0.10&port_id=4ccf09ec-e2c3-4233-b7a0-f2861b3c91f6 HTTP/1.1" status: 200 len: 217 time: 0.0594113
Jun 14 03:22:31.032445 dv-cinder-796170-1-smb neutron-server[92478]: DEBUG neutron_lib.callbacks.manager [None req-e25f93b6-05c1-49de-8d9f-d07e26ac9154 admin admin] Notify callbacks ['neutron.plugins.ml2.ovo_rpc._ObjectChangeHandler.handle_event-982136'] for security_group, after_create {{(pid=92478) _notify_loop /usr/local/lib/python3.8/dist-packages/neutron_lib/callbacks/manager.py:192}}
Jun 14 03:22:31.036208 dv-cinder-796170-1-smb neutron-server[92477]: INFO neutron.wsgi [req-5f210415-09c0-4198-985d-be8eea3f660e req-f507e94b-f75f-4c6e-826f-023e971162ea tempest-DeleteServersTestJSON-139151843 tempest-DeleteServersTestJSON-139151843-project] 10.222.0.15 "GET /v2.0/security-groups?id=c52d5c7d-6799-410a-a661-c6910a2f5c35&fields=id&fields=name HTTP/1.1" status: 200 len: 286 time: 0.0459785
Jun 14 03:22:31.036620 dv-cinder-796170-1-smb neutron-server[92478]: DEBUG oslo_concurrency.lockutils [None req-1aee501e-ef5b-4027-aaac-56168d389d6b admin admin] Lock "event-dispatch" acquired by "neutron.plugins.ml2.ovo_rpc._ObjectChangeHandler.dispatch_events" :: waited 0.000s {{(pid=92478) inner /usr/local/lib/python3.8/dist-packages/oslo_concurrency/lockutils.py:355}}
Jun 14 03:22:31.125893 dv-cinder-796170-1-smb neutron-server[92478]: INFO neutron.wsgi [None req-e25f93b6-05c1-49de-8d9f-d07e26ac9154 admin admin] 10.222.0.15 "GET /v2.0/security-groups?tenant_id=267f7004e396469f874ceedd58a0b0cb&name=default HTTP/1.1" status: 200 len: 2979 time: 1.3626835
Jun 14 03:22:31.131601 dv-cinder-796170-1-smb neutron-server[92477]: DEBUG neutron.wsgi [-] (92477) accepted ('10.222.0.15', 53906) {{(pid=92477) server /usr/local/lib/python3.8/dist-packages/eventlet/wsgi.py:992}}
Jun 14 03:22:31.131803 dv-cinder-796170-1-smb neutron-server[92478]: DEBUG neutron.api.rpc.handlers.resources_rpc [None req-e25f93b6-05c1-49de-8d9f-d07e26ac9154 admin admin] Pushing event updated for resources: {'SecurityGroup': ['ID=6de93a18-bc42-4a88-a22b-d35403bac727,revision_number=1']} {{(pid=92478) push /opt/stack/neutron/neutron/api/rpc/handlers/resources_rpc.py:237}}
Jun 14 03:22:31.137274 dv-cinder-796170-1-smb neutron-server[92478]: DEBUG oslo_concurrency.lockutils [None req-e25f93b6-05c1-49de-8d9f-d07e26ac9154 admin admin] Lock "event-dispatch" released by "neutron.plugins.ml2.ovo_rpc._ObjectChangeHandler.dispatch_events" :: held 0.100s {{(pid=92478) inner /usr/local/lib/python3.8/dist-packages/oslo_concurrency/lockutils.py:367}}
Jun 14 03:22:31.139289 dv-cinder-796170-1-smb neutron-server[92477]: DEBUG neutron.pecan_wsgi.hooks.quota_enforcement [req-057de448-c3b6-42eb-b1eb-256b2b522f67 req-dbd607a9-cda9-475b-8521-a850f988b14a tempest-ServerRescueNegativeTestJSON-1680234149 tempest-ServerRescueNegativeTestJSON-1680234149-project] Made reservation on behalf of a8c7d84dd7fb452998cc19cffc074b51 for: {'port': 1} {{(pid=92477) before /opt/stack/neutron/neutron/pecan_wsgi/hooks/quota_enforcement.py:53}}
Jun 14 03:22:31.144318 dv-cinder-796170-1-smb neutron-server[92477]: DEBUG neutron_lib.callbacks.manager [req-057de448-c3b6-42eb-b1eb-256b2b522f67 req-dbd607a9-cda9-475b-8521-a850f988b14a tempest-ServerRescueNegativeTestJSON-1680234149 tempest-ServerRescueNegativeTestJSON-1680234149-project] Notify callbacks ['neutron.plugins.ml2.plugin.SecurityGroupDbMixin._ensure_default_security_group_handler_before_create-4182330'] for port, before_create {{(pid=92477) _notify_loop /usr/local/lib/python3.8/dist-packages/neutron_lib/callbacks/manager.py:192}}
Jun 14 03:22:31.148414 dv-cinder-796170-1-smb neutron-server[92478]: DEBUG neutron.pecan_wsgi.hooks.policy_enforcement [req-cbdce918-c803-4a40-b5f4-37edac3ac881 req-e3a17b36-b6ce-48dd-b13d-dc0c2c52cc92 service neutron] Attributes excluded by policy engine: ['standard_attr_id', 'shared'] {{(pid=92478) _exclude_attributes_by_policy /opt/stack/neutron/neutron/pecan_wsgi/hooks/policy_enforcement.py:255}}
Jun 14 03:22:31.149941 dv-cinder-796170-1-smb neutron-server[92478]: INFO neutron.wsgi [req-cbdce918-c803-4a40-b5f4-37edac3ac881 req-e3a17b36-b6ce-48dd-b13d-dc0c2c52cc92 service neutron] 10.222.0.23 "GET /v2.0/subnets?id=dbe15bd6-29b5-4ce6-befd-0fd4a9a9210e HTTP/1.1" status: 200 len: 857 time: 0.1049132
Jun 14 03:22:31.191881 dv-cinder-796170-1-smb neutron-server[92478]: INFO neutron.wsgi [req-cbdce918-c803-4a40-b5f4-37edac3ac881 req-00125897-3409-4509-bd6a-83bd4339d1db service neutron] 10.222.0.23 "GET /v2.0/ports?network_id=16d0137e-5f4c-4f10-b39d-6bbcc2835b7e&device_owner=network%3Adhcp HTTP/1.1" status: 200 len: 210 time: 0.0346580
Jun 14 03:22:31.216196 dv-cinder-796170-1-smb neutron-server[92477]: DEBUG neutron_lib.callbacks.manager [None req-0a7d0fda-655c-451e-bde2-d5fa51410b2d admin admin] Notify callbacks [] for security_group, before_delete {{(pid=92477) _notify_loop /usr/local/lib/python3.8/dist-packages/neutron_lib/callbacks/manager.py:192}}
Jun 14 03:22:31.239376 dv-cinder-796170-1-smb neutron-server[92477]: DEBUG neutron_lib.callbacks.manager [None req-0a7d0fda-655c-451e-bde2-d5fa51410b2d admin admin] Notify callbacks [] for security_group, precommit_delete {{(pid=92477) _notify_loop /usr/local/lib/python3.8/dist-packages/neutron_lib/callbacks/manager.py:192}}
Jun 14 03:22:31.242277 dv-cinder-796170-1-smb neutron-server[92478]: DEBUG neutron_lib.callbacks.manager [None req-156cbd4f-5f3e-405c-873f-9e3099db8120 admin admin] Notify callbacks ['neutron.plugins.ml2.ovo_rpc._ObjectChangeHandler.handle_event-982136'] for security_group, after_delete {{(pid=92478) _notify_loop /usr/local/lib/python3.8/dist-packages/neutron_lib/callbacks/manager.py:192}}
Jun 14 03:22:31.245362 dv-cinder-796170-1-smb neutron-server[92478]: DEBUG neutron_lib.callbacks.manager [None req-156cbd4f-5f3e-405c-873f-9e3099db8120 admin admin] Notify callbacks [] for security_group, before_response {{(pid=92478) _notify_loop /usr/local/lib/python3.8/dist-packages/neutron_lib/callbacks/manager.py:192}}
Jun 14 03:22:31.247424 dv-cinder-796170-1-smb neutron-server[92478]: INFO neutron.wsgi [None req-156cbd4f-5f3e-405c-873f-9e3099db8120 admin admin] 10.222.0.15 "DELETE /v2.0/security-groups/a2fd2b6f-f0a9-4299-b9bf-39d181672b1b HTTP/1.1" status: 204 len: 168 time: 0.7692695
Jun 14 03:22:31.287190 dv-cinder-796170-1-smb neutron-server[92478]: DEBUG oslo_concurrency.lockutils [-] Lock "event-dispatch" acquired by "neutron.plugins.ml2.ovo_rpc._ObjectChangeHandler.dispatch_events" :: waited 0.000s {{(pid=92478) inner /usr/local/lib/python3.8/dist-packages/oslo_concurrency/lockutils.py:355}}
Jun 14 03:22:31.305935 dv-cinder-796170-1-smb neutron-server[92478]: DEBUG neutron.api.rpc.handlers.resources_rpc [None req-156cbd4f-5f3e-405c-873f-9e3099db8120 admin admin] Pushing event deleted for resources: {'SecurityGroup': ['ID=a2fd2b6f-f0a9-4299-b9bf-39d181672b1b,revision_number=None']} {{(pid=92478) push /opt/stack/neutron/neutron/api/rpc/handlers/resources_rpc.py:237}}
Jun 14 03:22:31.308776 dv-cinder-796170-1-smb neutron-server[92478]: DEBUG oslo_concurrency.lockutils [None req-156cbd4f-5f3e-405c-873f-9e3099db8120 admin admin] Lock "event-dispatch" released by "neutron.plugins.ml2.ovo_rpc._ObjectChangeHandler.dispatch_events" :: held 0.022s {{(pid=92478) inner /usr/local/lib/python3.8/dist-packages/oslo_concurrency/lockutils.py:367}}
Jun 14 03:22:31.334830 dv-cinder-796170-1-smb neutron-server[92478]: INFO neutron.wsgi [req-cbdce918-c803-4a40-b5f4-37edac3ac881 req-1497dffb-bdf8-4802-943e-4a757102c923 service neutron] 10.222.0.23 "GET /v2.0/networks/16d0137e-5f4c-4f10-b39d-6bbcc2835b7e?fields=segments HTTP/1.1" status: 200 len: 212 time: 0.1365366
Jun 14 03:22:31.347440 dv-cinder-796170-1-smb neutron-server[92477]: INFO neutron.wsgi [req-75121151-6afb-44a6-942a-145e865a74b3 req-0571532c-5e47-45ec-9233-ad2f7624fb7b tempest-ServerRescueNegativeTestJSON-1680234149 tempest-ServerRescueNegativeTestJSON-1680234149-project] 10.222.0.15 "GET /v2.0/ports?device_id=d2fa9301-1556-4c96-848e-c3a44ddff63d HTTP/1.1" status: 200 len: 210 time: 0.0656292
Jun 14 03:22:31.422632 dv-cinder-796170-1-smb neutron-server[92477]: DEBUG neutron.db.db_base_plugin_common [req-057de448-c3b6-42eb-b1eb-256b2b522f67 req-dbd607a9-cda9-475b-8521-a850f988b14a tempest-ServerRescueNegativeTestJSON-1680234149 tempest-ServerRescueNegativeTestJSON-1680234149-project] Allocated IP 172.20.0.11 (16d0137e-5f4c-4f10-b39d-6bbcc2835b7e/dbe15bd6-29b5-4ce6-befd-0fd4a9a9210e/385633d6-df0c-426d-8a9b-e5ac4e8e8c4b) {{(pid=92477) _store_ip_allocation /opt/stack/neutron/neutron/db/db_base_plugin_common.py:131}}
Jun 14 03:22:31.459643 dv-cinder-796170-1-smb neutron-server[92478]: INFO neutron.wsgi [req-cbdce918-c803-4a40-b5f4-37edac3ac881 req-606f4852-ddd8-43af-8367-934c76bdd8b5 service neutron] 10.222.0.23 "GET /v2.0/networks/16d0137e-5f4c-4f10-b39d-6bbcc2835b7e?fields=provider%3Aphysical_network&fields=provider%3Anetwork_type HTTP/1.1" status: 200 len: 281 time: 0.1177192
Jun 14 03:22:31.514204 dv-cinder-796170-1-smb neutron-server[92477]: DEBUG neutron_lib.callbacks.manager [None req-0a7d0fda-655c-451e-bde2-d5fa51410b2d admin admin] Notify callbacks ['neutron.plugins.ml2.ovo_rpc._ObjectChangeHandler.handle_event-982136'] for security_group, after_delete {{(pid=92477) _notify_loop /usr/local/lib/python3.8/dist-packages/neutron_lib/callbacks/manager.py:192}}
Jun 14 03:22:31.527080 dv-cinder-796170-1-smb neutron-server[92477]: DEBUG neutron_lib.callbacks.manager [None req-0a7d0fda-655c-451e-bde2-d5fa51410b2d admin admin] Notify callbacks [] for security_group, before_response {{(pid=92477) _notify_loop /usr/local/lib/python3.8/dist-packages/neutron_lib/callbacks/manager.py:192}}
Jun 14 03:22:31.528162 dv-cinder-796170-1-smb neutron-server[92477]: INFO neutron.wsgi [None req-0a7d0fda-655c-451e-bde2-d5fa51410b2d admin admin] 10.222.0.15 "DELETE /v2.0/security-groups/6de93a18-bc42-4a88-a22b-d35403bac727 HTTP/1.1" status: 204 len: 168 time: 0.3964505
Jun 14 03:22:31.551559 dv-cinder-796170-1-smb neutron-server[92477]: DEBUG oslo_concurrency.lockutils [None req-d50eb238-4518-4816-80da-319f812a11f0 admin admin] Lock "event-dispatch" acquired by "neutron.plugins.ml2.ovo_rpc._ObjectChangeHandler.dispatch_events" :: waited 0.000s {{(pid=92477) inner /usr/local/lib/python3.8/dist-packages/oslo_concurrency/lockutils.py:355}}
Jun 14 03:22:31.570307 dv-cinder-796170-1-smb neutron-server[92477]: DEBUG neutron.api.rpc.handlers.resources_rpc [None req-0a7d0fda-655c-451e-bde2-d5fa51410b2d admin admin] Pushing event deleted for resources: {'SecurityGroup': ['ID=6de93a18-bc42-4a88-a22b-d35403bac727,revision_number=None']} {{(pid=92477) push /opt/stack/neutron/neutron/api/rpc/handlers/resources_rpc.py:237}}
Jun 14 03:22:31.615148 dv-cinder-796170-1-smb neutron-server[92477]: DEBUG oslo_concurrency.lockutils [None req-0a7d0fda-655c-451e-bde2-d5fa51410b2d admin admin] Lock "event-dispatch" released by "neutron.plugins.ml2.ovo_rpc._ObjectChangeHandler.dispatch_events" :: held 0.064s {{(pid=92477) inner /usr/local/lib/python3.8/dist-packages/oslo_concurrency/lockutils.py:367}}
Jun 14 03:22:31.698820 dv-cinder-796170-1-smb neutron-server[92477]: DEBUG neutron.pecan_wsgi.hooks.policy_enforcement [req-fc4fac2c-c453-49f8-b156-b9d4c7096fc3 req-1c5de218-3738-4f08-a6f7-122f54ef9d9b tempest-AttachVolumeNegativeTest-944712188 tempest-AttachVolumeNegativeTest-944712188-project] Attributes excluded by policy engine: ['standard_attr_id', 'binding:profile', 'binding:host_id', 'binding:vif_type', 'binding:vif_details'] {{(pid=92477) _exclude_attributes_by_policy /opt/stack/neutron/neutron/pecan_wsgi/hooks/policy_enforcement.py:255}}
Jun 14 03:22:31.700473 dv-cinder-796170-1-smb neutron-server[92477]: INFO neutron.wsgi [req-fc4fac2c-c453-49f8-b156-b9d4c7096fc3 req-1c5de218-3738-4f08-a6f7-122f54ef9d9b tempest-AttachVolumeNegativeTest-944712188 tempest-AttachVolumeNegativeTest-944712188-project] 10.222.0.15 "GET /v2.0/ports?device_id=a3b54413-ab50-4fc8-9970-b3f2bc8be6c9 HTTP/1.1" status: 200 len: 944 time: 0.1958783
Jun 14 03:22:31.703490 dv-cinder-796170-1-smb neutron-server[92477]: DEBUG neutron_lib.callbacks.manager [req-057de448-c3b6-42eb-b1eb-256b2b522f67 req-dbd607a9-cda9-475b-8521-a850f988b14a tempest-ServerRescueNegativeTestJSON-1680234149 tempest-ServerRescueNegativeTestJSON-1680234149-project] Notify callbacks [] for port, precommit_create {{(pid=92477) _notify_loop /usr/local/lib/python3.8/dist-packages/neutron_lib/callbacks/manager.py:192}}
Jun 14 03:22:31.766771 dv-cinder-796170-1-smb neutron-server[92477]: INFO neutron.wsgi [req-fc4fac2c-c453-49f8-b156-b9d4c7096fc3 req-e059cf74-7d9d-4a35-a9b9-6579234c0901 tempest-AttachVolumeNegativeTest-944712188 tempest-AttachVolumeNegativeTest-944712188-project] 10.222.0.15 "GET /v2.0/security-groups?id=6f2f3be1-b42f-469f-b3cb-00e76642e117&fields=id&fields=name HTTP/1.1" status: 200 len: 286 time: 0.0575187
Jun 14 03:22:31.803047 dv-cinder-796170-1-smb neutron-server[92477]: INFO neutron.wsgi [req-03b144a3-1b42-4998-a17d-09a8b3f10cfb req-deef274d-8dc9-4f22-9bf7-5f5c3b6cc9d1 tempest-AttachVolumeTestJSON-750898245 tempest-AttachVolumeTestJSON-750898245-project] 10.222.0.15 "GET /v2.0/ports?device_id=80f827ce-e220-450a-a5ef-faf03a089e11 HTTP/1.1" status: 200 len: 210 time: 0.0395689
Jun 14 03:22:31.956567 dv-cinder-796170-1-smb neutron-server[92477]: DEBUG neutron_lib.callbacks.manager [req-057de448-c3b6-42eb-b1eb-256b2b522f67 req-dbd607a9-cda9-475b-8521-a850f988b14a tempest-ServerRescueNegativeTestJSON-1680234149 tempest-ServerRescueNegativeTestJSON-1680234149-project] Notify callbacks ['neutron.plugins.ml2.plugin.SecurityGroupServerNotifierRpcMixin._notify_sg_on_port_after_update-4182521', 'neutron.plugins.ml2.ovo_rpc._ObjectChangeHandler.handle_payload_event-169011', 'neutron.api.rpc.agentnotifiers.dhcp_rpc_agent_api.DhcpAgentNotifyAPI._native_event_send_dhcp_notification_payload-537145', 'neutron.db.l3_dvrscheduler_db._notify_l3_agent_new_port-8770794323240'] for port, after_create {{(pid=92477) _notify_loop /usr/local/lib/python3.8/dist-packages/neutron_lib/callbacks/manager.py:192}}
Jun 14 03:22:31.972090 dv-cinder-796170-1-smb neutron-server[92477]: DEBUG oslo_concurrency.lockutils [-] Lock "event-dispatch" acquired by "neutron.plugins.ml2.ovo_rpc._ObjectChangeHandler.dispatch_events" :: waited 0.000s {{(pid=92477) inner /usr/local/lib/python3.8/dist-packages/oslo_concurrency/lockutils.py:355}}
Jun 14 03:22:32.030886 dv-cinder-796170-1-smb neutron-server[92477]: INFO neutron.wsgi [req-861777c5-c556-49fd-9cd9-af3d328f7777 req-a51b7620-932b-4800-9ddc-ed93dd6977c1 tempest-AttachVolumeShelveTestJSON-1747790280 tempest-AttachVolumeShelveTestJSON-1747790280-project] 10.222.0.15 "GET /v2.0/ports?device_id=8d0ea0e7-7509-4f71-97eb-4c60ba84d20d HTTP/1.1" status: 200 len: 210 time: 0.0714633
Jun 14 03:22:32.045922 dv-cinder-796170-1-smb neutron-server[92477]: DEBUG neutron.scheduler.dhcp_agent_scheduler [req-057de448-c3b6-42eb-b1eb-256b2b522f67 req-dbd607a9-cda9-475b-8521-a850f988b14a tempest-ServerRescueNegativeTestJSON-1680234149 tempest-ServerRescueNegativeTestJSON-1680234149-project] Network 16d0137e-5f4c-4f10-b39d-6bbcc2835b7e is already hosted by enough agents. {{(pid=92477) _get_dhcp_agents_hosting_network /opt/stack/neutron/neutron/scheduler/dhcp_agent_scheduler.py:275}}
Jun 14 03:22:32.056795 dv-cinder-796170-1-smb neutron-server[92477]: DEBUG neutron.scheduler.base_scheduler [req-057de448-c3b6-42eb-b1eb-256b2b522f67 req-dbd607a9-cda9-475b-8521-a850f988b14a tempest-ServerRescueNegativeTestJSON-1680234149 tempest-ServerRescueNegativeTestJSON-1680234149-project] Resources bound (agent type, host, resource id): {{(pid=92477) schedule /opt/stack/neutron/neutron/scheduler/base_scheduler.py:57}}
Jun 14 03:22:32.061356 dv-cinder-796170-1-smb neutron-server[92477]: DEBUG neutron.db.l3_dvrscheduler_db [req-057de448-c3b6-42eb-b1eb-256b2b522f67 req-dbd607a9-cda9-475b-8521-a850f988b14a tempest-ServerRescueNegativeTestJSON-1680234149 tempest-ServerRescueNegativeTestJSON-1680234149-project] Received port after_create {{(pid=92477) _notify_l3_agent_new_port /opt/stack/neutron/neutron/db/l3_dvrscheduler_db.py:537}}
Jun 14 03:22:32.090776 dv-cinder-796170-1-smb neutron-server[92477]: DEBUG neutron.pecan_wsgi.hooks.policy_enforcement [req-057de448-c3b6-42eb-b1eb-256b2b522f67 req-dbd607a9-cda9-475b-8521-a850f988b14a tempest-ServerRescueNegativeTestJSON-1680234149 tempest-ServerRescueNegativeTestJSON-1680234149-project] Attributes excluded by policy engine: ['standard_attr_id', 'binding:profile', 'binding:host_id', 'binding:vif_type', 'binding:vif_details', 'network'] {{(pid=92477) _exclude_attributes_by_policy /opt/stack/neutron/neutron/pecan_wsgi/hooks/policy_enforcement.py:255}}
Jun 14 03:22:32.090776 dv-cinder-796170-1-smb neutron-server[92477]: DEBUG neutron_lib.callbacks.manager [req-057de448-c3b6-42eb-b1eb-256b2b522f67 req-dbd607a9-cda9-475b-8521-a850f988b14a tempest-ServerRescueNegativeTestJSON-1680234149 tempest-ServerRescueNegativeTestJSON-1680234149-project] Notify callbacks ['neutron.notifiers.nova.Notifier._send_nova_notification-221355', 'neutron.api.rpc.agentnotifiers.dhcp_rpc_agent_api.DhcpAgentNotifyAPI._send_dhcp_notification-537116'] for port, before_response {{(pid=92477) _notify_loop /usr/local/lib/python3.8/dist-packages/neutron_lib/callbacks/manager.py:192}}
Jun 14 03:22:32.112308 dv-cinder-796170-1-smb neutron-server[92477]: DEBUG neutron.api.rpc.handlers.resources_rpc [None req-dbd607a9-cda9-475b-8521-a850f988b14a tempest-ServerRescueNegativeTestJSON-1680234149 tempest-ServerRescueNegativeTestJSON-1680234149-project] Pushing event updated for resources: {'Port': ['ID=385633d6-df0c-426d-8a9b-e5ac4e8e8c4b,revision_number=1']} {{(pid=92477) push /opt/stack/neutron/neutron/api/rpc/handlers/resources_rpc.py:237}}
Jun 14 03:22:32.119828 dv-cinder-796170-1-smb neutron-server[92477]: DEBUG oslo_concurrency.lockutils [None req-dbd607a9-cda9-475b-8521-a850f988b14a tempest-ServerRescueNegativeTestJSON-1680234149 tempest-ServerRescueNegativeTestJSON-1680234149-project] Lock "event-dispatch" released by "neutron.plugins.ml2.ovo_rpc._ObjectChangeHandler.dispatch_events" :: held 0.143s {{(pid=92477) inner /usr/local/lib/python3.8/dist-packages/oslo_concurrency/lockutils.py:367}}
Jun 14 03:22:32.194464 dv-cinder-796170-1-smb neutron-server[92478]: DEBUG neutron.pecan_wsgi.hooks.policy_enforcement [req-418427b2-7c1f-4402-96fe-f4654919d90e req-ff079aec-35a1-4cb8-8739-fb41023a9ccb tempest-AttachVolumeTestJSON-750898245 tempest-AttachVolumeTestJSON-750898245-project] Attributes excluded by policy engine: ['standard_attr_id', 'vlan_transparent', 'provider:network_type', 'provider:physical_network', 'provider:segmentation_id'] {{(pid=92478) _exclude_attributes_by_policy /opt/stack/neutron/neutron/pecan_wsgi/hooks/policy_enforcement.py:255}}
Jun 14 03:22:32.197703 dv-cinder-796170-1-smb neutron-server[92478]: INFO neutron.wsgi [req-418427b2-7c1f-4402-96fe-f4654919d90e req-ff079aec-35a1-4cb8-8739-fb41023a9ccb tempest-AttachVolumeTestJSON-750898245 tempest-AttachVolumeTestJSON-750898245-project] 10.222.0.23 "GET /v2.0/networks?id=1d26a4cb-5c11-489c-a59b-c5bca0b37103 HTTP/1.1" status: 200 len: 810 time: 0.1991186
Jun 14 03:22:32.225364 dv-cinder-796170-1-smb neutron-server[92477]: INFO neutron.wsgi [req-057de448-c3b6-42eb-b1eb-256b2b522f67 req-dbd607a9-cda9-475b-8521-a850f988b14a tempest-ServerRescueNegativeTestJSON-1680234149 tempest-ServerRescueNegativeTestJSON-1680234149-project] 10.222.0.23 "POST /v2.0/ports HTTP/1.1" status: 201 len: 934 time: 2.2929029
Jun 14 03:22:32.237453 dv-cinder-796170-1-smb neutron-server[92477]: DEBUG neutron.api.v2.base [req-057de448-c3b6-42eb-b1eb-256b2b522f67 req-0ee4f100-8105-45a1-b10c-257b1301cf99 service neutron] Request body: {'port': {'device_id': 'd2fa9301-1556-4c96-848e-c3a44ddff63d', 'device_owner': 'compute:nova', 'binding:host_id': 'hv-cinder-79617'}} {{(pid=92477) prepare_request_body /opt/stack/neutron/neutron/api/v2/base.py:729}}
Jun 14 03:22:32.273168 dv-cinder-796170-1-smb neutron-server[92478]: INFO neutron.wsgi [req-418427b2-7c1f-4402-96fe-f4654919d90e req-4384d5ed-5e8f-4893-9365-bb99e348c0f0 tempest-AttachVolumeTestJSON-750898245 tempest-AttachVolumeTestJSON-750898245-project] 10.222.0.23 "GET /v2.0/security-groups?fields=id&fields=name&tenant_id=f4fae435cd7546208494251f77a30d42 HTTP/1.1" status: 200 len: 380 time: 0.0663116
Jun 14 03:22:32.284447 dv-cinder-796170-1-smb neutron-server[92478]: DEBUG neutron.api.v2.base [req-418427b2-7c1f-4402-96fe-f4654919d90e req-75754b3f-2e7c-4206-ae22-6912ef232b00 tempest-AttachVolumeTestJSON-750898245 tempest-AttachVolumeTestJSON-750898245-project] Request body: {'port': {'device_id': '80f827ce-e220-450a-a5ef-faf03a089e11', 'network_id': '1d26a4cb-5c11-489c-a59b-c5bca0b37103', 'admin_state_up': True, 'tenant_id': 'f4fae435cd7546208494251f77a30d42', 'security_groups': ['4e5df0b5-8b4a-420f-9ab3-96c7c528090d']}} {{(pid=92478) prepare_request_body /opt/stack/neutron/neutron/api/v2/base.py:729}}
Jun 14 03:22:32.400061 dv-cinder-796170-1-smb neutron-server[92477]: DEBUG neutron_lib.callbacks.manager [req-057de448-c3b6-42eb-b1eb-256b2b522f67 req-0ee4f100-8105-45a1-b10c-257b1301cf99 service neutron] Notify callbacks ['neutron.plugins.ml2.plugin.SecurityGroupDbMixin._ensure_default_security_group_handler_port-4182312'] for port, before_update {{(pid=92477) _notify_loop /usr/local/lib/python3.8/dist-packages/neutron_lib/callbacks/manager.py:192}}
Jun 14 03:22:32.432985 dv-cinder-796170-1-smb neutron-server[92477]: DEBUG neutron.pecan_wsgi.hooks.policy_enforcement [req-8155d4fd-00c5-44d4-9318-b12cb0c9911c req-1c8d698e-ac74-40f4-b6fa-b0c621e37918 tempest-DeleteServersTestJSON-139151843 tempest-DeleteServersTestJSON-139151843-project] Attributes excluded by policy engine: ['standard_attr_id', 'binding:profile', 'binding:host_id', 'binding:vif_type', 'binding:vif_details'] {{(pid=92477) _exclude_attributes_by_policy /opt/stack/neutron/neutron/pecan_wsgi/hooks/policy_enforcement.py:255}}
Jun 14 03:22:32.444091 dv-cinder-796170-1-smb neutron-server[92477]: INFO neutron.wsgi [req-8155d4fd-00c5-44d4-9318-b12cb0c9911c req-1c8d698e-ac74-40f4-b6fa-b0c621e37918 tempest-DeleteServersTestJSON-139151843 tempest-DeleteServersTestJSON-139151843-project] 10.222.0.15 "GET /v2.0/ports?device_id=6bbc92c6-6dff-4af0-b754-0830bb73878c HTTP/1.1" status: 200 len: 944 time: 0.1701005
Jun 14 03:22:32.612699 dv-cinder-796170-1-smb neutron-server[92478]: DEBUG neutron.pecan_wsgi.hooks.quota_enforcement [req-418427b2-7c1f-4402-96fe-f4654919d90e req-75754b3f-2e7c-4206-ae22-6912ef232b00 tempest-AttachVolumeTestJSON-750898245 tempest-AttachVolumeTestJSON-750898245-project] Made reservation on behalf of f4fae435cd7546208494251f77a30d42 for: {'port': 1} {{(pid=92478) before /opt/stack/neutron/neutron/pecan_wsgi/hooks/quota_enforcement.py:53}}
Jun 14 03:22:32.616292 dv-cinder-796170-1-smb neutron-server[92478]: DEBUG neutron_lib.callbacks.manager [req-418427b2-7c1f-4402-96fe-f4654919d90e req-75754b3f-2e7c-4206-ae22-6912ef232b00 tempest-AttachVolumeTestJSON-750898245 tempest-AttachVolumeTestJSON-750898245-project] Notify callbacks ['neutron.plugins.ml2.plugin.SecurityGroupDbMixin._ensure_default_security_group_handler_before_create-4182330'] for port, before_create {{(pid=92478) _notify_loop /usr/local/lib/python3.8/dist-packages/neutron_lib/callbacks/manager.py:192}}
