Jun 14 03:22:47.614804 dv-cinder-796170-1-smb neutron-server[92479]: DEBUG neutron.notifiers.nova [-] Sending events: [{'server_uuid': 'd2fa9301-1556-4c96-848e-c3a44ddff63d', 'name': 'network-vif-plugged', 'status': 'completed', 'tag': '385633d6-df0c-426d-8a9b-e5ac4e8e8c4b'}] {{(pid=92479) send_events /opt/stack/neutron/neutron/notifiers/nova.py:262}}
Jun 14 03:22:47.618371 dv-cinder-796170-1-smb neutron-server[92479]: DEBUG novaclient.v2.client [-] REQ: curl -g -i --cacert "/opt/stack/data/ca-bundle.pem" -X POST http://10.222.0.15/compute/v2.1/os-server-external-events -H "Accept: application/json" -H "Content-Type: application/json" -H "User-Agent: python-novaclient" -H "X-Auth-Token: {SHA256}35f16da4c8bac6526e2f7c66caab6cbef3f6ba042f0d51da6e17c537ecc3a636" -H "X-OpenStack-Nova-API-Version: 2.1" -H "X-OpenStack-Request-ID: req-ba63dd50-c2b4-4b0d-8de1-742776ea5ccd" -d '{"events": [{"server_uuid": "d2fa9301-1556-4c96-848e-c3a44ddff63d", "name": "network-vif-plugged", "status": "completed", "tag": "385633d6-df0c-426d-8a9b-e5ac4e8e8c4b"}]}' {{(pid=92479) _http_log_request /usr/local/lib/python3.8/dist-packages/keystoneauth1/session.py:519}}
Jun 14 03:22:47.653459 dv-cinder-796170-1-smb neutron-server[92479]: DEBUG novaclient.v2.client [-] RESP: [200] Connection: close Content-Length: 183 Content-Type: application/json Date: Mon, 14 Jun 2021 03:22:47 GMT OpenStack-API-Version: compute 2.1 Server: Apache/2.4.41 (Ubuntu) Vary: OpenStack-API-Version,X-OpenStack-Nova-API-Version X-OpenStack-Nova-API-Version: 2.1 x-compute-request-id: req-3204e99c-6969-45c3-8cb7-51cb69ca7509 x-openstack-request-id: req-3204e99c-6969-45c3-8cb7-51cb69ca7509 {{(pid=92479) _http_log_response /usr/local/lib/python3.8/dist-packages/keystoneauth1/session.py:550}}
Jun 14 03:22:47.653949 dv-cinder-796170-1-smb neutron-server[92479]: DEBUG novaclient.v2.client [-] RESP BODY: {"events": [{"server_uuid": "d2fa9301-1556-4c96-848e-c3a44ddff63d", "name": "network-vif-plugged", "status": "completed", "tag": "385633d6-df0c-426d-8a9b-e5ac4e8e8c4b", "code": 200}]} {{(pid=92479) _http_log_response /usr/local/lib/python3.8/dist-packages/keystoneauth1/session.py:582}}
Jun 14 03:22:47.654204 dv-cinder-796170-1-smb neutron-server[92479]: DEBUG novaclient.v2.client [-] POST call to compute for http://10.222.0.15/compute/v2.1/os-server-external-events used request id req-3204e99c-6969-45c3-8cb7-51cb69ca7509 {{(pid=92479) request /usr/local/lib/python3.8/dist-packages/keystoneauth1/session.py:954}}
Jun 14 03:22:47.654745 dv-cinder-796170-1-smb neutron-server[92479]: INFO neutron.notifiers.nova [-] Nova event response: {'server_uuid': 'd2fa9301-1556-4c96-848e-c3a44ddff63d', 'name': 'network-vif-plugged', 'status': 'completed', 'tag': '385633d6-df0c-426d-8a9b-e5ac4e8e8c4b', 'code': 200}
Jun 14 03:22:47.675489 dv-cinder-796170-1-smb neutron-server[92478]: DEBUG neutron_lib.callbacks.manager [None req-894eb59d-f866-4cca-b242-dc143b82de46 admin admin] Notify callbacks ['neutron.plugins.ml2.ovo_rpc._ObjectChangeHandler.handle_payload_event-146453', 'neutron.api.rpc.agentnotifiers.dhcp_rpc_agent_api.DhcpAgentNotifyAPI._native_event_send_dhcp_notification_payload-537145'] for network, after_create {{(pid=92478) _notify_loop /usr/local/lib/python3.8/dist-packages/neutron_lib/callbacks/manager.py:192}}
Jun 14 03:22:47.676836 dv-cinder-796170-1-smb neutron-server[92478]: DEBUG neutron.pecan_wsgi.hooks.policy_enforcement [None req-894eb59d-f866-4cca-b242-dc143b82de46 admin admin] Attributes excluded by policy engine: ['standard_attr_id', 'vlan_transparent'] {{(pid=92478) _exclude_attributes_by_policy /opt/stack/neutron/neutron/pecan_wsgi/hooks/policy_enforcement.py:255}}
Jun 14 03:22:47.677629 dv-cinder-796170-1-smb neutron-server[92478]: DEBUG neutron_lib.callbacks.manager [None req-894eb59d-f866-4cca-b242-dc143b82de46 admin admin] Notify callbacks ['neutron.api.rpc.agentnotifiers.dhcp_rpc_agent_api.DhcpAgentNotifyAPI._send_dhcp_notification-537116'] for network, before_response {{(pid=92478) _notify_loop /usr/local/lib/python3.8/dist-packages/neutron_lib/callbacks/manager.py:192}}
Jun 14 03:22:47.680901 dv-cinder-796170-1-smb neutron-server[92478]: DEBUG oslo_concurrency.lockutils [None req-1aee501e-ef5b-4027-aaac-56168d389d6b admin admin] Lock "event-dispatch" acquired by "neutron.plugins.ml2.ovo_rpc._ObjectChangeHandler.dispatch_events" :: waited 0.000s {{(pid=92478) inner /usr/local/lib/python3.8/dist-packages/oslo_concurrency/lockutils.py:355}}
Jun 14 03:22:47.711656 dv-cinder-796170-1-smb neutron-server[92477]: DEBUG neutron.pecan_wsgi.hooks.policy_enforcement [req-6e5fe3cb-ba03-4150-b616-6fd29fdc2952 req-28b685a8-69e6-43bc-b2ce-920c09eaa3cb tempest-AttachVolumeShelveTestJSON-1747790280 tempest-AttachVolumeShelveTestJSON-1747790280-project] Attributes excluded by policy engine: ['standard_attr_id', 'binding:profile', 'binding:host_id', 'binding:vif_type', 'binding:vif_details'] {{(pid=92477) _exclude_attributes_by_policy /opt/stack/neutron/neutron/pecan_wsgi/hooks/policy_enforcement.py:255}}
Jun 14 03:22:47.718065 dv-cinder-796170-1-smb neutron-server[92477]: INFO neutron.wsgi [req-6e5fe3cb-ba03-4150-b616-6fd29fdc2952 req-28b685a8-69e6-43bc-b2ce-920c09eaa3cb tempest-AttachVolumeShelveTestJSON-1747790280 tempest-AttachVolumeShelveTestJSON-1747790280-project] 10.222.0.15 "GET /v2.0/ports?device_id=8d0ea0e7-7509-4f71-97eb-4c60ba84d20d HTTP/1.1" status: 200 len: 944 time: 0.1017249
Jun 14 03:22:47.757644 dv-cinder-796170-1-smb neutron-server[92477]: INFO neutron.wsgi [req-6e5fe3cb-ba03-4150-b616-6fd29fdc2952 req-65ba34ad-4a88-433b-bbd7-f59cf87d3311 tempest-AttachVolumeShelveTestJSON-1747790280 tempest-AttachVolumeShelveTestJSON-1747790280-project] 10.222.0.15 "GET /v2.0/security-groups?id=aa106119-72bd-4576-a137-aebe95dd1ed3&fields=id&fields=name HTTP/1.1" status: 200 len: 313 time: 0.0384681
Jun 14 03:22:47.760796 dv-cinder-796170-1-smb neutron-server[92478]: DEBUG neutron.api.rpc.handlers.resources_rpc [None req-894eb59d-f866-4cca-b242-dc143b82de46 admin admin] Pushing event updated for resources: {'Network': ['ID=877254c3-824d-46a9-8bcc-afcf663c9540,revision_number=1']} {{(pid=92478) push /opt/stack/neutron/neutron/api/rpc/handlers/resources_rpc.py:237}}
Jun 14 03:22:47.764107 dv-cinder-796170-1-smb neutron-server[92478]: DEBUG oslo_concurrency.lockutils [None req-894eb59d-f866-4cca-b242-dc143b82de46 admin admin] Lock "event-dispatch" released by "neutron.plugins.ml2.ovo_rpc._ObjectChangeHandler.dispatch_events" :: held 0.083s {{(pid=92478) inner /usr/local/lib/python3.8/dist-packages/oslo_concurrency/lockutils.py:367}}
Jun 14 03:22:47.772727 dv-cinder-796170-1-smb neutron-server[92479]: DEBUG neutron.plugins.ml2.rpc [None req-fd34c2a1-2c0c-4582-9fa9-c3ee0feb30ec None None] Network 877254c3-824d-46a9-8bcc-afcf663c9540 details requested by agent ovs-agent-dv-cinder-796170-1-smb with host dv-cinder-796170-1-smb {{(pid=92479) get_network_details /opt/stack/neutron/neutron/plugins/ml2/rpc.py:232}}
Jun 14 03:22:47.847641 dv-cinder-796170-1-smb neutron-server[92478]: INFO neutron.wsgi [None req-894eb59d-f866-4cca-b242-dc143b82de46 admin admin] 10.222.0.15 "POST /v2.0/networks HTTP/1.1" status: 201 len: 881 time: 0.8168302
Jun 14 03:22:47.850542 dv-cinder-796170-1-smb neutron-server[92478]: DEBUG neutron.wsgi [-] (92478) accepted ('10.222.0.15', 54456) {{(pid=92478) server /usr/local/lib/python3.8/dist-packages/eventlet/wsgi.py:992}}
Jun 14 03:22:47.856245 dv-cinder-796170-1-smb neutron-server[92478]: DEBUG neutron.api.v2.base [None req-06f3b0f4-da2b-4f55-b39d-f656d4a4b989 admin admin] Request body: {'subnet': {'network_id': '877254c3-824d-46a9-8bcc-afcf663c9540', 'cidr': '172.20.0.0/28', 'name': 'tempest-VolumesActionsTest-644380740-subnet', 'tenant_id': 'afcbf7dd757b44dc8c25f127c96b5b06', 'enable_dhcp': False, 'ip_version': 4}} {{(pid=92478) prepare_request_body /opt/stack/neutron/neutron/api/v2/base.py:729}}
Jun 14 03:22:48.020910 dv-cinder-796170-1-smb neutron-server[92477]: DEBUG neutron.pecan_wsgi.hooks.policy_enforcement [req-3ed31e42-6d54-4c6a-b51b-dca2cb859b11 req-f498133a-e1c7-4d8c-a1ea-4ea2afe137d6 tempest-AttachVolumeTestJSON-750898245 tempest-AttachVolumeTestJSON-750898245-project] Attributes excluded by policy engine: ['standard_attr_id', 'binding:profile', 'binding:host_id', 'binding:vif_type', 'binding:vif_details'] {{(pid=92477) _exclude_attributes_by_policy /opt/stack/neutron/neutron/pecan_wsgi/hooks/policy_enforcement.py:255}}
Jun 14 03:22:48.023069 dv-cinder-796170-1-smb neutron-server[92477]: INFO neutron.wsgi [req-3ed31e42-6d54-4c6a-b51b-dca2cb859b11 req-f498133a-e1c7-4d8c-a1ea-4ea2afe137d6 tempest-AttachVolumeTestJSON-750898245 tempest-AttachVolumeTestJSON-750898245-project] 10.222.0.15 "GET /v2.0/ports?device_id=80f827ce-e220-450a-a5ef-faf03a089e11 HTTP/1.1" status: 200 len: 945 time: 0.0830858
Jun 14 03:22:48.023623 dv-cinder-796170-1-smb neutron-server[92478]: DEBUG neutron.pecan_wsgi.hooks.quota_enforcement [None req-06f3b0f4-da2b-4f55-b39d-f656d4a4b989 admin admin] Made reservation on behalf of afcbf7dd757b44dc8c25f127c96b5b06 for: {'subnet': 1} {{(pid=92478) before /opt/stack/neutron/neutron/pecan_wsgi/hooks/quota_enforcement.py:53}}
Jun 14 03:22:48.027048 dv-cinder-796170-1-smb neutron-server[92478]: DEBUG neutron_lib.callbacks.manager [None req-06f3b0f4-da2b-4f55-b39d-f656d4a4b989 admin admin] Notify callbacks [] for subnet, before_create {{(pid=92478) _notify_loop /usr/local/lib/python3.8/dist-packages/neutron_lib/callbacks/manager.py:192}}
Jun 14 03:22:48.070980 dv-cinder-796170-1-smb neutron-server[92477]: INFO neutron.wsgi [req-3ed31e42-6d54-4c6a-b51b-dca2cb859b11 req-0e885e09-d1cc-4971-a7c2-9ca533ec7722 tempest-AttachVolumeTestJSON-750898245 tempest-AttachVolumeTestJSON-750898245-project] 10.222.0.15 "GET /v2.0/security-groups?id=4e5df0b5-8b4a-420f-9ab3-96c7c528090d&fields=id&fields=name HTTP/1.1" status: 200 len: 313 time: 0.0401070
Jun 14 03:22:48.299947 dv-cinder-796170-1-smb neutron-server[92477]: DEBUG neutron.pecan_wsgi.hooks.policy_enforcement [req-cb3c7ab0-9855-48af-988b-a279914cafca req-f8d2c76d-524e-43f0-84f0-b7c8802e5d4e service neutron] Attributes excluded by policy engine: ['standard_attr_id'] {{(pid=92477) _exclude_attributes_by_policy /opt/stack/neutron/neutron/pecan_wsgi/hooks/policy_enforcement.py:255}}
Jun 14 03:22:48.301394 dv-cinder-796170-1-smb neutron-server[92477]: INFO neutron.wsgi [req-cb3c7ab0-9855-48af-988b-a279914cafca req-f8d2c76d-524e-43f0-84f0-b7c8802e5d4e service neutron] 10.222.0.23 "GET /v2.0/ports?device_id=d2fa9301-1556-4c96-848e-c3a44ddff63d HTTP/1.1" status: 200 len: 1099 time: 0.0691185
Jun 14 03:22:48.340352 dv-cinder-796170-1-smb neutron-server[92477]: INFO neutron.wsgi [req-cb3c7ab0-9855-48af-988b-a279914cafca req-d9f272a7-64b8-4db5-bd8b-2e83908c46ef service neutron] 10.222.0.23 "GET /v2.0/security-groups?id=d22e1329-3881-4ead-9815-b9324731ab17&fields=id&fields=name HTTP/1.1" status: 200 len: 286 time: 0.0324700
Jun 14 03:22:48.395628 dv-cinder-796170-1-smb neutron-server[92478]: DEBUG neutron_lib.callbacks.manager [None req-06f3b0f4-da2b-4f55-b39d-f656d4a4b989 admin admin] Notify callbacks ['neutron.plugins.ml2.ovo_rpc._ObjectChangeHandler.handle_event-989144', 'neutron.api.rpc.agentnotifiers.dhcp_rpc_agent_api.DhcpAgentNotifyAPI._native_event_send_dhcp_notification-537122'] for subnet, after_create {{(pid=92478) _notify_loop /usr/local/lib/python3.8/dist-packages/neutron_lib/callbacks/manager.py:192}}
Jun 14 03:22:48.398968 dv-cinder-796170-1-smb neutron-server[92478]: DEBUG oslo_concurrency.lockutils [None req-f014fa32-a19d-4f08-b633-aa0b853286ed admin admin] Lock "event-dispatch" acquired by "neutron.plugins.ml2.ovo_rpc._ObjectChangeHandler.dispatch_events" :: waited 0.000s {{(pid=92478) inner /usr/local/lib/python3.8/dist-packages/oslo_concurrency/lockutils.py:355}}
Jun 14 03:22:48.468822 dv-cinder-796170-1-smb neutron-server[92478]: DEBUG neutron.api.rpc.handlers.resources_rpc [None req-06f3b0f4-da2b-4f55-b39d-f656d4a4b989 admin admin] Pushing event updated for resources: {'Subnet': ['ID=fe5366cb-ecf8-44b8-a26b-342ba36d608b,revision_number=0']} {{(pid=92478) push /opt/stack/neutron/neutron/api/rpc/handlers/resources_rpc.py:237}}
Jun 14 03:22:48.474081 dv-cinder-796170-1-smb neutron-server[92478]: DEBUG oslo_concurrency.lockutils [None req-06f3b0f4-da2b-4f55-b39d-f656d4a4b989 admin admin] Lock "event-dispatch" released by "neutron.plugins.ml2.ovo_rpc._ObjectChangeHandler.dispatch_events" :: held 0.075s {{(pid=92478) inner /usr/local/lib/python3.8/dist-packages/oslo_concurrency/lockutils.py:367}}
Jun 14 03:22:48.475260 dv-cinder-796170-1-smb neutron-server[92478]: DEBUG neutron.plugins.ml2.drivers.mech_agent [None req-06f3b0f4-da2b-4f55-b39d-f656d4a4b989 admin admin] Checking segment: {'id': 'd84edbf0-ee77-4767-bd77-d24dfad8ec75', 'network_type': 'vlan', 'physical_network': 'physnet1', 'segmentation_id': 230, 'network_id': '877254c3-824d-46a9-8bcc-afcf663c9540'} for mappings: {'physnet1': 'br-data'} with network types: ['local', 'flat', 'vlan'] {{(pid=92478) check_segment_for_agent /opt/stack/neutron/neutron/plugins/ml2/drivers/mech_agent.py:341}}
Jun 14 03:22:48.475566 dv-cinder-796170-1-smb neutron-server[92478]: DEBUG neutron.scheduler.dhcp_agent_scheduler [None req-06f3b0f4-da2b-4f55-b39d-f656d4a4b989 admin admin] Network hostable DHCP agents. Network: 877254c3-824d-46a9-8bcc-afcf663c9540, hostable agents: ['fbc4ec0e-97f9-4234-83a9-b189d33e64e9'], hosted agents: [] {{(pid=92478) _get_network_hostable_dhcp_agents /opt/stack/neutron/neutron/scheduler/dhcp_agent_scheduler.py:329}}
Jun 14 03:22:48.578224 dv-cinder-796170-1-smb neutron-server[92478]: DEBUG neutron.scheduler.dhcp_agent_scheduler [None req-06f3b0f4-da2b-4f55-b39d-f656d4a4b989 admin admin] Network 877254c3-824d-46a9-8bcc-afcf663c9540 is scheduled to be hosted by DHCP agent fbc4ec0e-97f9-4234-83a9-b189d33e64e9 with binding_index 1 {{(pid=92478) bind /opt/stack/neutron/neutron/scheduler/dhcp_agent_scheduler.py:227}}
Jun 14 03:22:48.594528 dv-cinder-796170-1-smb neutron-server[92477]: DEBUG neutron.pecan_wsgi.hooks.policy_enforcement [req-7047e377-9d21-4cc3-a4bc-12ca26fa5881 req-105b1071-53a8-4c5e-bcb8-8e8f3b7de5a5 tempest-ServerRescueNegativeTestJSON-1680234149 tempest-ServerRescueNegativeTestJSON-1680234149-project] Attributes excluded by policy engine: ['standard_attr_id', 'binding:profile', 'binding:host_id', 'binding:vif_type', 'binding:vif_details'] {{(pid=92477) _exclude_attributes_by_policy /opt/stack/neutron/neutron/pecan_wsgi/hooks/policy_enforcement.py:255}}
Jun 14 03:22:48.596070 dv-cinder-796170-1-smb neutron-server[92477]: INFO neutron.wsgi [req-7047e377-9d21-4cc3-a4bc-12ca26fa5881 req-105b1071-53a8-4c5e-bcb8-8e8f3b7de5a5 tempest-ServerRescueNegativeTestJSON-1680234149 tempest-ServerRescueNegativeTestJSON-1680234149-project] 10.222.0.15 "GET /v2.0/ports?device_id=d2fa9301-1556-4c96-848e-c3a44ddff63d HTTP/1.1" status: 200 len: 946 time: 0.0933609
Jun 14 03:22:48.665283 dv-cinder-796170-1-smb neutron-server[92477]: INFO neutron.wsgi [req-7047e377-9d21-4cc3-a4bc-12ca26fa5881 req-0bcab45e-9687-46c2-b257-a940b9d83131 tempest-ServerRescueNegativeTestJSON-1680234149 tempest-ServerRescueNegativeTestJSON-1680234149-project] 10.222.0.15 "GET /v2.0/security-groups?id=d22e1329-3881-4ead-9815-b9324731ab17&fields=id&fields=name HTTP/1.1" status: 200 len: 286 time: 0.0620480
Jun 14 03:22:48.669133 dv-cinder-796170-1-smb neutron-server[92478]: DEBUG neutron.scheduler.base_scheduler [None req-06f3b0f4-da2b-4f55-b39d-f656d4a4b989 admin admin] Resources bound (agent type, host, resource id): (DHCP agent, dv-cinder-796170-1-smb, 877254c3-824d-46a9-8bcc-afcf663c9540) {{(pid=92478) schedule /opt/stack/neutron/neutron/scheduler/base_scheduler.py:57}}
Jun 14 03:22:48.678490 dv-cinder-796170-1-smb neutron-server[92478]: DEBUG neutron.pecan_wsgi.hooks.policy_enforcement [None req-06f3b0f4-da2b-4f55-b39d-f656d4a4b989 admin admin] Attributes excluded by policy engine: ['standard_attr_id', 'shared', 'network'] {{(pid=92478) _exclude_attributes_by_policy /opt/stack/neutron/neutron/pecan_wsgi/hooks/policy_enforcement.py:255}}
Jun 14 03:22:48.682554 dv-cinder-796170-1-smb neutron-server[92478]: DEBUG neutron_lib.callbacks.manager [None req-06f3b0f4-da2b-4f55-b39d-f656d4a4b989 admin admin] Notify callbacks ['neutron.api.rpc.agentnotifiers.dhcp_rpc_agent_api.DhcpAgentNotifyAPI._send_dhcp_notification-537116'] for subnet, before_response {{(pid=92478) _notify_loop /usr/local/lib/python3.8/dist-packages/neutron_lib/callbacks/manager.py:192}}
Jun 14 03:22:48.683015 dv-cinder-796170-1-smb neutron-server[92479]: DEBUG neutron.api.rpc.handlers.dhcp_rpc [None req-7d105770-448f-41e2-b94b-2d6c336a4798 None None] Network 877254c3-824d-46a9-8bcc-afcf663c9540 requested from dv-cinder-796170-1-smb {{(pid=92479) get_network_info /opt/stack/neutron/neutron/api/rpc/handlers/dhcp_rpc.py:218}}
Jun 14 03:22:48.785096 dv-cinder-796170-1-smb neutron-server[92479]: DEBUG neutron.plugins.ml2.rpc [None req-c63c4c1a-9de9-40a1-ac36-3643a5c135ad None None] Device 403308c0-8f48-41bf-af18-34b28c08b2ac up at agent hyperv_hv-cinder-79617 {{(pid=92479) update_device_up /opt/stack/neutron/neutron/plugins/ml2/rpc.py:278}}
Jun 14 03:22:48.861919 dv-cinder-796170-1-smb neutron-server[92478]: INFO neutron.wsgi [None req-06f3b0f4-da2b-4f55-b39d-f656d4a4b989 admin admin] 10.222.0.15 "POST /v2.0/subnets HTTP/1.1" status: 201 len: 845 time: 1.0010772
Jun 14 03:22:48.898929 dv-cinder-796170-1-smb neutron-server[92477]: DEBUG neutron.pecan_wsgi.hooks.policy_enforcement [req-e773d3fd-cace-4a59-bebf-cb6a883b021c req-360ebe3d-3bc4-4404-90ad-11c6eafb5f41 tempest-AttachVolumeNegativeTest-944712188 tempest-AttachVolumeNegativeTest-944712188-project] Attributes excluded by policy engine: ['standard_attr_id', 'vlan_transparent', 'provider:network_type', 'provider:physical_network', 'provider:segmentation_id'] {{(pid=92477) _exclude_attributes_by_policy /opt/stack/neutron/neutron/pecan_wsgi/hooks/policy_enforcement.py:255}}
Jun 14 03:22:48.900410 dv-cinder-796170-1-smb neutron-server[92477]: INFO neutron.wsgi [req-e773d3fd-cace-4a59-bebf-cb6a883b021c req-360ebe3d-3bc4-4404-90ad-11c6eafb5f41 tempest-AttachVolumeNegativeTest-944712188 tempest-AttachVolumeNegativeTest-944712188-project] 10.222.0.15 "GET /v2.0/networks?id=d047a095-e834-49ae-8840-547f577acb46 HTTP/1.1" status: 200 len: 815 time: 0.1597013
Jun 14 03:22:48.930148 dv-cinder-796170-1-smb neutron-server[92479]: DEBUG neutron.api.rpc.handlers.dhcp_rpc [None req-bb4d6390-2c85-4b91-8a07-1efa4a926776 None None] Network 877254c3-824d-46a9-8bcc-afcf663c9540 requested from dv-cinder-796170-1-smb {{(pid=92479) get_network_info /opt/stack/neutron/neutron/api/rpc/handlers/dhcp_rpc.py:218}}
Jun 14 03:22:48.959290 dv-cinder-796170-1-smb neutron-server[92477]: INFO neutron.wsgi [req-e773d3fd-cace-4a59-bebf-cb6a883b021c req-0ad63e87-7a0b-46e2-a7ad-498e82b75bea tempest-AttachVolumeNegativeTest-944712188 tempest-AttachVolumeNegativeTest-944712188-project] 10.222.0.15 "GET /v2.0/quotas/0b7f3dcbb06742bc8c1e409f83b03f53 HTTP/1.1" status: 200 len: 375 time: 0.0494568
Jun 14 03:22:49.034379 dv-cinder-796170-1-smb neutron-server[92479]: DEBUG neutron.db.provisioning_blocks [None req-c63c4c1a-9de9-40a1-ac36-3643a5c135ad None None] Provisioning for port 403308c0-8f48-41bf-af18-34b28c08b2ac completed by entity L2. {{(pid=92479) provisioning_complete /opt/stack/neutron/neutron/db/provisioning_blocks.py:133}}
Jun 14 03:22:49.041028 dv-cinder-796170-1-smb neutron-server[92479]: DEBUG neutron.db.provisioning_blocks [None req-c63c4c1a-9de9-40a1-ac36-3643a5c135ad None None] Provisioning complete for port 403308c0-8f48-41bf-af18-34b28c08b2ac triggered by entity L2. {{(pid=92479) provisioning_complete /opt/stack/neutron/neutron/db/provisioning_blocks.py:139}}
Jun 14 03:22:49.051727 dv-cinder-796170-1-smb neutron-server[92479]: DEBUG neutron_lib.callbacks.manager [None req-c63c4c1a-9de9-40a1-ac36-3643a5c135ad None None] Notify callbacks ['neutron.plugins.ml2.plugin.Ml2Plugin._port_provisioned-4169824'] for port, provisioning_complete {{(pid=92479) _notify_loop /usr/local/lib/python3.8/dist-packages/neutron_lib/callbacks/manager.py:192}}
Jun 14 03:22:49.069878 dv-cinder-796170-1-smb neutron-server[92477]: DEBUG neutron.pecan_wsgi.hooks.policy_enforcement [req-d3abd35c-d589-4748-9682-e37af53fdde9 req-2831ce16-87d7-4db9-9e30-0a993e8082b3 tempest-AttachVolumeShelveTestJSON-1747790280 tempest-AttachVolumeShelveTestJSON-1747790280-project] Attributes excluded by policy engine: ['standard_attr_id', 'binding:profile', 'binding:host_id', 'binding:vif_type', 'binding:vif_details'] {{(pid=92477) _exclude_attributes_by_policy /opt/stack/neutron/neutron/pecan_wsgi/hooks/policy_enforcement.py:255}}
Jun 14 03:22:49.071568 dv-cinder-796170-1-smb neutron-server[92477]: INFO neutron.wsgi [req-d3abd35c-d589-4748-9682-e37af53fdde9 req-2831ce16-87d7-4db9-9e30-0a993e8082b3 tempest-AttachVolumeShelveTestJSON-1747790280 tempest-AttachVolumeShelveTestJSON-1747790280-project] 10.222.0.15 "GET /v2.0/ports?device_id=8d0ea0e7-7509-4f71-97eb-4c60ba84d20d HTTP/1.1" status: 200 len: 944 time: 0.1804230
Jun 14 03:22:49.099176 dv-cinder-796170-1-smb neutron-server[92477]: INFO neutron.wsgi [req-e773d3fd-cace-4a59-bebf-cb6a883b021c req-4d39d557-c510-4be8-8989-11dfcc80035d tempest-AttachVolumeNegativeTest-944712188 tempest-AttachVolumeNegativeTest-944712188-project] 10.222.0.15 "GET /v2.0/ports?tenant_id=0b7f3dcbb06742bc8c1e409f83b03f53&fields=id HTTP/1.1" status: 200 len: 255 time: 0.1297195
Jun 14 03:22:49.159157 dv-cinder-796170-1-smb neutron-server[92477]: INFO neutron.wsgi [req-d3abd35c-d589-4748-9682-e37af53fdde9 req-6e2fcb35-f56e-4c23-b494-d22bcbe9dea4 tempest-AttachVolumeShelveTestJSON-1747790280 tempest-AttachVolumeShelveTestJSON-1747790280-project] 10.222.0.15 "GET /v2.0/security-groups?id=aa106119-72bd-4576-a137-aebe95dd1ed3&fields=id&fields=name HTTP/1.1" status: 200 len: 313 time: 0.0731254
Jun 14 03:22:49.218772 dv-cinder-796170-1-smb neutron-server[92479]: DEBUG neutron_lib.callbacks.manager [None req-c63c4c1a-9de9-40a1-ac36-3643a5c135ad None None] Notify callbacks ['neutron.plugins.ml2.plugin.SecurityGroupDbMixin._ensure_default_security_group_handler_port-4182312'] for port, before_update {{(pid=92479) _notify_loop /usr/local/lib/python3.8/dist-packages/neutron_lib/callbacks/manager.py:192}}
Jun 14 03:22:49.273651 dv-cinder-796170-1-smb neutron-server[92477]: INFO neutron.wsgi [req-e773d3fd-cace-4a59-bebf-cb6a883b021c req-86296fed-016b-4b0a-8b84-5cc98dc2cc65 service neutron] 10.222.0.15 "GET /v2.0/networks/d047a095-e834-49ae-8840-547f577acb46?fields=segments HTTP/1.1" status: 200 len: 212 time: 0.1652594
Jun 14 03:22:49.316224 dv-cinder-796170-1-smb neutron-server[92479]: DEBUG neutron.plugins.ml2.db [None req-c63c4c1a-9de9-40a1-ac36-3643a5c135ad None None] For port 403308c0-8f48-41bf-af18-34b28c08b2ac, host hv-cinder-79617, got binding levels [PortBindingLevel(driver='hyperv',host='hv-cinder-79617',level=0,port_id=403308c0-8f48-41bf-af18-34b28c08b2ac,segment=NetworkSegment(0ffdb7be-6035-476d-aa39-6e00341906fb),segment_id=0ffdb7be-6035-476d-aa39-6e00341906fb)] {{(pid=92479) get_binding_level_objs /opt/stack/neutron/neutron/plugins/ml2/db.py:75}}
Jun 14 03:22:49.421833 dv-cinder-796170-1-smb neutron-server[92479]: DEBUG neutron_lib.callbacks.manager [None req-c63c4c1a-9de9-40a1-ac36-3643a5c135ad None None] Notify callbacks ['neutron.plugins.ml2.plugin.SecurityGroupServerNotifierRpcMixin.notify_sg_on_port_change-4182466', 'neutron.plugins.ml2.ovo_rpc._ObjectChangeHandler.handle_event-168896', 'neutron.api.rpc.agentnotifiers.dhcp_rpc_agent_api.DhcpAgentNotifyAPI._native_event_send_dhcp_notification-537122', 'neutron.db.l3_db.L3RpcNotifierMixin._notify_gateway_port_ip_changed-8770794765123', 'neutron.db.l3_dvrscheduler_db._notify_l3_agent_port_update-8770794323258', 'neutron.db.l3_hascheduler_db._notify_l3_agent_ha_port_update-8770794323303'] for port, after_update {{(pid=92479) _notify_loop /usr/local/lib/python3.8/dist-packages/neutron_lib/callbacks/manager.py:192}}
Jun 14 03:22:49.424788 dv-cinder-796170-1-smb neutron-server[92479]: DEBUG oslo_concurrency.lockutils [-] Lock "event-dispatch" acquired by "neutron.plugins.ml2.ovo_rpc._ObjectChangeHandler.dispatch_events" :: waited 0.000s {{(pid=92479) inner /usr/local/lib/python3.8/dist-packages/oslo_concurrency/lockutils.py:355}}
Jun 14 03:22:49.469339 dv-cinder-796170-1-smb neutron-server[92477]: INFO neutron.wsgi [req-e773d3fd-cace-4a59-bebf-cb6a883b021c req-55d88539-7e98-46cc-9167-6d696699f43c service neutron] 10.222.0.15 "GET /v2.0/networks/d047a095-e834-49ae-8840-547f577acb46?fields=provider%3Aphysical_network&fields=provider%3Anetwork_type HTTP/1.1" status: 200 len: 281 time: 0.1921680
Jun 14 03:22:49.483457 dv-cinder-796170-1-smb neutron-server[92479]: DEBUG neutron.api.rpc.handlers.resources_rpc [None req-c63c4c1a-9de9-40a1-ac36-3643a5c135ad None None] Pushing event updated for resources: {'Port': ['ID=403308c0-8f48-41bf-af18-34b28c08b2ac,revision_number=5']} {{(pid=92479) push /opt/stack/neutron/neutron/api/rpc/handlers/resources_rpc.py:237}}
Jun 14 03:22:49.488301 dv-cinder-796170-1-smb neutron-server[92479]: DEBUG oslo_concurrency.lockutils [None req-c63c4c1a-9de9-40a1-ac36-3643a5c135ad None None] Lock "event-dispatch" released by "neutron.plugins.ml2.ovo_rpc._ObjectChangeHandler.dispatch_events" :: held 0.063s {{(pid=92479) inner /usr/local/lib/python3.8/dist-packages/oslo_concurrency/lockutils.py:367}}
Jun 14 03:22:49.491334 dv-cinder-796170-1-smb neutron-server[92477]: DEBUG neutron.pecan_wsgi.hooks.policy_enforcement [req-e0107d99-28e7-4f09-b812-687724dcc640 req-183a099d-a5c6-4b8e-9b8a-9bb20d6932c1 tempest-AttachVolumeTestJSON-750898245 tempest-AttachVolumeTestJSON-750898245-project] Attributes excluded by policy engine: ['standard_attr_id', 'binding:profile', 'binding:host_id', 'binding:vif_type', 'binding:vif_details'] {{(pid=92477) _exclude_attributes_by_policy /opt/stack/neutron/neutron/pecan_wsgi/hooks/policy_enforcement.py:255}}
Jun 14 03:22:49.492828 dv-cinder-796170-1-smb neutron-server[92477]: INFO neutron.wsgi [req-e0107d99-28e7-4f09-b812-687724dcc640 req-183a099d-a5c6-4b8e-9b8a-9bb20d6932c1 tempest-AttachVolumeTestJSON-750898245 tempest-AttachVolumeTestJSON-750898245-project] 10.222.0.15 "GET /v2.0/ports?device_id=80f827ce-e220-450a-a5ef-faf03a089e11 HTTP/1.1" status: 200 len: 945 time: 0.0977356
Jun 14 03:22:49.550148 dv-cinder-796170-1-smb neutron-server[92477]: INFO neutron.wsgi [req-e0107d99-28e7-4f09-b812-687724dcc640 req-e8eb96e8-3d6d-42d2-81d6-5cd6295c6ebc tempest-AttachVolumeTestJSON-750898245 tempest-AttachVolumeTestJSON-750898245-project] 10.222.0.15 "GET /v2.0/security-groups?id=4e5df0b5-8b4a-420f-9ab3-96c7c528090d&fields=id&fields=name HTTP/1.1" status: 200 len: 313 time: 0.0479817
Jun 14 03:22:49.655517 dv-cinder-796170-1-smb neutron-server[92479]: DEBUG neutron.notifiers.nova [-] Sending events: [{'server_uuid': '8d0ea0e7-7509-4f71-97eb-4c60ba84d20d', 'name': 'network-vif-plugged', 'status': 'completed', 'tag': '403308c0-8f48-41bf-af18-34b28c08b2ac'}] {{(pid=92479) send_events /opt/stack/neutron/neutron/notifiers/nova.py:262}}
Jun 14 03:22:49.658089 dv-cinder-796170-1-smb neutron-server[92479]: DEBUG novaclient.v2.client [-] REQ: curl -g -i --cacert "/opt/stack/data/ca-bundle.pem" -X POST http://10.222.0.15/compute/v2.1/os-server-external-events -H "Accept: application/json" -H "Content-Type: application/json" -H "User-Agent: python-novaclient" -H "X-Auth-Token: {SHA256}35f16da4c8bac6526e2f7c66caab6cbef3f6ba042f0d51da6e17c537ecc3a636" -H "X-OpenStack-Nova-API-Version: 2.1" -H "X-OpenStack-Request-ID: req-caba886c-fa52-4780-b7aa-b9ed29350148" -d '{"events": [{"server_uuid": "8d0ea0e7-7509-4f71-97eb-4c60ba84d20d", "name": "network-vif-plugged", "status": "completed", "tag": "403308c0-8f48-41bf-af18-34b28c08b2ac"}]}' {{(pid=92479) _http_log_request /usr/local/lib/python3.8/dist-packages/keystoneauth1/session.py:519}}
Jun 14 03:22:49.748154 dv-cinder-796170-1-smb neutron-server[92478]: DEBUG neutron.wsgi [-] (92478) accepted ('10.222.0.15', 54536) {{(pid=92478) server /usr/local/lib/python3.8/dist-packages/eventlet/wsgi.py:992}}
Jun 14 03:22:49.750779 dv-cinder-796170-1-smb neutron-server[92477]: DEBUG neutron.pecan_wsgi.hooks.policy_enforcement [req-e0210023-4871-4966-b4a2-985befe10a1f req-133fc3ae-8338-4ede-afb3-96fe642a04a3 tempest-AttachVolumeTestJSON-750898245 tempest-AttachVolumeTestJSON-750898245-project] Attributes excluded by policy engine: ['standard_attr_id', 'binding:profile', 'binding:host_id', 'binding:vif_type', 'binding:vif_details'] {{(pid=92477) _exclude_attributes_by_policy /opt/stack/neutron/neutron/pecan_wsgi/hooks/policy_enforcement.py:255}}
Jun 14 03:22:49.753499 dv-cinder-796170-1-smb neutron-server[92477]: INFO neutron.wsgi [req-e0210023-4871-4966-b4a2-985befe10a1f req-133fc3ae-8338-4ede-afb3-96fe642a04a3 tempest-AttachVolumeTestJSON-750898245 tempest-AttachVolumeTestJSON-750898245-project] 10.222.0.15 "GET /v2.0/ports?device_id=80f827ce-e220-450a-a5ef-faf03a089e11 HTTP/1.1" status: 200 len: 945 time: 0.0941997
Jun 14 03:22:49.759312 dv-cinder-796170-1-smb neutron-server[92478]: DEBUG neutron.api.v2.base [None req-a36c4089-3526-4c9b-9bc8-f2ca5fb393cc admin admin] Request body: {'network': {'name': 'tempest-VolumesActionsTest-29868228-network', 'tenant_id': '39bd320060354602ad31fd4d1c904ab8'}} {{(pid=92478) prepare_request_body /opt/stack/neutron/neutron/api/v2/base.py:729}}
Jun 14 03:22:49.762359 dv-cinder-796170-1-smb neutron-server[92477]: DEBUG neutron.wsgi [-] (92477) accepted ('10.222.0.15', 54538) {{(pid=92477) server /usr/local/lib/python3.8/dist-packages/eventlet/wsgi.py:992}}
Jun 14 03:22:49.768630 dv-cinder-796170-1-smb neutron-server[92477]: DEBUG neutron.api.v2.base [None req-658dd72a-7b38-4d19-8da5-c2dafcbb8165 tempest-AttachVolumeTestJSON-750898245 tempest-AttachVolumeTestJSON-750898245-project] Request body: {'floatingip': {'port_id': 'f9e57848-6614-4af1-8ec9-b4253a0258ca'}} {{(pid=92477) prepare_request_body /opt/stack/neutron/neutron/api/v2/base.py:729}}
Jun 14 03:22:49.794503 dv-cinder-796170-1-smb neutron-server[92479]: DEBUG novaclient.v2.client [-] RESP: [200] Connection: close Content-Length: 183 Content-Type: application/json Date: Mon, 14 Jun 2021 03:22:49 GMT OpenStack-API-Version: compute 2.1 Server: Apache/2.4.41 (Ubuntu) Vary: OpenStack-API-Version,X-OpenStack-Nova-API-Version X-OpenStack-Nova-API-Version: 2.1 x-compute-request-id: req-106dd801-485f-4e89-a22b-17f89f523f12 x-openstack-request-id: req-106dd801-485f-4e89-a22b-17f89f523f12 {{(pid=92479) _http_log_response /usr/local/lib/python3.8/dist-packages/keystoneauth1/session.py:550}}
Jun 14 03:22:49.794503 dv-cinder-796170-1-smb neutron-server[92479]: DEBUG novaclient.v2.client [-] RESP BODY: {"events": [{"server_uuid": "8d0ea0e7-7509-4f71-97eb-4c60ba84d20d", "name": "network-vif-plugged", "status": "completed", "tag": "403308c0-8f48-41bf-af18-34b28c08b2ac", "code": 200}]} {{(pid=92479) _http_log_response /usr/local/lib/python3.8/dist-packages/keystoneauth1/session.py:582}}
Jun 14 03:22:49.795188 dv-cinder-796170-1-smb neutron-server[92479]: DEBUG novaclient.v2.client [-] POST call to compute for http://10.222.0.15/compute/v2.1/os-server-external-events used request id req-106dd801-485f-4e89-a22b-17f89f523f12 {{(pid=92479) request /usr/local/lib/python3.8/dist-packages/keystoneauth1/session.py:954}}
Jun 14 03:22:49.795188 dv-cinder-796170-1-smb neutron-server[92479]: INFO neutron.notifiers.nova [-] Nova event response: {'server_uuid': '8d0ea0e7-7509-4f71-97eb-4c60ba84d20d', 'name': 'network-vif-plugged', 'status': 'completed', 'tag': '403308c0-8f48-41bf-af18-34b28c08b2ac', 'code': 200}
Jun 14 03:22:49.898333 dv-cinder-796170-1-smb neutron-server[92478]: DEBUG neutron.pecan_wsgi.hooks.quota_enforcement [None req-a36c4089-3526-4c9b-9bc8-f2ca5fb393cc admin admin] Made reservation on behalf of 39bd320060354602ad31fd4d1c904ab8 for: {'network': 1} {{(pid=92478) before /opt/stack/neutron/neutron/pecan_wsgi/hooks/quota_enforcement.py:53}}
Jun 14 03:22:49.901707 dv-cinder-796170-1-smb neutron-server[92478]: DEBUG neutron_lib.callbacks.manager [None req-a36c4089-3526-4c9b-9bc8-f2ca5fb393cc admin admin] Notify callbacks ['neutron.plugins.ml2.plugin.SecurityGroupDbMixin._ensure_default_security_group_handler_before_create-4182330'] for network, before_create {{(pid=92478) _notify_loop /usr/local/lib/python3.8/dist-packages/neutron_lib/callbacks/manager.py:192}}
Jun 14 03:22:49.904218 dv-cinder-796170-1-smb neutron-server[92477]: INFO neutron.wsgi [req-422fae47-68eb-4eff-b09c-4abc9e38da32 req-16622294-e153-42d1-8f3d-2f397f6b1ab5 tempest-AttachVolumeNegativeTest-944712188 tempest-AttachVolumeNegativeTest-944712188-project] 10.222.0.15 "GET /v2.0/ports?device_id=614fbaf1-be40-402a-a85e-2315e4c603d9 HTTP/1.1" status: 200 len: 210 time: 0.0414536
Jun 14 03:22:49.919888 dv-cinder-796170-1-smb neutron-server[92477]: DEBUG neutron_lib.callbacks.manager [None req-658dd72a-7b38-4d19-8da5-c2dafcbb8165 tempest-AttachVolumeTestJSON-750898245 tempest-AttachVolumeTestJSON-750898245-project] Notify callbacks [] for floatingip, before_update {{(pid=92477) _notify_loop /usr/local/lib/python3.8/dist-packages/neutron_lib/callbacks/manager.py:192}}
Jun 14 03:22:49.922726 dv-cinder-796170-1-smb neutron-server[92478]: DEBUG neutron_lib.callbacks.manager [None req-a36c4089-3526-4c9b-9bc8-f2ca5fb393cc admin admin] Notify callbacks [] for security_group, before_create {{(pid=92478) _notify_loop /usr/local/lib/python3.8/dist-packages/neutron_lib/callbacks/manager.py:192}}
Jun 14 03:22:50.032518 dv-cinder-796170-1-smb neutron-server[92478]: DEBUG neutron_lib.callbacks.manager [None req-a36c4089-3526-4c9b-9bc8-f2ca5fb393cc admin admin] Notify callbacks [] for security_group, precommit_create {{(pid=92478) _notify_loop /usr/local/lib/python3.8/dist-packages/neutron_lib/callbacks/manager.py:192}}
Jun 14 03:22:50.103965 dv-cinder-796170-1-smb neutron-server[92478]: DEBUG neutron_lib.callbacks.manager [None req-a36c4089-3526-4c9b-9bc8-f2ca5fb393cc admin admin] Notify callbacks ['neutron.plugins.ml2.ovo_rpc._ObjectChangeHandler.handle_event-982136'] for security_group, after_create {{(pid=92478) _notify_loop /usr/local/lib/python3.8/dist-packages/neutron_lib/callbacks/manager.py:192}}
Jun 14 03:22:50.110546 dv-cinder-796170-1-smb neutron-server[92478]: DEBUG oslo_concurrency.lockutils [-] Lock "event-dispatch" acquired by "neutron.plugins.ml2.ovo_rpc._ObjectChangeHandler.dispatch_events" :: waited 0.000s {{(pid=92478) inner /usr/local/lib/python3.8/dist-packages/oslo_concurrency/lockutils.py:355}}
Jun 14 03:22:50.134170 dv-cinder-796170-1-smb neutron-server[92478]: DEBUG neutron.plugins.ml2.drivers.helpers [None req-a36c4089-3526-4c9b-9bc8-f2ca5fb393cc admin admin] vlan segment allocate from pool success with {'physical_network': 'physnet1', 'vlan_id': 248} {{(pid=92478) allocate_partially_specified_segment /opt/stack/neutron/neutron/plugins/ml2/drivers/helpers.py:153}}
Jun 14 03:22:50.149185 dv-cinder-796170-1-smb neutron-server[92478]: DEBUG neutron.api.rpc.handlers.resources_rpc [None req-a36c4089-3526-4c9b-9bc8-f2ca5fb393cc admin admin] Pushing event updated for resources: {'SecurityGroup': ['ID=028efd5e-dcc6-4f77-bc1e-a97603a02d28,revision_number=1']} {{(pid=92478) push /opt/stack/neutron/neutron/api/rpc/handlers/resources_rpc.py:237}}
Jun 14 03:22:50.153361 dv-cinder-796170-1-smb neutron-server[92478]: DEBUG oslo_concurrency.lockutils [None req-a36c4089-3526-4c9b-9bc8-f2ca5fb393cc admin admin] Lock "event-dispatch" released by "neutron.plugins.ml2.ovo_rpc._ObjectChangeHandler.dispatch_events" :: held 0.043s {{(pid=92478) inner /usr/local/lib/python3.8/dist-packages/oslo_concurrency/lockutils.py:367}}
Jun 14 03:22:50.154427 dv-cinder-796170-1-smb neutron-server[92478]: DEBUG neutron_lib.callbacks.manager [None req-a36c4089-3526-4c9b-9bc8-f2ca5fb393cc admin admin] Notify callbacks ['neutron.plugins.ml2.plugin.Ml2Plugin._handle_segment_change-4175911'] for segment, precommit_create {{(pid=92478) _notify_loop /usr/local/lib/python3.8/dist-packages/neutron_lib/callbacks/manager.py:192}}
Jun 14 03:22:50.154768 dv-cinder-796170-1-smb neutron-server[92478]: INFO neutron.db.segments_db [None req-a36c4089-3526-4c9b-9bc8-f2ca5fb393cc admin admin] Added segment 0e97ed9e-30ef-4797-8185-2995d3bc1737 of type vlan for network d15468d4-0ead-4796-a037-3c4467044e10
Jun 14 03:22:50.219587 dv-cinder-796170-1-smb neutron-server[92478]: DEBUG neutron_lib.callbacks.manager [None req-a36c4089-3526-4c9b-9bc8-f2ca5fb393cc admin admin] Notify callbacks ['neutron.services.auto_allocate.db._ensure_external_network_default_value_callback-8770794308792'] for network, precommit_create {{(pid=92478) _notify_loop /usr/local/lib/python3.8/dist-packages/neutron_lib/callbacks/manager.py:192}}
Jun 14 03:22:50.342322 dv-cinder-796170-1-smb neutron-server[92477]: DEBUG neutron.pecan_wsgi.hooks.policy_enforcement [req-4536f69a-cb85-4c5b-9ee1-e59bb4637287 req-26db8433-99a4-4a76-9df6-882e664ad7e7 tempest-ServerRescueNegativeTestJSON-1680234149 tempest-ServerRescueNegativeTestJSON-1680234149-project] Attributes excluded by policy engine: ['standard_attr_id', 'binding:profile', 'binding:host_id', 'binding:vif_type', 'binding:vif_details'] {{(pid=92477) _exclude_attributes_by_policy /opt/stack/neutron/neutron/pecan_wsgi/hooks/policy_enforcement.py:255}}
Jun 14 03:22:50.343921 dv-cinder-796170-1-smb neutron-server[92477]: INFO neutron.wsgi [req-4536f69a-cb85-4c5b-9ee1-e59bb4637287 req-26db8433-99a4-4a76-9df6-882e664ad7e7 tempest-ServerRescueNegativeTestJSON-1680234149 tempest-ServerRescueNegativeTestJSON-1680234149-project] 10.222.0.15 "GET /v2.0/ports?device_id=d2fa9301-1556-4c96-848e-c3a44ddff63d HTTP/1.1" status: 200 len: 946 time: 0.3721349
Jun 14 03:22:50.354583 dv-cinder-796170-1-smb neutron-server[92478]: DEBUG neutron_lib.callbacks.manager [None req-a36c4089-3526-4c9b-9bc8-f2ca5fb393cc admin admin] Notify callbacks ['neutron.plugins.ml2.ovo_rpc._ObjectChangeHandler.handle_payload_event-146453', 'neutron.api.rpc.agentnotifiers.dhcp_rpc_agent_api.DhcpAgentNotifyAPI._native_event_send_dhcp_notification_payload-537145'] for network, after_create {{(pid=92478) _notify_loop /usr/local/lib/python3.8/dist-packages/neutron_lib/callbacks/manager.py:192}}
Jun 14 03:22:50.356879 dv-cinder-796170-1-smb neutron-server[92478]: DEBUG neutron.pecan_wsgi.hooks.policy_enforcement [None req-a36c4089-3526-4c9b-9bc8-f2ca5fb393cc admin admin] Attributes excluded by policy engine: ['standard_attr_id', 'vlan_transparent'] {{(pid=92478) _exclude_attributes_by_policy /opt/stack/neutron/neutron/pecan_wsgi/hooks/policy_enforcement.py:255}}
Jun 14 03:22:50.358067 dv-cinder-796170-1-smb neutron-server[92478]: DEBUG neutron_lib.callbacks.manager [None req-a36c4089-3526-4c9b-9bc8-f2ca5fb393cc admin admin] Notify callbacks ['neutron.api.rpc.agentnotifiers.dhcp_rpc_agent_api.DhcpAgentNotifyAPI._send_dhcp_notification-537116'] for network, before_response {{(pid=92478) _notify_loop /usr/local/lib/python3.8/dist-packages/neutron_lib/callbacks/manager.py:192}}
Jun 14 03:22:50.362302 dv-cinder-796170-1-smb neutron-server[92478]: DEBUG oslo_concurrency.lockutils [-] Lock "event-dispatch" acquired by "neutron.plugins.ml2.ovo_rpc._ObjectChangeHandler.dispatch_events" :: waited 0.000s {{(pid=92478) inner /usr/local/lib/python3.8/dist-packages/oslo_concurrency/lockutils.py:355}}
Jun 14 03:22:50.459565 dv-cinder-796170-1-smb neutron-server[92478]: DEBUG neutron.api.rpc.handlers.resources_rpc [None req-a36c4089-3526-4c9b-9bc8-f2ca5fb393cc admin admin] Pushing event updated for resources: {'Network': ['ID=d15468d4-0ead-4796-a037-3c4467044e10,revision_number=1']} {{(pid=92478) push /opt/stack/neutron/neutron/api/rpc/handlers/resources_rpc.py:237}}
Jun 14 03:22:50.462558 dv-cinder-796170-1-smb neutron-server[92478]: DEBUG oslo_concurrency.lockutils [None req-a36c4089-3526-4c9b-9bc8-f2ca5fb393cc admin admin] Lock "event-dispatch" released by "neutron.plugins.ml2.ovo_rpc._ObjectChangeHandler.dispatch_events" :: held 0.100s {{(pid=92478) inner /usr/local/lib/python3.8/dist-packages/oslo_concurrency/lockutils.py:367}}
Jun 14 03:22:50.464814 dv-cinder-796170-1-smb neutron-server[92477]: INFO neutron.wsgi [req-4536f69a-cb85-4c5b-9ee1-e59bb4637287 req-f04b4d7a-cc4a-443c-8b74-94bebf7c8062 tempest-ServerRescueNegativeTestJSON-1680234149 tempest-ServerRescueNegativeTestJSON-1680234149-project] 10.222.0.15 "GET /v2.0/security-groups?id=d22e1329-3881-4ead-9815-b9324731ab17&fields=id&fields=name HTTP/1.1" status: 200 len: 286 time: 0.0915864
Jun 14 03:22:50.471536 dv-cinder-796170-1-smb neutron-server[92479]: DEBUG neutron.plugins.ml2.rpc [None req-fd34c2a1-2c0c-4582-9fa9-c3ee0feb30ec None None] Network d15468d4-0ead-4796-a037-3c4467044e10 details requested by agent ovs-agent-dv-cinder-796170-1-smb with host dv-cinder-796170-1-smb {{(pid=92479) get_network_details /opt/stack/neutron/neutron/plugins/ml2/rpc.py:232}}
Jun 14 03:22:50.533836 dv-cinder-796170-1-smb neutron-server[92478]: INFO neutron.wsgi [None req-a36c4089-3526-4c9b-9bc8-f2ca5fb393cc admin admin] 10.222.0.15 "POST /v2.0/networks HTTP/1.1" status: 201 len: 880 time: 0.7831738
Jun 14 03:22:50.536384 dv-cinder-796170-1-smb neutron-server[92478]: DEBUG neutron.wsgi [-] (92478) accepted ('10.222.0.15', 54560) {{(pid=92478) server /usr/local/lib/python3.8/dist-packages/eventlet/wsgi.py:992}}
Jun 14 03:22:50.542581 dv-cinder-796170-1-smb neutron-server[92478]: DEBUG neutron.api.v2.base [None req-0918cdd6-b1f9-4f70-91f2-b8d0a2941548 admin admin] Request body: {'subnet': {'network_id': 'd15468d4-0ead-4796-a037-3c4467044e10', 'cidr': '172.20.0.0/28', 'name': 'tempest-VolumesActionsTest-29868228-subnet', 'tenant_id': '39bd320060354602ad31fd4d1c904ab8', 'enable_dhcp': False, 'ip_version': 4}} {{(pid=92478) prepare_request_body /opt/stack/neutron/neutron/api/v2/base.py:729}}
Jun 14 03:22:50.656703 dv-cinder-796170-1-smb neutron-server[92478]: DEBUG neutron.pecan_wsgi.hooks.quota_enforcement [None req-0918cdd6-b1f9-4f70-91f2-b8d0a2941548 admin admin] Made reservation on behalf of 39bd320060354602ad31fd4d1c904ab8 for: {'subnet': 1} {{(pid=92478) before /opt/stack/neutron/neutron/pecan_wsgi/hooks/quota_enforcement.py:53}}
Jun 14 03:22:50.659912 dv-cinder-796170-1-smb neutron-server[92478]: DEBUG neutron_lib.callbacks.manager [None req-0918cdd6-b1f9-4f70-91f2-b8d0a2941548 admin admin] Notify callbacks [] for subnet, before_create {{(pid=92478) _notify_loop /usr/local/lib/python3.8/dist-packages/neutron_lib/callbacks/manager.py:192}}
Jun 14 03:22:50.797895 dv-cinder-796170-1-smb neutron-server[92477]: DEBUG neutron.pecan_wsgi.hooks.policy_enforcement [req-f8eb0968-b338-4de2-824f-5eb18119dc33 req-cb82a6a1-413e-4acf-bcea-28e0b1906268 service neutron] Attributes excluded by policy engine: ['standard_attr_id'] {{(pid=92477) _exclude_attributes_by_policy /opt/stack/neutron/neutron/pecan_wsgi/hooks/policy_enforcement.py:255}}
Jun 14 03:22:50.799901 dv-cinder-796170-1-smb neutron-server[92477]: INFO neutron.wsgi [req-f8eb0968-b338-4de2-824f-5eb18119dc33 req-cb82a6a1-413e-4acf-bcea-28e0b1906268 service neutron] 10.222.0.23 "GET /v2.0/ports?device_id=8d0ea0e7-7509-4f71-97eb-4c60ba84d20d HTTP/1.1" status: 200 len: 1098 time: 0.5689890
Jun 14 03:22:50.837945 dv-cinder-796170-1-smb neutron-server[92477]: DEBUG neutron.pecan_wsgi.hooks.policy_enforcement [req-629a0d32-2fce-4de8-952b-d4b20f391868 req-ab874a79-f049-4895-91e5-6f0d63a925d3 tempest-AttachVolumeShelveTestJSON-1747790280 tempest-AttachVolumeShelveTestJSON-1747790280-project] Attributes excluded by policy engine: ['standard_attr_id', 'binding:profile', 'binding:host_id', 'binding:vif_type', 'binding:vif_details'] {{(pid=92477) _exclude_attributes_by_policy /opt/stack/neutron/neutron/pecan_wsgi/hooks/policy_enforcement.py:255}}
Jun 14 03:22:50.839284 dv-cinder-796170-1-smb neutron-server[92477]: INFO neutron.wsgi [req-629a0d32-2fce-4de8-952b-d4b20f391868 req-ab874a79-f049-4895-91e5-6f0d63a925d3 tempest-AttachVolumeShelveTestJSON-1747790280 tempest-AttachVolumeShelveTestJSON-1747790280-project] 10.222.0.15 "GET /v2.0/ports?device_id=8d0ea0e7-7509-4f71-97eb-4c60ba84d20d HTTP/1.1" status: 200 len: 945 time: 0.5257473
Jun 14 03:22:51.018356 dv-cinder-796170-1-smb neutron-server[92478]: DEBUG neutron_lib.callbacks.manager [None req-0918cdd6-b1f9-4f70-91f2-b8d0a2941548 admin admin] Notify callbacks ['neutron.plugins.ml2.ovo_rpc._ObjectChangeHandler.handle_event-989144', 'neutron.api.rpc.agentnotifiers.dhcp_rpc_agent_api.DhcpAgentNotifyAPI._native_event_send_dhcp_notification-537122'] for subnet, after_create {{(pid=92478) _notify_loop /usr/local/lib/python3.8/dist-packages/neutron_lib/callbacks/manager.py:192}}
Jun 14 03:22:51.021526 dv-cinder-796170-1-smb neutron-server[92478]: DEBUG oslo_concurrency.lockutils [-] Lock "event-dispatch" acquired by "neutron.plugins.ml2.ovo_rpc._ObjectChangeHandler.dispatch_events" :: waited 0.000s {{(pid=92478) inner /usr/local/lib/python3.8/dist-packages/oslo_concurrency/lockutils.py:355}}
Jun 14 03:22:51.062327 dv-cinder-796170-1-smb neutron-server[92477]: INFO neutron.wsgi [req-f8eb0968-b338-4de2-824f-5eb18119dc33 req-43d2f9b2-08ce-4479-a244-79f6d0399df2 service neutron] 10.222.0.23 "GET /v2.0/security-groups?id=aa106119-72bd-4576-a137-aebe95dd1ed3&fields=id&fields=name HTTP/1.1" status: 200 len: 313 time: 0.2534828
Jun 14 03:22:51.067824 dv-cinder-796170-1-smb neutron-server[92477]: INFO neutron.wsgi [req-629a0d32-2fce-4de8-952b-d4b20f391868 req-578328f5-b515-49f8-beab-dff484620f04 tempest-AttachVolumeShelveTestJSON-1747790280 tempest-AttachVolumeShelveTestJSON-1747790280-project] 10.222.0.15 "GET /v2.0/security-groups?id=aa106119-72bd-4576-a137-aebe95dd1ed3&fields=id&fields=name HTTP/1.1" status: 200 len: 313 time: 0.1654716
Jun 14 03:22:51.101310 dv-cinder-796170-1-smb neutron-server[92478]: DEBUG neutron.api.rpc.handlers.resources_rpc [None req-0918cdd6-b1f9-4f70-91f2-b8d0a2941548 admin admin] Pushing event updated for resources: {'Subnet': ['ID=43f3c281-207a-4168-952e-4f1021d42a37,revision_number=0']} {{(pid=92478) push /opt/stack/neutron/neutron/api/rpc/handlers/resources_rpc.py:237}}
Jun 14 03:22:51.114459 dv-cinder-796170-1-smb neutron-server[92478]: DEBUG oslo_concurrency.lockutils [None req-0918cdd6-b1f9-4f70-91f2-b8d0a2941548 admin admin] Lock "event-dispatch" released by "neutron.plugins.ml2.ovo_rpc._ObjectChangeHandler.dispatch_events" :: held 0.093s {{(pid=92478) inner /usr/local/lib/python3.8/dist-packages/oslo_concurrency/lockutils.py:367}}
Jun 14 03:22:51.126869 dv-cinder-796170-1-smb neutron-server[92478]: DEBUG neutron.plugins.ml2.drivers.mech_agent [None req-0918cdd6-b1f9-4f70-91f2-b8d0a2941548 admin admin] Checking segment: {'id': '0e97ed9e-30ef-4797-8185-2995d3bc1737', 'network_type': 'vlan', 'physical_network': 'physnet1', 'segmentation_id': 248, 'network_id': 'd15468d4-0ead-4796-a037-3c4467044e10'} for mappings: {'physnet1': 'br-data'} with network types: ['local', 'flat', 'vlan'] {{(pid=92478) check_segment_for_agent /opt/stack/neutron/neutron/plugins/ml2/drivers/mech_agent.py:341}}
Jun 14 03:22:51.127340 dv-cinder-796170-1-smb neutron-server[92478]: DEBUG neutron.scheduler.dhcp_agent_scheduler [None req-0918cdd6-b1f9-4f70-91f2-b8d0a2941548 admin admin] Network hostable DHCP agents. Network: d15468d4-0ead-4796-a037-3c4467044e10, hostable agents: ['fbc4ec0e-97f9-4234-83a9-b189d33e64e9'], hosted agents: [] {{(pid=92478) _get_network_hostable_dhcp_agents /opt/stack/neutron/neutron/scheduler/dhcp_agent_scheduler.py:329}}
Jun 14 03:22:51.246988 dv-cinder-796170-1-smb neutron-server[92478]: DEBUG neutron.scheduler.dhcp_agent_scheduler [None req-0918cdd6-b1f9-4f70-91f2-b8d0a2941548 admin admin] Network d15468d4-0ead-4796-a037-3c4467044e10 is scheduled to be hosted by DHCP agent fbc4ec0e-97f9-4234-83a9-b189d33e64e9 with binding_index 1 {{(pid=92478) bind /opt/stack/neutron/neutron/scheduler/dhcp_agent_scheduler.py:227}}
Jun 14 03:22:51.292944 dv-cinder-796170-1-smb neutron-server[92477]: INFO neutron.wsgi [req-32f3a26c-fd23-4dfb-9dbb-ce75aa5c192d req-49be6502-e46a-4a3b-af29-13aa56891da7 tempest-AttachVolumeNegativeTest-944712188 tempest-AttachVolumeNegativeTest-944712188-project] 10.222.0.15 "GET /v2.0/ports?device_id=614fbaf1-be40-402a-a85e-2315e4c603d9 HTTP/1.1" status: 200 len: 210 time: 0.0601633
Jun 14 03:22:51.318238 dv-cinder-796170-1-smb neutron-server[92478]: DEBUG neutron.wsgi [-] (92478) accepted ('10.222.0.15', 54572) {{(pid=92478) server /usr/local/lib/python3.8/dist-packages/eventlet/wsgi.py:992}}
Jun 14 03:22:51.333103 dv-cinder-796170-1-smb neutron-server[92477]: DEBUG neutron_lib.callbacks.manager [None req-658dd72a-7b38-4d19-8da5-c2dafcbb8165 tempest-AttachVolumeTestJSON-750898245 tempest-AttachVolumeTestJSON-750898245-project] Notify callbacks [] for floatingip, precommit_update {{(pid=92477) _notify_loop /usr/local/lib/python3.8/dist-packages/neutron_lib/callbacks/manager.py:192}}
Jun 14 03:22:51.355461 dv-cinder-796170-1-smb neutron-server[92478]: DEBUG neutron.scheduler.base_scheduler [None req-0918cdd6-b1f9-4f70-91f2-b8d0a2941548 admin admin] Resources bound (agent type, host, resource id): (DHCP agent, dv-cinder-796170-1-smb, d15468d4-0ead-4796-a037-3c4467044e10) {{(pid=92478) schedule /opt/stack/neutron/neutron/scheduler/base_scheduler.py:57}}
Jun 14 03:22:51.365749 dv-cinder-796170-1-smb neutron-server[92478]: DEBUG neutron.pecan_wsgi.hooks.policy_enforcement [None req-0918cdd6-b1f9-4f70-91f2-b8d0a2941548 admin admin] Attributes excluded by policy engine: ['standard_attr_id', 'shared', 'network'] {{(pid=92478) _exclude_attributes_by_policy /opt/stack/neutron/neutron/pecan_wsgi/hooks/policy_enforcement.py:255}}
