Jun 19 15:07:39.823825 dv-cinder-796114-4-iscsi devstack@placement-api.service[93766]: INFO placement.requestlog [req-2b5f72d0-18dc-42e6-8744-dbe1f3e1b76e req-24817954-ccf4-455c-8eee-22d36100e227 service placement] 10.222.0.16 "GET /placement/allocations/76272c81-3260-47eb-a0ff-5597fd54227e" status: 200 len: 19 microversion: 1.28
Jun 19 15:07:39.828846 dv-cinder-796114-4-iscsi devstack@placement-api.service[93766]: [pid: 93766|app: 0|req: 10/21] 10.222.0.16 () {60 vars in 1380 bytes} [Sat Jun 19 15:07:39 2021] GET /placement/allocations/76272c81-3260-47eb-a0ff-5597fd54227e => generated 19 bytes in 24 msecs (HTTP/1.1 200) 8 headers in 295 bytes (1 switches on core 0)
Jun 19 15:07:39.829506 dv-cinder-796114-4-iscsi devstack@placement-api.service[93766]: DEBUG placement.requestlog [req-2b5f72d0-18dc-42e6-8744-dbe1f3e1b76e req-e95b1a91-0475-4e2b-a703-863a52946c81 None None] Starting request: 10.222.0.16 "PUT /placement/allocations/76272c81-3260-47eb-a0ff-5597fd54227e" {{(pid=93766) __call__ /opt/stack/placement/placement/requestlog.py:55}}
Jun 19 15:07:40.310810 dv-cinder-796114-4-iscsi devstack@placement-api.service[93766]: DEBUG placement.handlers.allocation [req-2b5f72d0-18dc-42e6-8744-dbe1f3e1b76e req-e95b1a91-0475-4e2b-a703-863a52946c81 service placement] Successfully wrote allocations [, , ] {{(pid=93766) _create_allocations /opt/stack/placement/placement/handlers/allocation.py:435}}
Jun 19 15:07:40.311503 dv-cinder-796114-4-iscsi devstack@placement-api.service[93766]: INFO placement.requestlog [req-2b5f72d0-18dc-42e6-8744-dbe1f3e1b76e req-e95b1a91-0475-4e2b-a703-863a52946c81 service placement] 10.222.0.16 "PUT /placement/allocations/76272c81-3260-47eb-a0ff-5597fd54227e" status: 204 len: 0 microversion: 1.35
Jun 19 15:07:40.312513 dv-cinder-796114-4-iscsi devstack@placement-api.service[93766]: [pid: 93766|app: 0|req: 11/22] 10.222.0.16 () {64 vars in 1433 bytes} [Sat Jun 19 15:07:39 2021] PUT /placement/allocations/76272c81-3260-47eb-a0ff-5597fd54227e => generated 0 bytes in 483 msecs (HTTP/1.1 204) 5 headers in 199 bytes (1 switches on core 0)
Jun 19 15:07:40.356628 dv-cinder-796114-4-iscsi devstack@placement-api.service[93765]: DEBUG placement.objects.allocation [req-cf26cc76-e272-4301-9476-e0cbedc5e998 req-35761878-5c4f-4977-a038-4ad67f66c835 service placement] Retrying allocations write on resource provider generation conflict {{(pid=93765) replace_all /opt/stack/placement/placement/objects/allocation.py:505}}
Jun 19 15:07:40.506809 dv-cinder-796114-4-iscsi devstack@placement-api.service[93765]: DEBUG placement.handlers.allocation [req-cf26cc76-e272-4301-9476-e0cbedc5e998 req-35761878-5c4f-4977-a038-4ad67f66c835 service placement] Successfully wrote allocations [, , ] {{(pid=93765) _create_allocations /opt/stack/placement/placement/handlers/allocation.py:435}}
Jun 19 15:07:40.508917 dv-cinder-796114-4-iscsi devstack@placement-api.service[93765]: INFO placement.requestlog [req-cf26cc76-e272-4301-9476-e0cbedc5e998 req-35761878-5c4f-4977-a038-4ad67f66c835 service placement] 10.222.0.16 "PUT /placement/allocations/66475071-3f62-439e-9844-f8e326630377" status: 204 len: 0 microversion: 1.35
Jun 19 15:07:40.510121 dv-cinder-796114-4-iscsi devstack@placement-api.service[93765]: [pid: 93765|app: 0|req: 12/23] 10.222.0.16 () {64 vars in 1433 bytes} [Sat Jun 19 15:07:39 2021] PUT /placement/allocations/66475071-3f62-439e-9844-f8e326630377 => generated 0 bytes in 687 msecs (HTTP/1.1 204) 5 headers in 199 bytes (1 switches on core 0)
Jun 19 15:07:42.052409 dv-cinder-796114-4-iscsi devstack@placement-api.service[93766]: DEBUG placement.requestlog [req-2b5f72d0-18dc-42e6-8744-dbe1f3e1b76e req-cc0ee8a5-6ae6-4806-b918-451c00ba058d None None] Starting request: 10.222.0.15 "GET /placement/allocations/76272c81-3260-47eb-a0ff-5597fd54227e" {{(pid=93766) __call__ /opt/stack/placement/placement/requestlog.py:55}}
Jun 19 15:07:42.082950 dv-cinder-796114-4-iscsi devstack@placement-api.service[93766]: INFO placement.requestlog [req-2b5f72d0-18dc-42e6-8744-dbe1f3e1b76e req-cc0ee8a5-6ae6-4806-b918-451c00ba058d service placement] 10.222.0.15 "GET /placement/allocations/76272c81-3260-47eb-a0ff-5597fd54227e" status: 200 len: 258 microversion: 1.28
Jun 19 15:07:42.083460 dv-cinder-796114-4-iscsi devstack@placement-api.service[93766]: [pid: 93766|app: 0|req: 12/24] 10.222.0.15 () {60 vars in 1378 bytes} [Sat Jun 19 15:07:42 2021] GET /placement/allocations/76272c81-3260-47eb-a0ff-5597fd54227e => generated 258 bytes in 32 msecs (HTTP/1.1 200) 8 headers in 296 bytes (1 switches on core 0)
Jun 19 15:07:42.359470 dv-cinder-796114-4-iscsi devstack@placement-api.service[93765]: DEBUG placement.requestlog [req-e05609d5-187a-4d5e-9671-853446dcf90f req-a1057d1b-7df2-4eb3-b660-3cc0922c6774 None None] Starting request: 10.222.0.16 "GET /placement/allocation_candidates?limit=1000&resources=DISK_GB%3A1%2CMEMORY_MB%3A1024%2CVCPU%3A1&root_required=%21COMPUTE_STATUS_DISABLED" {{(pid=93765) __call__ /opt/stack/placement/placement/requestlog.py:55}}
Jun 19 15:07:42.545964 dv-cinder-796114-4-iscsi devstack@placement-api.service[93765]: DEBUG placement.objects.research_context [req-e05609d5-187a-4d5e-9671-853446dcf90f req-a1057d1b-7df2-4eb3-b660-3cc0922c6774 service placement] getting providers with 1 DISK_GB {{(pid=93765) __init__ /opt/stack/placement/placement/objects/research_context.py:126}}
Jun 19 15:07:42.566637 dv-cinder-796114-4-iscsi devstack@placement-api.service[93765]: DEBUG placement.objects.research_context [req-e05609d5-187a-4d5e-9671-853446dcf90f req-a1057d1b-7df2-4eb3-b660-3cc0922c6774 service placement] getting providers with 1024 MEMORY_MB {{(pid=93765) __init__ /opt/stack/placement/placement/objects/research_context.py:126}}
Jun 19 15:07:42.584301 dv-cinder-796114-4-iscsi devstack@placement-api.service[93765]: DEBUG placement.objects.research_context [req-e05609d5-187a-4d5e-9671-853446dcf90f req-a1057d1b-7df2-4eb3-b660-3cc0922c6774 service placement] getting providers with 1 VCPU {{(pid=93765) __init__ /opt/stack/placement/placement/objects/research_context.py:126}}
Jun 19 15:07:42.610586 dv-cinder-796114-4-iscsi devstack@placement-api.service[93765]: DEBUG placement.objects.research_context [req-e05609d5-187a-4d5e-9671-853446dcf90f req-a1057d1b-7df2-4eb3-b660-3cc0922c6774 service placement] found 1 providers with available 1 DISK_GB {{(pid=93765) get_provider_ids_matching /opt/stack/placement/placement/objects/research_context.py:549}}
Jun 19 15:07:42.611487 dv-cinder-796114-4-iscsi devstack@placement-api.service[93765]: DEBUG placement.objects.research_context [req-e05609d5-187a-4d5e-9671-853446dcf90f req-a1057d1b-7df2-4eb3-b660-3cc0922c6774 service placement] found 1 providers with available 1024 MEMORY_MB {{(pid=93765) get_provider_ids_matching /opt/stack/placement/placement/objects/research_context.py:549}}
Jun 19 15:07:42.612210 dv-cinder-796114-4-iscsi devstack@placement-api.service[93765]: DEBUG placement.objects.research_context [req-e05609d5-187a-4d5e-9671-853446dcf90f req-a1057d1b-7df2-4eb3-b660-3cc0922c6774 service placement] found 1 providers after filtering by previous result {{(pid=93765) get_provider_ids_matching /opt/stack/placement/placement/objects/research_context.py:580}}
Jun 19 15:07:42.614922 dv-cinder-796114-4-iscsi devstack@placement-api.service[93765]: DEBUG placement.objects.research_context [req-e05609d5-187a-4d5e-9671-853446dcf90f req-a1057d1b-7df2-4eb3-b660-3cc0922c6774 service placement] found 1 providers with available 1 VCPU {{(pid=93765) get_provider_ids_matching /opt/stack/placement/placement/objects/research_context.py:549}}
Jun 19 15:07:42.615695 dv-cinder-796114-4-iscsi devstack@placement-api.service[93765]: DEBUG placement.objects.research_context [req-e05609d5-187a-4d5e-9671-853446dcf90f req-a1057d1b-7df2-4eb3-b660-3cc0922c6774 service placement] found 1 providers after filtering by previous result {{(pid=93765) get_provider_ids_matching /opt/stack/placement/placement/objects/research_context.py:580}}
Jun 19 15:07:42.663815 dv-cinder-796114-4-iscsi devstack@placement-api.service[93765]: DEBUG placement.objects.allocation_candidate [req-e05609d5-187a-4d5e-9671-853446dcf90f req-a1057d1b-7df2-4eb3-b660-3cc0922c6774 service placement] RequestGroup(use_same_provider=False, resources={DISK_GB:1, MEMORY_MB:1024, VCPU:1}, traits=[], aggregates=[]) (suffix '') returned 1 matches {{(pid=93765) _get_by_requests /opt/stack/placement/placement/objects/allocation_candidate.py:145}}
Jun 19 15:07:42.663815 dv-cinder-796114-4-iscsi devstack@placement-api.service[93765]: DEBUG placement.objects.allocation_candidate [req-e05609d5-187a-4d5e-9671-853446dcf90f req-a1057d1b-7df2-4eb3-b660-3cc0922c6774 service placement] Merging candidates yields 1 allocation requests and 1 provider summaries {{(pid=93765) _merge_candidates /opt/stack/placement/placement/objects/allocation_candidate.py:783}}
Jun 19 15:07:42.667776 dv-cinder-796114-4-iscsi devstack@placement-api.service[93765]: INFO placement.requestlog [req-e05609d5-187a-4d5e-9671-853446dcf90f req-a1057d1b-7df2-4eb3-b660-3cc0922c6774 service placement] 10.222.0.16 "GET /placement/allocation_candidates?limit=1000&resources=DISK_GB%3A1%2CMEMORY_MB%3A1024%2CVCPU%3A1&root_required=%21COMPUTE_STATUS_DISABLED" status: 200 len: 767 microversion: 1.35
Jun 19 15:07:42.669453 dv-cinder-796114-4-iscsi devstack@placement-api.service[93765]: [pid: 93765|app: 0|req: 13/25] 10.222.0.16 () {60 vars in 1506 bytes} [Sat Jun 19 15:07:42 2021] GET /placement/allocation_candidates?limit=1000&resources=DISK_GB%3A1%2CMEMORY_MB%3A1024%2CVCPU%3A1&root_required=%21COMPUTE_STATUS_DISABLED => generated 767 bytes in 310 msecs (HTTP/1.1 200) 8 headers in 296 bytes (1 switches on core 0)
Jun 19 15:07:42.847491 dv-cinder-796114-4-iscsi devstack@placement-api.service[93766]: DEBUG placement.requestlog [req-e05609d5-187a-4d5e-9671-853446dcf90f req-7e8f0633-c623-44b6-91e6-b64cd0d592dd None None] Starting request: 10.222.0.16 "GET /placement/allocations/f37d7262-1cda-4616-a705-0ae159baae9e" {{(pid=93766) __call__ /opt/stack/placement/placement/requestlog.py:55}}
Jun 19 15:07:42.864252 dv-cinder-796114-4-iscsi devstack@placement-api.service[93766]: INFO placement.requestlog [req-e05609d5-187a-4d5e-9671-853446dcf90f req-7e8f0633-c623-44b6-91e6-b64cd0d592dd service placement] 10.222.0.16 "GET /placement/allocations/f37d7262-1cda-4616-a705-0ae159baae9e" status: 200 len: 19 microversion: 1.28
Jun 19 15:07:42.865019 dv-cinder-796114-4-iscsi devstack@placement-api.service[93766]: [pid: 93766|app: 0|req: 13/26] 10.222.0.16 () {60 vars in 1380 bytes} [Sat Jun 19 15:07:42 2021] GET /placement/allocations/f37d7262-1cda-4616-a705-0ae159baae9e => generated 19 bytes in 18 msecs (HTTP/1.1 200) 8 headers in 295 bytes (1 switches on core 0)
Jun 19 15:07:42.873054 dv-cinder-796114-4-iscsi devstack@placement-api.service[93765]: DEBUG placement.requestlog [req-e05609d5-187a-4d5e-9671-853446dcf90f req-55ebf6fc-1cfd-4be6-a0b0-f548ab9eb7a6 None None] Starting request: 10.222.0.16 "PUT /placement/allocations/f37d7262-1cda-4616-a705-0ae159baae9e" {{(pid=93765) __call__ /opt/stack/placement/placement/requestlog.py:55}}
Jun 19 15:07:43.119765 dv-cinder-796114-4-iscsi devstack@placement-api.service[93766]: DEBUG placement.requestlog [req-cf26cc76-e272-4301-9476-e0cbedc5e998 req-3405a065-4817-4c9e-aa07-04a7de4ca6a2 None None] Starting request: 10.222.0.15 "GET /placement/allocations/66475071-3f62-439e-9844-f8e326630377" {{(pid=93766) __call__ /opt/stack/placement/placement/requestlog.py:55}}
Jun 19 15:07:43.214167 dv-cinder-796114-4-iscsi devstack@placement-api.service[93766]: INFO placement.requestlog [req-cf26cc76-e272-4301-9476-e0cbedc5e998 req-3405a065-4817-4c9e-aa07-04a7de4ca6a2 service placement] 10.222.0.15 "GET /placement/allocations/66475071-3f62-439e-9844-f8e326630377" status: 200 len: 258 microversion: 1.28
Jun 19 15:07:43.215147 dv-cinder-796114-4-iscsi devstack@placement-api.service[93766]: [pid: 93766|app: 0|req: 14/27] 10.222.0.15 () {60 vars in 1378 bytes} [Sat Jun 19 15:07:43 2021] GET /placement/allocations/66475071-3f62-439e-9844-f8e326630377 => generated 258 bytes in 96 msecs (HTTP/1.1 200) 8 headers in 296 bytes (1 switches on core 0)
Jun 19 15:07:43.315051 dv-cinder-796114-4-iscsi devstack@placement-api.service[93765]: DEBUG placement.handlers.allocation [req-e05609d5-187a-4d5e-9671-853446dcf90f req-55ebf6fc-1cfd-4be6-a0b0-f548ab9eb7a6 service placement] Successfully wrote allocations [, , ] {{(pid=93765) _create_allocations /opt/stack/placement/placement/handlers/allocation.py:435}}
Jun 19 15:07:43.315864 dv-cinder-796114-4-iscsi devstack@placement-api.service[93765]: INFO placement.requestlog [req-e05609d5-187a-4d5e-9671-853446dcf90f req-55ebf6fc-1cfd-4be6-a0b0-f548ab9eb7a6 service placement] 10.222.0.16 "PUT /placement/allocations/f37d7262-1cda-4616-a705-0ae159baae9e" status: 204 len: 0 microversion: 1.35
Jun 19 15:07:43.316276 dv-cinder-796114-4-iscsi devstack@placement-api.service[93765]: [pid: 93765|app: 0|req: 14/28] 10.222.0.16 () {64 vars in 1433 bytes} [Sat Jun 19 15:07:42 2021] PUT /placement/allocations/f37d7262-1cda-4616-a705-0ae159baae9e => generated 0 bytes in 444 msecs (HTTP/1.1 204) 5 headers in 199 bytes (1 switches on core 0)
Jun 19 15:07:44.577459 dv-cinder-796114-4-iscsi devstack@placement-api.service[93766]: DEBUG placement.requestlog [req-002b327b-6127-4ea3-9f1b-e88ac229ee24 req-38d75430-3a21-45f3-b14f-e83bb3a1eee9 None None] Starting request: 10.222.0.15 "GET /placement/resource_providers/7dee0704-1308-4086-bd65-aa5b9b3073e5/allocations" {{(pid=93766) __call__ /opt/stack/placement/placement/requestlog.py:55}}
Jun 19 15:07:44.656728 dv-cinder-796114-4-iscsi devstack@placement-api.service[93766]: INFO placement.requestlog [req-002b327b-6127-4ea3-9f1b-e88ac229ee24 req-38d75430-3a21-45f3-b14f-e83bb3a1eee9 service placement] 10.222.0.15 "GET /placement/resource_providers/7dee0704-1308-4086-bd65-aa5b9b3073e5/allocations" status: 200 len: 456 microversion: 1.0
Jun 19 15:07:44.657233 dv-cinder-796114-4-iscsi devstack@placement-api.service[93766]: [pid: 93766|app: 0|req: 15/29] 10.222.0.15 () {58 vars in 1391 bytes} [Sat Jun 19 15:07:44 2021] GET /placement/resource_providers/7dee0704-1308-4086-bd65-aa5b9b3073e5/allocations => generated 456 bytes in 80 msecs (HTTP/1.1 200) 6 headers in 224 bytes (2 switches on core 0)
Jun 19 15:07:44.739779 dv-cinder-796114-4-iscsi devstack@placement-api.service[93765]: DEBUG placement.requestlog [req-b439cf70-f786-4b18-99be-e4bbee8dab37 req-a2c2780a-dc53-44ed-8e82-196fb78e0b55 None None] Starting request: 10.222.0.16 "GET /placement/allocation_candidates?limit=1000&resources=DISK_GB%3A1%2CMEMORY_MB%3A1024%2CVCPU%3A1&root_required=%21COMPUTE_STATUS_DISABLED" {{(pid=93765) __call__ /opt/stack/placement/placement/requestlog.py:55}}
Jun 19 15:07:44.862249 dv-cinder-796114-4-iscsi devstack@placement-api.service[93765]: DEBUG placement.objects.research_context [req-b439cf70-f786-4b18-99be-e4bbee8dab37 req-a2c2780a-dc53-44ed-8e82-196fb78e0b55 service placement] getting providers with 1 DISK_GB {{(pid=93765) __init__ /opt/stack/placement/placement/objects/research_context.py:126}}
Jun 19 15:07:44.896946 dv-cinder-796114-4-iscsi devstack@placement-api.service[93765]: DEBUG placement.objects.research_context [req-b439cf70-f786-4b18-99be-e4bbee8dab37 req-a2c2780a-dc53-44ed-8e82-196fb78e0b55 service placement] getting providers with 1024 MEMORY_MB {{(pid=93765) __init__ /opt/stack/placement/placement/objects/research_context.py:126}}
Jun 19 15:07:44.921623 dv-cinder-796114-4-iscsi devstack@placement-api.service[93765]: DEBUG placement.objects.research_context [req-b439cf70-f786-4b18-99be-e4bbee8dab37 req-a2c2780a-dc53-44ed-8e82-196fb78e0b55 service placement] getting providers with 1 VCPU {{(pid=93765) __init__ /opt/stack/placement/placement/objects/research_context.py:126}}
Jun 19 15:07:44.933844 dv-cinder-796114-4-iscsi devstack@placement-api.service[93765]: DEBUG placement.objects.research_context [req-b439cf70-f786-4b18-99be-e4bbee8dab37 req-a2c2780a-dc53-44ed-8e82-196fb78e0b55 service placement] found 1 providers with available 1 DISK_GB {{(pid=93765) get_provider_ids_matching /opt/stack/placement/placement/objects/research_context.py:549}}
Jun 19 15:07:44.934146 dv-cinder-796114-4-iscsi devstack@placement-api.service[93765]: DEBUG placement.objects.research_context [req-b439cf70-f786-4b18-99be-e4bbee8dab37 req-a2c2780a-dc53-44ed-8e82-196fb78e0b55 service placement] found 1 providers with available 1024 MEMORY_MB {{(pid=93765) get_provider_ids_matching /opt/stack/placement/placement/objects/research_context.py:549}}
Jun 19 15:07:44.936674 dv-cinder-796114-4-iscsi devstack@placement-api.service[93765]: DEBUG placement.objects.research_context [req-b439cf70-f786-4b18-99be-e4bbee8dab37 req-a2c2780a-dc53-44ed-8e82-196fb78e0b55 service placement] found 1 providers after filtering by previous result {{(pid=93765) get_provider_ids_matching /opt/stack/placement/placement/objects/research_context.py:580}}
Jun 19 15:07:44.937129 dv-cinder-796114-4-iscsi devstack@placement-api.service[93765]: DEBUG placement.objects.research_context [req-b439cf70-f786-4b18-99be-e4bbee8dab37 req-a2c2780a-dc53-44ed-8e82-196fb78e0b55 service placement] found 1 providers with available 1 VCPU {{(pid=93765) get_provider_ids_matching /opt/stack/placement/placement/objects/research_context.py:549}}
Jun 19 15:07:44.937716 dv-cinder-796114-4-iscsi devstack@placement-api.service[93765]: DEBUG placement.objects.research_context [req-b439cf70-f786-4b18-99be-e4bbee8dab37 req-a2c2780a-dc53-44ed-8e82-196fb78e0b55 service placement] found 1 providers after filtering by previous result {{(pid=93765) get_provider_ids_matching /opt/stack/placement/placement/objects/research_context.py:580}}
Jun 19 15:07:44.975926 dv-cinder-796114-4-iscsi devstack@placement-api.service[93765]: DEBUG placement.objects.allocation_candidate [req-b439cf70-f786-4b18-99be-e4bbee8dab37 req-a2c2780a-dc53-44ed-8e82-196fb78e0b55 service placement] RequestGroup(use_same_provider=False, resources={DISK_GB:1, MEMORY_MB:1024, VCPU:1}, traits=[], aggregates=[]) (suffix '') returned 1 matches {{(pid=93765) _get_by_requests /opt/stack/placement/placement/objects/allocation_candidate.py:145}}
Jun 19 15:07:44.979030 dv-cinder-796114-4-iscsi devstack@placement-api.service[93765]: DEBUG placement.objects.allocation_candidate [req-b439cf70-f786-4b18-99be-e4bbee8dab37 req-a2c2780a-dc53-44ed-8e82-196fb78e0b55 service placement] Merging candidates yields 1 allocation requests and 1 provider summaries {{(pid=93765) _merge_candidates /opt/stack/placement/placement/objects/allocation_candidate.py:783}}
Jun 19 15:07:44.982148 dv-cinder-796114-4-iscsi devstack@placement-api.service[93765]: INFO placement.requestlog [req-b439cf70-f786-4b18-99be-e4bbee8dab37 req-a2c2780a-dc53-44ed-8e82-196fb78e0b55 service placement] 10.222.0.16 "GET /placement/allocation_candidates?limit=1000&resources=DISK_GB%3A1%2CMEMORY_MB%3A1024%2CVCPU%3A1&root_required=%21COMPUTE_STATUS_DISABLED" status: 200 len: 767 microversion: 1.35
Jun 19 15:07:44.982941 dv-cinder-796114-4-iscsi devstack@placement-api.service[93765]: [pid: 93765|app: 0|req: 15/30] 10.222.0.16 () {60 vars in 1506 bytes} [Sat Jun 19 15:07:44 2021] GET /placement/allocation_candidates?limit=1000&resources=DISK_GB%3A1%2CMEMORY_MB%3A1024%2CVCPU%3A1&root_required=%21COMPUTE_STATUS_DISABLED => generated 767 bytes in 243 msecs (HTTP/1.1 200) 8 headers in 296 bytes (1 switches on core 0)
Jun 19 15:07:45.034202 dv-cinder-796114-4-iscsi devstack@placement-api.service[93766]: DEBUG placement.requestlog [req-e05609d5-187a-4d5e-9671-853446dcf90f req-fc194e6b-1a29-4af8-99b9-3a7eac65b3b5 None None] Starting request: 10.222.0.15 "GET /placement/allocations/f37d7262-1cda-4616-a705-0ae159baae9e" {{(pid=93766) __call__ /opt/stack/placement/placement/requestlog.py:55}}
Jun 19 15:07:45.057002 dv-cinder-796114-4-iscsi devstack@placement-api.service[93766]: INFO placement.requestlog [req-e05609d5-187a-4d5e-9671-853446dcf90f req-fc194e6b-1a29-4af8-99b9-3a7eac65b3b5 service placement] 10.222.0.15 "GET /placement/allocations/f37d7262-1cda-4616-a705-0ae159baae9e" status: 200 len: 258 microversion: 1.28
Jun 19 15:07:45.057541 dv-cinder-796114-4-iscsi devstack@placement-api.service[93766]: [pid: 93766|app: 0|req: 16/31] 10.222.0.15 () {60 vars in 1378 bytes} [Sat Jun 19 15:07:45 2021] GET /placement/allocations/f37d7262-1cda-4616-a705-0ae159baae9e => generated 258 bytes in 27 msecs (HTTP/1.1 200) 8 headers in 296 bytes (1 switches on core 0)
Jun 19 15:07:45.079612 dv-cinder-796114-4-iscsi devstack@placement-api.service[93765]: DEBUG placement.requestlog [req-b439cf70-f786-4b18-99be-e4bbee8dab37 req-8b98e0dd-bbdc-4535-80d4-f496ac5fa815 None None] Starting request: 10.222.0.16 "GET /placement/allocations/55c09c68-2d91-4627-93d4-5a04c1db9fc6" {{(pid=93765) __call__ /opt/stack/placement/placement/requestlog.py:55}}
Jun 19 15:07:45.114807 dv-cinder-796114-4-iscsi devstack@placement-api.service[93765]: INFO placement.requestlog [req-b439cf70-f786-4b18-99be-e4bbee8dab37 req-8b98e0dd-bbdc-4535-80d4-f496ac5fa815 service placement] 10.222.0.16 "GET /placement/allocations/55c09c68-2d91-4627-93d4-5a04c1db9fc6" status: 200 len: 19 microversion: 1.28
Jun 19 15:07:45.115502 dv-cinder-796114-4-iscsi devstack@placement-api.service[93765]: [pid: 93765|app: 0|req: 16/32] 10.222.0.16 () {60 vars in 1380 bytes} [Sat Jun 19 15:07:45 2021] GET /placement/allocations/55c09c68-2d91-4627-93d4-5a04c1db9fc6 => generated 19 bytes in 36 msecs (HTTP/1.1 200) 8 headers in 295 bytes (1 switches on core 0)
Jun 19 15:07:45.121314 dv-cinder-796114-4-iscsi devstack@placement-api.service[93766]: DEBUG placement.requestlog [req-b439cf70-f786-4b18-99be-e4bbee8dab37 req-38443c17-ad2b-47d3-9471-ba61e18f7b4d None None] Starting request: 10.222.0.16 "PUT /placement/allocations/55c09c68-2d91-4627-93d4-5a04c1db9fc6" {{(pid=93766) __call__ /opt/stack/placement/placement/requestlog.py:55}}
Jun 19 15:07:45.619641 dv-cinder-796114-4-iscsi devstack@placement-api.service[93766]: DEBUG placement.handlers.allocation [req-b439cf70-f786-4b18-99be-e4bbee8dab37 req-38443c17-ad2b-47d3-9471-ba61e18f7b4d service placement] Successfully wrote allocations [, , ] {{(pid=93766) _create_allocations /opt/stack/placement/placement/handlers/allocation.py:435}}
Jun 19 15:07:45.620459 dv-cinder-796114-4-iscsi devstack@placement-api.service[93766]: INFO placement.requestlog [req-b439cf70-f786-4b18-99be-e4bbee8dab37 req-38443c17-ad2b-47d3-9471-ba61e18f7b4d service placement] 10.222.0.16 "PUT /placement/allocations/55c09c68-2d91-4627-93d4-5a04c1db9fc6" status: 204 len: 0 microversion: 1.35
Jun 19 15:07:45.621187 dv-cinder-796114-4-iscsi devstack@placement-api.service[93766]: [pid: 93766|app: 0|req: 17/33] 10.222.0.16 () {64 vars in 1433 bytes} [Sat Jun 19 15:07:45 2021] PUT /placement/allocations/55c09c68-2d91-4627-93d4-5a04c1db9fc6 => generated 0 bytes in 500 msecs (HTTP/1.1 204) 5 headers in 199 bytes (1 switches on core 0)
Jun 19 15:07:46.903095 dv-cinder-796114-4-iscsi devstack@placement-api.service[93765]: DEBUG placement.requestlog [req-b439cf70-f786-4b18-99be-e4bbee8dab37 req-6cfd6a85-6dde-45cb-97cc-99cd331d8cd1 None None] Starting request: 10.222.0.15 "GET /placement/allocations/55c09c68-2d91-4627-93d4-5a04c1db9fc6" {{(pid=93765) __call__ /opt/stack/placement/placement/requestlog.py:55}}
Jun 19 15:07:46.968016 dv-cinder-796114-4-iscsi devstack@placement-api.service[93765]: INFO placement.requestlog [req-b439cf70-f786-4b18-99be-e4bbee8dab37 req-6cfd6a85-6dde-45cb-97cc-99cd331d8cd1 service placement] 10.222.0.15 "GET /placement/allocations/55c09c68-2d91-4627-93d4-5a04c1db9fc6" status: 200 len: 258 microversion: 1.28
Jun 19 15:07:46.970215 dv-cinder-796114-4-iscsi devstack@placement-api.service[93765]: [pid: 93765|app: 0|req: 17/34] 10.222.0.15 () {60 vars in 1378 bytes} [Sat Jun 19 15:07:46 2021] GET /placement/allocations/55c09c68-2d91-4627-93d4-5a04c1db9fc6 => generated 258 bytes in 67 msecs (HTTP/1.1 200) 8 headers in 296 bytes (1 switches on core 0)
Jun 19 15:08:28.590894 dv-cinder-796114-4-iscsi devstack@placement-api.service[93766]: DEBUG placement.requestlog [req-ad073da9-5818-4de4-a85a-1493db1c7e70 req-8fa68738-3513-479c-bd8a-040c3cafd3bf None None] Starting request: 10.222.0.15 "GET /placement/allocations/f027a794-dfa0-4b90-bdb6-ab2bc8aa30bd" {{(pid=93766) __call__ /opt/stack/placement/placement/requestlog.py:55}}
Jun 19 15:08:28.610164 dv-cinder-796114-4-iscsi devstack@placement-api.service[93766]: INFO placement.requestlog [req-ad073da9-5818-4de4-a85a-1493db1c7e70 req-8fa68738-3513-479c-bd8a-040c3cafd3bf service placement] 10.222.0.15 "GET /placement/allocations/f027a794-dfa0-4b90-bdb6-ab2bc8aa30bd" status: 200 len: 258 microversion: 1.28
Jun 19 15:08:28.610914 dv-cinder-796114-4-iscsi devstack@placement-api.service[93766]: [pid: 93766|app: 0|req: 18/35] 10.222.0.15 () {60 vars in 1378 bytes} [Sat Jun 19 15:08:28 2021] GET /placement/allocations/f027a794-dfa0-4b90-bdb6-ab2bc8aa30bd => generated 258 bytes in 20 msecs (HTTP/1.1 200) 8 headers in 296 bytes (1 switches on core 0)
Jun 19 15:08:28.620893 dv-cinder-796114-4-iscsi devstack@placement-api.service[93765]: DEBUG placement.requestlog [req-ad073da9-5818-4de4-a85a-1493db1c7e70 req-3b627d59-1ef5-45b6-bb51-2dfd453ba6dc None None] Starting request: 10.222.0.15 "PUT /placement/allocations/f027a794-dfa0-4b90-bdb6-ab2bc8aa30bd" {{(pid=93765) __call__ /opt/stack/placement/placement/requestlog.py:55}}
Jun 19 15:08:28.804723 dv-cinder-796114-4-iscsi devstack@placement-api.service[93765]: DEBUG placement.handlers.allocation [req-ad073da9-5818-4de4-a85a-1493db1c7e70 req-3b627d59-1ef5-45b6-bb51-2dfd453ba6dc service placement] Successfully wrote allocations [, , ] {{(pid=93765) _create_allocations /opt/stack/placement/placement/handlers/allocation.py:435}}
Jun 19 15:08:28.805235 dv-cinder-796114-4-iscsi devstack@placement-api.service[93765]: INFO placement.requestlog [req-ad073da9-5818-4de4-a85a-1493db1c7e70 req-3b627d59-1ef5-45b6-bb51-2dfd453ba6dc service placement] 10.222.0.15 "PUT /placement/allocations/f027a794-dfa0-4b90-bdb6-ab2bc8aa30bd" status: 204 len: 0 microversion: 1.28
Jun 19 15:08:28.805484 dv-cinder-796114-4-iscsi devstack@placement-api.service[93765]: [pid: 93765|app: 0|req: 18/36] 10.222.0.15 () {64 vars in 1431 bytes} [Sat Jun 19 15:08:28 2021] PUT /placement/allocations/f027a794-dfa0-4b90-bdb6-ab2bc8aa30bd => generated 0 bytes in 185 msecs (HTTP/1.1 204) 5 headers in 199 bytes (2 switches on core 0)
Jun 19 15:08:44.773708 dv-cinder-796114-4-iscsi devstack@placement-api.service[93766]: DEBUG placement.requestlog [req-7234fe3b-f3a3-4814-bd87-aff253e3e126 req-d8b1ca4a-cdc7-4363-b195-3f03f93e6f3e None None] Starting request: 10.222.0.15 "GET /placement/resource_providers/7dee0704-1308-4086-bd65-aa5b9b3073e5/allocations" {{(pid=93766) __call__ /opt/stack/placement/placement/requestlog.py:55}}
Jun 19 15:08:44.794962 dv-cinder-796114-4-iscsi devstack@placement-api.service[93766]: INFO placement.requestlog [req-7234fe3b-f3a3-4814-bd87-aff253e3e126 req-d8b1ca4a-cdc7-4363-b195-3f03f93e6f3e service placement] 10.222.0.15 "GET /placement/resource_providers/7dee0704-1308-4086-bd65-aa5b9b3073e5/allocations" status: 200 len: 456 microversion: 1.0
Jun 19 15:08:44.799246 dv-cinder-796114-4-iscsi devstack@placement-api.service[93766]: [pid: 93766|app: 0|req: 19/37] 10.222.0.15 () {58 vars in 1391 bytes} [Sat Jun 19 15:08:44 2021] GET /placement/resource_providers/7dee0704-1308-4086-bd65-aa5b9b3073e5/allocations => generated 456 bytes in 22 msecs (HTTP/1.1 200) 6 headers in 224 bytes (1 switches on core 0)
Jun 19 15:09:09.933748 dv-cinder-796114-4-iscsi devstack@placement-api.service[93765]: DEBUG placement.requestlog [req-5c413e27-3072-4ca3-992a-11aab8ab4e0f req-2d4d70c0-8c0d-4386-8255-4a50c557216a None None] Starting request: 10.222.0.16 "GET /placement/allocation_candidates?limit=1000&resources=DISK_GB%3A1%2CMEMORY_MB%3A1024%2CVCPU%3A1&root_required=%21COMPUTE_STATUS_DISABLED" {{(pid=93765) __call__ /opt/stack/placement/placement/requestlog.py:55}}
Jun 19 15:09:09.965763 dv-cinder-796114-4-iscsi devstack@placement-api.service[93765]: DEBUG placement.objects.research_context [req-5c413e27-3072-4ca3-992a-11aab8ab4e0f req-2d4d70c0-8c0d-4386-8255-4a50c557216a service placement] getting providers with 1 DISK_GB {{(pid=93765) __init__ /opt/stack/placement/placement/objects/research_context.py:126}}
Jun 19 15:09:09.972147 dv-cinder-796114-4-iscsi devstack@placement-api.service[93765]: DEBUG placement.objects.research_context [req-5c413e27-3072-4ca3-992a-11aab8ab4e0f req-2d4d70c0-8c0d-4386-8255-4a50c557216a service placement] getting providers with 1024 MEMORY_MB {{(pid=93765) __init__ /opt/stack/placement/placement/objects/research_context.py:126}}
Jun 19 15:09:09.978093 dv-cinder-796114-4-iscsi devstack@placement-api.service[93765]: DEBUG placement.objects.research_context [req-5c413e27-3072-4ca3-992a-11aab8ab4e0f req-2d4d70c0-8c0d-4386-8255-4a50c557216a service placement] getting providers with 1 VCPU {{(pid=93765) __init__ /opt/stack/placement/placement/objects/research_context.py:126}}
Jun 19 15:09:09.984427 dv-cinder-796114-4-iscsi devstack@placement-api.service[93765]: DEBUG placement.objects.research_context [req-5c413e27-3072-4ca3-992a-11aab8ab4e0f req-2d4d70c0-8c0d-4386-8255-4a50c557216a service placement] found 1 providers with available 1 DISK_GB {{(pid=93765) get_provider_ids_matching /opt/stack/placement/placement/objects/research_context.py:549}}
Jun 19 15:09:09.984710 dv-cinder-796114-4-iscsi devstack@placement-api.service[93765]: DEBUG placement.objects.research_context [req-5c413e27-3072-4ca3-992a-11aab8ab4e0f req-2d4d70c0-8c0d-4386-8255-4a50c557216a service placement] found 1 providers with available 1024 MEMORY_MB {{(pid=93765) get_provider_ids_matching /opt/stack/placement/placement/objects/research_context.py:549}}
Jun 19 15:09:09.984988 dv-cinder-796114-4-iscsi devstack@placement-api.service[93765]: DEBUG placement.objects.research_context [req-5c413e27-3072-4ca3-992a-11aab8ab4e0f req-2d4d70c0-8c0d-4386-8255-4a50c557216a service placement] found 1 providers after filtering by previous result {{(pid=93765) get_provider_ids_matching /opt/stack/placement/placement/objects/research_context.py:580}}
Jun 19 15:09:09.985253 dv-cinder-796114-4-iscsi devstack@placement-api.service[93765]: DEBUG placement.objects.research_context [req-5c413e27-3072-4ca3-992a-11aab8ab4e0f req-2d4d70c0-8c0d-4386-8255-4a50c557216a service placement] found 1 providers with available 1 VCPU {{(pid=93765) get_provider_ids_matching /opt/stack/placement/placement/objects/research_context.py:549}}
Jun 19 15:09:09.990322 dv-cinder-796114-4-iscsi devstack@placement-api.service[93765]: DEBUG placement.objects.research_context [req-5c413e27-3072-4ca3-992a-11aab8ab4e0f req-2d4d70c0-8c0d-4386-8255-4a50c557216a service placement] found 1 providers after filtering by previous result {{(pid=93765) get_provider_ids_matching /opt/stack/placement/placement/objects/research_context.py:580}}
Jun 19 15:09:10.001135 dv-cinder-796114-4-iscsi devstack@placement-api.service[93765]: DEBUG placement.objects.allocation_candidate [req-5c413e27-3072-4ca3-992a-11aab8ab4e0f req-2d4d70c0-8c0d-4386-8255-4a50c557216a service placement] RequestGroup(use_same_provider=False, resources={DISK_GB:1, MEMORY_MB:1024, VCPU:1}, traits=[], aggregates=[]) (suffix '') returned 1 matches {{(pid=93765) _get_by_requests /opt/stack/placement/placement/objects/allocation_candidate.py:145}}
Jun 19 15:09:10.001891 dv-cinder-796114-4-iscsi devstack@placement-api.service[93765]: DEBUG placement.objects.allocation_candidate [req-5c413e27-3072-4ca3-992a-11aab8ab4e0f req-2d4d70c0-8c0d-4386-8255-4a50c557216a service placement] Merging candidates yields 1 allocation requests and 1 provider summaries {{(pid=93765) _merge_candidates /opt/stack/placement/placement/objects/allocation_candidate.py:783}}
Jun 19 15:09:10.004201 dv-cinder-796114-4-iscsi devstack@placement-api.service[93765]: INFO placement.requestlog [req-5c413e27-3072-4ca3-992a-11aab8ab4e0f req-2d4d70c0-8c0d-4386-8255-4a50c557216a service placement] 10.222.0.16 "GET /placement/allocation_candidates?limit=1000&resources=DISK_GB%3A1%2CMEMORY_MB%3A1024%2CVCPU%3A1&root_required=%21COMPUTE_STATUS_DISABLED" status: 200 len: 767 microversion: 1.35
Jun 19 15:09:10.014738 dv-cinder-796114-4-iscsi devstack@placement-api.service[93765]: [pid: 93765|app: 0|req: 19/38] 10.222.0.16 () {60 vars in 1506 bytes} [Sat Jun 19 15:09:09 2021] GET /placement/allocation_candidates?limit=1000&resources=DISK_GB%3A1%2CMEMORY_MB%3A1024%2CVCPU%3A1&root_required=%21COMPUTE_STATUS_DISABLED => generated 767 bytes in 77 msecs (HTTP/1.1 200) 8 headers in 296 bytes (1 switches on core 0)
Jun 19 15:09:10.061418 dv-cinder-796114-4-iscsi devstack@placement-api.service[93766]: DEBUG placement.requestlog [req-5c413e27-3072-4ca3-992a-11aab8ab4e0f req-07c27d72-6e87-4b49-9cfb-15955aa30cdb None None] Starting request: 10.222.0.16 "GET /placement/allocations/d44cfdcc-99d6-4f4f-b3df-b25d0d558d0a" {{(pid=93766) __call__ /opt/stack/placement/placement/requestlog.py:55}}
Jun 19 15:09:10.072690 dv-cinder-796114-4-iscsi devstack@placement-api.service[93766]: INFO placement.requestlog [req-5c413e27-3072-4ca3-992a-11aab8ab4e0f req-07c27d72-6e87-4b49-9cfb-15955aa30cdb service placement] 10.222.0.16 "GET /placement/allocations/d44cfdcc-99d6-4f4f-b3df-b25d0d558d0a" status: 200 len: 19 microversion: 1.28
Jun 19 15:09:10.073201 dv-cinder-796114-4-iscsi devstack@placement-api.service[93766]: [pid: 93766|app: 0|req: 20/39] 10.222.0.16 () {60 vars in 1380 bytes} [Sat Jun 19 15:09:10 2021] GET /placement/allocations/d44cfdcc-99d6-4f4f-b3df-b25d0d558d0a => generated 19 bytes in 12 msecs (HTTP/1.1 200) 8 headers in 295 bytes (1 switches on core 0)
Jun 19 15:09:10.079099 dv-cinder-796114-4-iscsi devstack@placement-api.service[93765]: DEBUG placement.requestlog [req-5c413e27-3072-4ca3-992a-11aab8ab4e0f req-e66ba672-39d8-4567-a9df-59890fb51e79 None None] Starting request: 10.222.0.16 "PUT /placement/allocations/d44cfdcc-99d6-4f4f-b3df-b25d0d558d0a" {{(pid=93765) __call__ /opt/stack/placement/placement/requestlog.py:55}}
Jun 19 15:09:10.478058 dv-cinder-796114-4-iscsi devstack@placement-api.service[93765]: DEBUG placement.handlers.allocation [req-5c413e27-3072-4ca3-992a-11aab8ab4e0f req-e66ba672-39d8-4567-a9df-59890fb51e79 service placement] Successfully wrote allocations [, , ] {{(pid=93765) _create_allocations /opt/stack/placement/placement/handlers/allocation.py:435}}
Jun 19 15:09:10.478565 dv-cinder-796114-4-iscsi devstack@placement-api.service[93765]: INFO placement.requestlog [req-5c413e27-3072-4ca3-992a-11aab8ab4e0f req-e66ba672-39d8-4567-a9df-59890fb51e79 service placement] 10.222.0.16 "PUT /placement/allocations/d44cfdcc-99d6-4f4f-b3df-b25d0d558d0a" status: 204 len: 0 microversion: 1.35
Jun 19 15:09:10.478817 dv-cinder-796114-4-iscsi devstack@placement-api.service[93765]: [pid: 93765|app: 0|req: 20/40] 10.222.0.16 () {64 vars in 1433 bytes} [Sat Jun 19 15:09:10 2021] PUT /placement/allocations/d44cfdcc-99d6-4f4f-b3df-b25d0d558d0a => generated 0 bytes in 400 msecs (HTTP/1.1 204) 5 headers in 199 bytes (1 switches on core 0)
Jun 19 15:09:13.618600 dv-cinder-796114-4-iscsi devstack@placement-api.service[93766]: DEBUG placement.requestlog [req-5c413e27-3072-4ca3-992a-11aab8ab4e0f req-43f2ad4c-dd11-4e0e-b321-3b23104ad360 None None] Starting request: 10.222.0.15 "GET /placement/allocations/d44cfdcc-99d6-4f4f-b3df-b25d0d558d0a" {{(pid=93766) __call__ /opt/stack/placement/placement/requestlog.py:55}}
Jun 19 15:09:13.634465 dv-cinder-796114-4-iscsi devstack@placement-api.service[93766]: INFO placement.requestlog [req-5c413e27-3072-4ca3-992a-11aab8ab4e0f req-43f2ad4c-dd11-4e0e-b321-3b23104ad360 service placement] 10.222.0.15 "GET /placement/allocations/d44cfdcc-99d6-4f4f-b3df-b25d0d558d0a" status: 200 len: 258 microversion: 1.28
Jun 19 15:09:13.635045 dv-cinder-796114-4-iscsi devstack@placement-api.service[93766]: [pid: 93766|app: 0|req: 21/41] 10.222.0.15 () {60 vars in 1378 bytes} [Sat Jun 19 15:09:13 2021] GET /placement/allocations/d44cfdcc-99d6-4f4f-b3df-b25d0d558d0a => generated 258 bytes in 17 msecs (HTTP/1.1 200) 8 headers in 296 bytes (1 switches on core 0)
Jun 19 15:09:33.440952 dv-cinder-796114-4-iscsi devstack@placement-api.service[93765]: DEBUG placement.requestlog [req-8eca6620-3dfc-4693-be00-bd0b1eef2f2d req-852c9c1b-d25c-429e-924b-04876a88d96c None None] Starting request: 10.222.0.15 "GET /placement/allocations/d44cfdcc-99d6-4f4f-b3df-b25d0d558d0a" {{(pid=93765) __call__ /opt/stack/placement/placement/requestlog.py:55}}
Jun 19 15:09:33.455962 dv-cinder-796114-4-iscsi devstack@placement-api.service[93765]: INFO placement.requestlog [req-8eca6620-3dfc-4693-be00-bd0b1eef2f2d req-852c9c1b-d25c-429e-924b-04876a88d96c service placement] 10.222.0.15 "GET /placement/allocations/d44cfdcc-99d6-4f4f-b3df-b25d0d558d0a" status: 200 len: 258 microversion: 1.28
Jun 19 15:09:33.456213 dv-cinder-796114-4-iscsi devstack@placement-api.service[93765]: [pid: 93765|app: 0|req: 21/42] 10.222.0.15 () {60 vars in 1378 bytes} [Sat Jun 19 15:09:33 2021] GET /placement/allocations/d44cfdcc-99d6-4f4f-b3df-b25d0d558d0a => generated 258 bytes in 16 msecs (HTTP/1.1 200) 8 headers in 296 bytes (1 switches on core 0)
Jun 19 15:09:33.463931 dv-cinder-796114-4-iscsi devstack@placement-api.service[93766]: DEBUG placement.requestlog [req-8eca6620-3dfc-4693-be00-bd0b1eef2f2d req-db4784bc-d1ef-4182-b99c-2e690d8f56ec None None] Starting request: 10.222.0.15 "PUT /placement/allocations/d44cfdcc-99d6-4f4f-b3df-b25d0d558d0a" {{(pid=93766) __call__ /opt/stack/placement/placement/requestlog.py:55}}
Jun 19 15:09:33.558663 dv-cinder-796114-4-iscsi devstack@placement-api.service[93766]: DEBUG placement.handlers.allocation [req-8eca6620-3dfc-4693-be00-bd0b1eef2f2d req-db4784bc-d1ef-4182-b99c-2e690d8f56ec service placement] Successfully wrote allocations [, , ] {{(pid=93766) _create_allocations /opt/stack/placement/placement/handlers/allocation.py:435}}
Jun 19 15:09:33.559200 dv-cinder-796114-4-iscsi devstack@placement-api.service[93766]: INFO placement.requestlog [req-8eca6620-3dfc-4693-be00-bd0b1eef2f2d req-db4784bc-d1ef-4182-b99c-2e690d8f56ec service placement] 10.222.0.15 "PUT /placement/allocations/d44cfdcc-99d6-4f4f-b3df-b25d0d558d0a" status: 204 len: 0 microversion: 1.28
Jun 19 15:09:33.559816 dv-cinder-796114-4-iscsi devstack@placement-api.service[93766]: [pid: 93766|app: 0|req: 22/43] 10.222.0.15 () {64 vars in 1431 bytes} [Sat Jun 19 15:09:33 2021] PUT /placement/allocations/d44cfdcc-99d6-4f4f-b3df-b25d0d558d0a => generated 0 bytes in 96 msecs (HTTP/1.1 204) 5 headers in 199 bytes (1 switches on core 0)
Jun 19 15:09:35.569168 dv-cinder-796114-4-iscsi devstack@placement-api.service[93765]: DEBUG placement.requestlog [req-f7cf40ba-655c-42ba-8474-d102bc50c7e9 req-8ec87f72-3116-4c14-aff0-f4803d0ed4ce None None] Starting request: 10.222.0.16 "GET /placement/allocation_candidates?limit=1000&resources=DISK_GB%3A1%2CMEMORY_MB%3A1024%2CVCPU%3A1&root_required=%21COMPUTE_STATUS_DISABLED" {{(pid=93765) __call__ /opt/stack/placement/placement/requestlog.py:55}}
Jun 19 15:09:35.599766 dv-cinder-796114-4-iscsi devstack@placement-api.service[93765]: DEBUG placement.objects.research_context [req-f7cf40ba-655c-42ba-8474-d102bc50c7e9 req-8ec87f72-3116-4c14-aff0-f4803d0ed4ce service placement] getting providers with 1 DISK_GB {{(pid=93765) __init__ /opt/stack/placement/placement/objects/research_context.py:126}}
Jun 19 15:09:35.605127 dv-cinder-796114-4-iscsi devstack@placement-api.service[93765]: DEBUG placement.objects.research_context [req-f7cf40ba-655c-42ba-8474-d102bc50c7e9 req-8ec87f72-3116-4c14-aff0-f4803d0ed4ce service placement] getting providers with 1024 MEMORY_MB {{(pid=93765) __init__ /opt/stack/placement/placement/objects/research_context.py:126}}
Jun 19 15:09:35.612161 dv-cinder-796114-4-iscsi devstack@placement-api.service[93765]: DEBUG placement.objects.research_context [req-f7cf40ba-655c-42ba-8474-d102bc50c7e9 req-8ec87f72-3116-4c14-aff0-f4803d0ed4ce service placement] getting providers with 1 VCPU {{(pid=93765) __init__ /opt/stack/placement/placement/objects/research_context.py:126}}
Jun 19 15:09:35.617132 dv-cinder-796114-4-iscsi devstack@placement-api.service[93765]: DEBUG placement.objects.research_context [req-f7cf40ba-655c-42ba-8474-d102bc50c7e9 req-8ec87f72-3116-4c14-aff0-f4803d0ed4ce service placement] found 1 providers with available 1 DISK_GB {{(pid=93765) get_provider_ids_matching /opt/stack/placement/placement/objects/research_context.py:549}}
Jun 19 15:09:35.617496 dv-cinder-796114-4-iscsi devstack@placement-api.service[93765]: DEBUG placement.objects.research_context [req-f7cf40ba-655c-42ba-8474-d102bc50c7e9 req-8ec87f72-3116-4c14-aff0-f4803d0ed4ce service placement] found 1 providers with available 1024 MEMORY_MB {{(pid=93765) get_provider_ids_matching /opt/stack/placement/placement/objects/research_context.py:549}}
Jun 19 15:09:35.618295 dv-cinder-796114-4-iscsi devstack@placement-api.service[93765]: DEBUG placement.objects.research_context [req-f7cf40ba-655c-42ba-8474-d102bc50c7e9 req-8ec87f72-3116-4c14-aff0-f4803d0ed4ce service placement] found 1 providers after filtering by previous result {{(pid=93765) get_provider_ids_matching /opt/stack/placement/placement/objects/research_context.py:580}}
Jun 19 15:09:35.618661 dv-cinder-796114-4-iscsi devstack@placement-api.service[93765]: DEBUG placement.objects.research_context [req-f7cf40ba-655c-42ba-8474-d102bc50c7e9 req-8ec87f72-3116-4c14-aff0-f4803d0ed4ce service placement] found 1 providers with available 1 VCPU {{(pid=93765) get_provider_ids_matching /opt/stack/placement/placement/objects/research_context.py:549}}
Jun 19 15:09:35.618993 dv-cinder-796114-4-iscsi devstack@placement-api.service[93765]: DEBUG placement.objects.research_context [req-f7cf40ba-655c-42ba-8474-d102bc50c7e9 req-8ec87f72-3116-4c14-aff0-f4803d0ed4ce service placement] found 1 providers after filtering by previous result {{(pid=93765) get_provider_ids_matching /opt/stack/placement/placement/objects/research_context.py:580}}
Jun 19 15:09:35.630039 dv-cinder-796114-4-iscsi devstack@placement-api.service[93765]: DEBUG placement.objects.allocation_candidate [req-f7cf40ba-655c-42ba-8474-d102bc50c7e9 req-8ec87f72-3116-4c14-aff0-f4803d0ed4ce service placement] RequestGroup(use_same_provider=False, resources={DISK_GB:1, MEMORY_MB:1024, VCPU:1}, traits=[], aggregates=[]) (suffix '') returned 1 matches {{(pid=93765) _get_by_requests /opt/stack/placement/placement/objects/allocation_candidate.py:145}}
Jun 19 15:09:35.630367 dv-cinder-796114-4-iscsi devstack@placement-api.service[93765]: DEBUG placement.objects.allocation_candidate [req-f7cf40ba-655c-42ba-8474-d102bc50c7e9 req-8ec87f72-3116-4c14-aff0-f4803d0ed4ce service placement] Merging candidates yields 1 allocation requests and 1 provider summaries {{(pid=93765) _merge_candidates /opt/stack/placement/placement/objects/allocation_candidate.py:783}}
Jun 19 15:09:35.631881 dv-cinder-796114-4-iscsi devstack@placement-api.service[93765]: INFO placement.requestlog [req-f7cf40ba-655c-42ba-8474-d102bc50c7e9 req-8ec87f72-3116-4c14-aff0-f4803d0ed4ce service placement] 10.222.0.16 "GET /placement/allocation_candidates?limit=1000&resources=DISK_GB%3A1%2CMEMORY_MB%3A1024%2CVCPU%3A1&root_required=%21COMPUTE_STATUS_DISABLED" status: 200 len: 767 microversion: 1.35
Jun 19 15:09:35.632335 dv-cinder-796114-4-iscsi devstack@placement-api.service[93765]: [pid: 93765|app: 0|req: 22/44] 10.222.0.16 () {60 vars in 1506 bytes} [Sat Jun 19 15:09:35 2021] GET /placement/allocation_candidates?limit=1000&resources=DISK_GB%3A1%2CMEMORY_MB%3A1024%2CVCPU%3A1&root_required=%21COMPUTE_STATUS_DISABLED => generated 767 bytes in 64 msecs (HTTP/1.1 200) 8 headers in 296 bytes (2 switches on core 0)
Jun 19 15:09:35.672355 dv-cinder-796114-4-iscsi devstack@placement-api.service[93766]: DEBUG placement.requestlog [req-f7cf40ba-655c-42ba-8474-d102bc50c7e9 req-a41fd26d-6eb9-4655-9129-c392c7c00a8f None None] Starting request: 10.222.0.16 "GET /placement/allocations/09eba2c8-ba5d-4db5-a009-91b02b9aff90" {{(pid=93766) __call__ /opt/stack/placement/placement/requestlog.py:55}}
Jun 19 15:09:35.685502 dv-cinder-796114-4-iscsi devstack@placement-api.service[93766]: INFO placement.requestlog [req-f7cf40ba-655c-42ba-8474-d102bc50c7e9 req-a41fd26d-6eb9-4655-9129-c392c7c00a8f service placement] 10.222.0.16 "GET /placement/allocations/09eba2c8-ba5d-4db5-a009-91b02b9aff90" status: 200 len: 19 microversion: 1.28
Jun 19 15:09:35.685734 dv-cinder-796114-4-iscsi devstack@placement-api.service[93766]: [pid: 93766|app: 0|req: 23/45] 10.222.0.16 () {60 vars in 1380 bytes} [Sat Jun 19 15:09:35 2021] GET /placement/allocations/09eba2c8-ba5d-4db5-a009-91b02b9aff90 => generated 19 bytes in 14 msecs (HTTP/1.1 200) 8 headers in 295 bytes (1 switches on core 0)
Jun 19 15:09:35.691807 dv-cinder-796114-4-iscsi devstack@placement-api.service[93765]: DEBUG placement.requestlog [req-f7cf40ba-655c-42ba-8474-d102bc50c7e9 req-b63815a6-fa32-474e-8747-f1232a43c97e None None] Starting request: 10.222.0.16 "PUT /placement/allocations/09eba2c8-ba5d-4db5-a009-91b02b9aff90" {{(pid=93765) __call__ /opt/stack/placement/placement/requestlog.py:55}}
Jun 19 15:09:35.884677 dv-cinder-796114-4-iscsi devstack@placement-api.service[93765]: DEBUG placement.handlers.allocation [req-f7cf40ba-655c-42ba-8474-d102bc50c7e9 req-b63815a6-fa32-474e-8747-f1232a43c97e service placement] Successfully wrote allocations [, , ] {{(pid=93765) _create_allocations /opt/stack/placement/placement/handlers/allocation.py:435}}
Jun 19 15:09:35.885202 dv-cinder-796114-4-iscsi devstack@placement-api.service[93765]: INFO placement.requestlog [req-f7cf40ba-655c-42ba-8474-d102bc50c7e9 req-b63815a6-fa32-474e-8747-f1232a43c97e service placement] 10.222.0.16 "PUT /placement/allocations/09eba2c8-ba5d-4db5-a009-91b02b9aff90" status: 204 len: 0 microversion: 1.35
Jun 19 15:09:35.885454 dv-cinder-796114-4-iscsi devstack@placement-api.service[93765]: [pid: 93765|app: 0|req: 23/46] 10.222.0.16 () {64 vars in 1433 bytes} [Sat Jun 19 15:09:35 2021] PUT /placement/allocations/09eba2c8-ba5d-4db5-a009-91b02b9aff90 => generated 0 bytes in 194 msecs (HTTP/1.1 204) 5 headers in 199 bytes (2 switches on core 0)
Jun 19 15:09:36.712385 dv-cinder-796114-4-iscsi devstack@placement-api.service[93766]: DEBUG placement.requestlog [req-f7cf40ba-655c-42ba-8474-d102bc50c7e9 req-2060837f-7d3a-4540-91d5-fe8f8afc2771 None None] Starting request: 10.222.0.15 "GET /placement/allocations/09eba2c8-ba5d-4db5-a009-91b02b9aff90" {{(pid=93766) __call__ /opt/stack/placement/placement/requestlog.py:55}}
Jun 19 15:09:36.727254 dv-cinder-796114-4-iscsi devstack@placement-api.service[93766]: INFO placement.requestlog [req-f7cf40ba-655c-42ba-8474-d102bc50c7e9 req-2060837f-7d3a-4540-91d5-fe8f8afc2771 service placement] 10.222.0.15 "GET /placement/allocations/09eba2c8-ba5d-4db5-a009-91b02b9aff90" status: 200 len: 259 microversion: 1.28
Jun 19 15:09:36.727721 dv-cinder-796114-4-iscsi devstack@placement-api.service[93766]: [pid: 93766|app: 0|req: 24/47] 10.222.0.15 () {60 vars in 1378 bytes} [Sat Jun 19 15:09:36 2021] GET /placement/allocations/09eba2c8-ba5d-4db5-a009-91b02b9aff90 => generated 259 bytes in 15 msecs (HTTP/1.1 200) 8 headers in 296 bytes (1 switches on core 0)
Jun 19 15:09:47.185763 dv-cinder-796114-4-iscsi devstack@placement-api.service[93765]: DEBUG placement.requestlog [req-21f3f105-a78d-4a14-a646-0031a68ff2f6 req-dd81607c-8815-4a71-873b-31f462e40d61 None None] Starting request: 10.222.0.15 "GET /placement/resource_providers/7dee0704-1308-4086-bd65-aa5b9b3073e5/allocations" {{(pid=93765) __call__ /opt/stack/placement/placement/requestlog.py:55}}
Jun 19 15:09:47.260513 dv-cinder-796114-4-iscsi devstack@placement-api.service[93765]: INFO placement.requestlog [req-21f3f105-a78d-4a14-a646-0031a68ff2f6 req-dd81607c-8815-4a71-873b-31f462e40d61 service placement] 10.222.0.15 "GET /placement/resource_providers/7dee0704-1308-4086-bd65-aa5b9b3073e5/allocations" status: 200 len: 558 microversion: 1.0
Jun 19 15:09:47.262121 dv-cinder-796114-4-iscsi devstack@placement-api.service[93765]: [pid: 93765|app: 0|req: 24/48] 10.222.0.15 () {58 vars in 1391 bytes} [Sat Jun 19 15:09:47 2021] GET /placement/resource_providers/7dee0704-1308-4086-bd65-aa5b9b3073e5/allocations => generated 558 bytes in 77 msecs (HTTP/1.1 200) 6 headers in 224 bytes (1 switches on core 0)
Jun 19 15:10:01.854117 dv-cinder-796114-4-iscsi devstack@placement-api.service[93766]: DEBUG placement.requestlog [req-2526cd8b-3a54-46be-9291-cb22cfc8f199 req-1ad864af-256e-470c-966f-2afe43a719ef None None] Starting request: 10.222.0.15 "GET /placement/allocations/09eba2c8-ba5d-4db5-a009-91b02b9aff90" {{(pid=93766) __call__ /opt/stack/placement/placement/requestlog.py:55}}
Jun 19 15:10:01.873429 dv-cinder-796114-4-iscsi devstack@placement-api.service[93766]: INFO placement.requestlog [req-2526cd8b-3a54-46be-9291-cb22cfc8f199 req-1ad864af-256e-470c-966f-2afe43a719ef service placement] 10.222.0.15 "GET /placement/allocations/09eba2c8-ba5d-4db5-a009-91b02b9aff90" status: 200 len: 259 microversion: 1.28
Jun 19 15:10:01.873905 dv-cinder-796114-4-iscsi devstack@placement-api.service[93766]: [pid: 93766|app: 0|req: 25/49] 10.222.0.15 () {60 vars in 1378 bytes} [Sat Jun 19 15:10:01 2021] GET /placement/allocations/09eba2c8-ba5d-4db5-a009-91b02b9aff90 => generated 259 bytes in 20 msecs (HTTP/1.1 200) 8 headers in 296 bytes (1 switches on core 0)
Jun 19 15:10:01.881412 dv-cinder-796114-4-iscsi devstack@placement-api.service[93765]: DEBUG placement.requestlog [req-2526cd8b-3a54-46be-9291-cb22cfc8f199 req-ba371f38-eaca-4658-9f7d-17255e633a17 None None] Starting request: 10.222.0.15 "PUT /placement/allocations/09eba2c8-ba5d-4db5-a009-91b02b9aff90" {{(pid=93765) __call__ /opt/stack/placement/placement/requestlog.py:55}}
