Jun 16 15:45:27.123940 dv-cinder-796114-3-smb neutron-server[103601]: DEBUG neutron_lib.callbacks.manager [None req-f58bafca-3ca2-455e-927d-b51ba76c7d6a admin admin] Notify callbacks ['neutron.plugins.ml2.ovo_rpc._ObjectChangeHandler.handle_event-1648635'] for security_group, after_create {{(pid=103601) _notify_loop /usr/local/lib/python3.8/dist-packages/neutron_lib/callbacks/manager.py:192}}
Jun 16 15:45:27.139909 dv-cinder-796114-3-smb neutron-server[103601]: DEBUG oslo_concurrency.lockutils [-] Lock "event-dispatch" acquired by "neutron.plugins.ml2.ovo_rpc._ObjectChangeHandler.dispatch_events" :: waited 0.000s {{(pid=103601) inner /usr/local/lib/python3.8/dist-packages/oslo_concurrency/lockutils.py:355}}
Jun 16 15:45:27.144009 dv-cinder-796114-3-smb neutron-server[103602]: DEBUG neutron_lib.callbacks.manager [None req-e486ec99-143d-431e-8106-1412eef847ea admin admin] Notify callbacks [] for security_group, precommit_delete {{(pid=103602) _notify_loop /usr/local/lib/python3.8/dist-packages/neutron_lib/callbacks/manager.py:192}}
Jun 16 15:45:27.188182 dv-cinder-796114-3-smb neutron-server[103603]: DEBUG neutron_lib.callbacks.manager [None req-2e3d05ce-1800-4bf3-9ad1-706ef4162d76 None None] Notify callbacks ['neutron.plugins.ml2.plugin.SecurityGroupDbMixin._ensure_default_security_group_handler_port-944458'] for port, before_update {{(pid=103603) _notify_loop /usr/local/lib/python3.8/dist-packages/neutron_lib/callbacks/manager.py:192}}
Jun 16 15:45:27.204131 dv-cinder-796114-3-smb neutron-server[103601]: DEBUG neutron.api.rpc.handlers.resources_rpc [None req-f58bafca-3ca2-455e-927d-b51ba76c7d6a admin admin] Pushing event updated for resources: {'SecurityGroup': ['ID=4ecb1cd4-584c-414f-9c3b-8d5a0515330e,revision_number=1']} {{(pid=103601) push /opt/stack/neutron/neutron/api/rpc/handlers/resources_rpc.py:237}}
Jun 16 15:45:27.208441 dv-cinder-796114-3-smb neutron-server[103601]: DEBUG neutron.plugins.ml2.drivers.helpers [None req-f58bafca-3ca2-455e-927d-b51ba76c7d6a admin admin] vlan segment allocate from pool success with {'physical_network': 'physnet1', 'vlan_id': 164} {{(pid=103601) allocate_partially_specified_segment /opt/stack/neutron/neutron/plugins/ml2/drivers/helpers.py:153}}
Jun 16 15:45:27.216938 dv-cinder-796114-3-smb neutron-server[103603]: DEBUG neutron.plugins.ml2.db [None req-2e3d05ce-1800-4bf3-9ad1-706ef4162d76 None None] For port 5bd28d77-2d1e-47a0-89c1-0438c8bfe0e5, host dv-cinder-796114-3-smb, got binding levels [PortBindingLevel(driver='openvswitch',host='dv-cinder-796114-3-smb',level=0,port_id=5bd28d77-2d1e-47a0-89c1-0438c8bfe0e5,segment=NetworkSegment(05634b3f-0639-4862-83ed-d34b4cc6731a),segment_id=05634b3f-0639-4862-83ed-d34b4cc6731a)] {{(pid=103603) get_binding_level_objs /opt/stack/neutron/neutron/plugins/ml2/db.py:75}}
Jun 16 15:45:27.223734 dv-cinder-796114-3-smb neutron-server[103603]: DEBUG neutron_lib.callbacks.manager [None req-2e3d05ce-1800-4bf3-9ad1-706ef4162d76 None None] Notify callbacks ['neutron.plugins.ml2.plugin.SecurityGroupServerNotifierRpcMixin.notify_sg_on_port_change-943508', 'neutron.plugins.ml2.ovo_rpc._ObjectChangeHandler.handle_event-418618', 'neutron.api.rpc.agentnotifiers.dhcp_rpc_agent_api.DhcpAgentNotifyAPI._native_event_send_dhcp_notification-1804123', 'neutron.db.l3_db.L3RpcNotifierMixin._notify_gateway_port_ip_changed-8727022538343', 'neutron.db.l3_dvrscheduler_db._notify_l3_agent_port_update-8727022079519', 'neutron.db.l3_hascheduler_db._notify_l3_agent_ha_port_update-8727022079564'] for port, after_update {{(pid=103603) _notify_loop /usr/local/lib/python3.8/dist-packages/neutron_lib/callbacks/manager.py:192}}
Jun 16 15:45:27.224658 dv-cinder-796114-3-smb neutron-server[103601]: INFO neutron.wsgi [req-aa7aa5ce-f997-4f2d-8c96-6372c91c358a req-b38101a7-68af-4f6f-beaa-c6c9664f4676 service neutron] 10.222.0.23 "GET /v2.0/networks/dd511b24-a00a-40fb-a4e7-fe658a96c4a9?fields=segments HTTP/1.1" status: 200 len: 212 time: 0.2358224
Jun 16 15:45:27.232568 dv-cinder-796114-3-smb neutron-server[103603]: DEBUG oslo_concurrency.lockutils [-] Lock "event-dispatch" acquired by "neutron.plugins.ml2.ovo_rpc._ObjectChangeHandler.dispatch_events" :: waited 0.000s {{(pid=103603) inner /usr/local/lib/python3.8/dist-packages/oslo_concurrency/lockutils.py:355}}
Jun 16 15:45:27.235971 dv-cinder-796114-3-smb neutron-server[103601]: DEBUG oslo_concurrency.lockutils [None req-f58bafca-3ca2-455e-927d-b51ba76c7d6a admin admin] Lock "event-dispatch" released by "neutron.plugins.ml2.ovo_rpc._ObjectChangeHandler.dispatch_events" :: held 0.096s {{(pid=103601) inner /usr/local/lib/python3.8/dist-packages/oslo_concurrency/lockutils.py:367}}
Jun 16 15:45:27.273195 dv-cinder-796114-3-smb neutron-server[103602]: DEBUG neutron_lib.callbacks.manager [None req-e486ec99-143d-431e-8106-1412eef847ea admin admin] Notify callbacks ['neutron.plugins.ml2.ovo_rpc._ObjectChangeHandler.handle_event-1648635'] for security_group, after_delete {{(pid=103602) _notify_loop /usr/local/lib/python3.8/dist-packages/neutron_lib/callbacks/manager.py:192}}
Jun 16 15:45:27.280416 dv-cinder-796114-3-smb neutron-server[103602]: DEBUG neutron_lib.callbacks.manager [None req-e486ec99-143d-431e-8106-1412eef847ea admin admin] Notify callbacks [] for security_group, before_response {{(pid=103602) _notify_loop /usr/local/lib/python3.8/dist-packages/neutron_lib/callbacks/manager.py:192}}
Jun 16 15:45:27.284805 dv-cinder-796114-3-smb neutron-server[103602]: INFO neutron.wsgi [None req-e486ec99-143d-431e-8106-1412eef847ea admin admin] 10.222.0.23 "DELETE /v2.0/security-groups/7d2ce87f-65f5-4eee-b2ee-687b3366a609 HTTP/1.1" status: 204 len: 168 time: 0.3449292
Jun 16 15:45:27.284805 dv-cinder-796114-3-smb neutron-server[103602]: DEBUG oslo_concurrency.lockutils [None req-40f52c66-745d-41d8-bf58-2dac920d6730 admin admin] Lock "event-dispatch" acquired by "neutron.plugins.ml2.ovo_rpc._ObjectChangeHandler.dispatch_events" :: waited 0.000s {{(pid=103602) inner /usr/local/lib/python3.8/dist-packages/oslo_concurrency/lockutils.py:355}}
Jun 16 15:45:27.296763 dv-cinder-796114-3-smb neutron-server[103602]: DEBUG neutron.api.rpc.handlers.resources_rpc [None req-e486ec99-143d-431e-8106-1412eef847ea admin admin] Pushing event deleted for resources: {'SecurityGroup': ['ID=7d2ce87f-65f5-4eee-b2ee-687b3366a609,revision_number=None']} {{(pid=103602) push /opt/stack/neutron/neutron/api/rpc/handlers/resources_rpc.py:237}}
Jun 16 15:45:27.300950 dv-cinder-796114-3-smb neutron-server[103602]: DEBUG oslo_concurrency.lockutils [None req-e486ec99-143d-431e-8106-1412eef847ea admin admin] Lock "event-dispatch" released by "neutron.plugins.ml2.ovo_rpc._ObjectChangeHandler.dispatch_events" :: held 0.017s {{(pid=103602) inner /usr/local/lib/python3.8/dist-packages/oslo_concurrency/lockutils.py:367}}
Jun 16 15:45:27.335197 dv-cinder-796114-3-smb neutron-server[103601]: DEBUG neutron_lib.callbacks.manager [None req-f58bafca-3ca2-455e-927d-b51ba76c7d6a admin admin] Notify callbacks ['neutron.plugins.ml2.plugin.Ml2Plugin._handle_segment_change-606771'] for segment, precommit_create {{(pid=103601) _notify_loop /usr/local/lib/python3.8/dist-packages/neutron_lib/callbacks/manager.py:192}}
Jun 16 15:45:27.335714 dv-cinder-796114-3-smb neutron-server[103601]: INFO neutron.db.segments_db [None req-f58bafca-3ca2-455e-927d-b51ba76c7d6a admin admin] Added segment 71df52e0-5efc-4082-bb65-a666026eeb73 of type vlan for network 470bf1f6-6ac1-4a68-8966-20b0177fc43a
Jun 16 15:45:27.339588 dv-cinder-796114-3-smb neutron-server[103603]: DEBUG neutron.api.rpc.handlers.resources_rpc [None req-2e3d05ce-1800-4bf3-9ad1-706ef4162d76 None None] Pushing event updated for resources: {'Port': ['ID=5bd28d77-2d1e-47a0-89c1-0438c8bfe0e5,revision_number=4']} {{(pid=103603) push /opt/stack/neutron/neutron/api/rpc/handlers/resources_rpc.py:237}}
Jun 16 15:45:27.354439 dv-cinder-796114-3-smb neutron-server[103603]: DEBUG oslo_concurrency.lockutils [None req-2e3d05ce-1800-4bf3-9ad1-706ef4162d76 None None] Lock "event-dispatch" released by "neutron.plugins.ml2.ovo_rpc._ObjectChangeHandler.dispatch_events" :: held 0.122s {{(pid=103603) inner /usr/local/lib/python3.8/dist-packages/oslo_concurrency/lockutils.py:367}}
Jun 16 15:45:27.475176 dv-cinder-796114-3-smb neutron-server[103601]: DEBUG neutron_lib.callbacks.manager [None req-f58bafca-3ca2-455e-927d-b51ba76c7d6a admin admin] Notify callbacks ['neutron.services.auto_allocate.db._ensure_external_network_default_value_callback-8727022085515'] for network, precommit_create {{(pid=103601) _notify_loop /usr/local/lib/python3.8/dist-packages/neutron_lib/callbacks/manager.py:192}}
Jun 16 15:45:27.491538 dv-cinder-796114-3-smb neutron-server[103601]: INFO neutron.wsgi [req-aa7aa5ce-f997-4f2d-8c96-6372c91c358a req-d13d84b3-fbb1-4d55-89e4-20be9d283ef2 service neutron] 10.222.0.23 "GET /v2.0/networks/dd511b24-a00a-40fb-a4e7-fe658a96c4a9?fields=provider%3Aphysical_network&fields=provider%3Anetwork_type HTTP/1.1" status: 200 len: 281 time: 0.2656090
Jun 16 15:45:27.588035 dv-cinder-796114-3-smb neutron-server[103601]: DEBUG neutron_lib.callbacks.manager [None req-f58bafca-3ca2-455e-927d-b51ba76c7d6a admin admin] Notify callbacks ['neutron.plugins.ml2.ovo_rpc._ObjectChangeHandler.handle_payload_event-1648621', 'neutron.api.rpc.agentnotifiers.dhcp_rpc_agent_api.DhcpAgentNotifyAPI._native_event_send_dhcp_notification_payload-1804114'] for network, after_create {{(pid=103601) _notify_loop /usr/local/lib/python3.8/dist-packages/neutron_lib/callbacks/manager.py:192}}
Jun 16 15:45:27.590894 dv-cinder-796114-3-smb neutron-server[103601]: DEBUG neutron.pecan_wsgi.hooks.policy_enforcement [None req-f58bafca-3ca2-455e-927d-b51ba76c7d6a admin admin] Attributes excluded by policy engine: ['standard_attr_id', 'vlan_transparent'] {{(pid=103601) _exclude_attributes_by_policy /opt/stack/neutron/neutron/pecan_wsgi/hooks/policy_enforcement.py:255}}
Jun 16 15:45:27.591925 dv-cinder-796114-3-smb neutron-server[103601]: DEBUG neutron_lib.callbacks.manager [None req-f58bafca-3ca2-455e-927d-b51ba76c7d6a admin admin] Notify callbacks ['neutron.api.rpc.agentnotifiers.dhcp_rpc_agent_api.DhcpAgentNotifyAPI._send_dhcp_notification-1804109'] for network, before_response {{(pid=103601) _notify_loop /usr/local/lib/python3.8/dist-packages/neutron_lib/callbacks/manager.py:192}}
Jun 16 15:45:27.616383 dv-cinder-796114-3-smb neutron-server[103601]: DEBUG oslo_concurrency.lockutils [-] Lock "event-dispatch" acquired by "neutron.plugins.ml2.ovo_rpc._ObjectChangeHandler.dispatch_events" :: waited 0.000s {{(pid=103601) inner /usr/local/lib/python3.8/dist-packages/oslo_concurrency/lockutils.py:355}}
Jun 16 15:45:27.625618 dv-cinder-796114-3-smb neutron-server[103603]: DEBUG neutron.api.rpc.handlers.l3_rpc [None req-920997bd-6477-42cd-a253-8bb669f8a8ef None None] Sync routers for ids ['884ca74f-a4e4-4fa0-9a56-0bc88a948abc'] in dv-cinder-796114-3-smb {{(pid=103603) sync_routers /opt/stack/neutron/neutron/api/rpc/handlers/l3_rpc.py:125}}
Jun 16 15:45:27.651053 dv-cinder-796114-3-smb neutron-server[103603]: DEBUG neutron.db.l3_dvrscheduler_db [None req-920997bd-6477-42cd-a253-8bb669f8a8ef None None] Routers {'884ca74f-a4e4-4fa0-9a56-0bc88a948abc'} bound to L3 agent in host dv-cinder-796114-3-smb {{(pid=103603) _get_router_ids_for_agent /opt/stack/neutron/neutron/db/l3_dvrscheduler_db.py:422}}
Jun 16 15:45:27.652091 dv-cinder-796114-3-smb neutron-server[103603]: DEBUG neutron.db.l3_hamode_db [None req-920997bd-6477-42cd-a253-8bb669f8a8ef None None] neutron.services.l3_router.l3_router_plugin.L3RouterPlugin method get_ha_sync_data_for_host called with arguments (, 'dv-cinder-796114-3-smb', Agent(admin_state_up=True,agent_type='L3 agent',availability_zone='nova',binary='neutron-l3-agent',configurations={"agent_mode": "legacy", "ex_gw_ports": 1, "extensions": [], "floating_ips": 0, "handle_internal_only_routers": true, "interface_driver": "openvswitch", "interfaces": 1, "log_agent_heartbeats": false, "routers": 1},created_at=2021-06-16T15:36:59Z,description=,heartbeat_timestamp=2021-06-16T15:44:59Z,host='dv-cinder-796114-3-smb',id=55befa87-5561-4f21-a5db-49af2c9d6cf8,load=0,resource_versions=,resources_synced=,started_at=2021-06-16T15:36:59Z,topic='l3_agent')) {'router_ids': ['884ca74f-a4e4-4fa0-9a56-0bc88a948abc'], 'active': True} {{(pid=103603) wrapper /usr/local/lib/python3.8/dist-packages/oslo_log/helpers.py:65}}
Jun 16 15:45:27.666520 dv-cinder-796114-3-smb neutron-server[103601]: INFO neutron.wsgi [None req-f58bafca-3ca2-455e-927d-b51ba76c7d6a admin admin] 10.222.0.23 "POST /v2.0/networks HTTP/1.1" status: 201 len: 897 time: 1.2894239
Jun 16 15:45:27.671268 dv-cinder-796114-3-smb neutron-server[103602]: DEBUG neutron.wsgi [-] (103602) accepted ('10.222.0.23', 55030) {{(pid=103602) server /usr/local/lib/python3.8/dist-packages/eventlet/wsgi.py:992}}
Jun 16 15:45:27.676827 dv-cinder-796114-3-smb neutron-server[103602]: DEBUG neutron.api.v2.base [None req-eacdcf69-ca0a-4534-a02e-c4d2250daf7b admin admin] Request body: {'subnet': {'network_id': '470bf1f6-6ac1-4a68-8966-20b0177fc43a', 'cidr': '172.20.0.0/28', 'name': 'tempest-EncryptedVolumesExtendAttachedTest-598140103-subnet', 'tenant_id': 'dea45892d9cc45538e135006b4b42ef2', 'enable_dhcp': False, 'ip_version': 4}} {{(pid=103602) prepare_request_body /opt/stack/neutron/neutron/api/v2/base.py:729}}
Jun 16 15:45:27.755461 dv-cinder-796114-3-smb neutron-server[103602]: DEBUG neutron.pecan_wsgi.hooks.quota_enforcement [None req-eacdcf69-ca0a-4534-a02e-c4d2250daf7b admin admin] Made reservation on behalf of dea45892d9cc45538e135006b4b42ef2 for: {'subnet': 1} {{(pid=103602) before /opt/stack/neutron/neutron/pecan_wsgi/hooks/quota_enforcement.py:53}}
Jun 16 15:45:27.759397 dv-cinder-796114-3-smb neutron-server[103602]: DEBUG neutron_lib.callbacks.manager [None req-eacdcf69-ca0a-4534-a02e-c4d2250daf7b admin admin] Notify callbacks [] for subnet, before_create {{(pid=103602) _notify_loop /usr/local/lib/python3.8/dist-packages/neutron_lib/callbacks/manager.py:192}}
Jun 16 15:45:27.845981 dv-cinder-796114-3-smb neutron-server[103601]: DEBUG neutron.api.rpc.handlers.resources_rpc [None req-f58bafca-3ca2-455e-927d-b51ba76c7d6a admin admin] Pushing event updated for resources: {'Network': ['ID=470bf1f6-6ac1-4a68-8966-20b0177fc43a,revision_number=1']} {{(pid=103601) push /opt/stack/neutron/neutron/api/rpc/handlers/resources_rpc.py:237}}
Jun 16 15:45:27.851961 dv-cinder-796114-3-smb neutron-server[103601]: DEBUG oslo_concurrency.lockutils [None req-f58bafca-3ca2-455e-927d-b51ba76c7d6a admin admin] Lock "event-dispatch" released by "neutron.plugins.ml2.ovo_rpc._ObjectChangeHandler.dispatch_events" :: held 0.236s {{(pid=103601) inner /usr/local/lib/python3.8/dist-packages/oslo_concurrency/lockutils.py:367}}
Jun 16 15:45:27.914850 dv-cinder-796114-3-smb neutron-server[103603]: DEBUG neutron.db.l3_dvr_db [None req-920997bd-6477-42cd-a253-8bb669f8a8ef None None] Set router 884ca74f-a4e4-4fa0-9a56-0bc88a948abc gateway port host: dv-cinder-796114-3-smb {{(pid=103603) _build_routers_list /opt/stack/neutron/neutron/db/l3_dvr_db.py:841}}
Jun 16 15:45:27.954597 dv-cinder-796114-3-smb neutron-server[103603]: DEBUG neutron.plugins.ml2.rpc [None req-2e3d05ce-1800-4bf3-9ad1-706ef4162d76 None None] Network 470bf1f6-6ac1-4a68-8966-20b0177fc43a details requested by agent ovs-agent-dv-cinder-796114-3-smb with host dv-cinder-796114-3-smb {{(pid=103603) get_network_details /opt/stack/neutron/neutron/plugins/ml2/rpc.py:232}}
Jun 16 15:45:27.979720 dv-cinder-796114-3-smb neutron-server[103601]: INFO neutron.wsgi [req-de5148af-f7a6-409e-8d94-30e6c8827d47 req-60c62b0a-0570-4e5b-8a77-439819d7e853 tempest-DeleteServersTestJSON-234681059 tempest-DeleteServersTestJSON-234681059-project] 10.222.0.23 "GET /v2.0/ports?device_id=4b63cf99-cca0-4fea-8bf1-0b3ecfe7cafc HTTP/1.1" status: 200 len: 210 time: 0.1071012
Jun 16 15:45:28.223304 dv-cinder-796114-3-smb neutron-server[103602]: DEBUG neutron.wsgi [-] (103602) accepted ('10.222.0.23', 55052) {{(pid=103602) server /usr/local/lib/python3.8/dist-packages/eventlet/wsgi.py:992}}
Jun 16 15:45:28.328762 dv-cinder-796114-3-smb neutron-server[103602]: DEBUG neutron_lib.callbacks.manager [None req-eacdcf69-ca0a-4534-a02e-c4d2250daf7b admin admin] Notify callbacks ['neutron.plugins.ml2.ovo_rpc._ObjectChangeHandler.handle_event-418623', 'neutron.api.rpc.agentnotifiers.dhcp_rpc_agent_api.DhcpAgentNotifyAPI._native_event_send_dhcp_notification-1804123'] for subnet, after_create {{(pid=103602) _notify_loop /usr/local/lib/python3.8/dist-packages/neutron_lib/callbacks/manager.py:192}}
Jun 16 15:45:28.343494 dv-cinder-796114-3-smb neutron-server[103602]: DEBUG neutron_lib.callbacks.manager [None req-397a751f-6cb7-457e-8a79-d9172ace8d3b admin admin] Notify callbacks [] for security_group, before_create {{(pid=103602) _notify_loop /usr/local/lib/python3.8/dist-packages/neutron_lib/callbacks/manager.py:192}}
Jun 16 15:45:28.360826 dv-cinder-796114-3-smb neutron-server[103602]: DEBUG oslo_concurrency.lockutils [None req-f96d3156-0aed-4a74-bc30-ed496a6726f8 admin admin] Lock "event-dispatch" acquired by "neutron.plugins.ml2.ovo_rpc._ObjectChangeHandler.dispatch_events" :: waited 0.000s {{(pid=103602) inner /usr/local/lib/python3.8/dist-packages/oslo_concurrency/lockutils.py:355}}
Jun 16 15:45:28.400271 dv-cinder-796114-3-smb neutron-server[103603]: DEBUG neutron.db.l3_hamode_db [None req-920997bd-6477-42cd-a253-8bb669f8a8ef None None] neutron.services.l3_router.l3_router_plugin.L3RouterPlugin method _process_sync_ha_data called with arguments (, [{'id': '884ca74f-a4e4-4fa0-9a56-0bc88a948abc', 'name': 'tempest-AttachVolumeShelveTestJSON-1306380134-router', 'tenant_id': 'edd4ed729df642398042d9cda2abe329', 'admin_state_up': True, 'status': 'ACTIVE', 'external_gateway_info': {'network_id': '7af110c8-01a9-4f2d-9a1a-d4b72fa6beb6', 'external_fixed_ips': [{'subnet_id': '73870dd4-6fd9-46e5-9fe7-9f7ac0eef635', 'ip_address': '172.28.3.169'}], 'enable_snat': True}, 'gw_port_id': '5bd28d77-2d1e-47a0-89c1-0438c8bfe0e5', 'description': '', 'availability_zones': ['nova'], 'distributed': False, 'ha': False, 'ha_vr_id': 0, 'availability_zone_hints': [], 'routes': [], 'flavor_id': None, 'tags': [], 'created_at': '2021-06-16T15:45:17Z', 'updated_at': '2021-06-16T15:45:23Z', 'revision_number': 4, 'project_id': 'edd4ed729df642398042d9cda2abe329', 'gw_port': {'id': '5bd28d77-2d1e-47a0-89c1-0438c8bfe0e5', 'name': '', 'network_id': '7af110c8-01a9-4f2d-9a1a-d4b72fa6beb6', 'tenant_id': '', 'mac_address': 'fa:16:3e:fa:9d:99', 'admin_state_up': True, 'status': 'ACTIVE', 'device_id': '884ca74f-a4e4-4fa0-9a56-0bc88a948abc', 'device_owner': 'network:router_gateway', 'standard_attr_id': 41, 'fixed_ips': [{'subnet_id': '73870dd4-6fd9-46e5-9fe7-9f7ac0eef635', 'ip_address': '172.28.3.169', 'prefixlen': 24}], 'allowed_address_pairs': [], 'extra_dhcp_opts': [], 'security_groups': [], 'description': '', 'binding:vnic_type': 'normal', 'binding:profile': {}, 'binding:host_id': 'dv-cinder-796114-3-smb', 'binding:vif_type': 'ovs', 'binding:vif_details': {'connectivity': 'l2', 'port_filter': True, 'ovs_hybrid_plug': False, 'datapath_type': 'system', 'bridge_name': 'br-int'}, 'port_security_enabled': False, 'tags': [], 'created_at': '2021-06-16T15:45:18Z', 'updated_at': '2021-06-16T15:45:27Z', 'revision_number': 4, 'project_id': '', 'subnets': [{'id': '73870dd4-6fd9-46e5-9fe7-9f7ac0eef635', 'cidr': '172.28.3.0/24', 'gateway_ip': '172.28.3.1', 'dns_nameservers': [], 'ipv6_ra_mode': None, 'subnetpool_id': None}], 'extra_subnets': [], 'address_scopes': {4: None, 6: None}, 'mtu': 1500}, 'enable_snat': True, 'gw_port_host': 'dv-cinder-796114-3-smb', '_interfaces': [{'id': '65653f97-d2fc-4ce8-8c3f-b6c68d3691b4', 'name': '', 'network_id': 'c9222c38-6518-45fd-b998-e48b0ba690a7', 'tenant_id': 'edd4ed729df642398042d9cda2abe329', 'mac_address': 'fa:16:3e:c3:df:68', 'admin_state_up': True, 'status': 'DOWN', 'device_id': '884ca74f-a4e4-4fa0-9a56-0bc88a948abc', 'device_owner': 'network:router_interface', 'standard_attr_id': 57, 'fixed_ips': [{'subnet_id': '876fa194-cb09-4e15-bb15-ac5563dce99f', 'ip_address': '172.20.0.1', 'prefixlen': 28}], 'allowed_address_pairs': [], 'extra_dhcp_opts': [], 'security_groups': [], 'description': '', 'binding:vnic_type': 'normal', 'binding:profile': {}, 'binding:host_id': '', 'binding:vif_type': 'unbound', 'binding:vif_details': {}, 'port_security_enabled': False, 'tags': [], 'created_at': '2021-06-16T15:45:21Z', 'updated_at': '2021-06-16T15:45:24Z', 'revision_number': 2, 'project_id': 'edd4ed729df642398042d9cda2abe329', 'subnets': [{'id': '876fa194-cb09-4e15-bb15-ac5563dce99f', 'cidr': '172.20.0.0/28', 'gateway_ip': '172.20.0.1', 'dns_nameservers': [], 'ipv6_ra_mode': None, 'subnetpool_id': None}], 'extra_subnets': [], 'address_scopes': {4: None, 6: None}, 'mtu': 1500}]}], 'dv-cinder-796114-3-smb', False) {} {{(pid=103603) wrapper /usr/local/lib/python3.8/dist-packages/oslo_log/helpers.py:65}}
Jun 16 15:45:28.406913 dv-cinder-796114-3-smb neutron-server[103603]: DEBUG neutron.api.rpc.handlers.l3_rpc [None req-920997bd-6477-42cd-a253-8bb669f8a8ef None None] Checking router: 884ca74f-a4e4-4fa0-9a56-0bc88a948abc for host: dv-cinder-796114-3-smb {{(pid=103603) _ensure_host_set_on_ports /opt/stack/neutron/neutron/api/rpc/handlers/l3_rpc.py:155}}
Jun 16 15:45:28.407910 dv-cinder-796114-3-smb neutron-server[103603]: DEBUG neutron.api.rpc.handlers.l3_rpc [None req-920997bd-6477-42cd-a253-8bb669f8a8ef None None] Updating router 884ca74f-a4e4-4fa0-9a56-0bc88a948abc port 65653f97-d2fc-4ce8-8c3f-b6c68d3691b4 binding host dv-cinder-796114-3-smb {{(pid=103603) _ensure_host_set_on_port /opt/stack/neutron/neutron/api/rpc/handlers/l3_rpc.py:205}}
Jun 16 15:45:28.499527 dv-cinder-796114-3-smb neutron-server[103602]: DEBUG neutron_lib.callbacks.manager [None req-397a751f-6cb7-457e-8a79-d9172ace8d3b admin admin] Notify callbacks [] for security_group, precommit_create {{(pid=103602) _notify_loop /usr/local/lib/python3.8/dist-packages/neutron_lib/callbacks/manager.py:192}}
Jun 16 15:45:28.527973 dv-cinder-796114-3-smb neutron-server[103602]: DEBUG neutron_lib.callbacks.manager [None req-397a751f-6cb7-457e-8a79-d9172ace8d3b admin admin] Notify callbacks ['neutron.plugins.ml2.ovo_rpc._ObjectChangeHandler.handle_event-1648635'] for security_group, after_create {{(pid=103602) _notify_loop /usr/local/lib/python3.8/dist-packages/neutron_lib/callbacks/manager.py:192}}
Jun 16 15:45:28.545215 dv-cinder-796114-3-smb neutron-server[103603]: DEBUG neutron_lib.callbacks.manager [None req-920997bd-6477-42cd-a253-8bb669f8a8ef None None] Notify callbacks ['neutron.plugins.ml2.plugin.SecurityGroupDbMixin._ensure_default_security_group_handler_port-944458'] for port, before_update {{(pid=103603) _notify_loop /usr/local/lib/python3.8/dist-packages/neutron_lib/callbacks/manager.py:192}}
Jun 16 15:45:28.615773 dv-cinder-796114-3-smb neutron-server[103601]: DEBUG neutron.wsgi [-] (103601) accepted ('10.222.0.23', 55076) {{(pid=103601) server /usr/local/lib/python3.8/dist-packages/eventlet/wsgi.py:992}}
Jun 16 15:45:28.620850 dv-cinder-796114-3-smb neutron-server[103601]: DEBUG neutron.api.v2.base [None req-2edcde1a-ca1e-4564-8d17-1bd8c55cdff1 tempest-AttachVolumeShelveTestJSON-1076987552 tempest-AttachVolumeShelveTestJSON-1076987552-project] Request body: {'security_group': {'name': 'tempest-securitygroup--176662617', 'description': 'tempest-description--1206281413'}} {{(pid=103601) prepare_request_body /opt/stack/neutron/neutron/api/v2/base.py:729}}
Jun 16 15:45:28.679005 dv-cinder-796114-3-smb neutron-server[103601]: DEBUG neutron_lib.callbacks.manager [None req-2edcde1a-ca1e-4564-8d17-1bd8c55cdff1 tempest-AttachVolumeShelveTestJSON-1076987552 tempest-AttachVolumeShelveTestJSON-1076987552-project] Notify callbacks [] for security_group, before_create {{(pid=103601) _notify_loop /usr/local/lib/python3.8/dist-packages/neutron_lib/callbacks/manager.py:192}}
Jun 16 15:45:28.707773 dv-cinder-796114-3-smb neutron-server[103602]: DEBUG neutron.api.rpc.handlers.resources_rpc [None req-eacdcf69-ca0a-4534-a02e-c4d2250daf7b admin admin] Pushing event updated for resources: {'Subnet': ['ID=5bf5c2ac-c09d-4f89-8ffc-91a7c20daec0,revision_number=0']} {{(pid=103602) push /opt/stack/neutron/neutron/api/rpc/handlers/resources_rpc.py:237}}
Jun 16 15:45:28.715004 dv-cinder-796114-3-smb neutron-server[103602]: DEBUG oslo_concurrency.lockutils [None req-eacdcf69-ca0a-4534-a02e-c4d2250daf7b admin admin] Lock "event-dispatch" released by "neutron.plugins.ml2.ovo_rpc._ObjectChangeHandler.dispatch_events" :: held 0.355s {{(pid=103602) inner /usr/local/lib/python3.8/dist-packages/oslo_concurrency/lockutils.py:367}}
Jun 16 15:45:28.721722 dv-cinder-796114-3-smb neutron-server[103602]: DEBUG oslo_concurrency.lockutils [None req-4dcc51d9-6ac4-4b3e-83ed-26bbab354884 admin admin] Lock "event-dispatch" acquired by "neutron.plugins.ml2.ovo_rpc._ObjectChangeHandler.dispatch_events" :: waited 0.121s {{(pid=103602) inner /usr/local/lib/python3.8/dist-packages/oslo_concurrency/lockutils.py:355}}
Jun 16 15:45:28.763779 dv-cinder-796114-3-smb neutron-server[103602]: DEBUG neutron.api.rpc.handlers.resources_rpc [None req-397a751f-6cb7-457e-8a79-d9172ace8d3b admin admin] Pushing event updated for resources: {'SecurityGroup': ['ID=c7874336-3028-48a9-af93-f72c009c468f,revision_number=1']} {{(pid=103602) push /opt/stack/neutron/neutron/api/rpc/handlers/resources_rpc.py:237}}
Jun 16 15:45:28.821402 dv-cinder-796114-3-smb neutron-server[103604]: DEBUG neutron.db.agents_db [None req-67e3b7b7-9784-4542-8501-a642cdd97213 None None] Agent healthcheck: found 6 active agents {{(pid=103604) agent_health_check /opt/stack/neutron/neutron/db/agents_db.py:314}}
Jun 16 15:45:28.872003 dv-cinder-796114-3-smb neutron-server[103602]: INFO neutron.wsgi [req-334f5147-a528-4d2d-8448-2319b01995bd req-ee7d0101-d235-47f7-8cd2-2b50c31274e8 tempest-AttachVolumeNegativeTest-319179867 tempest-AttachVolumeNegativeTest-319179867-project] 10.222.0.23 "GET /v2.0/ports?device_id=911948a0-a2f5-40e0-a28a-d677ef9606ba HTTP/1.1" status: 200 len: 210 time: 0.1568584
Jun 16 15:45:28.878338 dv-cinder-796114-3-smb neutron-server[103602]: DEBUG oslo_concurrency.lockutils [None req-397a751f-6cb7-457e-8a79-d9172ace8d3b admin admin] Lock "event-dispatch" released by "neutron.plugins.ml2.ovo_rpc._ObjectChangeHandler.dispatch_events" :: held 0.156s {{(pid=103602) inner /usr/local/lib/python3.8/dist-packages/oslo_concurrency/lockutils.py:367}}
Jun 16 15:45:28.881889 dv-cinder-796114-3-smb neutron-server[103602]: DEBUG neutron.plugins.ml2.drivers.mech_agent [None req-eacdcf69-ca0a-4534-a02e-c4d2250daf7b admin admin] Checking segment: {'id': '71df52e0-5efc-4082-bb65-a666026eeb73', 'network_type': 'vlan', 'physical_network': 'physnet1', 'segmentation_id': 164, 'network_id': '470bf1f6-6ac1-4a68-8966-20b0177fc43a'} for mappings: {'physnet1': 'br-data'} with network types: ['local', 'flat', 'vlan'] {{(pid=103602) check_segment_for_agent /opt/stack/neutron/neutron/plugins/ml2/drivers/mech_agent.py:341}}
Jun 16 15:45:28.883623 dv-cinder-796114-3-smb neutron-server[103602]: DEBUG neutron.scheduler.dhcp_agent_scheduler [None req-eacdcf69-ca0a-4534-a02e-c4d2250daf7b admin admin] Network hostable DHCP agents. Network: 470bf1f6-6ac1-4a68-8966-20b0177fc43a, hostable agents: ['fac9c6e0-398a-4d05-9160-310db99c4e15'], hosted agents: [] {{(pid=103602) _get_network_hostable_dhcp_agents /opt/stack/neutron/neutron/scheduler/dhcp_agent_scheduler.py:329}}
Jun 16 15:45:28.905152 dv-cinder-796114-3-smb neutron-server[103602]: INFO neutron.wsgi [None req-397a751f-6cb7-457e-8a79-d9172ace8d3b admin admin] 10.222.0.23 "GET /v2.0/security-groups?tenant_id=599fe2633c9b4e5f8a636aac94f99a96&name=default HTTP/1.1" status: 200 len: 2975 time: 0.6758094
Jun 16 15:45:28.906051 dv-cinder-796114-3-smb neutron-server[103601]: DEBUG neutron.wsgi [-] (103601) accepted ('10.222.0.23', 55090) {{(pid=103601) server /usr/local/lib/python3.8/dist-packages/eventlet/wsgi.py:992}}
Jun 16 15:45:28.928182 dv-cinder-796114-3-smb neutron-server[103603]: DEBUG neutron.plugins.ml2.rpc [None req-2e3d05ce-1800-4bf3-9ad1-706ef4162d76 None None] Device 5bd28d77-2d1e-47a0-89c1-0438c8bfe0e5 up at agent ovs-agent-dv-cinder-796114-3-smb {{(pid=103603) update_device_up /opt/stack/neutron/neutron/plugins/ml2/rpc.py:278}}
Jun 16 15:45:28.948082 dv-cinder-796114-3-smb neutron-server[103602]: DEBUG neutron.scheduler.dhcp_agent_scheduler [None req-eacdcf69-ca0a-4534-a02e-c4d2250daf7b admin admin] Network 470bf1f6-6ac1-4a68-8966-20b0177fc43a is scheduled to be hosted by DHCP agent fac9c6e0-398a-4d05-9160-310db99c4e15 with binding_index 1 {{(pid=103602) bind /opt/stack/neutron/neutron/scheduler/dhcp_agent_scheduler.py:227}}
Jun 16 15:45:28.972818 dv-cinder-796114-3-smb neutron-server[103602]: DEBUG neutron.scheduler.base_scheduler [None req-eacdcf69-ca0a-4534-a02e-c4d2250daf7b admin admin] Resources bound (agent type, host, resource id): (DHCP agent, dv-cinder-796114-3-smb, 470bf1f6-6ac1-4a68-8966-20b0177fc43a) {{(pid=103602) schedule /opt/stack/neutron/neutron/scheduler/base_scheduler.py:57}}
Jun 16 15:45:28.985965 dv-cinder-796114-3-smb neutron-server[103602]: DEBUG neutron.pecan_wsgi.hooks.policy_enforcement [None req-eacdcf69-ca0a-4534-a02e-c4d2250daf7b admin admin] Attributes excluded by policy engine: ['standard_attr_id', 'shared', 'network'] {{(pid=103602) _exclude_attributes_by_policy /opt/stack/neutron/neutron/pecan_wsgi/hooks/policy_enforcement.py:255}}
Jun 16 15:45:28.988013 dv-cinder-796114-3-smb neutron-server[103602]: DEBUG neutron_lib.callbacks.manager [None req-eacdcf69-ca0a-4534-a02e-c4d2250daf7b admin admin] Notify callbacks ['neutron.api.rpc.agentnotifiers.dhcp_rpc_agent_api.DhcpAgentNotifyAPI._send_dhcp_notification-1804109'] for subnet, before_response {{(pid=103602) _notify_loop /usr/local/lib/python3.8/dist-packages/neutron_lib/callbacks/manager.py:192}}
Jun 16 15:45:29.078857 dv-cinder-796114-3-smb neutron-server[103603]: DEBUG neutron.api.rpc.handlers.dhcp_rpc [None req-bba3bf02-89cc-4726-9f37-9598679212b5 None None] Network 470bf1f6-6ac1-4a68-8966-20b0177fc43a requested from dv-cinder-796114-3-smb {{(pid=103603) get_network_info /opt/stack/neutron/neutron/api/rpc/handlers/dhcp_rpc.py:218}}
Jun 16 15:45:29.299247 dv-cinder-796114-3-smb neutron-server[103601]: DEBUG neutron_lib.callbacks.manager [None req-2edcde1a-ca1e-4564-8d17-1bd8c55cdff1 tempest-AttachVolumeShelveTestJSON-1076987552 tempest-AttachVolumeShelveTestJSON-1076987552-project] Notify callbacks [] for security_group, precommit_create {{(pid=103601) _notify_loop /usr/local/lib/python3.8/dist-packages/neutron_lib/callbacks/manager.py:192}}
Jun 16 15:45:29.302165 dv-cinder-796114-3-smb neutron-server[103601]: DEBUG neutron_lib.callbacks.manager [None req-66e647d8-5137-4466-90ae-a093390ed7e9 admin admin] Notify callbacks [] for security_group, before_delete {{(pid=103601) _notify_loop /usr/local/lib/python3.8/dist-packages/neutron_lib/callbacks/manager.py:192}}
Jun 16 15:45:29.327108 dv-cinder-796114-3-smb neutron-server[103601]: DEBUG neutron_lib.callbacks.manager [None req-2edcde1a-ca1e-4564-8d17-1bd8c55cdff1 tempest-AttachVolumeShelveTestJSON-1076987552 tempest-AttachVolumeShelveTestJSON-1076987552-project] Notify callbacks ['neutron.plugins.ml2.ovo_rpc._ObjectChangeHandler.handle_event-1648635'] for security_group, after_create {{(pid=103601) _notify_loop /usr/local/lib/python3.8/dist-packages/neutron_lib/callbacks/manager.py:192}}
Jun 16 15:45:29.337616 dv-cinder-796114-3-smb neutron-server[103602]: INFO neutron.wsgi [req-40a62d42-c6ca-4430-9807-dd90fa677dce req-110924dc-63c6-492d-89ee-e78495d2f2e1 tempest-DeleteServersTestJSON-234681059 tempest-DeleteServersTestJSON-234681059-project] 10.222.0.23 "GET /v2.0/ports?device_id=4b63cf99-cca0-4fea-8bf1-0b3ecfe7cafc HTTP/1.1" status: 200 len: 210 time: 0.0803645
Jun 16 15:45:29.353488 dv-cinder-796114-3-smb neutron-server[103602]: INFO neutron.wsgi [None req-eacdcf69-ca0a-4534-a02e-c4d2250daf7b admin admin] 10.222.0.23 "POST /v2.0/subnets HTTP/1.1" status: 201 len: 861 time: 1.6740541
Jun 16 15:45:29.378807 dv-cinder-796114-3-smb neutron-server[103601]: DEBUG oslo_concurrency.lockutils [None req-710c9b8f-5cee-4309-9a50-98f6104cba69 admin admin] Lock "event-dispatch" acquired by "neutron.plugins.ml2.ovo_rpc._ObjectChangeHandler.dispatch_events" :: waited 0.001s {{(pid=103601) inner /usr/local/lib/python3.8/dist-packages/oslo_concurrency/lockutils.py:355}}
Jun 16 15:45:29.473113 dv-cinder-796114-3-smb neutron-server[103601]: DEBUG neutron_lib.callbacks.manager [None req-66e647d8-5137-4466-90ae-a093390ed7e9 admin admin] Notify callbacks [] for security_group, precommit_delete {{(pid=103601) _notify_loop /usr/local/lib/python3.8/dist-packages/neutron_lib/callbacks/manager.py:192}}
Jun 16 15:45:29.543197 dv-cinder-796114-3-smb neutron-server[103603]: DEBUG neutron.api.rpc.handlers.dhcp_rpc [None req-e5a9dbf6-50ee-4e65-a658-6e1405e343eb None None] Network 470bf1f6-6ac1-4a68-8966-20b0177fc43a requested from dv-cinder-796114-3-smb {{(pid=103603) get_network_info /opt/stack/neutron/neutron/api/rpc/handlers/dhcp_rpc.py:218}}
Jun 16 15:45:29.608251 dv-cinder-796114-3-smb neutron-server[103601]: DEBUG neutron.api.rpc.handlers.resources_rpc [None req-2edcde1a-ca1e-4564-8d17-1bd8c55cdff1 tempest-AttachVolumeShelveTestJSON-1076987552 tempest-AttachVolumeShelveTestJSON-1076987552-project] Pushing event updated for resources: {'SecurityGroup': ['ID=0676990b-1005-4671-b11f-68fb4a2c050e,revision_number=1']} {{(pid=103601) push /opt/stack/neutron/neutron/api/rpc/handlers/resources_rpc.py:237}}
Jun 16 15:45:29.643415 dv-cinder-796114-3-smb neutron-server[103601]: DEBUG oslo_concurrency.lockutils [None req-2edcde1a-ca1e-4564-8d17-1bd8c55cdff1 tempest-AttachVolumeShelveTestJSON-1076987552 tempest-AttachVolumeShelveTestJSON-1076987552-project] Lock "event-dispatch" released by "neutron.plugins.ml2.ovo_rpc._ObjectChangeHandler.dispatch_events" :: held 0.265s {{(pid=103601) inner /usr/local/lib/python3.8/dist-packages/oslo_concurrency/lockutils.py:367}}
Jun 16 15:45:29.653082 dv-cinder-796114-3-smb neutron-server[103601]: DEBUG neutron_lib.callbacks.manager [None req-2edcde1a-ca1e-4564-8d17-1bd8c55cdff1 tempest-AttachVolumeShelveTestJSON-1076987552 tempest-AttachVolumeShelveTestJSON-1076987552-project] Notify callbacks [] for security_group, before_response {{(pid=103601) _notify_loop /usr/local/lib/python3.8/dist-packages/neutron_lib/callbacks/manager.py:192}}
Jun 16 15:45:29.658298 dv-cinder-796114-3-smb neutron-server[103601]: INFO neutron.wsgi [None req-2edcde1a-ca1e-4564-8d17-1bd8c55cdff1 tempest-AttachVolumeShelveTestJSON-1076987552 tempest-AttachVolumeShelveTestJSON-1076987552-project] 10.222.0.23 "POST /v2.0/security-groups HTTP/1.1" status: 201 len: 1777 time: 1.0413938
Jun 16 15:45:29.663671 dv-cinder-796114-3-smb neutron-server[103602]: DEBUG neutron.wsgi [-] (103602) accepted ('10.222.0.23', 55144) {{(pid=103602) server /usr/local/lib/python3.8/dist-packages/eventlet/wsgi.py:992}}
Jun 16 15:45:29.675604 dv-cinder-796114-3-smb neutron-server[103602]: DEBUG neutron.api.v2.base [None req-693b4b7e-89e9-4ec5-85fe-872ac05ad551 tempest-AttachVolumeShelveTestJSON-1076987552 tempest-AttachVolumeShelveTestJSON-1076987552-project] Request body: {'security_group_rule': {'security_group_id': '0676990b-1005-4671-b11f-68fb4a2c050e', 'protocol': 'tcp', 'ethertype': 'IPv4', 'port_range_min': 22, 'port_range_max': 22, 'direction': 'ingress'}} {{(pid=103602) prepare_request_body /opt/stack/neutron/neutron/api/v2/base.py:729}}
Jun 16 15:45:29.734945 dv-cinder-796114-3-smb neutron-server[103601]: DEBUG neutron_lib.callbacks.manager [None req-66e647d8-5137-4466-90ae-a093390ed7e9 admin admin] Notify callbacks ['neutron.plugins.ml2.ovo_rpc._ObjectChangeHandler.handle_event-1648635'] for security_group, after_delete {{(pid=103601) _notify_loop /usr/local/lib/python3.8/dist-packages/neutron_lib/callbacks/manager.py:192}}
Jun 16 15:45:29.740417 dv-cinder-796114-3-smb neutron-server[103601]: DEBUG neutron_lib.callbacks.manager [None req-66e647d8-5137-4466-90ae-a093390ed7e9 admin admin] Notify callbacks [] for security_group, before_response {{(pid=103601) _notify_loop /usr/local/lib/python3.8/dist-packages/neutron_lib/callbacks/manager.py:192}}
Jun 16 15:45:29.745611 dv-cinder-796114-3-smb neutron-server[103601]: INFO neutron.wsgi [None req-66e647d8-5137-4466-90ae-a093390ed7e9 admin admin] 10.222.0.23 "DELETE /v2.0/security-groups/c7874336-3028-48a9-af93-f72c009c468f HTTP/1.1" status: 204 len: 168 time: 0.8356273
Jun 16 15:45:29.746680 dv-cinder-796114-3-smb neutron-server[103601]: DEBUG oslo_concurrency.lockutils [-] Lock "event-dispatch" acquired by "neutron.plugins.ml2.ovo_rpc._ObjectChangeHandler.dispatch_events" :: waited 0.000s {{(pid=103601) inner /usr/local/lib/python3.8/dist-packages/oslo_concurrency/lockutils.py:355}}
Jun 16 15:45:29.748662 dv-cinder-796114-3-smb neutron-server[103603]: DEBUG neutron_lib.callbacks.manager [None req-2ca84a77-4c76-4a8c-8779-0bf3391ecfe2 None None] Notify callbacks ['neutron.services.segments.db._update_segment_host_mapping_for_agent-8727022603039', 'neutron.plugins.ml2.plugin.Ml2Plugin._retry_binding_revived_agents-637249'] for agent, after_update {{(pid=103603) _notify_loop /usr/local/lib/python3.8/dist-packages/neutron_lib/callbacks/manager.py:192}}
Jun 16 15:45:29.804442 dv-cinder-796114-3-smb neutron-server[103601]: DEBUG neutron.api.rpc.handlers.resources_rpc [None req-66e647d8-5137-4466-90ae-a093390ed7e9 admin admin] Pushing event deleted for resources: {'SecurityGroup': ['ID=c7874336-3028-48a9-af93-f72c009c468f,revision_number=None']} {{(pid=103601) push /opt/stack/neutron/neutron/api/rpc/handlers/resources_rpc.py:237}}
Jun 16 15:45:29.816392 dv-cinder-796114-3-smb neutron-server[103601]: DEBUG oslo_concurrency.lockutils [None req-66e647d8-5137-4466-90ae-a093390ed7e9 admin admin] Lock "event-dispatch" released by "neutron.plugins.ml2.ovo_rpc._ObjectChangeHandler.dispatch_events" :: held 0.069s {{(pid=103601) inner /usr/local/lib/python3.8/dist-packages/oslo_concurrency/lockutils.py:367}}
Jun 16 15:45:29.875694 dv-cinder-796114-3-smb neutron-server[103602]: DEBUG neutron_lib.callbacks.manager [None req-693b4b7e-89e9-4ec5-85fe-872ac05ad551 tempest-AttachVolumeShelveTestJSON-1076987552 tempest-AttachVolumeShelveTestJSON-1076987552-project] Notify callbacks [] for security_group_rule, before_create {{(pid=103602) _notify_loop /usr/local/lib/python3.8/dist-packages/neutron_lib/callbacks/manager.py:192}}
Jun 16 15:45:29.893337 dv-cinder-796114-3-smb neutron-server[103601]: DEBUG neutron.wsgi [-] (103601) accepted ('10.222.0.23', 55154) {{(pid=103601) server /usr/local/lib/python3.8/dist-packages/eventlet/wsgi.py:992}}
Jun 16 15:45:29.928460 dv-cinder-796114-3-smb neutron-server[103603]: DEBUG neutron_lib.callbacks.manager [None req-920997bd-6477-42cd-a253-8bb669f8a8ef None None] Notify callbacks [] for port, precommit_update {{(pid=103603) _notify_loop /usr/local/lib/python3.8/dist-packages/neutron_lib/callbacks/manager.py:192}}
Jun 16 15:45:29.949344 dv-cinder-796114-3-smb neutron-server[103603]: DEBUG neutron.db.provisioning_blocks [None req-920997bd-6477-42cd-a253-8bb669f8a8ef None None] Transition to ACTIVE for port object 65653f97-d2fc-4ce8-8c3f-b6c68d3691b4 will not be triggered until provisioned by entity L2. {{(pid=103603) add_provisioning_component /opt/stack/neutron/neutron/db/provisioning_blocks.py:73}}
Jun 16 15:45:29.976119 dv-cinder-796114-3-smb neutron-server[103603]: DEBUG neutron_lib.callbacks.manager [None req-920997bd-6477-42cd-a253-8bb669f8a8ef None None] Notify callbacks ['neutron.plugins.ml2.plugin.SecurityGroupServerNotifierRpcMixin.notify_sg_on_port_change-943508', 'neutron.plugins.ml2.ovo_rpc._ObjectChangeHandler.handle_event-418618', 'neutron.api.rpc.agentnotifiers.dhcp_rpc_agent_api.DhcpAgentNotifyAPI._native_event_send_dhcp_notification-1804123', 'neutron.db.l3_db.L3RpcNotifierMixin._notify_gateway_port_ip_changed-8727022538343', 'neutron.db.l3_dvrscheduler_db._notify_l3_agent_port_update-8727022079519', 'neutron.db.l3_hascheduler_db._notify_l3_agent_ha_port_update-8727022079564'] for port, after_update {{(pid=103603) _notify_loop /usr/local/lib/python3.8/dist-packages/neutron_lib/callbacks/manager.py:192}}
Jun 16 15:45:30.028586 dv-cinder-796114-3-smb neutron-server[103603]: DEBUG oslo_concurrency.lockutils [None req-f5bbfc22-14ff-4dd4-b634-a891379b309e None None] Lock "event-dispatch" acquired by "neutron.plugins.ml2.ovo_rpc._ObjectChangeHandler.dispatch_events" :: waited 0.000s {{(pid=103603) inner /usr/local/lib/python3.8/dist-packages/oslo_concurrency/lockutils.py:355}}
Jun 16 15:45:30.082121 dv-cinder-796114-3-smb neutron-server[103601]: DEBUG neutron.db.db_base_plugin_v2 [None req-f95d3155-8d51-4dac-9739-c80d081bca8f admin admin] Deleting subnet 8a8a8588-1ccb-41b6-ae0c-e1d481f974b6 {{(pid=103601) delete_subnet /opt/stack/neutron/neutron/db/db_base_plugin_v2.py:1047}}
Jun 16 15:45:30.099803 dv-cinder-796114-3-smb neutron-server[103601]: DEBUG neutron_lib.callbacks.manager [None req-f95d3155-8d51-4dac-9739-c80d081bca8f admin admin] Notify callbacks [] for subnet, before_delete {{(pid=103601) _notify_loop /usr/local/lib/python3.8/dist-packages/neutron_lib/callbacks/manager.py:192}}
Jun 16 15:45:30.198342 dv-cinder-796114-3-smb neutron-server[103603]: DEBUG neutron_lib.callbacks.manager [None req-2e3d05ce-1800-4bf3-9ad1-706ef4162d76 None None] Notify callbacks ['neutron.services.segments.db._update_segment_host_mapping_for_agent-8727022603039', 'neutron.plugins.ml2.plugin.Ml2Plugin._retry_binding_revived_agents-637249'] for agent, after_update {{(pid=103603) _notify_loop /usr/local/lib/python3.8/dist-packages/neutron_lib/callbacks/manager.py:192}}
Jun 16 15:45:30.234882 dv-cinder-796114-3-smb neutron-server[103601]: DEBUG neutron_lib.callbacks.manager [None req-f95d3155-8d51-4dac-9739-c80d081bca8f admin admin] Notify callbacks [] for subnet, precommit_delete_associations {{(pid=103601) _notify_loop /usr/local/lib/python3.8/dist-packages/neutron_lib/callbacks/manager.py:192}}
Jun 16 15:45:30.252143 dv-cinder-796114-3-smb neutron-server[103602]: INFO neutron.wsgi [req-2ec8956c-60d1-4695-a3dc-b28f8f450c3a req-1e886fce-77f3-4958-b34f-27e24c094a8e tempest-AttachVolumeNegativeTest-319179867 tempest-AttachVolumeNegativeTest-319179867-project] 10.222.0.23 "GET /v2.0/ports?device_id=911948a0-a2f5-40e0-a28a-d677ef9606ba HTTP/1.1" status: 200 len: 210 time: 0.1272039
Jun 16 15:45:30.275547 dv-cinder-796114-3-smb neutron-server[103601]: DEBUG neutron_lib.callbacks.manager [None req-f95d3155-8d51-4dac-9739-c80d081bca8f admin admin] Notify callbacks ['neutron.plugins.ml2.plugin.Ml2Plugin._subnet_delete_precommit_handler-608512'] for subnet, precommit_delete {{(pid=103601) _notify_loop /usr/local/lib/python3.8/dist-packages/neutron_lib/callbacks/manager.py:192}}
Jun 16 15:45:30.299447 dv-cinder-796114-3-smb neutron-server[103602]: DEBUG neutron_lib.callbacks.manager [None req-693b4b7e-89e9-4ec5-85fe-872ac05ad551 tempest-AttachVolumeShelveTestJSON-1076987552 tempest-AttachVolumeShelveTestJSON-1076987552-project] Notify callbacks [] for security_group_rule, precommit_create {{(pid=103602) _notify_loop /usr/local/lib/python3.8/dist-packages/neutron_lib/callbacks/manager.py:192}}
Jun 16 15:45:30.306457 dv-cinder-796114-3-smb neutron-server[103602]: DEBUG neutron_lib.callbacks.manager [None req-693b4b7e-89e9-4ec5-85fe-872ac05ad551 tempest-AttachVolumeShelveTestJSON-1076987552 tempest-AttachVolumeShelveTestJSON-1076987552-project] Notify callbacks ['neutron.plugins.ml2.ovo_rpc._ObjectChangeHandler.handle_event-1653779'] for security_group_rule, after_create {{(pid=103602) _notify_loop /usr/local/lib/python3.8/dist-packages/neutron_lib/callbacks/manager.py:192}}
Jun 16 15:45:30.308725 dv-cinder-796114-3-smb neutron-server[103602]: DEBUG oslo_concurrency.lockutils [-] Lock "event-dispatch" acquired by "neutron.plugins.ml2.ovo_rpc._ObjectChangeHandler.dispatch_events" :: waited 0.000s {{(pid=103602) inner /usr/local/lib/python3.8/dist-packages/oslo_concurrency/lockutils.py:355}}
Jun 16 15:45:30.349678 dv-cinder-796114-3-smb neutron-server[103603]: DEBUG neutron.db.provisioning_blocks [None req-2e3d05ce-1800-4bf3-9ad1-706ef4162d76 None None] Provisioning complete for port 5bd28d77-2d1e-47a0-89c1-0438c8bfe0e5 triggered by entity L2. {{(pid=103603) provisioning_complete /opt/stack/neutron/neutron/db/provisioning_blocks.py:139}}
Jun 16 15:45:30.350370 dv-cinder-796114-3-smb neutron-server[103603]: DEBUG neutron_lib.callbacks.manager [None req-2e3d05ce-1800-4bf3-9ad1-706ef4162d76 None None] Notify callbacks ['neutron.plugins.ml2.plugin.Ml2Plugin._port_provisioned-637426'] for port, provisioning_complete {{(pid=103603) _notify_loop /usr/local/lib/python3.8/dist-packages/neutron_lib/callbacks/manager.py:192}}
Jun 16 15:45:30.381404 dv-cinder-796114-3-smb neutron-server[103602]: DEBUG neutron.api.rpc.handlers.resources_rpc [None req-693b4b7e-89e9-4ec5-85fe-872ac05ad551 tempest-AttachVolumeShelveTestJSON-1076987552 tempest-AttachVolumeShelveTestJSON-1076987552-project] Pushing event updated for resources: {'SecurityGroupRule': ['ID=ff7f1248-2d48-4d82-9afa-fd3d58d4548d,revision_number=0']} {{(pid=103602) push /opt/stack/neutron/neutron/api/rpc/handlers/resources_rpc.py:237}}
Jun 16 15:45:30.394681 dv-cinder-796114-3-smb neutron-server[103602]: DEBUG oslo_concurrency.lockutils [None req-693b4b7e-89e9-4ec5-85fe-872ac05ad551 tempest-AttachVolumeShelveTestJSON-1076987552 tempest-AttachVolumeShelveTestJSON-1076987552-project] Lock "event-dispatch" released by "neutron.plugins.ml2.ovo_rpc._ObjectChangeHandler.dispatch_events" :: held 0.086s {{(pid=103602) inner /usr/local/lib/python3.8/dist-packages/oslo_concurrency/lockutils.py:367}}
Jun 16 15:45:30.407799 dv-cinder-796114-3-smb neutron-server[103602]: DEBUG neutron_lib.callbacks.manager [None req-693b4b7e-89e9-4ec5-85fe-872ac05ad551 tempest-AttachVolumeShelveTestJSON-1076987552 tempest-AttachVolumeShelveTestJSON-1076987552-project] Notify callbacks [] for security_group_rule, before_response {{(pid=103602) _notify_loop /usr/local/lib/python3.8/dist-packages/neutron_lib/callbacks/manager.py:192}}
Jun 16 15:45:30.409317 dv-cinder-796114-3-smb neutron-server[103602]: INFO neutron.wsgi [None req-693b4b7e-89e9-4ec5-85fe-872ac05ad551 tempest-AttachVolumeShelveTestJSON-1076987552 tempest-AttachVolumeShelveTestJSON-1076987552-project] 10.222.0.23 "POST /v2.0/security-group-rules HTTP/1.1" status: 201 len: 764 time: 0.7428071
Jun 16 15:45:30.413624 dv-cinder-796114-3-smb neutron-server[103602]: DEBUG neutron.wsgi [-] (103602) accepted ('10.222.0.23', 55170) {{(pid=103602) server /usr/local/lib/python3.8/dist-packages/eventlet/wsgi.py:992}}
Jun 16 15:45:30.433825 dv-cinder-796114-3-smb neutron-server[103602]: DEBUG neutron.api.v2.base [None req-ee5a9681-b2ff-4ad3-9cfb-673311dacc77 tempest-AttachVolumeShelveTestJSON-1076987552 tempest-AttachVolumeShelveTestJSON-1076987552-project] Request body: {'security_group_rule': {'security_group_id': '0676990b-1005-4671-b11f-68fb4a2c050e', 'protocol': 'icmp', 'ethertype': 'IPv4', 'direction': 'ingress'}} {{(pid=103602) prepare_request_body /opt/stack/neutron/neutron/api/v2/base.py:729}}
Jun 16 15:45:30.480118 dv-cinder-796114-3-smb neutron-server[103601]: DEBUG neutron_lib.callbacks.manager [None req-f95d3155-8d51-4dac-9739-c80d081bca8f admin admin] Notify callbacks ['neutron.plugins.ml2.plugin.Ml2Plugin._subnet_delete_after_delete_handler-608543', 'neutron.plugins.ml2.ovo_rpc._ObjectChangeHandler.handle_event-418623', 'neutron.api.rpc.agentnotifiers.dhcp_rpc_agent_api.DhcpAgentNotifyAPI._native_event_send_dhcp_notification-1804123'] for subnet, after_delete {{(pid=103601) _notify_loop /usr/local/lib/python3.8/dist-packages/neutron_lib/callbacks/manager.py:192}}
Jun 16 15:45:30.490631 dv-cinder-796114-3-smb neutron-server[103601]: DEBUG oslo_concurrency.lockutils [-] Lock "event-dispatch" acquired by "neutron.plugins.ml2.ovo_rpc._ObjectChangeHandler.dispatch_events" :: waited 0.000s {{(pid=103601) inner /usr/local/lib/python3.8/dist-packages/oslo_concurrency/lockutils.py:355}}
Jun 16 15:45:30.570814 dv-cinder-796114-3-smb neutron-server[103602]: DEBUG neutron_lib.callbacks.manager [None req-ee5a9681-b2ff-4ad3-9cfb-673311dacc77 tempest-AttachVolumeShelveTestJSON-1076987552 tempest-AttachVolumeShelveTestJSON-1076987552-project] Notify callbacks [] for security_group_rule, before_create {{(pid=103602) _notify_loop /usr/local/lib/python3.8/dist-packages/neutron_lib/callbacks/manager.py:192}}
Jun 16 15:45:30.575694 dv-cinder-796114-3-smb neutron-server[103603]: DEBUG neutron_lib.callbacks.manager [None req-b68baf3b-ca77-492a-a213-04a1c1ffd944 None None] Notify callbacks ['neutron.services.segments.db._update_segment_host_mapping_for_agent-8727022603039', 'neutron.plugins.ml2.plugin.Ml2Plugin._retry_binding_revived_agents-637249'] for agent, after_update {{(pid=103603) _notify_loop /usr/local/lib/python3.8/dist-packages/neutron_lib/callbacks/manager.py:192}}
Jun 16 15:45:30.634138 dv-cinder-796114-3-smb neutron-server[103601]: DEBUG neutron.api.rpc.handlers.resources_rpc [None req-f95d3155-8d51-4dac-9739-c80d081bca8f admin admin] Pushing event deleted for resources: {'Subnet': ['ID=8a8a8588-1ccb-41b6-ae0c-e1d481f974b6,revision_number=None']} {{(pid=103601) push /opt/stack/neutron/neutron/api/rpc/handlers/resources_rpc.py:237}}
Jun 16 15:45:30.657096 dv-cinder-796114-3-smb neutron-server[103601]: DEBUG neutron_lib.callbacks.manager [None req-f95d3155-8d51-4dac-9739-c80d081bca8f admin admin] Notify callbacks ['neutron.api.rpc.agentnotifiers.dhcp_rpc_agent_api.DhcpAgentNotifyAPI._send_dhcp_notification-1804109'] for subnet, before_response {{(pid=103601) _notify_loop /usr/local/lib/python3.8/dist-packages/neutron_lib/callbacks/manager.py:192}}
