Jun 12 12:58:47.886000 dv-cinder-796114-1-iscsi devstack@c-api.service[98456]: /usr/local/lib/python3.8/dist-packages/oslo_context/context.py:105: DeprecationWarning: Policy enforcement is depending on the value of is_admin. This key is deprecated. Please update your policy file to use the standard policy values.
Jun 12 12:58:47.886000 dv-cinder-796114-1-iscsi devstack@c-api.service[98456]: warnings.warn('Policy enforcement is depending on the value of '
Jun 12 12:58:47.889814 dv-cinder-796114-1-iscsi devstack@c-api.service[98457]: INFO cinder.api.openstack.wsgi [None req-b55d0929-6236-4d0b-8558-6942efbefed7 tempest-VolumeQuotasAdminTestJSON-269586944 tempest-VolumeQuotasAdminTestJSON-269586944-project-admin] http://10.222.0.23/volume/v3/30117830f20446e4bd527e0643499004/os-quota-sets/4fafa8e0c90847c8ada47951bd4458a4?usage=True returned with HTTP 200
Jun 12 12:58:47.891334 dv-cinder-796114-1-iscsi devstack@c-api.service[98457]: [pid: 98457|app: 0|req: 165/303] 10.222.0.23 () {58 vars in 1352 bytes} [Sat Jun 12 12:58:47 2021] GET /volume/v3/30117830f20446e4bd527e0643499004/os-quota-sets/4fafa8e0c90847c8ada47951bd4458a4?usage=True => generated 868 bytes in 56 msecs (HTTP/1.1 200) 7 headers in 285 bytes (1 switches on core 0)
Jun 12 12:58:47.893594 dv-cinder-796114-1-iscsi devstack@c-api.service[98456]: INFO cinder.api.openstack.wsgi [None req-bb75c846-1479-479f-843d-bf014812adc7 tempest-AttachVolumeNegativeTest-587336505 tempest-AttachVolumeNegativeTest-587336505-project] http://10.222.0.23/volume/v3/95c531eed7bc41ed93d7b43b25a1fa63/volumes/2f842475-13d0-4688-b4f5-57f6cd5eef2e returned with HTTP 200
Jun 12 12:58:47.894799 dv-cinder-796114-1-iscsi devstack@c-api.service[98456]: [pid: 98456|app: 0|req: 139/304] 10.222.0.23 () {58 vars in 1325 bytes} [Sat Jun 12 12:58:47 2021] GET /volume/v3/95c531eed7bc41ed93d7b43b25a1fa63/volumes/2f842475-13d0-4688-b4f5-57f6cd5eef2e => generated 916 bytes in 65 msecs (HTTP/1.1 200) 7 headers in 285 bytes (1 switches on core 0)
Jun 12 12:58:47.910853 dv-cinder-796114-1-iscsi devstack@c-api.service[98457]: INFO cinder.api.openstack.wsgi [None req-6e64b8e2-3c72-4279-bed0-084282107d19 tempest-VolumeQuotasAdminTestJSON-269586944 tempest-VolumeQuotasAdminTestJSON-269586944-project-admin] DELETE http://10.222.0.23/volume/v3/30117830f20446e4bd527e0643499004/volumes/58edc34f-ebef-471f-99ad-47e7e14d1b5f
Jun 12 12:58:47.911367 dv-cinder-796114-1-iscsi devstack@c-api.service[98457]: DEBUG cinder.api.openstack.wsgi [None req-6e64b8e2-3c72-4279-bed0-084282107d19 tempest-VolumeQuotasAdminTestJSON-269586944 tempest-VolumeQuotasAdminTestJSON-269586944-project-admin] Empty body provided in request {{(pid=98457) get_body /opt/stack/cinder/cinder/api/openstack/wsgi.py:713}}
Jun 12 12:58:47.911792 dv-cinder-796114-1-iscsi devstack@c-api.service[98457]: DEBUG cinder.api.openstack.wsgi [None req-6e64b8e2-3c72-4279-bed0-084282107d19 tempest-VolumeQuotasAdminTestJSON-269586944 tempest-VolumeQuotasAdminTestJSON-269586944-project-admin] Calling method 'delete' {{(pid=98457) _process_stack /opt/stack/cinder/cinder/api/openstack/wsgi.py:866}}
Jun 12 12:58:47.912203 dv-cinder-796114-1-iscsi devstack@c-api.service[98457]: INFO cinder.api.v3.volumes [None req-6e64b8e2-3c72-4279-bed0-084282107d19 tempest-VolumeQuotasAdminTestJSON-269586944 tempest-VolumeQuotasAdminTestJSON-269586944-project-admin] Delete volume with id: 58edc34f-ebef-471f-99ad-47e7e14d1b5f
Jun 12 12:58:47.926459 dv-cinder-796114-1-iscsi devstack@c-api.service[98457]: /usr/local/lib/python3.8/dist-packages/oslo_context/context.py:105: DeprecationWarning: Policy enforcement is depending on the value of is_admin. This key is deprecated. Please update your policy file to use the standard policy values.
Jun 12 12:58:47.926459 dv-cinder-796114-1-iscsi devstack@c-api.service[98457]: warnings.warn('Policy enforcement is depending on the value of '
Jun 12 12:58:47.927332 dv-cinder-796114-1-iscsi devstack@c-api.service[98457]: INFO cinder.volume.api [None req-6e64b8e2-3c72-4279-bed0-084282107d19 tempest-VolumeQuotasAdminTestJSON-269586944 tempest-VolumeQuotasAdminTestJSON-269586944-project-admin] Volume info retrieved successfully.
Jun 12 12:58:47.961516 dv-cinder-796114-1-iscsi devstack@c-api.service[98457]: INFO cinder.volume.api [None req-6e64b8e2-3c72-4279-bed0-084282107d19 tempest-VolumeQuotasAdminTestJSON-269586944 tempest-VolumeQuotasAdminTestJSON-269586944-project-admin] Delete volume request issued successfully.
Jun 12 12:58:47.965250 dv-cinder-796114-1-iscsi devstack@c-api.service[98457]: INFO cinder.api.openstack.wsgi [None req-6e64b8e2-3c72-4279-bed0-084282107d19 tempest-VolumeQuotasAdminTestJSON-269586944 tempest-VolumeQuotasAdminTestJSON-269586944-project-admin] http://10.222.0.23/volume/v3/30117830f20446e4bd527e0643499004/volumes/58edc34f-ebef-471f-99ad-47e7e14d1b5f returned with HTTP 202
Jun 12 12:58:47.965250 dv-cinder-796114-1-iscsi devstack@c-api.service[98457]: [pid: 98457|app: 0|req: 166/305] 10.222.0.23 () {58 vars in 1328 bytes} [Sat Jun 12 12:58:47 2021] DELETE /volume/v3/30117830f20446e4bd527e0643499004/volumes/58edc34f-ebef-471f-99ad-47e7e14d1b5f => generated 0 bytes in 56 msecs (HTTP/1.1 202) 6 headers in 233 bytes (1 switches on core 0)
Jun 12 12:58:47.969929 dv-cinder-796114-1-iscsi devstack@c-api.service[98456]: INFO cinder.api.openstack.wsgi [None req-302196c4-594b-4798-9564-944d0ca4a161 tempest-VolumeQuotasAdminTestJSON-269586944 tempest-VolumeQuotasAdminTestJSON-269586944-project-admin] GET http://10.222.0.23/volume/v3/30117830f20446e4bd527e0643499004/volumes/58edc34f-ebef-471f-99ad-47e7e14d1b5f
Jun 12 12:58:47.970422 dv-cinder-796114-1-iscsi devstack@c-api.service[98456]: DEBUG cinder.api.openstack.wsgi [None req-302196c4-594b-4798-9564-944d0ca4a161 tempest-VolumeQuotasAdminTestJSON-269586944 tempest-VolumeQuotasAdminTestJSON-269586944-project-admin] Empty body provided in request {{(pid=98456) get_body /opt/stack/cinder/cinder/api/openstack/wsgi.py:713}}
Jun 12 12:58:47.970629 dv-cinder-796114-1-iscsi devstack@c-api.service[98456]: /usr/local/lib/python3.8/dist-packages/webob/acceptparse.py:1047: DeprecationWarning: The behavior of AcceptValidHeader.best_match is currently being maintained for backward compatibility, but it will be deprecated in the future, as it does not conform to the RFC.
Jun 12 12:58:47.970629 dv-cinder-796114-1-iscsi devstack@c-api.service[98456]: warnings.warn(
Jun 12 12:58:47.970910 dv-cinder-796114-1-iscsi devstack@c-api.service[98456]: DEBUG cinder.api.openstack.wsgi [None req-302196c4-594b-4798-9564-944d0ca4a161 tempest-VolumeQuotasAdminTestJSON-269586944 tempest-VolumeQuotasAdminTestJSON-269586944-project-admin] Calling method 'show' {{(pid=98456) _process_stack /opt/stack/cinder/cinder/api/openstack/wsgi.py:866}}
Jun 12 12:58:48.022020 dv-cinder-796114-1-iscsi devstack@c-api.service[98456]: /usr/local/lib/python3.8/dist-packages/oslo_context/context.py:105: DeprecationWarning: Policy enforcement is depending on the value of is_admin. This key is deprecated. Please update your policy file to use the standard policy values.
Jun 12 12:58:48.022020 dv-cinder-796114-1-iscsi devstack@c-api.service[98456]: warnings.warn('Policy enforcement is depending on the value of '
Jun 12 12:58:48.029692 dv-cinder-796114-1-iscsi devstack@c-api.service[98456]: INFO cinder.volume.api [None req-302196c4-594b-4798-9564-944d0ca4a161 tempest-VolumeQuotasAdminTestJSON-269586944 tempest-VolumeQuotasAdminTestJSON-269586944-project-admin] Volume info retrieved successfully.
Jun 12 12:58:48.043369 dv-cinder-796114-1-iscsi devstack@c-api.service[98456]: INFO cinder.api.openstack.wsgi [None req-302196c4-594b-4798-9564-944d0ca4a161 tempest-VolumeQuotasAdminTestJSON-269586944 tempest-VolumeQuotasAdminTestJSON-269586944-project-admin] http://10.222.0.23/volume/v3/30117830f20446e4bd527e0643499004/volumes/58edc34f-ebef-471f-99ad-47e7e14d1b5f returned with HTTP 200
Jun 12 12:58:48.044400 dv-cinder-796114-1-iscsi devstack@c-api.service[98456]: [pid: 98456|app: 0|req: 140/306] 10.222.0.23 () {58 vars in 1325 bytes} [Sat Jun 12 12:58:47 2021] GET /volume/v3/30117830f20446e4bd527e0643499004/volumes/58edc34f-ebef-471f-99ad-47e7e14d1b5f => generated 1093 bytes in 78 msecs (HTTP/1.1 200) 7 headers in 286 bytes (1 switches on core 0)
Jun 12 12:58:48.074357 dv-cinder-796114-1-iscsi devstack@c-api.service[98457]: INFO cinder.api.openstack.wsgi [None req-715edfda-2d4b-4f06-aa2d-ffe77c7d1c32 tempest-DeleteServersTestJSON-12653219 tempest-DeleteServersTestJSON-12653219-project] GET http://10.222.0.23/volume/v3/b67a286ffa654c969fe77992bb8766b0/volumes/5ad66047-c468-457d-a7cf-763df0b8f36f
Jun 12 12:58:48.074810 dv-cinder-796114-1-iscsi devstack@c-api.service[98457]: DEBUG cinder.api.openstack.wsgi [None req-715edfda-2d4b-4f06-aa2d-ffe77c7d1c32 tempest-DeleteServersTestJSON-12653219 tempest-DeleteServersTestJSON-12653219-project] Empty body provided in request {{(pid=98457) get_body /opt/stack/cinder/cinder/api/openstack/wsgi.py:713}}
Jun 12 12:58:48.075152 dv-cinder-796114-1-iscsi devstack@c-api.service[98457]: /usr/local/lib/python3.8/dist-packages/webob/acceptparse.py:1047: DeprecationWarning: The behavior of AcceptValidHeader.best_match is currently being maintained for backward compatibility, but it will be deprecated in the future, as it does not conform to the RFC.
Jun 12 12:58:48.075152 dv-cinder-796114-1-iscsi devstack@c-api.service[98457]: warnings.warn(
Jun 12 12:58:48.075479 dv-cinder-796114-1-iscsi devstack@c-api.service[98457]: DEBUG cinder.api.openstack.wsgi [None req-715edfda-2d4b-4f06-aa2d-ffe77c7d1c32 tempest-DeleteServersTestJSON-12653219 tempest-DeleteServersTestJSON-12653219-project] Calling method 'show' {{(pid=98457) _process_stack /opt/stack/cinder/cinder/api/openstack/wsgi.py:866}}
Jun 12 12:58:48.089248 dv-cinder-796114-1-iscsi devstack@c-api.service[98457]: /usr/local/lib/python3.8/dist-packages/oslo_context/context.py:105: DeprecationWarning: Policy enforcement is depending on the value of is_admin. This key is deprecated. Please update your policy file to use the standard policy values.
Jun 12 12:58:48.089248 dv-cinder-796114-1-iscsi devstack@c-api.service[98457]: warnings.warn('Policy enforcement is depending on the value of '
Jun 12 12:58:48.099067 dv-cinder-796114-1-iscsi devstack@c-api.service[98457]: INFO cinder.volume.api [None req-715edfda-2d4b-4f06-aa2d-ffe77c7d1c32 tempest-DeleteServersTestJSON-12653219 tempest-DeleteServersTestJSON-12653219-project] Volume info retrieved successfully.
Jun 12 12:58:48.114979 dv-cinder-796114-1-iscsi devstack@c-api.service[98457]: /usr/local/lib/python3.8/dist-packages/oslo_context/context.py:105: DeprecationWarning: Policy enforcement is depending on the value of is_admin. This key is deprecated. Please update your policy file to use the standard policy values.
Jun 12 12:58:48.114979 dv-cinder-796114-1-iscsi devstack@c-api.service[98457]: warnings.warn('Policy enforcement is depending on the value of '
Jun 12 12:58:48.122773 dv-cinder-796114-1-iscsi devstack@c-api.service[98457]: INFO cinder.api.openstack.wsgi [None req-715edfda-2d4b-4f06-aa2d-ffe77c7d1c32 tempest-DeleteServersTestJSON-12653219 tempest-DeleteServersTestJSON-12653219-project] http://10.222.0.23/volume/v3/b67a286ffa654c969fe77992bb8766b0/volumes/5ad66047-c468-457d-a7cf-763df0b8f36f returned with HTTP 200
Jun 12 12:58:48.123516 dv-cinder-796114-1-iscsi devstack@c-api.service[98457]: [pid: 98457|app: 0|req: 167/307] 10.222.0.23 () {58 vars in 1325 bytes} [Sat Jun 12 12:58:48 2021] GET /volume/v3/b67a286ffa654c969fe77992bb8766b0/volumes/5ad66047-c468-457d-a7cf-763df0b8f36f => generated 912 bytes in 53 msecs (HTTP/1.1 200) 7 headers in 285 bytes (1 switches on core 0)
Jun 12 12:58:48.625369 dv-cinder-796114-1-iscsi devstack@c-api.service[98456]: INFO cinder.api.openstack.wsgi [None req-67ddeb2f-bcd0-4de7-b6e8-675c2fb94267 tempest-SnapshotMetadataTestJSON-481824279 tempest-SnapshotMetadataTestJSON-481824279-project] GET http://10.222.0.23/volume/v3/44950f6a2b414a5c90e23c35ba7f6168/volumes/b8f6c24f-a74b-4442-97da-3be28a272873
Jun 12 12:58:48.625848 dv-cinder-796114-1-iscsi devstack@c-api.service[98456]: DEBUG cinder.api.openstack.wsgi [None req-67ddeb2f-bcd0-4de7-b6e8-675c2fb94267 tempest-SnapshotMetadataTestJSON-481824279 tempest-SnapshotMetadataTestJSON-481824279-project] Empty body provided in request {{(pid=98456) get_body /opt/stack/cinder/cinder/api/openstack/wsgi.py:713}}
Jun 12 12:58:48.626074 dv-cinder-796114-1-iscsi devstack@c-api.service[98456]: /usr/local/lib/python3.8/dist-packages/webob/acceptparse.py:1047: DeprecationWarning: The behavior of AcceptValidHeader.best_match is currently being maintained for backward compatibility, but it will be deprecated in the future, as it does not conform to the RFC.
Jun 12 12:58:48.626074 dv-cinder-796114-1-iscsi devstack@c-api.service[98456]: warnings.warn(
Jun 12 12:58:48.626585 dv-cinder-796114-1-iscsi devstack@c-api.service[98456]: DEBUG cinder.api.openstack.wsgi [None req-67ddeb2f-bcd0-4de7-b6e8-675c2fb94267 tempest-SnapshotMetadataTestJSON-481824279 tempest-SnapshotMetadataTestJSON-481824279-project] Calling method 'show' {{(pid=98456) _process_stack /opt/stack/cinder/cinder/api/openstack/wsgi.py:866}}
Jun 12 12:58:48.638294 dv-cinder-796114-1-iscsi devstack@c-api.service[98456]: INFO cinder.api.openstack.wsgi [None req-67ddeb2f-bcd0-4de7-b6e8-675c2fb94267 tempest-SnapshotMetadataTestJSON-481824279 tempest-SnapshotMetadataTestJSON-481824279-project] http://10.222.0.23/volume/v3/44950f6a2b414a5c90e23c35ba7f6168/volumes/b8f6c24f-a74b-4442-97da-3be28a272873 returned with HTTP 404
Jun 12 12:58:48.639218 dv-cinder-796114-1-iscsi devstack@c-api.service[98456]: [pid: 98456|app: 0|req: 141/308] 10.222.0.23 () {58 vars in 1325 bytes} [Sat Jun 12 12:58:48 2021] GET /volume/v3/44950f6a2b414a5c90e23c35ba7f6168/volumes/b8f6c24f-a74b-4442-97da-3be28a272873 => generated 109 bytes in 17 msecs (HTTP/1.1 404) 7 headers in 292 bytes (1 switches on core 0)
Jun 12 12:58:48.909325 dv-cinder-796114-1-iscsi devstack@c-api.service[98457]: INFO cinder.api.openstack.wsgi [None req-8cefe6e9-ddcb-4828-8e0a-e591c472766c tempest-AttachVolumeNegativeTest-587336505 tempest-AttachVolumeNegativeTest-587336505-project] GET http://10.222.0.23/volume/v3/95c531eed7bc41ed93d7b43b25a1fa63/volumes/2f842475-13d0-4688-b4f5-57f6cd5eef2e
Jun 12 12:58:48.910657 dv-cinder-796114-1-iscsi devstack@c-api.service[98457]: DEBUG cinder.api.openstack.wsgi [None req-8cefe6e9-ddcb-4828-8e0a-e591c472766c tempest-AttachVolumeNegativeTest-587336505 tempest-AttachVolumeNegativeTest-587336505-project] Empty body provided in request {{(pid=98457) get_body /opt/stack/cinder/cinder/api/openstack/wsgi.py:713}}
Jun 12 12:58:48.911072 dv-cinder-796114-1-iscsi devstack@c-api.service[98457]: /usr/local/lib/python3.8/dist-packages/webob/acceptparse.py:1047: DeprecationWarning: The behavior of AcceptValidHeader.best_match is currently being maintained for backward compatibility, but it will be deprecated in the future, as it does not conform to the RFC.
Jun 12 12:58:48.911072 dv-cinder-796114-1-iscsi devstack@c-api.service[98457]: warnings.warn(
Jun 12 12:58:48.911683 dv-cinder-796114-1-iscsi devstack@c-api.service[98457]: DEBUG cinder.api.openstack.wsgi [None req-8cefe6e9-ddcb-4828-8e0a-e591c472766c tempest-AttachVolumeNegativeTest-587336505 tempest-AttachVolumeNegativeTest-587336505-project] Calling method 'show' {{(pid=98457) _process_stack /opt/stack/cinder/cinder/api/openstack/wsgi.py:866}}
Jun 12 12:58:48.943576 dv-cinder-796114-1-iscsi devstack@c-api.service[98457]: /usr/local/lib/python3.8/dist-packages/oslo_context/context.py:105: DeprecationWarning: Policy enforcement is depending on the value of is_admin. This key is deprecated. Please update your policy file to use the standard policy values.
Jun 12 12:58:48.943576 dv-cinder-796114-1-iscsi devstack@c-api.service[98457]: warnings.warn('Policy enforcement is depending on the value of '
Jun 12 12:58:48.961107 dv-cinder-796114-1-iscsi devstack@c-api.service[98457]: INFO cinder.volume.api [None req-8cefe6e9-ddcb-4828-8e0a-e591c472766c tempest-AttachVolumeNegativeTest-587336505 tempest-AttachVolumeNegativeTest-587336505-project] Volume info retrieved successfully.
Jun 12 12:58:48.987533 dv-cinder-796114-1-iscsi devstack@c-api.service[98457]: /usr/local/lib/python3.8/dist-packages/oslo_context/context.py:105: DeprecationWarning: Policy enforcement is depending on the value of is_admin. This key is deprecated. Please update your policy file to use the standard policy values.
Jun 12 12:58:48.987533 dv-cinder-796114-1-iscsi devstack@c-api.service[98457]: warnings.warn('Policy enforcement is depending on the value of '
Jun 12 12:58:49.000695 dv-cinder-796114-1-iscsi devstack@c-api.service[98457]: INFO cinder.api.openstack.wsgi [None req-8cefe6e9-ddcb-4828-8e0a-e591c472766c tempest-AttachVolumeNegativeTest-587336505 tempest-AttachVolumeNegativeTest-587336505-project] http://10.222.0.23/volume/v3/95c531eed7bc41ed93d7b43b25a1fa63/volumes/2f842475-13d0-4688-b4f5-57f6cd5eef2e returned with HTTP 200
Jun 12 12:58:49.018100 dv-cinder-796114-1-iscsi devstack@c-api.service[98457]: [pid: 98457|app: 0|req: 168/309] 10.222.0.23 () {58 vars in 1325 bytes} [Sat Jun 12 12:58:48 2021] GET /volume/v3/95c531eed7bc41ed93d7b43b25a1fa63/volumes/2f842475-13d0-4688-b4f5-57f6cd5eef2e => generated 916 bytes in 101 msecs (HTTP/1.1 200) 7 headers in 285 bytes (2 switches on core 0)
Jun 12 12:58:49.063553 dv-cinder-796114-1-iscsi devstack@c-api.service[98456]: INFO cinder.api.openstack.wsgi [None req-a1ad6886-d0c9-47f1-92c9-2e62c18cfde4 tempest-VolumeQuotasAdminTestJSON-269586944 tempest-VolumeQuotasAdminTestJSON-269586944-project-admin] GET http://10.222.0.23/volume/v3/30117830f20446e4bd527e0643499004/volumes/58edc34f-ebef-471f-99ad-47e7e14d1b5f
Jun 12 12:58:49.064124 dv-cinder-796114-1-iscsi devstack@c-api.service[98456]: DEBUG cinder.api.openstack.wsgi [None req-a1ad6886-d0c9-47f1-92c9-2e62c18cfde4 tempest-VolumeQuotasAdminTestJSON-269586944 tempest-VolumeQuotasAdminTestJSON-269586944-project-admin] Empty body provided in request {{(pid=98456) get_body /opt/stack/cinder/cinder/api/openstack/wsgi.py:713}}
Jun 12 12:58:49.064419 dv-cinder-796114-1-iscsi devstack@c-api.service[98456]: DEBUG cinder.api.openstack.wsgi [None req-a1ad6886-d0c9-47f1-92c9-2e62c18cfde4 tempest-VolumeQuotasAdminTestJSON-269586944 tempest-VolumeQuotasAdminTestJSON-269586944-project-admin] Calling method 'show' {{(pid=98456) _process_stack /opt/stack/cinder/cinder/api/openstack/wsgi.py:866}}
Jun 12 12:58:49.078008 dv-cinder-796114-1-iscsi devstack@c-api.service[98456]: INFO cinder.api.openstack.wsgi [None req-a1ad6886-d0c9-47f1-92c9-2e62c18cfde4 tempest-VolumeQuotasAdminTestJSON-269586944 tempest-VolumeQuotasAdminTestJSON-269586944-project-admin] http://10.222.0.23/volume/v3/30117830f20446e4bd527e0643499004/volumes/58edc34f-ebef-471f-99ad-47e7e14d1b5f returned with HTTP 404
Jun 12 12:58:49.081189 dv-cinder-796114-1-iscsi devstack@c-api.service[98456]: [pid: 98456|app: 0|req: 142/310] 10.222.0.23 () {58 vars in 1325 bytes} [Sat Jun 12 12:58:49 2021] GET /volume/v3/30117830f20446e4bd527e0643499004/volumes/58edc34f-ebef-471f-99ad-47e7e14d1b5f => generated 109 bytes in 21 msecs (HTTP/1.1 404) 7 headers in 292 bytes (1 switches on core 0)
Jun 12 12:58:49.093153 dv-cinder-796114-1-iscsi devstack@c-api.service[98457]: INFO cinder.api.openstack.wsgi [None req-cedc7b4c-991a-430f-9bc8-e899622cab47 tempest-VolumeQuotasAdminTestJSON-269586944 tempest-VolumeQuotasAdminTestJSON-269586944-project-admin] GET http://10.222.0.23/volume/v3/30117830f20446e4bd527e0643499004/os-quota-sets/30117830f20446e4bd527e0643499004?usage=True
Jun 12 12:58:49.094235 dv-cinder-796114-1-iscsi devstack@c-api.service[98457]: DEBUG cinder.api.openstack.wsgi [None req-cedc7b4c-991a-430f-9bc8-e899622cab47 tempest-VolumeQuotasAdminTestJSON-269586944 tempest-VolumeQuotasAdminTestJSON-269586944-project-admin] Empty body provided in request {{(pid=98457) get_body /opt/stack/cinder/cinder/api/openstack/wsgi.py:713}}
Jun 12 12:58:49.094624 dv-cinder-796114-1-iscsi devstack@c-api.service[98457]: /usr/local/lib/python3.8/dist-packages/webob/acceptparse.py:1047: DeprecationWarning: The behavior of AcceptValidHeader.best_match is currently being maintained for backward compatibility, but it will be deprecated in the future, as it does not conform to the RFC.
Jun 12 12:58:49.094624 dv-cinder-796114-1-iscsi devstack@c-api.service[98457]: warnings.warn(
Jun 12 12:58:49.095405 dv-cinder-796114-1-iscsi devstack@c-api.service[98457]: DEBUG cinder.api.openstack.wsgi [None req-cedc7b4c-991a-430f-9bc8-e899622cab47 tempest-VolumeQuotasAdminTestJSON-269586944 tempest-VolumeQuotasAdminTestJSON-269586944-project-admin] Calling method 'show' {{(pid=98457) _process_stack /opt/stack/cinder/cinder/api/openstack/wsgi.py:866}}
Jun 12 12:58:49.138468 dv-cinder-796114-1-iscsi devstack@c-api.service[98456]: INFO cinder.api.openstack.wsgi [None req-6233b267-cf5f-493d-b6a2-5572c2936dd5 tempest-DeleteServersTestJSON-12653219 tempest-DeleteServersTestJSON-12653219-project] GET http://10.222.0.23/volume/v3/b67a286ffa654c969fe77992bb8766b0/volumes/5ad66047-c468-457d-a7cf-763df0b8f36f
Jun 12 12:58:49.138928 dv-cinder-796114-1-iscsi devstack@c-api.service[98456]: DEBUG cinder.api.openstack.wsgi [None req-6233b267-cf5f-493d-b6a2-5572c2936dd5 tempest-DeleteServersTestJSON-12653219 tempest-DeleteServersTestJSON-12653219-project] Empty body provided in request {{(pid=98456) get_body /opt/stack/cinder/cinder/api/openstack/wsgi.py:713}}
Jun 12 12:58:49.139359 dv-cinder-796114-1-iscsi devstack@c-api.service[98456]: DEBUG cinder.api.openstack.wsgi [None req-6233b267-cf5f-493d-b6a2-5572c2936dd5 tempest-DeleteServersTestJSON-12653219 tempest-DeleteServersTestJSON-12653219-project] Calling method 'show' {{(pid=98456) _process_stack /opt/stack/cinder/cinder/api/openstack/wsgi.py:866}}
Jun 12 12:58:49.159486 dv-cinder-796114-1-iscsi devstack@c-api.service[98457]: INFO cinder.api.openstack.wsgi [None req-cedc7b4c-991a-430f-9bc8-e899622cab47 tempest-VolumeQuotasAdminTestJSON-269586944 tempest-VolumeQuotasAdminTestJSON-269586944-project-admin] http://10.222.0.23/volume/v3/30117830f20446e4bd527e0643499004/os-quota-sets/30117830f20446e4bd527e0643499004?usage=True returned with HTTP 200
Jun 12 12:58:49.161392 dv-cinder-796114-1-iscsi devstack@c-api.service[98457]: [pid: 98457|app: 0|req: 169/311] 10.222.0.23 () {58 vars in 1352 bytes} [Sat Jun 12 12:58:49 2021] GET /volume/v3/30117830f20446e4bd527e0643499004/os-quota-sets/30117830f20446e4bd527e0643499004?usage=True => generated 868 bytes in 75 msecs (HTTP/1.1 200) 7 headers in 285 bytes (1 switches on core 0)
Jun 12 12:58:49.164276 dv-cinder-796114-1-iscsi devstack@c-api.service[98456]: /usr/local/lib/python3.8/dist-packages/oslo_context/context.py:105: DeprecationWarning: Policy enforcement is depending on the value of is_admin. This key is deprecated. Please update your policy file to use the standard policy values.
Jun 12 12:58:49.164276 dv-cinder-796114-1-iscsi devstack@c-api.service[98456]: warnings.warn('Policy enforcement is depending on the value of '
Jun 12 12:58:49.186406 dv-cinder-796114-1-iscsi devstack@c-api.service[98456]: INFO cinder.volume.api [None req-6233b267-cf5f-493d-b6a2-5572c2936dd5 tempest-DeleteServersTestJSON-12653219 tempest-DeleteServersTestJSON-12653219-project] Volume info retrieved successfully.
Jun 12 12:58:49.195563 dv-cinder-796114-1-iscsi devstack@c-api.service[98457]: INFO cinder.api.openstack.wsgi [None req-7d146530-78ec-424d-8eb9-8f43b5238bfc tempest-VolumeQuotasAdminTestJSON-269586944 tempest-VolumeQuotasAdminTestJSON-269586944-project-admin] PUT http://10.222.0.23/volume/v3/30117830f20446e4bd527e0643499004/os-quota-sets/22868ac0cee74177a57a7d20bb8a25d9
Jun 12 12:58:49.197545 dv-cinder-796114-1-iscsi devstack@c-api.service[98457]: DEBUG cinder.api.openstack.wsgi [None req-7d146530-78ec-424d-8eb9-8f43b5238bfc tempest-VolumeQuotasAdminTestJSON-269586944 tempest-VolumeQuotasAdminTestJSON-269586944-project-admin] Action: 'update', calling method: update, body: {"quota_set": {"gigabytes": 1009, "volumes": 11, "snapshots": 11, "backups": 11, "backup_gigabytes": 1009, "per_volume_gigabytes": 1009}} {{(pid=98457) _process_stack /opt/stack/cinder/cinder/api/openstack/wsgi.py:864}}
Jun 12 12:58:49.213025 dv-cinder-796114-1-iscsi devstack@c-api.service[98456]: /usr/local/lib/python3.8/dist-packages/oslo_context/context.py:105: DeprecationWarning: Policy enforcement is depending on the value of is_admin. This key is deprecated. Please update your policy file to use the standard policy values.
Jun 12 12:58:49.213025 dv-cinder-796114-1-iscsi devstack@c-api.service[98456]: warnings.warn('Policy enforcement is depending on the value of '
Jun 12 12:58:49.225285 dv-cinder-796114-1-iscsi devstack@c-api.service[98456]: INFO cinder.api.openstack.wsgi [None req-6233b267-cf5f-493d-b6a2-5572c2936dd5 tempest-DeleteServersTestJSON-12653219 tempest-DeleteServersTestJSON-12653219-project] http://10.222.0.23/volume/v3/b67a286ffa654c969fe77992bb8766b0/volumes/5ad66047-c468-457d-a7cf-763df0b8f36f returned with HTTP 200
Jun 12 12:58:49.227383 dv-cinder-796114-1-iscsi devstack@c-api.service[98456]: [pid: 98456|app: 0|req: 143/312] 10.222.0.23 () {58 vars in 1325 bytes} [Sat Jun 12 12:58:49 2021] GET /volume/v3/b67a286ffa654c969fe77992bb8766b0/volumes/5ad66047-c468-457d-a7cf-763df0b8f36f => generated 912 bytes in 92 msecs (HTTP/1.1 200) 7 headers in 285 bytes (2 switches on core 0)
Jun 12 12:58:49.441810 dv-cinder-796114-1-iscsi devstack@c-api.service[98457]: INFO cinder.api.openstack.wsgi [None req-7d146530-78ec-424d-8eb9-8f43b5238bfc tempest-VolumeQuotasAdminTestJSON-269586944 tempest-VolumeQuotasAdminTestJSON-269586944-project-admin] http://10.222.0.23/volume/v3/30117830f20446e4bd527e0643499004/os-quota-sets/22868ac0cee74177a57a7d20bb8a25d9 returned with HTTP 200
Jun 12 12:58:49.443343 dv-cinder-796114-1-iscsi devstack@c-api.service[98457]: [pid: 98457|app: 0|req: 170/313] 10.222.0.23 () {60 vars in 1352 bytes} [Sat Jun 12 12:58:49 2021] PUT /volume/v3/30117830f20446e4bd527e0643499004/os-quota-sets/22868ac0cee74177a57a7d20bb8a25d9 => generated 321 bytes in 271 msecs (HTTP/1.1 200) 7 headers in 285 bytes (1 switches on core 0)
Jun 12 12:58:49.454148 dv-cinder-796114-1-iscsi devstack@c-api.service[98456]: INFO cinder.api.openstack.wsgi [None req-b8cd67d2-7025-456c-a36c-d173d32672c5 tempest-VolumeQuotasAdminTestJSON-269586944 tempest-VolumeQuotasAdminTestJSON-269586944-project-admin] PUT http://10.222.0.23/volume/v3/30117830f20446e4bd527e0643499004/os-quota-sets/22868ac0cee74177a57a7d20bb8a25d9
Jun 12 12:58:49.454570 dv-cinder-796114-1-iscsi devstack@c-api.service[98456]: /usr/local/lib/python3.8/dist-packages/webob/acceptparse.py:1047: DeprecationWarning: The behavior of AcceptValidHeader.best_match is currently being maintained for backward compatibility, but it will be deprecated in the future, as it does not conform to the RFC.
Jun 12 12:58:49.454570 dv-cinder-796114-1-iscsi devstack@c-api.service[98456]: warnings.warn(
Jun 12 12:58:49.454942 dv-cinder-796114-1-iscsi devstack@c-api.service[98456]: DEBUG cinder.api.openstack.wsgi [None req-b8cd67d2-7025-456c-a36c-d173d32672c5 tempest-VolumeQuotasAdminTestJSON-269586944 tempest-VolumeQuotasAdminTestJSON-269586944-project-admin] Action: 'update', calling method: update, body: {"quota_set": {"volumes": 10, "per_volume_gigabytes": -1, "snapshots": 10, "gigabytes": 1000, "backups": 10, "backup_gigabytes": 1000}} {{(pid=98456) _process_stack /opt/stack/cinder/cinder/api/openstack/wsgi.py:864}}
Jun 12 12:58:49.710302 dv-cinder-796114-1-iscsi devstack@c-api.service[98456]: INFO cinder.api.openstack.wsgi [None req-b8cd67d2-7025-456c-a36c-d173d32672c5 tempest-VolumeQuotasAdminTestJSON-269586944 tempest-VolumeQuotasAdminTestJSON-269586944-project-admin] http://10.222.0.23/volume/v3/30117830f20446e4bd527e0643499004/os-quota-sets/22868ac0cee74177a57a7d20bb8a25d9 returned with HTTP 200
Jun 12 12:58:49.716561 dv-cinder-796114-1-iscsi devstack@c-api.service[98456]: [pid: 98456|app: 0|req: 144/314] 10.222.0.23 () {60 vars in 1352 bytes} [Sat Jun 12 12:58:49 2021] PUT /volume/v3/30117830f20446e4bd527e0643499004/os-quota-sets/22868ac0cee74177a57a7d20bb8a25d9 => generated 319 bytes in 267 msecs (HTTP/1.1 200) 7 headers in 285 bytes (1 switches on core 0)
Jun 12 12:58:49.731902 dv-cinder-796114-1-iscsi devstack@c-api.service[98456]: INFO cinder.api.openstack.wsgi [None req-35e2b7a1-b81d-4a40-bbe6-ea7cd8edabbd tempest-VolumeQuotasAdminTestJSON-99851747 tempest-VolumeQuotasAdminTestJSON-99851747-project] DELETE http://10.222.0.23/volume/v3/22868ac0cee74177a57a7d20bb8a25d9/volumes/58edc34f-ebef-471f-99ad-47e7e14d1b5f
Jun 12 12:58:49.733416 dv-cinder-796114-1-iscsi devstack@c-api.service[98456]: DEBUG cinder.api.openstack.wsgi [None req-35e2b7a1-b81d-4a40-bbe6-ea7cd8edabbd tempest-VolumeQuotasAdminTestJSON-99851747 tempest-VolumeQuotasAdminTestJSON-99851747-project] Empty body provided in request {{(pid=98456) get_body /opt/stack/cinder/cinder/api/openstack/wsgi.py:713}}
Jun 12 12:58:49.734025 dv-cinder-796114-1-iscsi devstack@c-api.service[98456]: DEBUG cinder.api.openstack.wsgi [None req-35e2b7a1-b81d-4a40-bbe6-ea7cd8edabbd tempest-VolumeQuotasAdminTestJSON-99851747 tempest-VolumeQuotasAdminTestJSON-99851747-project] Calling method 'delete' {{(pid=98456) _process_stack /opt/stack/cinder/cinder/api/openstack/wsgi.py:866}}
Jun 12 12:58:49.735313 dv-cinder-796114-1-iscsi devstack@c-api.service[98456]: INFO cinder.api.v3.volumes [None req-35e2b7a1-b81d-4a40-bbe6-ea7cd8edabbd tempest-VolumeQuotasAdminTestJSON-99851747 tempest-VolumeQuotasAdminTestJSON-99851747-project] Delete volume with id: 58edc34f-ebef-471f-99ad-47e7e14d1b5f
Jun 12 12:58:49.771513 dv-cinder-796114-1-iscsi devstack@c-api.service[98456]: INFO cinder.api.openstack.wsgi [None req-35e2b7a1-b81d-4a40-bbe6-ea7cd8edabbd tempest-VolumeQuotasAdminTestJSON-99851747 tempest-VolumeQuotasAdminTestJSON-99851747-project] http://10.222.0.23/volume/v3/22868ac0cee74177a57a7d20bb8a25d9/volumes/58edc34f-ebef-471f-99ad-47e7e14d1b5f returned with HTTP 404
Jun 12 12:58:49.776661 dv-cinder-796114-1-iscsi devstack@c-api.service[98456]: [pid: 98456|app: 0|req: 145/315] 10.222.0.23 () {58 vars in 1328 bytes} [Sat Jun 12 12:58:49 2021] DELETE /volume/v3/22868ac0cee74177a57a7d20bb8a25d9/volumes/58edc34f-ebef-471f-99ad-47e7e14d1b5f => generated 109 bytes in 55 msecs (HTTP/1.1 404) 7 headers in 292 bytes (1 switches on core 0)
Jun 12 12:58:49.803518 dv-cinder-796114-1-iscsi devstack@c-api.service[98456]: INFO cinder.api.openstack.wsgi [None req-6cdaefef-f466-468c-9ca8-1a925f85a3c7 tempest-VolumeQuotasAdminTestJSON-99851747 tempest-VolumeQuotasAdminTestJSON-99851747-project] DELETE http://10.222.0.23/volume/v3/22868ac0cee74177a57a7d20bb8a25d9/volumes/8f264c8d-834d-453f-a512-c9b8309a8661
Jun 12 12:58:49.803974 dv-cinder-796114-1-iscsi devstack@c-api.service[98456]: DEBUG cinder.api.openstack.wsgi [None req-6cdaefef-f466-468c-9ca8-1a925f85a3c7 tempest-VolumeQuotasAdminTestJSON-99851747 tempest-VolumeQuotasAdminTestJSON-99851747-project] Empty body provided in request {{(pid=98456) get_body /opt/stack/cinder/cinder/api/openstack/wsgi.py:713}}
Jun 12 12:58:49.804394 dv-cinder-796114-1-iscsi devstack@c-api.service[98456]: DEBUG cinder.api.openstack.wsgi [None req-6cdaefef-f466-468c-9ca8-1a925f85a3c7 tempest-VolumeQuotasAdminTestJSON-99851747 tempest-VolumeQuotasAdminTestJSON-99851747-project] Calling method 'delete' {{(pid=98456) _process_stack /opt/stack/cinder/cinder/api/openstack/wsgi.py:866}}
Jun 12 12:58:49.804802 dv-cinder-796114-1-iscsi devstack@c-api.service[98456]: INFO cinder.api.v3.volumes [None req-6cdaefef-f466-468c-9ca8-1a925f85a3c7 tempest-VolumeQuotasAdminTestJSON-99851747 tempest-VolumeQuotasAdminTestJSON-99851747-project] Delete volume with id: 8f264c8d-834d-453f-a512-c9b8309a8661
Jun 12 12:58:49.835923 dv-cinder-796114-1-iscsi devstack@c-api.service[98456]: INFO cinder.api.openstack.wsgi [None req-6cdaefef-f466-468c-9ca8-1a925f85a3c7 tempest-VolumeQuotasAdminTestJSON-99851747 tempest-VolumeQuotasAdminTestJSON-99851747-project] http://10.222.0.23/volume/v3/22868ac0cee74177a57a7d20bb8a25d9/volumes/8f264c8d-834d-453f-a512-c9b8309a8661 returned with HTTP 404
Jun 12 12:58:49.840003 dv-cinder-796114-1-iscsi devstack@c-api.service[98457]: INFO cinder.api.openstack.wsgi [None req-65b643c6-5016-4ee7-b8d4-ea4c9da9c213 tempest-VolumesTransfersTest-476487121 tempest-VolumesTransfersTest-476487121-project] POST http://10.222.0.23/volume/v3/f84a384fe1e04b3c95178176c77d5c57/volumes
Jun 12 12:58:49.840732 dv-cinder-796114-1-iscsi devstack@c-api.service[98456]: [pid: 98456|app: 0|req: 146/316] 10.222.0.23 () {58 vars in 1328 bytes} [Sat Jun 12 12:58:49 2021] DELETE /volume/v3/22868ac0cee74177a57a7d20bb8a25d9/volumes/8f264c8d-834d-453f-a512-c9b8309a8661 => generated 109 bytes in 42 msecs (HTTP/1.1 404) 7 headers in 292 bytes (1 switches on core 0)
Jun 12 12:58:49.840853 dv-cinder-796114-1-iscsi devstack@c-api.service[98457]: DEBUG cinder.api.openstack.wsgi [None req-65b643c6-5016-4ee7-b8d4-ea4c9da9c213 tempest-VolumesTransfersTest-476487121 tempest-VolumesTransfersTest-476487121-project] Action: 'create', calling method: create, body: {"volume": {"size": 1, "name": "tempest-VolumesTransfersTest-Volume-707306574"}} {{(pid=98457) _process_stack /opt/stack/cinder/cinder/api/openstack/wsgi.py:864}}
Jun 12 12:58:49.842006 dv-cinder-796114-1-iscsi devstack@c-api.service[98457]: DEBUG cinder.api.v3.volumes [None req-65b643c6-5016-4ee7-b8d4-ea4c9da9c213 tempest-VolumesTransfersTest-476487121 tempest-VolumesTransfersTest-476487121-project] Create volume request body: {'volume': {'size': 1, 'name': 'tempest-VolumesTransfersTest-Volume-707306574'}} {{(pid=98457) create /opt/stack/cinder/cinder/api/v3/volumes.py:289}}
Jun 12 12:58:49.842417 dv-cinder-796114-1-iscsi devstack@c-api.service[98457]: INFO cinder.api.v3.volumes [None req-65b643c6-5016-4ee7-b8d4-ea4c9da9c213 tempest-VolumesTransfersTest-476487121 tempest-VolumesTransfersTest-476487121-project] Create volume of 1 GB
Jun 12 12:58:49.862455 dv-cinder-796114-1-iscsi devstack@c-api.service[98457]: INFO cinder.volume.api [None req-65b643c6-5016-4ee7-b8d4-ea4c9da9c213 tempest-VolumesTransfersTest-476487121 tempest-VolumesTransfersTest-476487121-project] Availability Zones retrieved successfully.
Jun 12 12:58:49.879443 dv-cinder-796114-1-iscsi devstack@c-api.service[98457]: DEBUG cinder.volume.api [None req-65b643c6-5016-4ee7-b8d4-ea4c9da9c213 tempest-VolumesTransfersTest-476487121 tempest-VolumesTransfersTest-476487121-project] Flow 'volume_create_api' (cc1aff95-d65f-4279-9b6c-c3ed48c80237) transitioned into state 'RUNNING' from state 'PENDING' {{(pid=98457) _flow_receiver /usr/local/lib/python3.8/dist-packages/taskflow/listeners/logging.py:141}}
Jun 12 12:58:49.882561 dv-cinder-796114-1-iscsi devstack@c-api.service[98457]: DEBUG cinder.volume.api [None req-65b643c6-5016-4ee7-b8d4-ea4c9da9c213 tempest-VolumesTransfersTest-476487121 tempest-VolumesTransfersTest-476487121-project] Task 'cinder.volume.flows.api.create_volume.ExtractVolumeRequestTask;volume:create' (effbf7c0-aecd-4643-ba85-289110a6fbb3) transitioned into state 'RUNNING' from state 'PENDING' {{(pid=98457) _task_receiver /usr/local/lib/python3.8/dist-packages/taskflow/listeners/logging.py:190}}
Jun 12 12:58:49.884957 dv-cinder-796114-1-iscsi devstack@c-api.service[98457]: DEBUG cinder.volume.flows.api.create_volume [None req-65b643c6-5016-4ee7-b8d4-ea4c9da9c213 tempest-VolumesTransfersTest-476487121 tempest-VolumesTransfersTest-476487121-project] Validating volume size '1' using validate_int {{(pid=98457) _extract_size /opt/stack/cinder/cinder/volume/flows/api/create_volume.py:201}}
Jun 12 12:58:49.919720 dv-cinder-796114-1-iscsi devstack@c-api.service[98457]: DEBUG cinder.volume.api [None req-65b643c6-5016-4ee7-b8d4-ea4c9da9c213 tempest-VolumesTransfersTest-476487121 tempest-VolumesTransfersTest-476487121-project] Task 'cinder.volume.flows.api.create_volume.ExtractVolumeRequestTask;volume:create' (effbf7c0-aecd-4643-ba85-289110a6fbb3) transitioned into state 'SUCCESS' from state 'RUNNING' with result '{'size': 1, 'snapshot_id': None, 'source_volid': None, 'volume_type': VolumeType(created_at=2021-06-12T12:48:55Z,deleted=False,deleted_at=None,description='Default Volume Type',extra_specs={},id=4f2ade1f-182e-4c05-9a42-25b30b74ec9a,is_public=True,name='__DEFAULT__',projects=[],qos_specs=,qos_specs_id=None,updated_at=2021-06-12T12:48:55Z), 'volume_type_id': '4f2ade1f-182e-4c05-9a42-25b30b74ec9a', 'encryption_key_id': None, 'qos_specs': None, 'consistencygroup_id': None, 'cgsnapshot_id': None, 'group_id': None, 'replication_status': 'disabled', 'refresh_az': False, 'backup_id': None, 'multiattach': False, 'availability_zones': ['nova']}' {{(pid=98457) _task_receiver /usr/local/lib/python3.8/dist-packages/taskflow/listeners/logging.py:178}}
Jun 12 12:58:49.922315 dv-cinder-796114-1-iscsi devstack@c-api.service[98457]: DEBUG cinder.volume.api [None req-65b643c6-5016-4ee7-b8d4-ea4c9da9c213 tempest-VolumesTransfersTest-476487121 tempest-VolumesTransfersTest-476487121-project] Task 'cinder.volume.flows.api.create_volume.QuotaReserveTask;volume:create' (03ed0f3b-aef3-4fdb-9890-38a10969c963) transitioned into state 'RUNNING' from state 'PENDING' {{(pid=98457) _task_receiver /usr/local/lib/python3.8/dist-packages/taskflow/listeners/logging.py:190}}
Jun 12 12:58:50.014321 dv-cinder-796114-1-iscsi devstack@c-api.service[98457]: DEBUG cinder.quota [None req-65b643c6-5016-4ee7-b8d4-ea4c9da9c213 tempest-VolumesTransfersTest-476487121 tempest-VolumesTransfersTest-476487121-project] Created reservations ['a2723ee9-de5c-4a9b-b856-c38fdb660226', '249a77ec-f796-4420-b948-da4246e46ca1', '4c9de6f6-ef10-4dd6-9c0b-dc5f7d1aa22f', '65c32578-2f0e-44ea-8454-6847bd802511'] {{(pid=98457) reserve /opt/stack/cinder/cinder/quota.py:755}}
Jun 12 12:58:50.016266 dv-cinder-796114-1-iscsi devstack@c-api.service[98457]: DEBUG cinder.volume.api [None req-65b643c6-5016-4ee7-b8d4-ea4c9da9c213 tempest-VolumesTransfersTest-476487121 tempest-VolumesTransfersTest-476487121-project] Task 'cinder.volume.flows.api.create_volume.QuotaReserveTask;volume:create' (03ed0f3b-aef3-4fdb-9890-38a10969c963) transitioned into state 'SUCCESS' from state 'RUNNING' with result '{'reservations': ['a2723ee9-de5c-4a9b-b856-c38fdb660226', '249a77ec-f796-4420-b948-da4246e46ca1', '4c9de6f6-ef10-4dd6-9c0b-dc5f7d1aa22f', '65c32578-2f0e-44ea-8454-6847bd802511']}' {{(pid=98457) _task_receiver /usr/local/lib/python3.8/dist-packages/taskflow/listeners/logging.py:178}}
Jun 12 12:58:50.018172 dv-cinder-796114-1-iscsi devstack@c-api.service[98457]: DEBUG cinder.volume.api [None req-65b643c6-5016-4ee7-b8d4-ea4c9da9c213 tempest-VolumesTransfersTest-476487121 tempest-VolumesTransfersTest-476487121-project] Task 'cinder.volume.flows.api.create_volume.EntryCreateTask;volume:create' (2b29ac72-a66e-478e-94e6-90205681c6f7) transitioned into state 'RUNNING' from state 'PENDING' {{(pid=98457) _task_receiver /usr/local/lib/python3.8/dist-packages/taskflow/listeners/logging.py:190}}
Jun 12 12:58:50.025792 dv-cinder-796114-1-iscsi devstack@c-api.service[98456]: INFO cinder.api.openstack.wsgi [None req-671f6728-3d43-43ff-99b9-56c839aa991a tempest-AttachVolumeNegativeTest-587336505 tempest-AttachVolumeNegativeTest-587336505-project] GET http://10.222.0.23/volume/v3/95c531eed7bc41ed93d7b43b25a1fa63/volumes/2f842475-13d0-4688-b4f5-57f6cd5eef2e
Jun 12 12:58:50.026632 dv-cinder-796114-1-iscsi devstack@c-api.service[98456]: DEBUG cinder.api.openstack.wsgi [None req-671f6728-3d43-43ff-99b9-56c839aa991a tempest-AttachVolumeNegativeTest-587336505 tempest-AttachVolumeNegativeTest-587336505-project] Empty body provided in request {{(pid=98456) get_body /opt/stack/cinder/cinder/api/openstack/wsgi.py:713}}
Jun 12 12:58:50.027171 dv-cinder-796114-1-iscsi devstack@c-api.service[98456]: DEBUG cinder.api.openstack.wsgi [None req-671f6728-3d43-43ff-99b9-56c839aa991a tempest-AttachVolumeNegativeTest-587336505 tempest-AttachVolumeNegativeTest-587336505-project] Calling method 'show' {{(pid=98456) _process_stack /opt/stack/cinder/cinder/api/openstack/wsgi.py:866}}
Jun 12 12:58:50.044408 dv-cinder-796114-1-iscsi devstack@c-api.service[98456]: /usr/local/lib/python3.8/dist-packages/oslo_context/context.py:105: DeprecationWarning: Policy enforcement is depending on the value of is_admin. This key is deprecated. Please update your policy file to use the standard policy values.
Jun 12 12:58:50.044408 dv-cinder-796114-1-iscsi devstack@c-api.service[98456]: warnings.warn('Policy enforcement is depending on the value of '
Jun 12 12:58:50.047784 dv-cinder-796114-1-iscsi devstack@c-api.service[98457]: DEBUG cinder.volume.api [None req-65b643c6-5016-4ee7-b8d4-ea4c9da9c213 tempest-VolumesTransfersTest-476487121 tempest-VolumesTransfersTest-476487121-project] Task 'cinder.volume.flows.api.create_volume.EntryCreateTask;volume:create' (2b29ac72-a66e-478e-94e6-90205681c6f7) transitioned into state 'SUCCESS' from state 'RUNNING' with result '{'volume_id': 'dc212273-7915-4634-b5ee-e24e1e40973f', 'volume_properties': VolumeProperties(attach_status='detached',availability_zone='nova',cgsnapshot_id=None,consistencygroup_id=None,display_description=None,display_name='tempest-VolumesTransfersTest-Volume-707306574',encryption_key_id=None,group_id=None,group_type_id=,metadata={},multiattach=False,project_id='f84a384fe1e04b3c95178176c77d5c57',qos_specs=None,replication_status=,reservations=['a2723ee9-de5c-4a9b-b856-c38fdb660226','249a77ec-f796-4420-b948-da4246e46ca1','4c9de6f6-ef10-4dd6-9c0b-dc5f7d1aa22f','65c32578-2f0e-44ea-8454-6847bd802511'],size=1,snapshot_id=None,source_replicaid=,source_volid=None,status='creating',user_id='d853ea430f95498c9cc41d6cfb6d599b',volume_type_id=4f2ade1f-182e-4c05-9a42-25b30b74ec9a), 'volume': Volume(_name_id=None,admin_metadata=,attach_status='detached',availability_zone='nova',bootable=False,cluster=,cluster_name=None,consistencygroup=,consistencygroup_id=None,created_at=2021-06-12T12:58:50Z,deleted=False,deleted_at=None,display_description=None,display_name='tempest-VolumesTransfersTest-Volume-707306574',ec2_id=None,encryption_key_id=None,glance_metadata=,group=,group_id=None,host=None,id=dc212273-7915-4634-b5ee-e24e1e40973f,launched_at=None,metadata={},migration_status=None,multiattach=False,previous_status=None,project_id='f84a384fe1e04b3c95178176c77d5c57',provider_auth=None,provider_geometry=None,provider_id=None,provider_location=None,replication_driver_data=None,replication_extended_status=None,replication_status=None,scheduled_at=None,service_uuid=None,shared_targets=True,size=1,snapshot_id=None,snapshots=,source_volid=None,status='creating',terminated_at=None,updated_at=None,user_id='d853ea430f95498c9cc41d6cfb6d599b',volume_attachment=,volume_type=VolumeType(4f2ade1f-182e-4c05-9a42-25b30b74ec9a),volume_type_id=4f2ade1f-182e-4c05-9a42-25b30b74ec9a)}' {{(pid=98457) _task_receiver /usr/local/lib/python3.8/dist-packages/taskflow/listeners/logging.py:178}}
Jun 12 12:58:50.050707 dv-cinder-796114-1-iscsi devstack@c-api.service[98457]: DEBUG cinder.volume.api [None req-65b643c6-5016-4ee7-b8d4-ea4c9da9c213 tempest-VolumesTransfersTest-476487121 tempest-VolumesTransfersTest-476487121-project] Task 'cinder.volume.flows.api.create_volume.QuotaCommitTask;volume:create' (478b8eb1-68ca-4d52-b2cc-1ebe87fdb0a3) transitioned into state 'RUNNING' from state 'PENDING' {{(pid=98457) _task_receiver /usr/local/lib/python3.8/dist-packages/taskflow/listeners/logging.py:190}}
Jun 12 12:58:50.052626 dv-cinder-796114-1-iscsi devstack@c-api.service[98456]: INFO cinder.volume.api [None req-671f6728-3d43-43ff-99b9-56c839aa991a tempest-AttachVolumeNegativeTest-587336505 tempest-AttachVolumeNegativeTest-587336505-project] Volume info retrieved successfully.
Jun 12 12:58:50.066020 dv-cinder-796114-1-iscsi devstack@c-api.service[98456]: /usr/local/lib/python3.8/dist-packages/oslo_context/context.py:105: DeprecationWarning: Policy enforcement is depending on the value of is_admin. This key is deprecated. Please update your policy file to use the standard policy values.
Jun 12 12:58:50.066020 dv-cinder-796114-1-iscsi devstack@c-api.service[98456]: warnings.warn('Policy enforcement is depending on the value of '
Jun 12 12:58:50.074484 dv-cinder-796114-1-iscsi devstack@c-api.service[98456]: INFO cinder.api.openstack.wsgi [None req-671f6728-3d43-43ff-99b9-56c839aa991a tempest-AttachVolumeNegativeTest-587336505 tempest-AttachVolumeNegativeTest-587336505-project] http://10.222.0.23/volume/v3/95c531eed7bc41ed93d7b43b25a1fa63/volumes/2f842475-13d0-4688-b4f5-57f6cd5eef2e returned with HTTP 200
Jun 12 12:58:50.075543 dv-cinder-796114-1-iscsi devstack@c-api.service[98456]: [pid: 98456|app: 0|req: 147/317] 10.222.0.23 () {58 vars in 1325 bytes} [Sat Jun 12 12:58:50 2021] GET /volume/v3/95c531eed7bc41ed93d7b43b25a1fa63/volumes/2f842475-13d0-4688-b4f5-57f6cd5eef2e => generated 916 bytes in 55 msecs (HTTP/1.1 200) 7 headers in 285 bytes (2 switches on core 0)
Jun 12 12:58:50.083918 dv-cinder-796114-1-iscsi devstack@c-api.service[98457]: DEBUG cinder.volume.api [None req-65b643c6-5016-4ee7-b8d4-ea4c9da9c213 tempest-VolumesTransfersTest-476487121 tempest-VolumesTransfersTest-476487121-project] Task 'cinder.volume.flows.api.create_volume.QuotaCommitTask;volume:create' (478b8eb1-68ca-4d52-b2cc-1ebe87fdb0a3) transitioned into state 'SUCCESS' from state 'RUNNING' with result '{'volume_properties': VolumeProperties(attach_status='detached',availability_zone='nova',cgsnapshot_id=None,consistencygroup_id=None,display_description=None,display_name='tempest-VolumesTransfersTest-Volume-707306574',encryption_key_id=None,group_id=None,group_type_id=,metadata={},multiattach=False,project_id='f84a384fe1e04b3c95178176c77d5c57',qos_specs=None,replication_status=,reservations=['a2723ee9-de5c-4a9b-b856-c38fdb660226','249a77ec-f796-4420-b948-da4246e46ca1','4c9de6f6-ef10-4dd6-9c0b-dc5f7d1aa22f','65c32578-2f0e-44ea-8454-6847bd802511'],size=1,snapshot_id=None,source_replicaid=,source_volid=None,status='creating',user_id='d853ea430f95498c9cc41d6cfb6d599b',volume_type_id=4f2ade1f-182e-4c05-9a42-25b30b74ec9a)}' {{(pid=98457) _task_receiver /usr/local/lib/python3.8/dist-packages/taskflow/listeners/logging.py:178}}
Jun 12 12:58:50.083918 dv-cinder-796114-1-iscsi devstack@c-api.service[98457]: DEBUG cinder.volume.api [None req-65b643c6-5016-4ee7-b8d4-ea4c9da9c213 tempest-VolumesTransfersTest-476487121 tempest-VolumesTransfersTest-476487121-project] Task 'cinder.volume.flows.api.create_volume.VolumeCastTask;volume:create' (0df028c7-67c0-4e4e-8c7b-c0c553d1b4ca) transitioned into state 'RUNNING' from state 'PENDING' {{(pid=98457) _task_receiver /usr/local/lib/python3.8/dist-packages/taskflow/listeners/logging.py:190}}
Jun 12 12:58:50.102647 dv-cinder-796114-1-iscsi devstack@c-api.service[98457]: DEBUG cinder.volume.api [None req-65b643c6-5016-4ee7-b8d4-ea4c9da9c213 tempest-VolumesTransfersTest-476487121 tempest-VolumesTransfersTest-476487121-project] Task 'cinder.volume.flows.api.create_volume.VolumeCastTask;volume:create' (0df028c7-67c0-4e4e-8c7b-c0c553d1b4ca) transitioned into state 'SUCCESS' from state 'RUNNING' with result 'None' {{(pid=98457) _task_receiver /usr/local/lib/python3.8/dist-packages/taskflow/listeners/logging.py:178}}
Jun 12 12:58:50.106573 dv-cinder-796114-1-iscsi devstack@c-api.service[98457]: DEBUG cinder.volume.api [None req-65b643c6-5016-4ee7-b8d4-ea4c9da9c213 tempest-VolumesTransfersTest-476487121 tempest-VolumesTransfersTest-476487121-project] Flow 'volume_create_api' (cc1aff95-d65f-4279-9b6c-c3ed48c80237) transitioned into state 'SUCCESS' from state 'RUNNING' {{(pid=98457) _flow_receiver /usr/local/lib/python3.8/dist-packages/taskflow/listeners/logging.py:141}}
Jun 12 12:58:50.107330 dv-cinder-796114-1-iscsi devstack@c-api.service[98457]: INFO cinder.volume.api [None req-65b643c6-5016-4ee7-b8d4-ea4c9da9c213 tempest-VolumesTransfersTest-476487121 tempest-VolumesTransfersTest-476487121-project] Create volume request issued successfully.
Jun 12 12:58:50.117021 dv-cinder-796114-1-iscsi devstack@c-api.service[98457]: INFO cinder.api.openstack.wsgi [None req-65b643c6-5016-4ee7-b8d4-ea4c9da9c213 tempest-VolumesTransfersTest-476487121 tempest-VolumesTransfersTest-476487121-project] http://10.222.0.23/volume/v3/f84a384fe1e04b3c95178176c77d5c57/volumes returned with HTTP 202
Jun 12 12:58:50.117880 dv-cinder-796114-1-iscsi devstack@c-api.service[98457]: [pid: 98457|app: 0|req: 171/318] 10.222.0.23 () {60 vars in 1235 bytes} [Sat Jun 12 12:58:49 2021] POST /volume/v3/f84a384fe1e04b3c95178176c77d5c57/volumes => generated 819 bytes in 546 msecs (HTTP/1.1 202) 7 headers in 291 bytes (2 switches on core 0)
Jun 12 12:58:50.131252 dv-cinder-796114-1-iscsi devstack@c-api.service[98456]: INFO cinder.api.openstack.wsgi [None req-cd92f0e4-5bb2-4fa4-aa6e-d32fd520e0de tempest-VolumesTransfersTest-476487121 tempest-VolumesTransfersTest-476487121-project] GET http://10.222.0.23/volume/v3/f84a384fe1e04b3c95178176c77d5c57/volumes/dc212273-7915-4634-b5ee-e24e1e40973f
Jun 12 12:58:50.131703 dv-cinder-796114-1-iscsi devstack@c-api.service[98456]: DEBUG cinder.api.openstack.wsgi [None req-cd92f0e4-5bb2-4fa4-aa6e-d32fd520e0de tempest-VolumesTransfersTest-476487121 tempest-VolumesTransfersTest-476487121-project] Empty body provided in request {{(pid=98456) get_body /opt/stack/cinder/cinder/api/openstack/wsgi.py:713}}
Jun 12 12:58:50.131872 dv-cinder-796114-1-iscsi devstack@c-api.service[98456]: /usr/local/lib/python3.8/dist-packages/webob/acceptparse.py:1047: DeprecationWarning: The behavior of AcceptValidHeader.best_match is currently being maintained for backward compatibility, but it will be deprecated in the future, as it does not conform to the RFC.
Jun 12 12:58:50.131872 dv-cinder-796114-1-iscsi devstack@c-api.service[98456]: warnings.warn(
