Jun 18 18:12:34.919550 dv-cinder-796113-5-smb neutron-server[93551]: INFO neutron.wsgi [req-a9554132-21c3-40f9-83a5-bd4c882f86d0 req-90945ac1-7699-416b-bdf5-66d0a0e8b7e5 tempest-ServerRescueNegativeTestJSON-1466065535 tempest-ServerRescueNegativeTestJSON-1466065535-project] 10.222.0.60 "GET /v2.0/security-groups?id=279a40ed-f7db-4ea9-bd6f-ede6b79f8a7c&fields=id&fields=name HTTP/1.1" status: 200 len: 286 time: 0.0623906
Jun 18 18:12:35.009448 dv-cinder-796113-5-smb neutron-server[93551]: INFO neutron.wsgi [req-f50209f0-debe-4369-bd58-78fa8fc4b255 req-b9af0c5a-47f0-4b85-b6b3-e8a5ca515bef tempest-AttachVolumeNegativeTest-1169928386 tempest-AttachVolumeNegativeTest-1169928386-project] 10.222.0.60 "GET /v2.0/ports?device_id=4ec57cfc-89dc-457f-9712-a83661b8f65f HTTP/1.1" status: 200 len: 210 time: 0.0436907
Jun 18 18:12:35.802051 dv-cinder-796113-5-smb neutron-server[93551]: DEBUG neutron.pecan_wsgi.hooks.policy_enforcement [req-6019e15e-e57b-420a-a422-4231e2dc265b req-4d8566ef-1ade-46b5-9e6c-dd24ca74f413 tempest-AttachVolumeNegativeTest-1169928386 tempest-AttachVolumeNegativeTest-1169928386-project] Attributes excluded by policy engine: ['standard_attr_id', 'vlan_transparent', 'provider:network_type', 'provider:physical_network', 'provider:segmentation_id'] {{(pid=93551) _exclude_attributes_by_policy /opt/stack/neutron/neutron/pecan_wsgi/hooks/policy_enforcement.py:255}}
Jun 18 18:12:35.803667 dv-cinder-796113-5-smb neutron-server[93551]: INFO neutron.wsgi [req-6019e15e-e57b-420a-a422-4231e2dc265b req-4d8566ef-1ade-46b5-9e6c-dd24ca74f413 tempest-AttachVolumeNegativeTest-1169928386 tempest-AttachVolumeNegativeTest-1169928386-project] 10.222.0.53 "GET /v2.0/networks?id=83e0e6b0-28dd-4703-a03d-219b108a83d7 HTTP/1.1" status: 200 len: 814 time: 0.1105587
Jun 18 18:12:35.822185 dv-cinder-796113-5-smb neutron-server[93551]: DEBUG neutron.api.v2.base [req-6019e15e-e57b-420a-a422-4231e2dc265b req-d0b07cf7-2a7d-4cf3-ae17-4f941c87a846 tempest-AttachVolumeNegativeTest-1169928386 tempest-AttachVolumeNegativeTest-1169928386-project] Request body: {'port': {'device_id': '4ec57cfc-89dc-457f-9712-a83661b8f65f', 'network_id': '83e0e6b0-28dd-4703-a03d-219b108a83d7', 'admin_state_up': True, 'tenant_id': '0939c7910d3f497faba5df5b1062b1ec'}} {{(pid=93551) prepare_request_body /opt/stack/neutron/neutron/api/v2/base.py:729}}
Jun 18 18:12:36.019741 dv-cinder-796113-5-smb neutron-server[93551]: DEBUG neutron.pecan_wsgi.hooks.quota_enforcement [req-6019e15e-e57b-420a-a422-4231e2dc265b req-d0b07cf7-2a7d-4cf3-ae17-4f941c87a846 tempest-AttachVolumeNegativeTest-1169928386 tempest-AttachVolumeNegativeTest-1169928386-project] Made reservation on behalf of 0939c7910d3f497faba5df5b1062b1ec for: {'port': 1} {{(pid=93551) before /opt/stack/neutron/neutron/pecan_wsgi/hooks/quota_enforcement.py:53}}
Jun 18 18:12:36.023650 dv-cinder-796113-5-smb neutron-server[93551]: DEBUG neutron_lib.callbacks.manager [req-6019e15e-e57b-420a-a422-4231e2dc265b req-d0b07cf7-2a7d-4cf3-ae17-4f941c87a846 tempest-AttachVolumeNegativeTest-1169928386 tempest-AttachVolumeNegativeTest-1169928386-project] Notify callbacks ['neutron.plugins.ml2.plugin.SecurityGroupDbMixin._ensure_default_security_group_handler_before_create-567480'] for port, before_create {{(pid=93551) _notify_loop /usr/local/lib/python3.8/dist-packages/neutron_lib/callbacks/manager.py:192}}
Jun 18 18:12:36.237722 dv-cinder-796113-5-smb neutron-server[93551]: INFO neutron.wsgi [req-c8fd88e9-ac5b-4e20-bd8b-d25b24898f5f req-4e5d40ce-6a1c-4f4d-addf-8246cda826b3 tempest-AttachVolumeNegativeTest-1169928386 tempest-AttachVolumeNegativeTest-1169928386-project] 10.222.0.60 "GET /v2.0/ports?device_id=4ec57cfc-89dc-457f-9712-a83661b8f65f HTTP/1.1" status: 200 len: 210 time: 0.0591145
Jun 18 18:12:36.254973 dv-cinder-796113-5-smb neutron-server[93551]: DEBUG neutron.pecan_wsgi.hooks.policy_enforcement [req-479178a0-aca6-48c4-bcbf-a87276a92f74 req-16516fce-9931-4481-aa55-89752a1d5ff2 tempest-ServerRescueNegativeTestJSON-1466065535 tempest-ServerRescueNegativeTestJSON-1466065535-project] Attributes excluded by policy engine: ['standard_attr_id', 'binding:profile', 'binding:host_id', 'binding:vif_type', 'binding:vif_details'] {{(pid=93551) _exclude_attributes_by_policy /opt/stack/neutron/neutron/pecan_wsgi/hooks/policy_enforcement.py:255}}
Jun 18 18:12:36.256558 dv-cinder-796113-5-smb neutron-server[93551]: INFO neutron.wsgi [req-479178a0-aca6-48c4-bcbf-a87276a92f74 req-16516fce-9931-4481-aa55-89752a1d5ff2 tempest-ServerRescueNegativeTestJSON-1466065535 tempest-ServerRescueNegativeTestJSON-1466065535-project] 10.222.0.60 "GET /v2.0/ports?device_id=566bf40a-68f9-4905-b4f0-2ee94f50e452 HTTP/1.1" status: 200 len: 946 time: 0.1833732
Jun 18 18:12:36.300333 dv-cinder-796113-5-smb neutron-server[93551]: DEBUG neutron.db.db_base_plugin_common [req-6019e15e-e57b-420a-a422-4231e2dc265b req-d0b07cf7-2a7d-4cf3-ae17-4f941c87a846 tempest-AttachVolumeNegativeTest-1169928386 tempest-AttachVolumeNegativeTest-1169928386-project] Allocated IP 172.20.0.9 (83e0e6b0-28dd-4703-a03d-219b108a83d7/62ab0a4b-c659-4d40-bf06-ef37a9f2578d/407d64cc-7e66-4cc7-b8d0-24103f54d5c9) {{(pid=93551) _store_ip_allocation /opt/stack/neutron/neutron/db/db_base_plugin_common.py:131}}
Jun 18 18:12:36.328962 dv-cinder-796113-5-smb neutron-server[93551]: INFO neutron.wsgi [req-479178a0-aca6-48c4-bcbf-a87276a92f74 req-eeb2e13b-a2b6-4791-819b-01d2e971c7cd tempest-ServerRescueNegativeTestJSON-1466065535 tempest-ServerRescueNegativeTestJSON-1466065535-project] 10.222.0.60 "GET /v2.0/security-groups?id=279a40ed-f7db-4ea9-bd6f-ede6b79f8a7c&fields=id&fields=name HTTP/1.1" status: 200 len: 286 time: 0.0592673
Jun 18 18:12:36.476392 dv-cinder-796113-5-smb neutron-server[93551]: DEBUG neutron_lib.callbacks.manager [req-6019e15e-e57b-420a-a422-4231e2dc265b req-d0b07cf7-2a7d-4cf3-ae17-4f941c87a846 tempest-AttachVolumeNegativeTest-1169928386 tempest-AttachVolumeNegativeTest-1169928386-project] Notify callbacks [] for port, precommit_create {{(pid=93551) _notify_loop /usr/local/lib/python3.8/dist-packages/neutron_lib/callbacks/manager.py:192}}
Jun 18 18:12:36.569967 dv-cinder-796113-5-smb neutron-server[93551]: DEBUG neutron_lib.callbacks.manager [req-6019e15e-e57b-420a-a422-4231e2dc265b req-d0b07cf7-2a7d-4cf3-ae17-4f941c87a846 tempest-AttachVolumeNegativeTest-1169928386 tempest-AttachVolumeNegativeTest-1169928386-project] Notify callbacks ['neutron.plugins.ml2.plugin.SecurityGroupServerNotifierRpcMixin._notify_sg_on_port_after_update-562811', 'neutron.plugins.ml2.ovo_rpc._ObjectChangeHandler.handle_payload_event-7603', 'neutron.api.rpc.agentnotifiers.dhcp_rpc_agent_api.DhcpAgentNotifyAPI._native_event_send_dhcp_notification_payload-7805969', 'neutron.db.l3_dvrscheduler_db._notify_l3_agent_new_port-8735606442846'] for port, after_create {{(pid=93551) _notify_loop /usr/local/lib/python3.8/dist-packages/neutron_lib/callbacks/manager.py:192}}
Jun 18 18:12:36.574433 dv-cinder-796113-5-smb neutron-server[93551]: DEBUG oslo_concurrency.lockutils [None req-3f47839b-4810-45d1-89fe-ad23acc3e246 service neutron] Lock "event-dispatch" acquired by "neutron.plugins.ml2.ovo_rpc._ObjectChangeHandler.dispatch_events" :: waited 0.000s {{(pid=93551) inner /usr/local/lib/python3.8/dist-packages/oslo_concurrency/lockutils.py:355}}
Jun 18 18:12:36.588922 dv-cinder-796113-5-smb neutron-server[93553]: DEBUG neutron.plugins.ml2.db [None req-c2fbd14a-04a0-4f27-b89b-15ed350bd49d None None] get_ports_and_sgs() called for port_ids ['75e2bee5-a562-45eb-ad29-cc5f68edb01a', 'c368fe5d-e769-40bd-adf3-0ed73d81b359'] {{(pid=93553) get_ports_and_sgs /opt/stack/neutron/neutron/plugins/ml2/db.py:163}}
Jun 18 18:12:36.629661 dv-cinder-796113-5-smb neutron-server[93551]: DEBUG neutron.scheduler.dhcp_agent_scheduler [req-6019e15e-e57b-420a-a422-4231e2dc265b req-d0b07cf7-2a7d-4cf3-ae17-4f941c87a846 tempest-AttachVolumeNegativeTest-1169928386 tempest-AttachVolumeNegativeTest-1169928386-project] Network 83e0e6b0-28dd-4703-a03d-219b108a83d7 is already hosted by enough agents. {{(pid=93551) _get_dhcp_agents_hosting_network /opt/stack/neutron/neutron/scheduler/dhcp_agent_scheduler.py:275}}
Jun 18 18:12:36.632023 dv-cinder-796113-5-smb neutron-server[93551]: DEBUG neutron.scheduler.base_scheduler [req-6019e15e-e57b-420a-a422-4231e2dc265b req-d0b07cf7-2a7d-4cf3-ae17-4f941c87a846 tempest-AttachVolumeNegativeTest-1169928386 tempest-AttachVolumeNegativeTest-1169928386-project] Resources bound (agent type, host, resource id): {{(pid=93551) schedule /opt/stack/neutron/neutron/scheduler/base_scheduler.py:57}}
Jun 18 18:12:36.634889 dv-cinder-796113-5-smb neutron-server[93551]: DEBUG neutron.db.l3_dvrscheduler_db [req-6019e15e-e57b-420a-a422-4231e2dc265b req-d0b07cf7-2a7d-4cf3-ae17-4f941c87a846 tempest-AttachVolumeNegativeTest-1169928386 tempest-AttachVolumeNegativeTest-1169928386-project] Received port after_create {{(pid=93551) _notify_l3_agent_new_port /opt/stack/neutron/neutron/db/l3_dvrscheduler_db.py:535}}
Jun 18 18:12:36.646024 dv-cinder-796113-5-smb neutron-server[93551]: DEBUG neutron.pecan_wsgi.hooks.policy_enforcement [req-6019e15e-e57b-420a-a422-4231e2dc265b req-d0b07cf7-2a7d-4cf3-ae17-4f941c87a846 tempest-AttachVolumeNegativeTest-1169928386 tempest-AttachVolumeNegativeTest-1169928386-project] Attributes excluded by policy engine: ['standard_attr_id', 'binding:profile', 'binding:host_id', 'binding:vif_type', 'binding:vif_details', 'network'] {{(pid=93551) _exclude_attributes_by_policy /opt/stack/neutron/neutron/pecan_wsgi/hooks/policy_enforcement.py:255}}
Jun 18 18:12:36.646699 dv-cinder-796113-5-smb neutron-server[93551]: DEBUG neutron_lib.callbacks.manager [req-6019e15e-e57b-420a-a422-4231e2dc265b req-d0b07cf7-2a7d-4cf3-ae17-4f941c87a846 tempest-AttachVolumeNegativeTest-1169928386 tempest-AttachVolumeNegativeTest-1169928386-project] Notify callbacks ['neutron.notifiers.nova.Notifier._send_nova_notification-46336', 'neutron.api.rpc.agentnotifiers.dhcp_rpc_agent_api.DhcpAgentNotifyAPI._send_dhcp_notification-7805964'] for port, before_response {{(pid=93551) _notify_loop /usr/local/lib/python3.8/dist-packages/neutron_lib/callbacks/manager.py:192}}
Jun 18 18:12:36.677200 dv-cinder-796113-5-smb neutron-server[93551]: DEBUG neutron.api.rpc.handlers.resources_rpc [None req-d0b07cf7-2a7d-4cf3-ae17-4f941c87a846 tempest-AttachVolumeNegativeTest-1169928386 tempest-AttachVolumeNegativeTest-1169928386-project] Pushing event updated for resources: {'Port': ['ID=407d64cc-7e66-4cc7-b8d0-24103f54d5c9,revision_number=1']} {{(pid=93551) push /opt/stack/neutron/neutron/api/rpc/handlers/resources_rpc.py:237}}
Jun 18 18:12:36.690996 dv-cinder-796113-5-smb neutron-server[93551]: DEBUG oslo_concurrency.lockutils [None req-d0b07cf7-2a7d-4cf3-ae17-4f941c87a846 tempest-AttachVolumeNegativeTest-1169928386 tempest-AttachVolumeNegativeTest-1169928386-project] Lock "event-dispatch" released by "neutron.plugins.ml2.ovo_rpc._ObjectChangeHandler.dispatch_events" :: held 0.116s {{(pid=93551) inner /usr/local/lib/python3.8/dist-packages/oslo_concurrency/lockutils.py:367}}
Jun 18 18:12:36.838733 dv-cinder-796113-5-smb neutron-server[93551]: INFO neutron.wsgi [req-6019e15e-e57b-420a-a422-4231e2dc265b req-d0b07cf7-2a7d-4cf3-ae17-4f941c87a846 tempest-AttachVolumeNegativeTest-1169928386 tempest-AttachVolumeNegativeTest-1169928386-project] 10.222.0.53 "POST /v2.0/ports HTTP/1.1" status: 201 len: 933 time: 1.0206044
Jun 18 18:12:36.852044 dv-cinder-796113-5-smb neutron-server[93551]: DEBUG neutron.api.v2.base [req-6019e15e-e57b-420a-a422-4231e2dc265b req-9e566e77-1955-4d32-8ca6-027197bb7b0b service neutron] Request body: {'port': {'device_id': '4ec57cfc-89dc-457f-9712-a83661b8f65f', 'device_owner': 'compute:nova', 'binding:host_id': 'hv-cinder-79611'}} {{(pid=93551) prepare_request_body /opt/stack/neutron/neutron/api/v2/base.py:729}}
Jun 18 18:12:36.929776 dv-cinder-796113-5-smb neutron-server[93551]: DEBUG neutron_lib.callbacks.manager [req-6019e15e-e57b-420a-a422-4231e2dc265b req-9e566e77-1955-4d32-8ca6-027197bb7b0b service neutron] Notify callbacks ['neutron.plugins.ml2.plugin.SecurityGroupDbMixin._ensure_default_security_group_handler_port-567470'] for port, before_update {{(pid=93551) _notify_loop /usr/local/lib/python3.8/dist-packages/neutron_lib/callbacks/manager.py:192}}
Jun 18 18:12:37.219041 dv-cinder-796113-5-smb neutron-server[93551]: DEBUG neutron.notifiers.nova [req-6019e15e-e57b-420a-a422-4231e2dc265b req-9e566e77-1955-4d32-8ca6-027197bb7b0b service neutron] Ignoring state change previous_port_status: DOWN current_port_status: DOWN port_id 407d64cc-7e66-4cc7-b8d0-24103f54d5c9 {{(pid=93551) record_port_status_changed /opt/stack/neutron/neutron/notifiers/nova.py:224}}
Jun 18 18:12:37.228252 dv-cinder-796113-5-smb neutron-server[93551]: DEBUG neutron_lib.callbacks.manager [req-6019e15e-e57b-420a-a422-4231e2dc265b req-9e566e77-1955-4d32-8ca6-027197bb7b0b service neutron] Notify callbacks [] for port, precommit_update {{(pid=93551) _notify_loop /usr/local/lib/python3.8/dist-packages/neutron_lib/callbacks/manager.py:192}}
Jun 18 18:12:37.241876 dv-cinder-796113-5-smb neutron-server[93551]: DEBUG neutron.db.provisioning_blocks [req-6019e15e-e57b-420a-a422-4231e2dc265b req-9e566e77-1955-4d32-8ca6-027197bb7b0b service neutron] Transition to ACTIVE for port object 407d64cc-7e66-4cc7-b8d0-24103f54d5c9 will not be triggered until provisioned by entity L2. {{(pid=93551) add_provisioning_component /opt/stack/neutron/neutron/db/provisioning_blocks.py:73}}
Jun 18 18:12:37.290411 dv-cinder-796113-5-smb neutron-server[93552]: INFO neutron.wsgi [req-72f0349d-5e62-4e36-9881-71ec7cb3b26d req-2ba8dcca-9cce-4921-9b17-dfd02f79236b service neutron] 10.222.0.53 "GET /v2.0/ports?device_id=6df89db9-5bd9-4b09-8c32-63608c480106&fields=binding%3Ahost_id&fields=binding%3Avif_type HTTP/1.1" status: 200 len: 275 time: 0.0552793
Jun 18 18:12:37.386273 dv-cinder-796113-5-smb neutron-server[93551]: DEBUG neutron_lib.callbacks.manager [req-6019e15e-e57b-420a-a422-4231e2dc265b req-9e566e77-1955-4d32-8ca6-027197bb7b0b service neutron] Notify callbacks ['neutron.plugins.ml2.plugin.SecurityGroupServerNotifierRpcMixin.notify_sg_on_port_change-562764', 'neutron.plugins.ml2.ovo_rpc._ObjectChangeHandler.handle_event-7560', 'neutron.api.rpc.agentnotifiers.dhcp_rpc_agent_api.DhcpAgentNotifyAPI._native_event_send_dhcp_notification-7805978', 'neutron.db.l3_db.L3RpcNotifierMixin._notify_gateway_port_ip_changed-8735606869715', 'neutron.db.l3_dvrscheduler_db._notify_l3_agent_port_update-8735606442864', 'neutron.db.l3_hascheduler_db._notify_l3_agent_ha_port_update-8735606442909'] for port, after_update {{(pid=93551) _notify_loop /usr/local/lib/python3.8/dist-packages/neutron_lib/callbacks/manager.py:192}}
Jun 18 18:12:37.402033 dv-cinder-796113-5-smb neutron-server[93552]: DEBUG neutron.pecan_wsgi.hooks.policy_enforcement [req-72f0349d-5e62-4e36-9881-71ec7cb3b26d req-54c7eed7-0490-4963-97a7-004a24d02515 service neutron] Attributes excluded by policy engine: ['standard_attr_id'] {{(pid=93552) _exclude_attributes_by_policy /opt/stack/neutron/neutron/pecan_wsgi/hooks/policy_enforcement.py:255}}
Jun 18 18:12:37.403647 dv-cinder-796113-5-smb neutron-server[93552]: INFO neutron.wsgi [req-72f0349d-5e62-4e36-9881-71ec7cb3b26d req-54c7eed7-0490-4963-97a7-004a24d02515 service neutron] 10.222.0.53 "GET /v2.0/ports?tenant_id=0939c7910d3f497faba5df5b1062b1ec&device_id=6df89db9-5bd9-4b09-8c32-63608c480106 HTTP/1.1" status: 200 len: 1099 time: 0.0604124
Jun 18 18:12:37.414182 dv-cinder-796113-5-smb neutron-server[93551]: DEBUG oslo_concurrency.lockutils [None req-d12c92fb-8742-4370-bcef-fc4ce162a1d6 service neutron] Lock "event-dispatch" acquired by "neutron.plugins.ml2.ovo_rpc._ObjectChangeHandler.dispatch_events" :: waited 0.000s {{(pid=93551) inner /usr/local/lib/python3.8/dist-packages/oslo_concurrency/lockutils.py:355}}
Jun 18 18:12:37.532480 dv-cinder-796113-5-smb neutron-server[93551]: DEBUG neutron.api.rpc.handlers.resources_rpc [None req-9e566e77-1955-4d32-8ca6-027197bb7b0b service neutron] Pushing event updated for resources: {'Port': ['ID=407d64cc-7e66-4cc7-b8d0-24103f54d5c9,revision_number=2']} {{(pid=93551) push /opt/stack/neutron/neutron/api/rpc/handlers/resources_rpc.py:237}}
Jun 18 18:12:37.536506 dv-cinder-796113-5-smb neutron-server[93551]: DEBUG oslo_concurrency.lockutils [None req-9e566e77-1955-4d32-8ca6-027197bb7b0b service neutron] Lock "event-dispatch" released by "neutron.plugins.ml2.ovo_rpc._ObjectChangeHandler.dispatch_events" :: held 0.123s {{(pid=93551) inner /usr/local/lib/python3.8/dist-packages/oslo_concurrency/lockutils.py:367}}
Jun 18 18:12:37.547412 dv-cinder-796113-5-smb neutron-server[93552]: DEBUG neutron.pecan_wsgi.hooks.policy_enforcement [req-72f0349d-5e62-4e36-9881-71ec7cb3b26d req-8c944671-8346-4208-9ce9-a369221a4936 service neutron] Attributes excluded by policy engine: ['standard_attr_id', 'vlan_transparent'] {{(pid=93552) _exclude_attributes_by_policy /opt/stack/neutron/neutron/pecan_wsgi/hooks/policy_enforcement.py:255}}
Jun 18 18:12:37.551465 dv-cinder-796113-5-smb neutron-server[93552]: INFO neutron.wsgi [req-72f0349d-5e62-4e36-9881-71ec7cb3b26d req-8c944671-8346-4208-9ce9-a369221a4936 service neutron] 10.222.0.53 "GET /v2.0/networks?id=83e0e6b0-28dd-4703-a03d-219b108a83d7 HTTP/1.1" status: 200 len: 914 time: 0.1191893
Jun 18 18:12:37.592898 dv-cinder-796113-5-smb neutron-server[93551]: DEBUG neutron.plugins.ml2.managers [req-6019e15e-e57b-420a-a422-4231e2dc265b req-9e566e77-1955-4d32-8ca6-027197bb7b0b service neutron] Attempting to bind port 407d64cc-7e66-4cc7-b8d0-24103f54d5c9 on host hv-cinder-79611 for vnic_type normal with profile {{(pid=93551) bind_port /opt/stack/neutron/neutron/plugins/ml2/managers.py:790}}
Jun 18 18:12:37.593239 dv-cinder-796113-5-smb neutron-server[93551]: DEBUG neutron.plugins.ml2.managers [req-6019e15e-e57b-420a-a422-4231e2dc265b req-9e566e77-1955-4d32-8ca6-027197bb7b0b service neutron] Attempting to bind port 407d64cc-7e66-4cc7-b8d0-24103f54d5c9 by drivers openvswitch,hyperv on host hv-cinder-79611 at level 0 using segments [{'id': '1cba4d88-33b7-4326-bbc6-0926869a28a2', 'network_type': 'vlan', 'physical_network': 'physnet1', 'segmentation_id': 68, 'network_id': '83e0e6b0-28dd-4703-a03d-219b108a83d7'}] {{(pid=93551) _bind_port_level /opt/stack/neutron/neutron/plugins/ml2/managers.py:815}}
Jun 18 18:12:37.593568 dv-cinder-796113-5-smb neutron-server[93551]: DEBUG neutron.plugins.ml2.drivers.mech_agent [req-6019e15e-e57b-420a-a422-4231e2dc265b req-9e566e77-1955-4d32-8ca6-027197bb7b0b service neutron] Attempting to bind port 407d64cc-7e66-4cc7-b8d0-24103f54d5c9 on network 83e0e6b0-28dd-4703-a03d-219b108a83d7 {{(pid=93551) bind_port /opt/stack/neutron/neutron/plugins/ml2/drivers/mech_agent.py:86}}
Jun 18 18:12:37.607433 dv-cinder-796113-5-smb neutron-server[93551]: DEBUG neutron.pecan_wsgi.hooks.policy_enforcement [req-9ce5a179-53f8-4221-a578-4ba9d7e81027 req-a5c8e903-983c-44bb-aa72-281cb6ad804c tempest-AttachVolumeNegativeTest-1169928386 tempest-AttachVolumeNegativeTest-1169928386-project] Attributes excluded by policy engine: ['standard_attr_id', 'binding:profile', 'binding:host_id', 'binding:vif_type', 'binding:vif_details'] {{(pid=93551) _exclude_attributes_by_policy /opt/stack/neutron/neutron/pecan_wsgi/hooks/policy_enforcement.py:255}}
Jun 18 18:12:37.608555 dv-cinder-796113-5-smb neutron-server[93552]: INFO neutron.wsgi [req-72f0349d-5e62-4e36-9881-71ec7cb3b26d req-0a06f346-4e6e-4413-a741-9f0967112b94 service neutron] 10.222.0.53 "GET /v2.0/floatingips?fixed_ip_address=172.20.0.13&port_id=75e2bee5-a562-45eb-ad29-cc5f68edb01a HTTP/1.1" status: 200 len: 217 time: 0.0499492
Jun 18 18:12:37.609075 dv-cinder-796113-5-smb neutron-server[93551]: INFO neutron.wsgi [req-9ce5a179-53f8-4221-a578-4ba9d7e81027 req-a5c8e903-983c-44bb-aa72-281cb6ad804c tempest-AttachVolumeNegativeTest-1169928386 tempest-AttachVolumeNegativeTest-1169928386-project] 10.222.0.60 "GET /v2.0/ports?device_id=4ec57cfc-89dc-457f-9712-a83661b8f65f HTTP/1.1" status: 200 len: 943 time: 0.2448487
Jun 18 18:12:37.613340 dv-cinder-796113-5-smb neutron-server[93551]: DEBUG neutron.plugins.ml2.drivers.mech_agent [req-6019e15e-e57b-420a-a422-4231e2dc265b req-9e566e77-1955-4d32-8ca6-027197bb7b0b service neutron] Port 407d64cc-7e66-4cc7-b8d0-24103f54d5c9 on network 83e0e6b0-28dd-4703-a03d-219b108a83d7 not bound, no agent of type Open vSwitch agent registered on host hv-cinder-79611 {{(pid=93551) bind_port /opt/stack/neutron/neutron/plugins/ml2/drivers/mech_agent.py:98}}
Jun 18 18:12:37.620037 dv-cinder-796113-5-smb neutron-server[93551]: DEBUG neutron.plugins.ml2.drivers.mech_agent [req-6019e15e-e57b-420a-a422-4231e2dc265b req-9e566e77-1955-4d32-8ca6-027197bb7b0b service neutron] Attempting to bind port 407d64cc-7e66-4cc7-b8d0-24103f54d5c9 on network 83e0e6b0-28dd-4703-a03d-219b108a83d7 {{(pid=93551) bind_port /opt/stack/neutron/neutron/plugins/ml2/drivers/mech_agent.py:86}}
Jun 18 18:12:37.621939 dv-cinder-796113-5-smb neutron-server[93551]: DEBUG neutron.plugins.ml2.drivers.mech_agent [req-6019e15e-e57b-420a-a422-4231e2dc265b req-9e566e77-1955-4d32-8ca6-027197bb7b0b service neutron] Checking agent: {'id': '65241a3a-301c-493d-a010-ed0efe95f243', 'agent_type': 'HyperV agent', 'binary': 'neutron-hyperv-agent', 'topic': 'N/A', 'host': 'hv-cinder-79611', 'admin_state_up': True, 'created_at': datetime.datetime(2021, 6, 18, 18, 9, 43), 'started_at': datetime.datetime(2021, 6, 18, 18, 9, 43), 'heartbeat_timestamp': datetime.datetime(2021, 6, 18, 18, 12, 13), 'description': None, 'resources_synced': None, 'availability_zone': None, 'alive': True, 'configurations': {'vswitch_mappings': {'physnet1$': 'br-data'}}, 'resource_versions': {}} {{(pid=93551) bind_port /opt/stack/neutron/neutron/plugins/ml2/drivers/mech_agent.py:105}}
Jun 18 18:12:37.622278 dv-cinder-796113-5-smb neutron-server[93551]: DEBUG neutron.plugins.ml2.drivers.mech_agent [req-6019e15e-e57b-420a-a422-4231e2dc265b req-9e566e77-1955-4d32-8ca6-027197bb7b0b service neutron] Checking segment: {'id': '1cba4d88-33b7-4326-bbc6-0926869a28a2', 'network_type': 'vlan', 'physical_network': 'physnet1', 'segmentation_id': 68, 'network_id': '83e0e6b0-28dd-4703-a03d-219b108a83d7'} for mappings: {'physnet1$': 'br-data'} with network types: ['local', 'flat', 'vlan'] {{(pid=93551) check_segment_for_agent /opt/stack/neutron/neutron/plugins/ml2/drivers/mech_agent.py:341}}
Jun 18 18:12:37.622657 dv-cinder-796113-5-smb neutron-server[93551]: DEBUG neutron.plugins.ml2.drivers.mech_agent [req-6019e15e-e57b-420a-a422-4231e2dc265b req-9e566e77-1955-4d32-8ca6-027197bb7b0b service neutron] Bound using segment: {'id': '1cba4d88-33b7-4326-bbc6-0926869a28a2', 'network_type': 'vlan', 'physical_network': 'physnet1', 'segmentation_id': 68, 'network_id': '83e0e6b0-28dd-4703-a03d-219b108a83d7'} {{(pid=93551) bind_port /opt/stack/neutron/neutron/plugins/ml2/drivers/mech_agent.py:115}}
Jun 18 18:12:37.623090 dv-cinder-796113-5-smb neutron-server[93551]: DEBUG neutron.plugins.ml2.managers [req-6019e15e-e57b-420a-a422-4231e2dc265b req-9e566e77-1955-4d32-8ca6-027197bb7b0b service neutron] Bound port: 407d64cc-7e66-4cc7-b8d0-24103f54d5c9, host: hv-cinder-79611, vif_type: hyperv, vif_details: {"connectivity": "legacy", "port_filter": false}, binding_levels: [{'bound_driver': 'hyperv', 'bound_segment': {'id': '1cba4d88-33b7-4326-bbc6-0926869a28a2', 'network_type': 'vlan', 'physical_network': 'physnet1', 'segmentation_id': 68, 'network_id': '83e0e6b0-28dd-4703-a03d-219b108a83d7'}}] {{(pid=93551) _bind_port_level /opt/stack/neutron/neutron/plugins/ml2/managers.py:928}}
Jun 18 18:12:37.623465 dv-cinder-796113-5-smb neutron-server[93551]: DEBUG neutron_lib.callbacks.manager [req-6019e15e-e57b-420a-a422-4231e2dc265b req-9e566e77-1955-4d32-8ca6-027197bb7b0b service neutron] Notify callbacks ['neutron.plugins.ml2.plugin.SecurityGroupDbMixin._ensure_default_security_group_handler_port-567470'] for port, before_update {{(pid=93551) _notify_loop /usr/local/lib/python3.8/dist-packages/neutron_lib/callbacks/manager.py:192}}
Jun 18 18:12:37.654470 dv-cinder-796113-5-smb neutron-server[93551]: DEBUG neutron.pecan_wsgi.hooks.policy_enforcement [req-77ab3c1e-7932-427f-ab50-312f0fd46d5a req-12860540-227f-4903-bd10-9576684bc0a8 tempest-ServerRescueNegativeTestJSON-1466065535 tempest-ServerRescueNegativeTestJSON-1466065535-project] Attributes excluded by policy engine: ['standard_attr_id', 'binding:profile', 'binding:host_id', 'binding:vif_type', 'binding:vif_details'] {{(pid=93551) _exclude_attributes_by_policy /opt/stack/neutron/neutron/pecan_wsgi/hooks/policy_enforcement.py:255}}
Jun 18 18:12:37.654470 dv-cinder-796113-5-smb neutron-server[93551]: INFO neutron.wsgi [req-77ab3c1e-7932-427f-ab50-312f0fd46d5a req-12860540-227f-4903-bd10-9576684bc0a8 tempest-ServerRescueNegativeTestJSON-1466065535 tempest-ServerRescueNegativeTestJSON-1466065535-project] 10.222.0.60 "GET /v2.0/ports?device_id=566bf40a-68f9-4905-b4f0-2ee94f50e452 HTTP/1.1" status: 200 len: 946 time: 0.1719306
Jun 18 18:12:37.662117 dv-cinder-796113-5-smb neutron-server[93552]: DEBUG neutron.pecan_wsgi.hooks.policy_enforcement [req-72f0349d-5e62-4e36-9881-71ec7cb3b26d req-69ebd60c-36ec-4194-bbd0-548478e4810d service neutron] Attributes excluded by policy engine: ['standard_attr_id', 'shared', 'segment_id'] {{(pid=93552) _exclude_attributes_by_policy /opt/stack/neutron/neutron/pecan_wsgi/hooks/policy_enforcement.py:255}}
Jun 18 18:12:37.663533 dv-cinder-796113-5-smb neutron-server[93552]: INFO neutron.wsgi [req-72f0349d-5e62-4e36-9881-71ec7cb3b26d req-69ebd60c-36ec-4194-bbd0-548478e4810d service neutron] 10.222.0.53 "GET /v2.0/subnets?id=62ab0a4b-c659-4d40-bf06-ef37a9f2578d HTTP/1.1" status: 200 len: 854 time: 0.0464292
Jun 18 18:12:37.698748 dv-cinder-796113-5-smb neutron-server[93552]: INFO neutron.wsgi [req-72f0349d-5e62-4e36-9881-71ec7cb3b26d req-d9777768-b0db-43ff-aee9-987e8149760e service neutron] 10.222.0.53 "GET /v2.0/ports?network_id=83e0e6b0-28dd-4703-a03d-219b108a83d7&device_owner=network%3Adhcp HTTP/1.1" status: 200 len: 210 time: 0.0272603
Jun 18 18:12:37.724870 dv-cinder-796113-5-smb neutron-server[93551]: INFO neutron.wsgi [req-9ce5a179-53f8-4221-a578-4ba9d7e81027 req-40e8e48e-84dd-4e32-bdfb-f838e0002eb1 tempest-AttachVolumeNegativeTest-1169928386 tempest-AttachVolumeNegativeTest-1169928386-project] 10.222.0.60 "GET /v2.0/security-groups?id=e89502ea-306d-47bb-8b01-6c376e8ffbf0&fields=id&fields=name HTTP/1.1" status: 200 len: 286 time: 0.0985415
Jun 18 18:12:37.760656 dv-cinder-796113-5-smb neutron-server[93551]: INFO neutron.wsgi [req-77ab3c1e-7932-427f-ab50-312f0fd46d5a req-4f6bfd48-f5f6-4a3a-b415-43c4758eba84 tempest-ServerRescueNegativeTestJSON-1466065535 tempest-ServerRescueNegativeTestJSON-1466065535-project] 10.222.0.60 "GET /v2.0/security-groups?id=279a40ed-f7db-4ea9-bd6f-ede6b79f8a7c&fields=id&fields=name HTTP/1.1" status: 200 len: 286 time: 0.0948660
Jun 18 18:12:37.763222 dv-cinder-796113-5-smb neutron-server[93551]: DEBUG neutron.plugins.ml2.db [req-6019e15e-e57b-420a-a422-4231e2dc265b req-9e566e77-1955-4d32-8ca6-027197bb7b0b service neutron] For port 407d64cc-7e66-4cc7-b8d0-24103f54d5c9, host hv-cinder-79611, cleared binding levels {{(pid=93551) clear_binding_levels /opt/stack/neutron/neutron/plugins/ml2/db.py:87}}
Jun 18 18:12:37.766487 dv-cinder-796113-5-smb neutron-server[93551]: DEBUG neutron.plugins.ml2.db [req-6019e15e-e57b-420a-a422-4231e2dc265b req-9e566e77-1955-4d32-8ca6-027197bb7b0b service neutron] For port 407d64cc-7e66-4cc7-b8d0-24103f54d5c9, host hv-cinder-79611, set binding levels [PortBindingLevel(driver='hyperv',host='hv-cinder-79611',level=0,port_id=407d64cc-7e66-4cc7-b8d0-24103f54d5c9,segment=NetworkSegment(1cba4d88-33b7-4326-bbc6-0926869a28a2),segment_id=1cba4d88-33b7-4326-bbc6-0926869a28a2)] {{(pid=93551) set_binding_levels /opt/stack/neutron/neutron/plugins/ml2/db.py:59}}
Jun 18 18:12:37.807667 dv-cinder-796113-5-smb neutron-server[93552]: INFO neutron.wsgi [req-72f0349d-5e62-4e36-9881-71ec7cb3b26d req-f37d7b16-6712-4169-876d-f6e650b31fff service neutron] 10.222.0.53 "GET /v2.0/networks/83e0e6b0-28dd-4703-a03d-219b108a83d7?fields=segments HTTP/1.1" status: 200 len: 212 time: 0.0993123
Jun 18 18:12:37.854192 dv-cinder-796113-5-smb neutron-server[93551]: DEBUG neutron_lib.callbacks.manager [req-6019e15e-e57b-420a-a422-4231e2dc265b req-9e566e77-1955-4d32-8ca6-027197bb7b0b service neutron] Notify callbacks ['neutron.plugins.ml2.plugin.SecurityGroupServerNotifierRpcMixin.notify_sg_on_port_change-562764', 'neutron.plugins.ml2.ovo_rpc._ObjectChangeHandler.handle_event-7560', 'neutron.api.rpc.agentnotifiers.dhcp_rpc_agent_api.DhcpAgentNotifyAPI._native_event_send_dhcp_notification-7805978', 'neutron.db.l3_db.L3RpcNotifierMixin._notify_gateway_port_ip_changed-8735606869715', 'neutron.db.l3_dvrscheduler_db._notify_l3_agent_port_update-8735606442864', 'neutron.db.l3_hascheduler_db._notify_l3_agent_ha_port_update-8735606442909'] for port, after_update {{(pid=93551) _notify_loop /usr/local/lib/python3.8/dist-packages/neutron_lib/callbacks/manager.py:192}}
Jun 18 18:12:37.857401 dv-cinder-796113-5-smb neutron-server[93551]: DEBUG oslo_concurrency.lockutils [-] Lock "event-dispatch" acquired by "neutron.plugins.ml2.ovo_rpc._ObjectChangeHandler.dispatch_events" :: waited 0.000s {{(pid=93551) inner /usr/local/lib/python3.8/dist-packages/oslo_concurrency/lockutils.py:355}}
Jun 18 18:12:37.885794 dv-cinder-796113-5-smb neutron-server[93551]: DEBUG neutron.pecan_wsgi.hooks.policy_enforcement [req-6019e15e-e57b-420a-a422-4231e2dc265b req-9e566e77-1955-4d32-8ca6-027197bb7b0b service neutron] Attributes excluded by policy engine: ['standard_attr_id'] {{(pid=93551) _exclude_attributes_by_policy /opt/stack/neutron/neutron/pecan_wsgi/hooks/policy_enforcement.py:255}}
Jun 18 18:12:37.887848 dv-cinder-796113-5-smb neutron-server[93551]: DEBUG neutron_lib.callbacks.manager [req-6019e15e-e57b-420a-a422-4231e2dc265b req-9e566e77-1955-4d32-8ca6-027197bb7b0b service neutron] Notify callbacks ['neutron.notifiers.nova.Notifier._send_nova_notification-46336', 'neutron.api.rpc.agentnotifiers.dhcp_rpc_agent_api.DhcpAgentNotifyAPI._send_dhcp_notification-7805964'] for port, before_response {{(pid=93551) _notify_loop /usr/local/lib/python3.8/dist-packages/neutron_lib/callbacks/manager.py:192}}
Jun 18 18:12:37.893203 dv-cinder-796113-5-smb neutron-server[93551]: INFO neutron.wsgi [req-6019e15e-e57b-420a-a422-4231e2dc265b req-9e566e77-1955-4d32-8ca6-027197bb7b0b service neutron] 10.222.0.53 "PUT /v2.0/ports/407d64cc-7e66-4cc7-b8d0-24103f54d5c9 HTTP/1.1" status: 200 len: 1093 time: 1.0446742
Jun 18 18:12:37.916941 dv-cinder-796113-5-smb neutron-server[93551]: DEBUG neutron.notifiers.nova [-] Sending events: [{'name': 'network-changed', 'server_uuid': '4ec57cfc-89dc-457f-9712-a83661b8f65f', 'tag': '407d64cc-7e66-4cc7-b8d0-24103f54d5c9'}] {{(pid=93551) send_events /opt/stack/neutron/neutron/notifiers/nova.py:262}}
Jun 18 18:12:37.919460 dv-cinder-796113-5-smb neutron-server[93551]: DEBUG novaclient.v2.client [-] REQ: curl -g -i --cacert "/opt/stack/data/ca-bundle.pem" -X POST http://10.222.0.60/compute/v2.1/os-server-external-events -H "Accept: application/json" -H "Content-Type: application/json" -H "User-Agent: python-novaclient" -H "X-Auth-Token: {SHA256}e035ae6b78f63c9111955dff08b66171d049ee011e30c77ca80f5a440b2c6903" -H "X-OpenStack-Nova-API-Version: 2.1" -H "X-OpenStack-Request-ID: req-69c1b5ef-f63e-423d-8385-e34dac14b95a" -d '{"events": [{"name": "network-changed", "server_uuid": "4ec57cfc-89dc-457f-9712-a83661b8f65f", "tag": "407d64cc-7e66-4cc7-b8d0-24103f54d5c9"}]}' {{(pid=93551) _http_log_request /usr/local/lib/python3.8/dist-packages/keystoneauth1/session.py:519}}
Jun 18 18:12:37.981133 dv-cinder-796113-5-smb neutron-server[93552]: INFO neutron.wsgi [req-72f0349d-5e62-4e36-9881-71ec7cb3b26d req-0552bbf0-0e92-4928-83fa-101c37af9aec service neutron] 10.222.0.53 "GET /v2.0/networks/83e0e6b0-28dd-4703-a03d-219b108a83d7?fields=provider%3Aphysical_network&fields=provider%3Anetwork_type HTTP/1.1" status: 200 len: 281 time: 0.1635463
Jun 18 18:12:37.995157 dv-cinder-796113-5-smb neutron-server[93551]: DEBUG neutron.api.rpc.handlers.resources_rpc [None req-9e566e77-1955-4d32-8ca6-027197bb7b0b service neutron] Pushing event updated for resources: {'Port': ['ID=407d64cc-7e66-4cc7-b8d0-24103f54d5c9,revision_number=3']} {{(pid=93551) push /opt/stack/neutron/neutron/api/rpc/handlers/resources_rpc.py:237}}
Jun 18 18:12:37.998399 dv-cinder-796113-5-smb neutron-server[93551]: DEBUG oslo_concurrency.lockutils [None req-9e566e77-1955-4d32-8ca6-027197bb7b0b service neutron] Lock "event-dispatch" released by "neutron.plugins.ml2.ovo_rpc._ObjectChangeHandler.dispatch_events" :: held 0.141s {{(pid=93551) inner /usr/local/lib/python3.8/dist-packages/oslo_concurrency/lockutils.py:367}}
Jun 18 18:12:38.076827 dv-cinder-796113-5-smb neutron-server[93551]: DEBUG neutron.pecan_wsgi.hooks.policy_enforcement [req-405b34ce-920a-4dbf-ab4b-cb1589f477eb req-47ff861b-330b-4253-90ce-d884e4f4be80 tempest-ServerRescueNegativeTestJSON-1466065535 tempest-ServerRescueNegativeTestJSON-1466065535-project] Attributes excluded by policy engine: ['standard_attr_id', 'binding:profile', 'binding:host_id', 'binding:vif_type', 'binding:vif_details'] {{(pid=93551) _exclude_attributes_by_policy /opt/stack/neutron/neutron/pecan_wsgi/hooks/policy_enforcement.py:255}}
Jun 18 18:12:38.078318 dv-cinder-796113-5-smb neutron-server[93551]: INFO neutron.wsgi [req-405b34ce-920a-4dbf-ab4b-cb1589f477eb req-47ff861b-330b-4253-90ce-d884e4f4be80 tempest-ServerRescueNegativeTestJSON-1466065535 tempest-ServerRescueNegativeTestJSON-1466065535-project] 10.222.0.60 "GET /v2.0/ports?device_id=3df3cb4c-943c-4a99-b1e5-36e6ae791199 HTTP/1.1" status: 200 len: 946 time: 0.1549375
Jun 18 18:12:38.098801 dv-cinder-796113-5-smb neutron-server[93552]: DEBUG neutron.pecan_wsgi.hooks.policy_enforcement [req-6019e15e-e57b-420a-a422-4231e2dc265b req-3718af5c-2324-469c-9fcf-8213069ee76e service neutron] Attributes excluded by policy engine: ['standard_attr_id'] {{(pid=93552) _exclude_attributes_by_policy /opt/stack/neutron/neutron/pecan_wsgi/hooks/policy_enforcement.py:255}}
Jun 18 18:12:38.100327 dv-cinder-796113-5-smb neutron-server[93552]: INFO neutron.wsgi [req-6019e15e-e57b-420a-a422-4231e2dc265b req-3718af5c-2324-469c-9fcf-8213069ee76e service neutron] 10.222.0.53 "GET /v2.0/ports?tenant_id=0939c7910d3f497faba5df5b1062b1ec&device_id=4ec57cfc-89dc-457f-9712-a83661b8f65f HTTP/1.1" status: 200 len: 1096 time: 0.0548446
Jun 18 18:12:38.140648 dv-cinder-796113-5-smb neutron-server[93551]: INFO neutron.wsgi [req-405b34ce-920a-4dbf-ab4b-cb1589f477eb req-b13cb94a-a729-415c-831a-99a4dd41cda3 tempest-ServerRescueNegativeTestJSON-1466065535 tempest-ServerRescueNegativeTestJSON-1466065535-project] 10.222.0.60 "GET /v2.0/security-groups?id=279a40ed-f7db-4ea9-bd6f-ede6b79f8a7c&fields=id&fields=name HTTP/1.1" status: 200 len: 286 time: 0.0538704
Jun 18 18:12:38.150655 dv-cinder-796113-5-smb neutron-server[93552]: INFO neutron.wsgi [req-6019e15e-e57b-420a-a422-4231e2dc265b req-447fbb7e-50c4-4683-888f-f4bacd4a1dc0 service neutron] 10.222.0.53 "GET /v2.0/floatingips?fixed_ip_address=172.20.0.9&port_id=407d64cc-7e66-4cc7-b8d0-24103f54d5c9 HTTP/1.1" status: 200 len: 217 time: 0.0418193
Jun 18 18:12:38.158548 dv-cinder-796113-5-smb neutron-server[93551]: DEBUG neutron.pecan_wsgi.hooks.policy_enforcement [req-57bc32b1-6fd4-4ca0-b1c8-e671840f1c7d req-0fd54ef0-92f9-4bbe-be05-bfff27ae724f tempest-VolumesSnapshotTestJSON-613514092 tempest-VolumesSnapshotTestJSON-613514092-project] Attributes excluded by policy engine: ['standard_attr_id', 'vlan_transparent', 'provider:network_type', 'provider:physical_network', 'provider:segmentation_id'] {{(pid=93551) _exclude_attributes_by_policy /opt/stack/neutron/neutron/pecan_wsgi/hooks/policy_enforcement.py:255}}
Jun 18 18:12:38.160075 dv-cinder-796113-5-smb neutron-server[93551]: INFO neutron.wsgi [req-57bc32b1-6fd4-4ca0-b1c8-e671840f1c7d req-0fd54ef0-92f9-4bbe-be05-bfff27ae724f tempest-VolumesSnapshotTestJSON-613514092 tempest-VolumesSnapshotTestJSON-613514092-project] 10.222.0.60 "GET /v2.0/networks?id=ac0b89f2-468e-4a91-bc10-ec0490d41695 HTTP/1.1" status: 200 len: 812 time: 0.1588116
Jun 18 18:12:38.186803 dv-cinder-796113-5-smb neutron-server[93551]: INFO neutron.wsgi [req-57bc32b1-6fd4-4ca0-b1c8-e671840f1c7d req-629ce4c8-4836-4ddd-b0d3-cf5c762e01f7 tempest-VolumesSnapshotTestJSON-613514092 tempest-VolumesSnapshotTestJSON-613514092-project] 10.222.0.60 "GET /v2.0/quotas/53028a2db9c44b5ba515f9d8b4b0b144 HTTP/1.1" status: 200 len: 375 time: 0.0207865
Jun 18 18:12:38.212060 dv-cinder-796113-5-smb neutron-server[93551]: DEBUG novaclient.v2.client [-] RESP: [200] Connection: close Content-Length: 179 Content-Type: application/json Date: Fri, 18 Jun 2021 18:12:37 GMT OpenStack-API-Version: compute 2.1 Server: Apache/2.4.41 (Ubuntu) Vary: OpenStack-API-Version,X-OpenStack-Nova-API-Version X-OpenStack-Nova-API-Version: 2.1 x-compute-request-id: req-34174ba0-7e1f-4ab0-9904-42eed56519c7 x-openstack-request-id: req-34174ba0-7e1f-4ab0-9904-42eed56519c7 {{(pid=93551) _http_log_response /usr/local/lib/python3.8/dist-packages/keystoneauth1/session.py:550}}
Jun 18 18:12:38.212401 dv-cinder-796113-5-smb neutron-server[93551]: DEBUG novaclient.v2.client [-] RESP BODY: {"events": [{"name": "network-changed", "server_uuid": "4ec57cfc-89dc-457f-9712-a83661b8f65f", "tag": "407d64cc-7e66-4cc7-b8d0-24103f54d5c9", "status": "completed", "code": 200}]} {{(pid=93551) _http_log_response /usr/local/lib/python3.8/dist-packages/keystoneauth1/session.py:582}}
Jun 18 18:12:38.212679 dv-cinder-796113-5-smb neutron-server[93551]: DEBUG novaclient.v2.client [-] POST call to compute for http://10.222.0.60/compute/v2.1/os-server-external-events used request id req-34174ba0-7e1f-4ab0-9904-42eed56519c7 {{(pid=93551) request /usr/local/lib/python3.8/dist-packages/keystoneauth1/session.py:954}}
Jun 18 18:12:38.213080 dv-cinder-796113-5-smb neutron-server[93551]: INFO neutron.notifiers.nova [-] Nova event response: {'name': 'network-changed', 'server_uuid': '4ec57cfc-89dc-457f-9712-a83661b8f65f', 'tag': '407d64cc-7e66-4cc7-b8d0-24103f54d5c9', 'status': 'completed', 'code': 200}
Jun 18 18:12:38.252859 dv-cinder-796113-5-smb neutron-server[93552]: DEBUG neutron.pecan_wsgi.hooks.policy_enforcement [req-6019e15e-e57b-420a-a422-4231e2dc265b req-fb644533-fb54-42ff-a99c-3ae32ecc302c service neutron] Attributes excluded by policy engine: ['standard_attr_id', 'shared', 'segment_id'] {{(pid=93552) _exclude_attributes_by_policy /opt/stack/neutron/neutron/pecan_wsgi/hooks/policy_enforcement.py:255}}
Jun 18 18:12:38.254364 dv-cinder-796113-5-smb neutron-server[93552]: INFO neutron.wsgi [req-6019e15e-e57b-420a-a422-4231e2dc265b req-fb644533-fb54-42ff-a99c-3ae32ecc302c service neutron] 10.222.0.53 "GET /v2.0/subnets?id=62ab0a4b-c659-4d40-bf06-ef37a9f2578d HTTP/1.1" status: 200 len: 854 time: 0.0971847
Jun 18 18:12:38.259143 dv-cinder-796113-5-smb neutron-server[93551]: INFO neutron.wsgi [req-57bc32b1-6fd4-4ca0-b1c8-e671840f1c7d req-ede6e1ad-b508-4260-a640-d64b8be6efe7 tempest-VolumesSnapshotTestJSON-613514092 tempest-VolumesSnapshotTestJSON-613514092-project] 10.222.0.60 "GET /v2.0/ports?tenant_id=53028a2db9c44b5ba515f9d8b4b0b144&fields=id HTTP/1.1" status: 200 len: 210 time: 0.0653265
Jun 18 18:12:38.305041 dv-cinder-796113-5-smb neutron-server[93552]: INFO neutron.wsgi [req-6019e15e-e57b-420a-a422-4231e2dc265b req-068e7dd7-8a45-4fcc-899f-0faba7241b68 service neutron] 10.222.0.53 "GET /v2.0/ports?network_id=83e0e6b0-28dd-4703-a03d-219b108a83d7&device_owner=network%3Adhcp HTTP/1.1" status: 200 len: 210 time: 0.0345011
Jun 18 18:12:38.366202 dv-cinder-796113-5-smb neutron-server[93551]: INFO neutron.wsgi [req-57bc32b1-6fd4-4ca0-b1c8-e671840f1c7d req-4a56615e-ab8a-4c04-ba51-86267e1fa0f1 service neutron] 10.222.0.60 "GET /v2.0/networks/ac0b89f2-468e-4a91-bc10-ec0490d41695?fields=segments HTTP/1.1" status: 200 len: 212 time: 0.1009405
Jun 18 18:12:38.429103 dv-cinder-796113-5-smb neutron-server[93552]: INFO neutron.wsgi [req-6019e15e-e57b-420a-a422-4231e2dc265b req-1e9720bc-0c0c-4d28-824c-6f1052270b39 service neutron] 10.222.0.53 "GET /v2.0/networks/83e0e6b0-28dd-4703-a03d-219b108a83d7?fields=segments HTTP/1.1" status: 200 len: 212 time: 0.1040151
Jun 18 18:12:38.466952 dv-cinder-796113-5-smb neutron-server[93551]: INFO neutron.wsgi [req-57bc32b1-6fd4-4ca0-b1c8-e671840f1c7d req-1f3d8379-0958-48d4-8afe-66c99d28da73 service neutron] 10.222.0.60 "GET /v2.0/networks/ac0b89f2-468e-4a91-bc10-ec0490d41695?fields=provider%3Aphysical_network&fields=provider%3Anetwork_type HTTP/1.1" status: 200 len: 281 time: 0.0949395
Jun 18 18:12:38.527769 dv-cinder-796113-5-smb neutron-server[93552]: INFO neutron.wsgi [req-6019e15e-e57b-420a-a422-4231e2dc265b req-59d7dbab-c516-406e-96f5-791e0faca541 service neutron] 10.222.0.53 "GET /v2.0/networks/83e0e6b0-28dd-4703-a03d-219b108a83d7?fields=provider%3Aphysical_network&fields=provider%3Anetwork_type HTTP/1.1" status: 200 len: 281 time: 0.0901153
Jun 18 18:12:38.831330 dv-cinder-796113-5-smb neutron-server[93551]: INFO neutron.wsgi [req-aa2ebeb0-e20f-4f68-a89c-8476cfb6898c req-25190aea-60f0-4547-96fb-ec7a1fb7b427 tempest-VolumesSnapshotTestJSON-613514092 tempest-VolumesSnapshotTestJSON-613514092-project] 10.222.0.60 "GET /v2.0/ports?device_id=6508a2ab-269d-4a0c-a6fe-a5b9e69e5fff HTTP/1.1" status: 200 len: 210 time: 0.0360496
Jun 18 18:12:38.836374 dv-cinder-796113-5-smb neutron-server[93552]: DEBUG neutron.pecan_wsgi.hooks.policy_enforcement [req-69c1b5ef-f63e-423d-8385-e34dac14b95a req-374e7220-ee8f-4141-b42c-ef4d0b6f380a service neutron] Attributes excluded by policy engine: ['standard_attr_id'] {{(pid=93552) _exclude_attributes_by_policy /opt/stack/neutron/neutron/pecan_wsgi/hooks/policy_enforcement.py:255}}
Jun 18 18:12:38.839386 dv-cinder-796113-5-smb neutron-server[93552]: INFO neutron.wsgi [req-69c1b5ef-f63e-423d-8385-e34dac14b95a req-374e7220-ee8f-4141-b42c-ef4d0b6f380a service neutron] 10.222.0.53 "GET /v2.0/ports?tenant_id=0939c7910d3f497faba5df5b1062b1ec&device_id=4ec57cfc-89dc-457f-9712-a83661b8f65f HTTP/1.1" status: 200 len: 1096 time: 0.0650835
Jun 18 18:12:38.893724 dv-cinder-796113-5-smb neutron-server[93554]: DEBUG neutron.db.agents_db [None req-1d0e4135-a914-4458-b1e0-16707a08b689 None None] Agent healthcheck: found 6 active agents {{(pid=93554) agent_health_check /opt/stack/neutron/neutron/db/agents_db.py:314}}
Jun 18 18:12:39.012093 dv-cinder-796113-5-smb neutron-server[93552]: DEBUG neutron.pecan_wsgi.hooks.policy_enforcement [req-69c1b5ef-f63e-423d-8385-e34dac14b95a req-af0a648d-6423-495a-a4d3-bd118705e8fc service neutron] Attributes excluded by policy engine: ['standard_attr_id', 'vlan_transparent'] {{(pid=93552) _exclude_attributes_by_policy /opt/stack/neutron/neutron/pecan_wsgi/hooks/policy_enforcement.py:255}}
Jun 18 18:12:39.014161 dv-cinder-796113-5-smb neutron-server[93552]: INFO neutron.wsgi [req-69c1b5ef-f63e-423d-8385-e34dac14b95a req-af0a648d-6423-495a-a4d3-bd118705e8fc service neutron] 10.222.0.53 "GET /v2.0/networks?id=83e0e6b0-28dd-4703-a03d-219b108a83d7 HTTP/1.1" status: 200 len: 914 time: 0.1665854
Jun 18 18:12:39.035579 dv-cinder-796113-5-smb neutron-server[93551]: DEBUG neutron.pecan_wsgi.hooks.policy_enforcement [req-27aa3f28-e0ea-4b1d-9361-302465b1c077 req-6a8e224e-b514-4923-9ae5-973430c30476 tempest-AttachVolumeNegativeTest-1169928386 tempest-AttachVolumeNegativeTest-1169928386-project] Attributes excluded by policy engine: ['standard_attr_id', 'binding:profile', 'binding:host_id', 'binding:vif_type', 'binding:vif_details'] {{(pid=93551) _exclude_attributes_by_policy /opt/stack/neutron/neutron/pecan_wsgi/hooks/policy_enforcement.py:255}}
Jun 18 18:12:39.038766 dv-cinder-796113-5-smb neutron-server[93551]: INFO neutron.wsgi [req-27aa3f28-e0ea-4b1d-9361-302465b1c077 req-6a8e224e-b514-4923-9ae5-973430c30476 tempest-AttachVolumeNegativeTest-1169928386 tempest-AttachVolumeNegativeTest-1169928386-project] 10.222.0.60 "GET /v2.0/ports?device_id=4ec57cfc-89dc-457f-9712-a83661b8f65f HTTP/1.1" status: 200 len: 943 time: 0.1009748
Jun 18 18:12:39.062367 dv-cinder-796113-5-smb neutron-server[93552]: INFO neutron.wsgi [req-69c1b5ef-f63e-423d-8385-e34dac14b95a req-4c2b9ee7-b329-4955-a5b0-44c543137fb2 service neutron] 10.222.0.53 "GET /v2.0/floatingips?fixed_ip_address=172.20.0.9&port_id=407d64cc-7e66-4cc7-b8d0-24103f54d5c9 HTTP/1.1" status: 200 len: 217 time: 0.0386674
Jun 18 18:12:39.092166 dv-cinder-796113-5-smb neutron-server[93551]: INFO neutron.wsgi [req-27aa3f28-e0ea-4b1d-9361-302465b1c077 req-ee535e34-82d7-46fb-9d06-1c1a9154c42b tempest-AttachVolumeNegativeTest-1169928386 tempest-AttachVolumeNegativeTest-1169928386-project] 10.222.0.60 "GET /v2.0/security-groups?id=e89502ea-306d-47bb-8b01-6c376e8ffbf0&fields=id&fields=name HTTP/1.1" status: 200 len: 286 time: 0.0448625
Jun 18 18:12:39.122385 dv-cinder-796113-5-smb neutron-server[93552]: DEBUG neutron.pecan_wsgi.hooks.policy_enforcement [req-69c1b5ef-f63e-423d-8385-e34dac14b95a req-b7c5d138-dc1d-42fa-b4ef-2099b93cafe6 service neutron] Attributes excluded by policy engine: ['standard_attr_id', 'shared', 'segment_id'] {{(pid=93552) _exclude_attributes_by_policy /opt/stack/neutron/neutron/pecan_wsgi/hooks/policy_enforcement.py:255}}
Jun 18 18:12:39.124168 dv-cinder-796113-5-smb neutron-server[93552]: INFO neutron.wsgi [req-69c1b5ef-f63e-423d-8385-e34dac14b95a req-b7c5d138-dc1d-42fa-b4ef-2099b93cafe6 service neutron] 10.222.0.53 "GET /v2.0/subnets?id=62ab0a4b-c659-4d40-bf06-ef37a9f2578d HTTP/1.1" status: 200 len: 854 time: 0.0545015
Jun 18 18:12:39.174833 dv-cinder-796113-5-smb neutron-server[93552]: INFO neutron.wsgi [req-69c1b5ef-f63e-423d-8385-e34dac14b95a req-8b133f7d-4db7-4a20-b7ac-7cf17894aaa0 service neutron] 10.222.0.53 "GET /v2.0/ports?network_id=83e0e6b0-28dd-4703-a03d-219b108a83d7&device_owner=network%3Adhcp HTTP/1.1" status: 200 len: 210 time: 0.0327315
Jun 18 18:12:39.286042 dv-cinder-796113-5-smb neutron-server[93552]: INFO neutron.wsgi [req-69c1b5ef-f63e-423d-8385-e34dac14b95a req-7e77b060-ac2b-440e-a241-961a6378a4fc service neutron] 10.222.0.53 "GET /v2.0/networks/83e0e6b0-28dd-4703-a03d-219b108a83d7?fields=segments HTTP/1.1" status: 200 len: 212 time: 0.1008661
Jun 18 18:12:39.301429 dv-cinder-796113-5-smb neutron-server[93551]: DEBUG neutron.wsgi [-] (93551) accepted ('10.222.0.60', 44518) {{(pid=93551) server /usr/local/lib/python3.8/dist-packages/eventlet/wsgi.py:992}}
Jun 18 18:12:39.478315 dv-cinder-796113-5-smb neutron-server[93551]: DEBUG neutron_lib.callbacks.manager [None req-2f09d7ef-223b-4e55-a57c-30e03969a853 admin admin] Notify callbacks [] for security_group, before_create {{(pid=93551) _notify_loop /usr/local/lib/python3.8/dist-packages/neutron_lib/callbacks/manager.py:192}}
Jun 18 18:12:39.594224 dv-cinder-796113-5-smb neutron-server[93551]: DEBUG neutron_lib.callbacks.manager [None req-2f09d7ef-223b-4e55-a57c-30e03969a853 admin admin] Notify callbacks [] for security_group, precommit_create {{(pid=93551) _notify_loop /usr/local/lib/python3.8/dist-packages/neutron_lib/callbacks/manager.py:192}}
Jun 18 18:12:39.664984 dv-cinder-796113-5-smb neutron-server[93552]: INFO neutron.wsgi [req-69c1b5ef-f63e-423d-8385-e34dac14b95a req-26e40aa7-459e-4692-b92a-a38fbee05697 service neutron] 10.222.0.53 "GET /v2.0/networks/83e0e6b0-28dd-4703-a03d-219b108a83d7?fields=provider%3Aphysical_network&fields=provider%3Anetwork_type HTTP/1.1" status: 200 len: 281 time: 0.3616579
Jun 18 18:12:39.741048 dv-cinder-796113-5-smb neutron-server[93551]: DEBUG neutron_lib.callbacks.manager [None req-2f09d7ef-223b-4e55-a57c-30e03969a853 admin admin] Notify callbacks ['neutron.plugins.ml2.ovo_rpc._ObjectChangeHandler.handle_event-361019'] for security_group, after_create {{(pid=93551) _notify_loop /usr/local/lib/python3.8/dist-packages/neutron_lib/callbacks/manager.py:192}}
Jun 18 18:12:39.745888 dv-cinder-796113-5-smb neutron-server[93551]: DEBUG oslo_concurrency.lockutils [None req-c91a4adc-1762-4b7c-9fc0-1a3b7f17bc12 admin admin] Lock "event-dispatch" acquired by "neutron.plugins.ml2.ovo_rpc._ObjectChangeHandler.dispatch_events" :: waited 0.000s {{(pid=93551) inner /usr/local/lib/python3.8/dist-packages/oslo_concurrency/lockutils.py:355}}
Jun 18 18:12:39.787462 dv-cinder-796113-5-smb neutron-server[93551]: INFO neutron.wsgi [None req-2f09d7ef-223b-4e55-a57c-30e03969a853 admin admin] 10.222.0.60 "GET /v2.0/security-groups?tenant_id=f47f88a802dd4e2e9dd4ed88e4b946b0&name=default HTTP/1.1" status: 200 len: 2979 time: 0.4842999
Jun 18 18:12:39.788588 dv-cinder-796113-5-smb neutron-server[93551]: DEBUG neutron.api.rpc.handlers.resources_rpc [None req-2f09d7ef-223b-4e55-a57c-30e03969a853 admin admin] Pushing event updated for resources: {'SecurityGroup': ['ID=d06a2005-ebf8-4067-a5c7-4026d8cf6ee5,revision_number=1']} {{(pid=93551) push /opt/stack/neutron/neutron/api/rpc/handlers/resources_rpc.py:237}}
Jun 18 18:12:39.790636 dv-cinder-796113-5-smb neutron-server[93552]: DEBUG neutron.wsgi [-] (93552) accepted ('10.222.0.60', 44530) {{(pid=93552) server /usr/local/lib/python3.8/dist-packages/eventlet/wsgi.py:992}}
Jun 18 18:12:39.791864 dv-cinder-796113-5-smb neutron-server[93551]: DEBUG oslo_concurrency.lockutils [None req-2f09d7ef-223b-4e55-a57c-30e03969a853 admin admin] Lock "event-dispatch" released by "neutron.plugins.ml2.ovo_rpc._ObjectChangeHandler.dispatch_events" :: held 0.046s {{(pid=93551) inner /usr/local/lib/python3.8/dist-packages/oslo_concurrency/lockutils.py:367}}
Jun 18 18:12:39.843348 dv-cinder-796113-5-smb neutron-server[93552]: DEBUG neutron_lib.callbacks.manager [None req-dd4d2693-e50c-4cce-a490-f00b7eaf093b admin admin] Notify callbacks [] for security_group, before_delete {{(pid=93552) _notify_loop /usr/local/lib/python3.8/dist-packages/neutron_lib/callbacks/manager.py:192}}
