Jun 18 18:10:44.583048 dv-cinder-796113-5-iscsi neutron-server[93526]: DEBUG neutron.db.l3_hamode_db [None req-f9f7c1fd-dc86-4c45-8cfe-22b3a12e42e1 None None] neutron.services.l3_router.l3_router_plugin.L3RouterPlugin method _process_sync_ha_data called with arguments (, [{'id': '753d58c0-b279-474b-8587-c607743bf343', 'name': 'tempest-AttachVolumeTestJSON-194531453-router', 'tenant_id': '4eff8d86af2742bab66845c50e6560c3', 'admin_state_up': True, 'status': 'ACTIVE', 'external_gateway_info': {'network_id': 'eaa3fec3-1398-44c7-a705-1f53cad27f68', 'external_fixed_ips': [{'subnet_id': '0377427a-05ed-48ba-b353-253cb2ecf50e', 'ip_address': '172.27.2.83'}], 'enable_snat': True}, 'gw_port_id': '0fc6134e-5f68-4e15-8e86-beb26b6d984e', 'description': '', 'availability_zones': ['nova'], 'distributed': False, 'ha': False, 'ha_vr_id': 0, 'availability_zone_hints': [], 'routes': [], 'flavor_id': None, 'tags': [], 'created_at': '2021-06-18T18:10:41Z', 'updated_at': '2021-06-18T18:10:43Z', 'revision_number': 3, 'project_id': '4eff8d86af2742bab66845c50e6560c3', 'gw_port': {'id': '0fc6134e-5f68-4e15-8e86-beb26b6d984e', 'name': '', 'network_id': 'eaa3fec3-1398-44c7-a705-1f53cad27f68', 'tenant_id': '', 'mac_address': 'fa:16:3e:b0:33:3f', 'admin_state_up': True, 'status': 'DOWN', 'device_id': '753d58c0-b279-474b-8587-c607743bf343', 'device_owner': 'network:router_gateway', 'standard_attr_id': 70, 'fixed_ips': [{'subnet_id': '0377427a-05ed-48ba-b353-253cb2ecf50e', 'ip_address': '172.27.2.83', 'prefixlen': 24}], 'allowed_address_pairs': [], 'extra_dhcp_opts': [], 'security_groups': [], 'description': '', 'binding:vnic_type': 'normal', 'binding:profile': {}, 'binding:host_id': '', 'binding:vif_type': 'unbound', 'binding:vif_details': {}, 'port_security_enabled': False, 'tags': [], 'created_at': '2021-06-18T18:10:42Z', 'updated_at': '2021-06-18T18:10:42Z', 'revision_number': 1, 'project_id': '', 'subnets': [{'id': '0377427a-05ed-48ba-b353-253cb2ecf50e', 'cidr': '172.27.2.0/24', 'gateway_ip': '172.27.2.1', 'dns_nameservers': [], 'ipv6_ra_mode': None, 'subnetpool_id': None}], 'extra_subnets': [], 'address_scopes': {4: None, 6: None}, 'mtu': 1500}, 'enable_snat': True, 'gw_port_host': 'dv-cinder-796113-5-iscsi'}], 'dv-cinder-796113-5-iscsi', False) {} {{(pid=93526) wrapper /usr/local/lib/python3.8/dist-packages/oslo_log/helpers.py:65}}
Jun 18 18:10:44.613538 dv-cinder-796113-5-iscsi neutron-server[93526]: DEBUG neutron.api.rpc.handlers.l3_rpc [None req-f9f7c1fd-dc86-4c45-8cfe-22b3a12e42e1 None None] Checking router: 753d58c0-b279-474b-8587-c607743bf343 for host: dv-cinder-796113-5-iscsi {{(pid=93526) _ensure_host_set_on_ports /opt/stack/neutron/neutron/api/rpc/handlers/l3_rpc.py:155}}
Jun 18 18:10:44.614162 dv-cinder-796113-5-iscsi neutron-server[93526]: DEBUG neutron.api.rpc.handlers.l3_rpc [None req-f9f7c1fd-dc86-4c45-8cfe-22b3a12e42e1 None None] Updating router 753d58c0-b279-474b-8587-c607743bf343 port 0fc6134e-5f68-4e15-8e86-beb26b6d984e binding host dv-cinder-796113-5-iscsi {{(pid=93526) _ensure_host_set_on_port /opt/stack/neutron/neutron/api/rpc/handlers/l3_rpc.py:205}}
Jun 18 18:10:44.634769 dv-cinder-796113-5-iscsi neutron-server[93524]: INFO neutron.wsgi [None req-15a55b2d-cf53-4fac-a276-361c329f2322 admin admin] 10.222.0.42 "POST /v2.0/subnets HTTP/1.1" status: 201 len: 848 time: 3.1401231
Jun 18 18:10:44.665217 dv-cinder-796113-5-iscsi neutron-server[93524]: INFO neutron.wsgi [None req-e186faed-9faa-4460-a1af-ea59ba9faf5c admin admin] 10.222.0.42 "GET /v2.0/security-groups?tenant_id=00d7897d71a94647ba37a8ceb9b9e644&name=default HTTP/1.1" status: 200 len: 2975 time: 1.4496856
Jun 18 18:10:44.665217 dv-cinder-796113-5-iscsi neutron-server[93524]: DEBUG neutron.wsgi [-] (93524) accepted ('10.222.0.42', 58966) {{(pid=93524) server /usr/local/lib/python3.8/dist-packages/eventlet/wsgi.py:992}}
Jun 18 18:10:44.666169 dv-cinder-796113-5-iscsi neutron-server[93524]: DEBUG neutron.wsgi [req-5bae6200-2c72-4e19-ae95-e089bcce5b51 req-280f2872-0989-430c-b486-976e05e180a0 service neutron] http://10.222.0.42:9696/v2.0/extensions returned with HTTP 200 {{(pid=93524) __call__ /opt/stack/neutron/neutron/wsgi.py:729}}
Jun 18 18:10:44.667814 dv-cinder-796113-5-iscsi neutron-server[93524]: INFO neutron.wsgi [req-5bae6200-2c72-4e19-ae95-e089bcce5b51 req-280f2872-0989-430c-b486-976e05e180a0 service neutron] 10.222.0.42 "GET /v2.0/extensions HTTP/1.1" status: 200 len: 13640 time: 0.2662899
Jun 18 18:10:44.679632 dv-cinder-796113-5-iscsi neutron-server[93524]: DEBUG neutron_lib.callbacks.manager [None req-e15d510d-c14f-4b07-bc40-ab042e76c0f9 admin admin] Notify callbacks ['neutron.services.l3_router.l3_router_plugin.DVRResourceOperationHandler._handle_distributed_migration-1635815', 'neutron.services.l3_router.l3_router_plugin.L3_HA_NAT_db_mixin._validate_migration-511572', 'neutron.services.l3_router.service_providers.driver_controller.DriverController._update_router_provider-6945'] for router, precommit_update {{(pid=93524) _notify_loop /usr/local/lib/python3.8/dist-packages/neutron_lib/callbacks/manager.py:192}}
Jun 18 18:10:44.694233 dv-cinder-796113-5-iscsi neutron-server[93525]: DEBUG neutron_lib.callbacks.manager [None req-33fdeea0-85d9-467d-9385-b4a2b2ce8873 None None] Notify callbacks ['neutron.plugins.ml2.plugin.SecurityGroupDbMixin._ensure_default_security_group_handler_port-566886'] for port, before_update {{(pid=93525) _notify_loop /usr/local/lib/python3.8/dist-packages/neutron_lib/callbacks/manager.py:192}}
Jun 18 18:10:44.715249 dv-cinder-796113-5-iscsi neutron-server[93526]: DEBUG neutron_lib.callbacks.manager [None req-f9f7c1fd-dc86-4c45-8cfe-22b3a12e42e1 None None] Notify callbacks ['neutron.plugins.ml2.plugin.SecurityGroupDbMixin._ensure_default_security_group_handler_port-566886'] for port, before_update {{(pid=93526) _notify_loop /usr/local/lib/python3.8/dist-packages/neutron_lib/callbacks/manager.py:192}}
Jun 18 18:10:44.769896 dv-cinder-796113-5-iscsi neutron-server[93524]: DEBUG neutron.api.rpc.handlers.resources_rpc [None req-e186faed-9faa-4460-a1af-ea59ba9faf5c admin admin] Pushing event updated for resources: {'SecurityGroup': ['ID=cf9b5c5f-7e09-4815-96cf-31e77f74c487,revision_number=1']} {{(pid=93524) push /opt/stack/neutron/neutron/api/rpc/handlers/resources_rpc.py:237}}
Jun 18 18:10:44.787396 dv-cinder-796113-5-iscsi neutron-server[93523]: INFO neutron.wsgi [None req-59a39475-4740-4e5d-afbc-8f8b20f972bc admin admin] 10.222.0.42 "POST /v2.0/subnets HTTP/1.1" status: 201 len: 855 time: 1.8324308
Jun 18 18:10:44.792419 dv-cinder-796113-5-iscsi neutron-server[93525]: DEBUG neutron_lib.callbacks.manager [None req-ca5daae8-cc4f-4c5a-b9db-bd13014020ef None None] Notify callbacks [] for port, precommit_create {{(pid=93525) _notify_loop /usr/local/lib/python3.8/dist-packages/neutron_lib/callbacks/manager.py:192}}
Jun 18 18:10:44.794112 dv-cinder-796113-5-iscsi neutron-server[93523]: DEBUG neutron.wsgi [-] (93523) accepted ('10.222.0.42', 58978) {{(pid=93523) server /usr/local/lib/python3.8/dist-packages/eventlet/wsgi.py:992}}
Jun 18 18:10:44.798530 dv-cinder-796113-5-iscsi neutron-server[93523]: DEBUG neutron.api.v2.base [None req-afdaf578-5255-4f7f-84c5-001b1a21a19e admin admin] Request body: {'router': {'name': 'tempest-ServerRescueNegativeTestJSON-249495330-router', 'tenant_id': '2aac711c99f84ed6b723bb761a40d324', 'external_gateway_info': {'network_id': 'eaa3fec3-1398-44c7-a705-1f53cad27f68'}}} {{(pid=93523) prepare_request_body /opt/stack/neutron/neutron/api/v2/base.py:729}}
Jun 18 18:10:44.813878 dv-cinder-796113-5-iscsi neutron-server[93524]: DEBUG oslo_concurrency.lockutils [None req-e186faed-9faa-4460-a1af-ea59ba9faf5c admin admin] Lock "event-dispatch" released by "neutron.plugins.ml2.ovo_rpc._ObjectChangeHandler.dispatch_events" :: held 0.347s {{(pid=93524) inner /usr/local/lib/python3.8/dist-packages/oslo_concurrency/lockutils.py:367}}
Jun 18 18:10:44.824127 dv-cinder-796113-5-iscsi neutron-server[93525]: DEBUG neutron.db.provisioning_blocks [None req-ca5daae8-cc4f-4c5a-b9db-bd13014020ef None None] Transition to ACTIVE for port object 3d35c716-45d6-4524-a25f-52ad0c538601 will not be triggered until provisioned by entity L2. {{(pid=93525) add_provisioning_component /opt/stack/neutron/neutron/db/provisioning_blocks.py:73}}
Jun 18 18:10:44.841164 dv-cinder-796113-5-iscsi neutron-server[93525]: DEBUG neutron.plugins.ml2.db [None req-33fdeea0-85d9-467d-9385-b4a2b2ce8873 None None] For port fec2712c-637a-4182-861b-d17adb2e02c5, host dv-cinder-796113-5-iscsi, got binding levels [PortBindingLevel(driver='openvswitch',host='dv-cinder-796113-5-iscsi',level=0,port_id=fec2712c-637a-4182-861b-d17adb2e02c5,segment=NetworkSegment(974df252-10c7-41e3-9eb9-6df4a43a759b),segment_id=974df252-10c7-41e3-9eb9-6df4a43a759b)] {{(pid=93525) get_binding_level_objs /opt/stack/neutron/neutron/plugins/ml2/db.py:74}}
Jun 18 18:10:44.848945 dv-cinder-796113-5-iscsi neutron-server[93525]: DEBUG neutron.db.provisioning_blocks [None req-ca5daae8-cc4f-4c5a-b9db-bd13014020ef None None] Transition to ACTIVE for port object 3d35c716-45d6-4524-a25f-52ad0c538601 will not be triggered until provisioned by entity DHCP. {{(pid=93525) add_provisioning_component /opt/stack/neutron/neutron/db/provisioning_blocks.py:73}}
Jun 18 18:10:44.931673 dv-cinder-796113-5-iscsi neutron-server[93525]: DEBUG neutron_lib.callbacks.manager [None req-33fdeea0-85d9-467d-9385-b4a2b2ce8873 None None] Notify callbacks ['neutron.plugins.ml2.plugin.SecurityGroupServerNotifierRpcMixin.notify_sg_on_port_change-565892', 'neutron.plugins.ml2.ovo_rpc._ObjectChangeHandler.handle_event-13975', 'neutron.api.rpc.agentnotifiers.dhcp_rpc_agent_api.DhcpAgentNotifyAPI._native_event_send_dhcp_notification-1686030', 'neutron.db.l3_db.L3RpcNotifierMixin._notify_gateway_port_ip_changed-8760201354195', 'neutron.db.l3_dvrscheduler_db._notify_l3_agent_port_update-8760200831088', 'neutron.db.l3_hascheduler_db._notify_l3_agent_ha_port_update-8760200831133'] for port, after_update {{(pid=93525) _notify_loop /usr/local/lib/python3.8/dist-packages/neutron_lib/callbacks/manager.py:192}}
Jun 18 18:10:44.934452 dv-cinder-796113-5-iscsi neutron-server[93525]: DEBUG oslo_concurrency.lockutils [None req-34798679-6b02-472c-8f7b-c2eaa382b056 None None] Lock "event-dispatch" acquired by "neutron.plugins.ml2.ovo_rpc._ObjectChangeHandler.dispatch_events" :: waited 0.000s {{(pid=93525) inner /usr/local/lib/python3.8/dist-packages/oslo_concurrency/lockutils.py:355}}
Jun 18 18:10:44.977895 dv-cinder-796113-5-iscsi neutron-server[93525]: DEBUG neutron_lib.callbacks.manager [None req-ca5daae8-cc4f-4c5a-b9db-bd13014020ef None None] Notify callbacks ['neutron.plugins.ml2.plugin.SecurityGroupServerNotifierRpcMixin._notify_sg_on_port_after_update-565939', 'neutron.plugins.ml2.ovo_rpc._ObjectChangeHandler.handle_payload_event-13996', 'neutron.api.rpc.agentnotifiers.dhcp_rpc_agent_api.DhcpAgentNotifyAPI._native_event_send_dhcp_notification_payload-1686021', 'neutron.db.l3_dvrscheduler_db._notify_l3_agent_new_port-8760200831070'] for port, after_create {{(pid=93525) _notify_loop /usr/local/lib/python3.8/dist-packages/neutron_lib/callbacks/manager.py:192}}
Jun 18 18:10:45.013253 dv-cinder-796113-5-iscsi neutron-server[93524]: INFO neutron.wsgi [req-5bae6200-2c72-4e19-ae95-e089bcce5b51 req-b8879cdc-955c-4b29-944e-ed0a6e720090 service neutron] 10.222.0.42 "GET /v2.0/networks/8c1b9ecc-f13a-4637-8649-09c83271a8bf?fields=segments HTTP/1.1" status: 200 len: 212 time: 0.2759140
Jun 18 18:10:45.069630 dv-cinder-796113-5-iscsi neutron-server[93526]: DEBUG neutron_lib.callbacks.manager [None req-f9f7c1fd-dc86-4c45-8cfe-22b3a12e42e1 None None] Notify callbacks [] for port, precommit_update {{(pid=93526) _notify_loop /usr/local/lib/python3.8/dist-packages/neutron_lib/callbacks/manager.py:192}}
Jun 18 18:10:45.073416 dv-cinder-796113-5-iscsi neutron-server[93525]: DEBUG neutron.scheduler.dhcp_agent_scheduler [None req-ca5daae8-cc4f-4c5a-b9db-bd13014020ef None None] Network 5eef5d35-ee21-4ccf-a328-c4bb4231d93a is already hosted by enough agents. {{(pid=93525) _get_dhcp_agents_hosting_network /opt/stack/neutron/neutron/scheduler/dhcp_agent_scheduler.py:275}}
Jun 18 18:10:45.083580 dv-cinder-796113-5-iscsi neutron-server[93526]: DEBUG neutron.db.provisioning_blocks [None req-f9f7c1fd-dc86-4c45-8cfe-22b3a12e42e1 None None] Transition to ACTIVE for port object 0fc6134e-5f68-4e15-8e86-beb26b6d984e will not be triggered until provisioned by entity L2. {{(pid=93526) add_provisioning_component /opt/stack/neutron/neutron/db/provisioning_blocks.py:73}}
Jun 18 18:10:45.088804 dv-cinder-796113-5-iscsi neutron-server[93525]: DEBUG neutron.scheduler.base_scheduler [None req-ca5daae8-cc4f-4c5a-b9db-bd13014020ef None None] Resources bound (agent type, host, resource id): {{(pid=93525) schedule /opt/stack/neutron/neutron/scheduler/base_scheduler.py:57}}
Jun 18 18:10:45.091693 dv-cinder-796113-5-iscsi neutron-server[93525]: DEBUG neutron.db.l3_dvrscheduler_db [None req-ca5daae8-cc4f-4c5a-b9db-bd13014020ef None None] Received port after_create {{(pid=93525) _notify_l3_agent_new_port /opt/stack/neutron/neutron/db/l3_dvrscheduler_db.py:535}}
Jun 18 18:10:45.096903 dv-cinder-796113-5-iscsi neutron-server[93525]: DEBUG neutron.api.rpc.handlers.resources_rpc [None req-33fdeea0-85d9-467d-9385-b4a2b2ce8873 None None] Pushing event updated for resources: {'Port': ['ID=fec2712c-637a-4182-861b-d17adb2e02c5,revision_number=3']} {{(pid=93525) push /opt/stack/neutron/neutron/api/rpc/handlers/resources_rpc.py:237}}
Jun 18 18:10:45.104632 dv-cinder-796113-5-iscsi neutron-server[93525]: DEBUG oslo_concurrency.lockutils [None req-33fdeea0-85d9-467d-9385-b4a2b2ce8873 None None] Lock "event-dispatch" released by "neutron.plugins.ml2.ovo_rpc._ObjectChangeHandler.dispatch_events" :: held 0.170s {{(pid=93525) inner /usr/local/lib/python3.8/dist-packages/oslo_concurrency/lockutils.py:367}}
Jun 18 18:10:45.110049 dv-cinder-796113-5-iscsi neutron-server[93525]: DEBUG oslo_concurrency.lockutils [None req-5e811a06-6b5e-45ed-ae8f-3133e6b11e85 None None] Lock "event-dispatch" acquired by "neutron.plugins.ml2.ovo_rpc._ObjectChangeHandler.dispatch_events" :: waited 0.123s {{(pid=93525) inner /usr/local/lib/python3.8/dist-packages/oslo_concurrency/lockutils.py:355}}
Jun 18 18:10:45.117409 dv-cinder-796113-5-iscsi neutron-server[93524]: DEBUG neutron_lib.callbacks.manager [None req-3b50c649-c37c-41cf-9b92-48116a584518 admin admin] Notify callbacks [] for security_group, before_delete {{(pid=93524) _notify_loop /usr/local/lib/python3.8/dist-packages/neutron_lib/callbacks/manager.py:192}}
Jun 18 18:10:45.131715 dv-cinder-796113-5-iscsi neutron-server[93523]: DEBUG neutron_lib.callbacks.manager [None req-afdaf578-5255-4f7f-84c5-001b1a21a19e admin admin] Notify callbacks ['neutron.services.l3_router.l3_router_plugin.L3_HA_NAT_db_mixin._before_router_create-511654', 'neutron.services.l3_router.service_providers.driver_controller.DriverController._check_router_request-6972'] for router, before_create {{(pid=93523) _notify_loop /usr/local/lib/python3.8/dist-packages/neutron_lib/callbacks/manager.py:192}}
Jun 18 18:10:45.132701 dv-cinder-796113-5-iscsi neutron-server[93523]: DEBUG neutron_lib.callbacks.manager [None req-afdaf578-5255-4f7f-84c5-001b1a21a19e admin admin] Notify callbacks ['neutron.services.l3_router.l3_router_plugin.L3_HA_NAT_db_mixin._precommit_router_create-511707', 'neutron.services.l3_router.l3_router_plugin.DVRResourceOperationHandler._set_distributed_flag-1635733', 'neutron.services.l3_router.l3_router_plugin.RouterAvailabilityZoneMixin._process_az_request-439015', 'neutron.services.l3_router.service_providers.driver_controller.DriverController._set_router_provider-6967'] for router, precommit_create {{(pid=93523) _notify_loop /usr/local/lib/python3.8/dist-packages/neutron_lib/callbacks/manager.py:192}}
Jun 18 18:10:45.160711 dv-cinder-796113-5-iscsi neutron-server[93524]: DEBUG neutron_lib.callbacks.manager [None req-3b50c649-c37c-41cf-9b92-48116a584518 admin admin] Notify callbacks [] for security_group, precommit_delete {{(pid=93524) _notify_loop /usr/local/lib/python3.8/dist-packages/neutron_lib/callbacks/manager.py:192}}
Jun 18 18:10:45.175075 dv-cinder-796113-5-iscsi neutron-server[93525]: DEBUG neutron.api.rpc.handlers.resources_rpc [None req-ca5daae8-cc4f-4c5a-b9db-bd13014020ef None None] Pushing event updated for resources: {'Port': ['ID=3d35c716-45d6-4524-a25f-52ad0c538601,revision_number=1']} {{(pid=93525) push /opt/stack/neutron/neutron/api/rpc/handlers/resources_rpc.py:237}}
Jun 18 18:10:45.178667 dv-cinder-796113-5-iscsi neutron-server[93525]: DEBUG oslo_concurrency.lockutils [None req-ca5daae8-cc4f-4c5a-b9db-bd13014020ef None None] Lock "event-dispatch" released by "neutron.plugins.ml2.ovo_rpc._ObjectChangeHandler.dispatch_events" :: held 0.069s {{(pid=93525) inner /usr/local/lib/python3.8/dist-packages/oslo_concurrency/lockutils.py:367}}
Jun 18 18:10:45.190432 dv-cinder-796113-5-iscsi neutron-server[93526]: DEBUG neutron_lib.callbacks.manager [None req-f9f7c1fd-dc86-4c45-8cfe-22b3a12e42e1 None None] Notify callbacks ['neutron.plugins.ml2.plugin.SecurityGroupServerNotifierRpcMixin.notify_sg_on_port_change-565892', 'neutron.plugins.ml2.ovo_rpc._ObjectChangeHandler.handle_event-13975', 'neutron.api.rpc.agentnotifiers.dhcp_rpc_agent_api.DhcpAgentNotifyAPI._native_event_send_dhcp_notification-1686030', 'neutron.db.l3_db.L3RpcNotifierMixin._notify_gateway_port_ip_changed-8760201354195', 'neutron.db.l3_dvrscheduler_db._notify_l3_agent_port_update-8760200831088', 'neutron.db.l3_hascheduler_db._notify_l3_agent_ha_port_update-8760200831133'] for port, after_update {{(pid=93526) _notify_loop /usr/local/lib/python3.8/dist-packages/neutron_lib/callbacks/manager.py:192}}
Jun 18 18:10:45.193905 dv-cinder-796113-5-iscsi neutron-server[93526]: DEBUG oslo_concurrency.lockutils [-] Lock "event-dispatch" acquired by "neutron.plugins.ml2.ovo_rpc._ObjectChangeHandler.dispatch_events" :: waited 0.000s {{(pid=93526) inner /usr/local/lib/python3.8/dist-packages/oslo_concurrency/lockutils.py:355}}
Jun 18 18:10:45.205787 dv-cinder-796113-5-iscsi neutron-server[93524]: INFO neutron.wsgi [req-5bae6200-2c72-4e19-ae95-e089bcce5b51 req-bd4c7fee-f481-448a-93a0-fd4be37fb1b5 service neutron] 10.222.0.42 "GET /v2.0/networks/8c1b9ecc-f13a-4637-8649-09c83271a8bf?fields=provider%3Aphysical_network&fields=provider%3Anetwork_type HTTP/1.1" status: 200 len: 281 time: 0.1665058
Jun 18 18:10:45.243362 dv-cinder-796113-5-iscsi neutron-server[93524]: DEBUG neutron.wsgi [-] (93524) accepted ('10.222.0.42', 59004) {{(pid=93524) server /usr/local/lib/python3.8/dist-packages/eventlet/wsgi.py:992}}
Jun 18 18:10:45.276878 dv-cinder-796113-5-iscsi neutron-server[93523]: DEBUG neutron_lib.callbacks.manager [None req-afdaf578-5255-4f7f-84c5-001b1a21a19e admin admin] Notify callbacks [] for router_controller, precommit_add_association {{(pid=93523) _notify_loop /usr/local/lib/python3.8/dist-packages/neutron_lib/callbacks/manager.py:192}}
Jun 18 18:10:45.291970 dv-cinder-796113-5-iscsi neutron-server[93525]: DEBUG neutron.plugins.ml2.managers [None req-ca5daae8-cc4f-4c5a-b9db-bd13014020ef None None] Attempting to bind port 3d35c716-45d6-4524-a25f-52ad0c538601 on host dv-cinder-796113-5-iscsi for vnic_type normal with profile {{(pid=93525) bind_port /opt/stack/neutron/neutron/plugins/ml2/managers.py:790}}
Jun 18 18:10:45.292530 dv-cinder-796113-5-iscsi neutron-server[93525]: DEBUG neutron.plugins.ml2.managers [None req-ca5daae8-cc4f-4c5a-b9db-bd13014020ef None None] Attempting to bind port 3d35c716-45d6-4524-a25f-52ad0c538601 by drivers openvswitch,hyperv on host dv-cinder-796113-5-iscsi at level 0 using segments [{'id': '7e3f423f-7292-4265-9a86-7f1a471bc2b8', 'network_type': 'vlan', 'physical_network': 'physnet1', 'segmentation_id': 700, 'network_id': '5eef5d35-ee21-4ccf-a328-c4bb4231d93a'}] {{(pid=93525) _bind_port_level /opt/stack/neutron/neutron/plugins/ml2/managers.py:815}}
Jun 18 18:10:45.292916 dv-cinder-796113-5-iscsi neutron-server[93525]: DEBUG neutron.plugins.ml2.drivers.mech_agent [None req-ca5daae8-cc4f-4c5a-b9db-bd13014020ef None None] Attempting to bind port 3d35c716-45d6-4524-a25f-52ad0c538601 on network 5eef5d35-ee21-4ccf-a328-c4bb4231d93a {{(pid=93525) bind_port /opt/stack/neutron/neutron/plugins/ml2/drivers/mech_agent.py:86}}
Jun 18 18:10:45.304371 dv-cinder-796113-5-iscsi neutron-server[93525]: DEBUG neutron.plugins.ml2.drivers.mech_agent [None req-ca5daae8-cc4f-4c5a-b9db-bd13014020ef None None] Checking agent: {'id': '2386daa0-533a-4884-aa3f-3d5cad1207e0', 'agent_type': 'Open vSwitch agent', 'binary': 'neutron-openvswitch-agent', 'topic': 'N/A', 'host': 'dv-cinder-796113-5-iscsi', 'admin_state_up': True, 'created_at': datetime.datetime(2021, 6, 18, 18, 2, 55), 'started_at': datetime.datetime(2021, 6, 18, 18, 3, 25), 'heartbeat_timestamp': datetime.datetime(2021, 6, 18, 18, 10, 25), 'description': None, 'resources_synced': None, 'availability_zone': None, 'alive': True, 'configurations': {'arp_responder_enabled': False, 'baremetal_smartnic': False, 'bridge_mappings': {'physnet1': 'br-data'}, 'datapath_type': 'system', 'devices': 0, 'enable_distributed_routing': False, 'extensions': [], 'in_distributed_mode': False, 'integration_bridge': 'br-int', 'l2_population': False, 'log_agent_heartbeats': False, 'ovs_capabilities': {'datapath_types': ['netdev', 'system'], 'iface_types': ['erspan', 'geneve', 'gre', 'internal', 'ip6erspan', 'ip6gre', 'lisp', 'patch', 'stt', 'system', 'tap', 'vxlan']}, 'ovs_hybrid_plug': False, 'resource_provider_bandwidths': {}, 'resource_provider_hypervisors': {'br-data': 'dv-cinder-796113-5-iscsi'}, 'resource_provider_inventory_defaults': {'allocation_ratio': 1.0, 'min_unit': 1, 'step_size': 1, 'reserved': 0}, 'tunnel_types': [], 'tunneling_ip': None, 'vhostuser_socket_dir': '/var/run/openvswitch'}, 'resource_versions': {'AddressGroup': '1.2', 'ConntrackHelper': '1.0', 'Log': '1.0', 'Network': '1.1', 'Port': '1.7', 'PortForwarding': '1.2', 'QosPolicy': '1.8', 'SecurityGroup': '1.4', 'SecurityGroupRule': '1.2', 'SubPort': '1.0', 'Subnet': '1.1', 'Trunk': '1.1'}} {{(pid=93525) bind_port /opt/stack/neutron/neutron/plugins/ml2/drivers/mech_agent.py:105}}
Jun 18 18:10:45.305197 dv-cinder-796113-5-iscsi neutron-server[93525]: DEBUG neutron.plugins.ml2.drivers.mech_agent [None req-ca5daae8-cc4f-4c5a-b9db-bd13014020ef None None] Checking segment: {'id': '7e3f423f-7292-4265-9a86-7f1a471bc2b8', 'network_type': 'vlan', 'physical_network': 'physnet1', 'segmentation_id': 700, 'network_id': '5eef5d35-ee21-4ccf-a328-c4bb4231d93a'} for mappings: {'physnet1': 'br-data'} with network types: ['local', 'flat', 'vlan'] {{(pid=93525) check_segment_for_agent /opt/stack/neutron/neutron/plugins/ml2/drivers/mech_agent.py:341}}
Jun 18 18:10:45.305818 dv-cinder-796113-5-iscsi neutron-server[93525]: DEBUG neutron_lib.callbacks.manager [None req-ca5daae8-cc4f-4c5a-b9db-bd13014020ef None None] Notify callbacks [] for ovs_bridge_name, before_read {{(pid=93525) _notify_loop /usr/local/lib/python3.8/dist-packages/neutron_lib/callbacks/manager.py:192}}
Jun 18 18:10:45.306380 dv-cinder-796113-5-iscsi neutron-server[93525]: DEBUG neutron.plugins.ml2.drivers.mech_agent [None req-ca5daae8-cc4f-4c5a-b9db-bd13014020ef None None] Bound using segment: {'id': '7e3f423f-7292-4265-9a86-7f1a471bc2b8', 'network_type': 'vlan', 'physical_network': 'physnet1', 'segmentation_id': 700, 'network_id': '5eef5d35-ee21-4ccf-a328-c4bb4231d93a'} {{(pid=93525) bind_port /opt/stack/neutron/neutron/plugins/ml2/drivers/mech_agent.py:115}}
Jun 18 18:10:45.309214 dv-cinder-796113-5-iscsi neutron-server[93525]: DEBUG neutron.plugins.ml2.managers [None req-ca5daae8-cc4f-4c5a-b9db-bd13014020ef None None] Bound port: 3d35c716-45d6-4524-a25f-52ad0c538601, host: dv-cinder-796113-5-iscsi, vif_type: ovs, vif_details: {"connectivity": "l2", "port_filter": true, "ovs_hybrid_plug": false, "datapath_type": "system", "bridge_name": "br-int"}, binding_levels: [{'bound_driver': 'openvswitch', 'bound_segment': {'id': '7e3f423f-7292-4265-9a86-7f1a471bc2b8', 'network_type': 'vlan', 'physical_network': 'physnet1', 'segmentation_id': 700, 'network_id': '5eef5d35-ee21-4ccf-a328-c4bb4231d93a'}}] {{(pid=93525) _bind_port_level /opt/stack/neutron/neutron/plugins/ml2/managers.py:928}}
Jun 18 18:10:45.312228 dv-cinder-796113-5-iscsi neutron-server[93525]: DEBUG neutron_lib.callbacks.manager [None req-ca5daae8-cc4f-4c5a-b9db-bd13014020ef None None] Notify callbacks ['neutron.plugins.ml2.plugin.SecurityGroupDbMixin._ensure_default_security_group_handler_port-566886'] for port, before_update {{(pid=93525) _notify_loop /usr/local/lib/python3.8/dist-packages/neutron_lib/callbacks/manager.py:192}}
Jun 18 18:10:45.333136 dv-cinder-796113-5-iscsi neutron-server[93526]: DEBUG neutron.plugins.ml2.managers [None req-f9f7c1fd-dc86-4c45-8cfe-22b3a12e42e1 None None] Attempting to bind port 0fc6134e-5f68-4e15-8e86-beb26b6d984e on host dv-cinder-796113-5-iscsi for vnic_type normal with profile {{(pid=93526) bind_port /opt/stack/neutron/neutron/plugins/ml2/managers.py:790}}
Jun 18 18:10:45.333506 dv-cinder-796113-5-iscsi neutron-server[93526]: DEBUG neutron.plugins.ml2.managers [None req-f9f7c1fd-dc86-4c45-8cfe-22b3a12e42e1 None None] Attempting to bind port 0fc6134e-5f68-4e15-8e86-beb26b6d984e by drivers openvswitch,hyperv on host dv-cinder-796113-5-iscsi at level 0 using segments [{'id': '883c2fd0-7fca-4ce9-8f2c-727c807eb817', 'network_type': 'flat', 'physical_network': 'physnet1', 'segmentation_id': None, 'network_id': 'eaa3fec3-1398-44c7-a705-1f53cad27f68'}] {{(pid=93526) _bind_port_level /opt/stack/neutron/neutron/plugins/ml2/managers.py:815}}
Jun 18 18:10:45.333865 dv-cinder-796113-5-iscsi neutron-server[93526]: DEBUG neutron.plugins.ml2.drivers.mech_agent [None req-f9f7c1fd-dc86-4c45-8cfe-22b3a12e42e1 None None] Attempting to bind port 0fc6134e-5f68-4e15-8e86-beb26b6d984e on network eaa3fec3-1398-44c7-a705-1f53cad27f68 {{(pid=93526) bind_port /opt/stack/neutron/neutron/plugins/ml2/drivers/mech_agent.py:86}}
Jun 18 18:10:45.350314 dv-cinder-796113-5-iscsi neutron-server[93526]: DEBUG neutron.plugins.ml2.drivers.mech_agent [None req-f9f7c1fd-dc86-4c45-8cfe-22b3a12e42e1 None None] Checking agent: {'id': '2386daa0-533a-4884-aa3f-3d5cad1207e0', 'agent_type': 'Open vSwitch agent', 'binary': 'neutron-openvswitch-agent', 'topic': 'N/A', 'host': 'dv-cinder-796113-5-iscsi', 'admin_state_up': True, 'created_at': datetime.datetime(2021, 6, 18, 18, 2, 55), 'started_at': datetime.datetime(2021, 6, 18, 18, 3, 25), 'heartbeat_timestamp': datetime.datetime(2021, 6, 18, 18, 10, 25), 'description': None, 'resources_synced': None, 'availability_zone': None, 'alive': True, 'configurations': {'arp_responder_enabled': False, 'baremetal_smartnic': False, 'bridge_mappings': {'physnet1': 'br-data'}, 'datapath_type': 'system', 'devices': 0, 'enable_distributed_routing': False, 'extensions': [], 'in_distributed_mode': False, 'integration_bridge': 'br-int', 'l2_population': False, 'log_agent_heartbeats': False, 'ovs_capabilities': {'datapath_types': ['netdev', 'system'], 'iface_types': ['erspan', 'geneve', 'gre', 'internal', 'ip6erspan', 'ip6gre', 'lisp', 'patch', 'stt', 'system', 'tap', 'vxlan']}, 'ovs_hybrid_plug': False, 'resource_provider_bandwidths': {}, 'resource_provider_hypervisors': {'br-data': 'dv-cinder-796113-5-iscsi'}, 'resource_provider_inventory_defaults': {'allocation_ratio': 1.0, 'min_unit': 1, 'step_size': 1, 'reserved': 0}, 'tunnel_types': [], 'tunneling_ip': None, 'vhostuser_socket_dir': '/var/run/openvswitch'}, 'resource_versions': {'AddressGroup': '1.2', 'ConntrackHelper': '1.0', 'Log': '1.0', 'Network': '1.1', 'Port': '1.7', 'PortForwarding': '1.2', 'QosPolicy': '1.8', 'SecurityGroup': '1.4', 'SecurityGroupRule': '1.2', 'SubPort': '1.0', 'Subnet': '1.1', 'Trunk': '1.1'}} {{(pid=93526) bind_port /opt/stack/neutron/neutron/plugins/ml2/drivers/mech_agent.py:105}}
Jun 18 18:10:45.350699 dv-cinder-796113-5-iscsi neutron-server[93526]: DEBUG neutron.plugins.ml2.drivers.mech_agent [None req-f9f7c1fd-dc86-4c45-8cfe-22b3a12e42e1 None None] Checking segment: {'id': '883c2fd0-7fca-4ce9-8f2c-727c807eb817', 'network_type': 'flat', 'physical_network': 'physnet1', 'segmentation_id': None, 'network_id': 'eaa3fec3-1398-44c7-a705-1f53cad27f68'} for mappings: {'physnet1': 'br-data'} with network types: ['local', 'flat', 'vlan'] {{(pid=93526) check_segment_for_agent /opt/stack/neutron/neutron/plugins/ml2/drivers/mech_agent.py:341}}
Jun 18 18:10:45.351104 dv-cinder-796113-5-iscsi neutron-server[93526]: DEBUG neutron_lib.callbacks.manager [None req-f9f7c1fd-dc86-4c45-8cfe-22b3a12e42e1 None None] Notify callbacks [] for ovs_bridge_name, before_read {{(pid=93526) _notify_loop /usr/local/lib/python3.8/dist-packages/neutron_lib/callbacks/manager.py:192}}
Jun 18 18:10:45.353702 dv-cinder-796113-5-iscsi neutron-server[93526]: DEBUG neutron.plugins.ml2.drivers.mech_agent [None req-f9f7c1fd-dc86-4c45-8cfe-22b3a12e42e1 None None] Bound using segment: {'id': '883c2fd0-7fca-4ce9-8f2c-727c807eb817', 'network_type': 'flat', 'physical_network': 'physnet1', 'segmentation_id': None, 'network_id': 'eaa3fec3-1398-44c7-a705-1f53cad27f68'} {{(pid=93526) bind_port /opt/stack/neutron/neutron/plugins/ml2/drivers/mech_agent.py:115}}
Jun 18 18:10:45.354218 dv-cinder-796113-5-iscsi neutron-server[93526]: DEBUG neutron.plugins.ml2.managers [None req-f9f7c1fd-dc86-4c45-8cfe-22b3a12e42e1 None None] Bound port: 0fc6134e-5f68-4e15-8e86-beb26b6d984e, host: dv-cinder-796113-5-iscsi, vif_type: ovs, vif_details: {"connectivity": "l2", "port_filter": true, "ovs_hybrid_plug": false, "datapath_type": "system", "bridge_name": "br-int"}, binding_levels: [{'bound_driver': 'openvswitch', 'bound_segment': {'id': '883c2fd0-7fca-4ce9-8f2c-727c807eb817', 'network_type': 'flat', 'physical_network': 'physnet1', 'segmentation_id': None, 'network_id': 'eaa3fec3-1398-44c7-a705-1f53cad27f68'}}] {{(pid=93526) _bind_port_level /opt/stack/neutron/neutron/plugins/ml2/managers.py:928}}
Jun 18 18:10:45.355972 dv-cinder-796113-5-iscsi neutron-server[93526]: DEBUG neutron_lib.callbacks.manager [None req-f9f7c1fd-dc86-4c45-8cfe-22b3a12e42e1 None None] Notify callbacks ['neutron.plugins.ml2.plugin.SecurityGroupDbMixin._ensure_default_security_group_handler_port-566886'] for port, before_update {{(pid=93526) _notify_loop /usr/local/lib/python3.8/dist-packages/neutron_lib/callbacks/manager.py:192}}
Jun 18 18:10:45.369420 dv-cinder-796113-5-iscsi neutron-server[93523]: DEBUG neutron_lib.callbacks.manager [None req-1d95dd69-69fe-49e7-a18e-268fdf932a73 admin admin] Notify callbacks ['neutron.plugins.ml2.plugin.SecurityGroupDbMixin._ensure_default_security_group_handler_before_create-566896'] for port, before_create {{(pid=93523) _notify_loop /usr/local/lib/python3.8/dist-packages/neutron_lib/callbacks/manager.py:192}}
Jun 18 18:10:45.401946 dv-cinder-796113-5-iscsi neutron-server[93525]: DEBUG neutron.plugins.ml2.db [None req-ca5daae8-cc4f-4c5a-b9db-bd13014020ef None None] For port 3d35c716-45d6-4524-a25f-52ad0c538601, host dv-cinder-796113-5-iscsi, cleared binding levels {{(pid=93525) clear_binding_levels /opt/stack/neutron/neutron/plugins/ml2/db.py:87}}
Jun 18 18:10:45.407649 dv-cinder-796113-5-iscsi neutron-server[93525]: DEBUG neutron.plugins.ml2.db [None req-ca5daae8-cc4f-4c5a-b9db-bd13014020ef None None] For port 3d35c716-45d6-4524-a25f-52ad0c538601, host dv-cinder-796113-5-iscsi, set binding levels [PortBindingLevel(driver='openvswitch',host='dv-cinder-796113-5-iscsi',level=0,port_id=3d35c716-45d6-4524-a25f-52ad0c538601,segment=NetworkSegment(7e3f423f-7292-4265-9a86-7f1a471bc2b8),segment_id=7e3f423f-7292-4265-9a86-7f1a471bc2b8)] {{(pid=93525) set_binding_levels /opt/stack/neutron/neutron/plugins/ml2/db.py:59}}
Jun 18 18:10:45.412425 dv-cinder-796113-5-iscsi neutron-server[93524]: DEBUG neutron_lib.callbacks.manager [None req-3b50c649-c37c-41cf-9b92-48116a584518 admin admin] Notify callbacks ['neutron.plugins.ml2.ovo_rpc._ObjectChangeHandler.handle_event-517943'] for security_group, after_delete {{(pid=93524) _notify_loop /usr/local/lib/python3.8/dist-packages/neutron_lib/callbacks/manager.py:192}}
Jun 18 18:10:45.422151 dv-cinder-796113-5-iscsi neutron-server[93524]: DEBUG neutron_lib.callbacks.manager [None req-3b50c649-c37c-41cf-9b92-48116a584518 admin admin] Notify callbacks [] for security_group, before_response {{(pid=93524) _notify_loop /usr/local/lib/python3.8/dist-packages/neutron_lib/callbacks/manager.py:192}}
Jun 18 18:10:45.426320 dv-cinder-796113-5-iscsi neutron-server[93524]: INFO neutron.wsgi [None req-3b50c649-c37c-41cf-9b92-48116a584518 admin admin] 10.222.0.42 "DELETE /v2.0/security-groups/cf9b5c5f-7e09-4815-96cf-31e77f74c487 HTTP/1.1" status: 204 len: 168 time: 0.6956174
Jun 18 18:10:45.430410 dv-cinder-796113-5-iscsi neutron-server[93524]: DEBUG oslo_concurrency.lockutils [-] Lock "event-dispatch" acquired by "neutron.plugins.ml2.ovo_rpc._ObjectChangeHandler.dispatch_events" :: waited 0.000s {{(pid=93524) inner /usr/local/lib/python3.8/dist-packages/oslo_concurrency/lockutils.py:355}}
Jun 18 18:10:45.472117 dv-cinder-796113-5-iscsi neutron-server[93525]: DEBUG neutron_lib.callbacks.manager [None req-ca5daae8-cc4f-4c5a-b9db-bd13014020ef None None] Notify callbacks ['neutron.plugins.ml2.plugin.SecurityGroupServerNotifierRpcMixin.notify_sg_on_port_change-565892', 'neutron.plugins.ml2.ovo_rpc._ObjectChangeHandler.handle_event-13975', 'neutron.api.rpc.agentnotifiers.dhcp_rpc_agent_api.DhcpAgentNotifyAPI._native_event_send_dhcp_notification-1686030', 'neutron.db.l3_db.L3RpcNotifierMixin._notify_gateway_port_ip_changed-8760201354195', 'neutron.db.l3_dvrscheduler_db._notify_l3_agent_port_update-8760200831088', 'neutron.db.l3_hascheduler_db._notify_l3_agent_ha_port_update-8760200831133'] for port, after_update {{(pid=93525) _notify_loop /usr/local/lib/python3.8/dist-packages/neutron_lib/callbacks/manager.py:192}}
Jun 18 18:10:45.476269 dv-cinder-796113-5-iscsi neutron-server[93525]: DEBUG oslo_concurrency.lockutils [-] Lock "event-dispatch" acquired by "neutron.plugins.ml2.ovo_rpc._ObjectChangeHandler.dispatch_events" :: waited 0.000s {{(pid=93525) inner /usr/local/lib/python3.8/dist-packages/oslo_concurrency/lockutils.py:355}}
Jun 18 18:10:45.478571 dv-cinder-796113-5-iscsi neutron-server[93526]: DEBUG neutron.api.rpc.handlers.resources_rpc [None req-e66ca719-d349-4cf5-8c5c-b02503e076c7 None None] Pushing event updated for resources: {'Port': ['ID=0fc6134e-5f68-4e15-8e86-beb26b6d984e,revision_number=2']} {{(pid=93526) push /opt/stack/neutron/neutron/api/rpc/handlers/resources_rpc.py:237}}
Jun 18 18:10:45.503575 dv-cinder-796113-5-iscsi neutron-server[93526]: DEBUG neutron.api.rpc.callbacks.version_manager [None req-e66ca719-d349-4cf5-8c5c-b02503e076c7 None None] Version for resource type AddressGroup changed None to 1.2 on consumer Open vSwitch agent@dv-cinder-796113-5-iscsi {{(pid=93526) _set_version /opt/stack/neutron/neutron/api/rpc/callbacks/version_manager.py:113}}
Jun 18 18:10:45.510625 dv-cinder-796113-5-iscsi neutron-server[93524]: DEBUG neutron.api.rpc.handlers.resources_rpc [None req-3b50c649-c37c-41cf-9b92-48116a584518 admin admin] Pushing event deleted for resources: {'SecurityGroup': ['ID=cf9b5c5f-7e09-4815-96cf-31e77f74c487,revision_number=None']} {{(pid=93524) push /opt/stack/neutron/neutron/api/rpc/handlers/resources_rpc.py:237}}
Jun 18 18:10:45.512715 dv-cinder-796113-5-iscsi neutron-server[93524]: DEBUG neutron_lib.callbacks.manager [None req-e15d510d-c14f-4b07-bc40-ab042e76c0f9 admin admin] Notify callbacks [] for router_gateway, before_create {{(pid=93524) _notify_loop /usr/local/lib/python3.8/dist-packages/neutron_lib/callbacks/manager.py:192}}
Jun 18 18:10:45.515549 dv-cinder-796113-5-iscsi neutron-server[93524]: DEBUG oslo_concurrency.lockutils [None req-3b50c649-c37c-41cf-9b92-48116a584518 admin admin] Lock "event-dispatch" released by "neutron.plugins.ml2.ovo_rpc._ObjectChangeHandler.dispatch_events" :: held 0.085s {{(pid=93524) inner /usr/local/lib/python3.8/dist-packages/oslo_concurrency/lockutils.py:367}}
Jun 18 18:10:45.524916 dv-cinder-796113-5-iscsi neutron-server[93526]: DEBUG neutron.api.rpc.callbacks.version_manager [None req-e66ca719-d349-4cf5-8c5c-b02503e076c7 None None] Version for resource type ConntrackHelper changed None to 1.0 on consumer Open vSwitch agent@dv-cinder-796113-5-iscsi {{(pid=93526) _set_version /opt/stack/neutron/neutron/api/rpc/callbacks/version_manager.py:113}}
Jun 18 18:10:45.526032 dv-cinder-796113-5-iscsi neutron-server[93526]: DEBUG neutron.api.rpc.callbacks.version_manager [None req-e66ca719-d349-4cf5-8c5c-b02503e076c7 None None] Version for resource type Log changed None to 1.0 on consumer Open vSwitch agent@dv-cinder-796113-5-iscsi {{(pid=93526) _set_version /opt/stack/neutron/neutron/api/rpc/callbacks/version_manager.py:113}}
Jun 18 18:10:45.526620 dv-cinder-796113-5-iscsi neutron-server[93526]: DEBUG neutron.api.rpc.callbacks.version_manager [None req-e66ca719-d349-4cf5-8c5c-b02503e076c7 None None] Version for resource type Network changed None to 1.1 on consumer Open vSwitch agent@dv-cinder-796113-5-iscsi {{(pid=93526) _set_version /opt/stack/neutron/neutron/api/rpc/callbacks/version_manager.py:113}}
Jun 18 18:10:45.527261 dv-cinder-796113-5-iscsi neutron-server[93526]: DEBUG neutron.api.rpc.callbacks.version_manager [None req-e66ca719-d349-4cf5-8c5c-b02503e076c7 None None] Version for resource type Port changed None to 1.7 on consumer Open vSwitch agent@dv-cinder-796113-5-iscsi {{(pid=93526) _set_version /opt/stack/neutron/neutron/api/rpc/callbacks/version_manager.py:113}}
Jun 18 18:10:45.528542 dv-cinder-796113-5-iscsi neutron-server[93526]: DEBUG neutron.api.rpc.callbacks.version_manager [None req-e66ca719-d349-4cf5-8c5c-b02503e076c7 None None] Version for resource type PortForwarding changed None to 1.2 on consumer Open vSwitch agent@dv-cinder-796113-5-iscsi {{(pid=93526) _set_version /opt/stack/neutron/neutron/api/rpc/callbacks/version_manager.py:113}}
Jun 18 18:10:45.529531 dv-cinder-796113-5-iscsi neutron-server[93526]: DEBUG neutron.api.rpc.callbacks.version_manager [None req-e66ca719-d349-4cf5-8c5c-b02503e076c7 None None] Version for resource type QosPolicy changed None to 1.8 on consumer Open vSwitch agent@dv-cinder-796113-5-iscsi {{(pid=93526) _set_version /opt/stack/neutron/neutron/api/rpc/callbacks/version_manager.py:113}}
Jun 18 18:10:45.531046 dv-cinder-796113-5-iscsi neutron-server[93526]: DEBUG neutron.api.rpc.callbacks.version_manager [None req-e66ca719-d349-4cf5-8c5c-b02503e076c7 None None] Version for resource type SecurityGroup changed None to 1.4 on consumer Open vSwitch agent@dv-cinder-796113-5-iscsi {{(pid=93526) _set_version /opt/stack/neutron/neutron/api/rpc/callbacks/version_manager.py:113}}
Jun 18 18:10:45.532061 dv-cinder-796113-5-iscsi neutron-server[93526]: DEBUG neutron.api.rpc.callbacks.version_manager [None req-e66ca719-d349-4cf5-8c5c-b02503e076c7 None None] Version for resource type SecurityGroupRule changed None to 1.2 on consumer Open vSwitch agent@dv-cinder-796113-5-iscsi {{(pid=93526) _set_version /opt/stack/neutron/neutron/api/rpc/callbacks/version_manager.py:113}}
Jun 18 18:10:45.532670 dv-cinder-796113-5-iscsi neutron-server[93526]: DEBUG neutron.api.rpc.callbacks.version_manager [None req-e66ca719-d349-4cf5-8c5c-b02503e076c7 None None] Version for resource type SubPort changed None to 1.0 on consumer Open vSwitch agent@dv-cinder-796113-5-iscsi {{(pid=93526) _set_version /opt/stack/neutron/neutron/api/rpc/callbacks/version_manager.py:113}}
Jun 18 18:10:45.533238 dv-cinder-796113-5-iscsi neutron-server[93526]: DEBUG neutron.api.rpc.callbacks.version_manager [None req-e66ca719-d349-4cf5-8c5c-b02503e076c7 None None] Version for resource type Subnet changed None to 1.1 on consumer Open vSwitch agent@dv-cinder-796113-5-iscsi {{(pid=93526) _set_version /opt/stack/neutron/neutron/api/rpc/callbacks/version_manager.py:113}}
Jun 18 18:10:45.533844 dv-cinder-796113-5-iscsi neutron-server[93526]: DEBUG neutron.api.rpc.callbacks.version_manager [None req-e66ca719-d349-4cf5-8c5c-b02503e076c7 None None] Version for resource type Trunk changed None to 1.1 on consumer Open vSwitch agent@dv-cinder-796113-5-iscsi {{(pid=93526) _set_version /opt/stack/neutron/neutron/api/rpc/callbacks/version_manager.py:113}}
Jun 18 18:10:45.538123 dv-cinder-796113-5-iscsi neutron-server[93526]: DEBUG neutron.api.rpc.callbacks.version_manager [None req-e66ca719-d349-4cf5-8c5c-b02503e076c7 None None] Tracked resource versions report:
Jun 18 18:10:45.538123 dv-cinder-796113-5-iscsi neutron-server[93526]: pushed versions:
Jun 18 18:10:45.538123 dv-cinder-796113-5-iscsi neutron-server[93526]: { 'AddressGroup': {'1.2'},
Jun 18 18:10:45.538123 dv-cinder-796113-5-iscsi neutron-server[93526]: 'ConntrackHelper': {'1.0'},
Jun 18 18:10:45.538123 dv-cinder-796113-5-iscsi neutron-server[93526]: 'Log': {'1.0'},
Jun 18 18:10:45.538123 dv-cinder-796113-5-iscsi neutron-server[93526]: 'Network': {'1.1'},
Jun 18 18:10:45.538123 dv-cinder-796113-5-iscsi neutron-server[93526]: 'Port': {'1.7'},
Jun 18 18:10:45.538123 dv-cinder-796113-5-iscsi neutron-server[93526]: 'PortForwarding': {'1.2'},
Jun 18 18:10:45.538123 dv-cinder-796113-5-iscsi neutron-server[93526]: 'QosPolicy': {'1.8'},
Jun 18 18:10:45.538123 dv-cinder-796113-5-iscsi neutron-server[93526]: 'SecurityGroup': {'1.4'},
Jun 18 18:10:45.538123 dv-cinder-796113-5-iscsi neutron-server[93526]: 'SecurityGroupRule': {'1.2'},
Jun 18 18:10:45.538123 dv-cinder-796113-5-iscsi neutron-server[93526]: 'SubPort': {'1.0'},
Jun 18 18:10:45.538123 dv-cinder-796113-5-iscsi neutron-server[93526]: 'Subnet': {'1.1'},
Jun 18 18:10:45.538123 dv-cinder-796113-5-iscsi neutron-server[93526]: 'Trunk': {'1.1'}}
Jun 18 18:10:45.538123 dv-cinder-796113-5-iscsi neutron-server[93526]: consumer versions:
Jun 18 18:10:45.538123 dv-cinder-796113-5-iscsi neutron-server[93526]: { DHCP agent@dv-cinder-796113-5-iscsi: {},
Jun 18 18:10:45.538123 dv-cinder-796113-5-iscsi neutron-server[93526]: HyperV agent@hv-cinder-79611: {},
Jun 18 18:10:45.538123 dv-cinder-796113-5-iscsi neutron-server[93526]: L3 agent@dv-cinder-796113-5-iscsi: {},
Jun 18 18:10:45.538123 dv-cinder-796113-5-iscsi neutron-server[93526]: Metadata agent@dv-cinder-796113-5-iscsi: {},
Jun 18 18:10:45.538123 dv-cinder-796113-5-iscsi neutron-server[93526]: Metering agent@dv-cinder-796113-5-iscsi: {},
Jun 18 18:10:45.538123 dv-cinder-796113-5-iscsi neutron-server[93526]: Open vSwitch agent@dv-cinder-796113-5-iscsi: { 'AddressGroup': '1.2',
Jun 18 18:10:45.538123 dv-cinder-796113-5-iscsi neutron-server[93526]: 'ConntrackHelper': '1.0',
Jun 18 18:10:45.538123 dv-cinder-796113-5-iscsi neutron-server[93526]: 'Log': '1.0',
Jun 18 18:10:45.538123 dv-cinder-796113-5-iscsi neutron-server[93526]: 'Network': '1.1',
Jun 18 18:10:45.538123 dv-cinder-796113-5-iscsi neutron-server[93526]: 'Port': '1.7',
Jun 18 18:10:45.538123 dv-cinder-796113-5-iscsi neutron-server[93526]: 'PortForwarding': '1.2',
Jun 18 18:10:45.538123 dv-cinder-796113-5-iscsi neutron-server[93526]: 'QosPolicy': '1.8',
Jun 18 18:10:45.538123 dv-cinder-796113-5-iscsi neutron-server[93526]: 'SecurityGroup': '1.4',
Jun 18 18:10:45.538123 dv-cinder-796113-5-iscsi neutron-server[93526]: 'SecurityGroupRule': '1.2',
Jun 18 18:10:45.538123 dv-cinder-796113-5-iscsi neutron-server[93526]: 'SubPort': '1.0',
Jun 18 18:10:45.538123 dv-cinder-796113-5-iscsi neutron-server[93526]: 'Subnet': '1.1',
Jun 18 18:10:45.538123 dv-cinder-796113-5-iscsi neutron-server[93526]: 'Trunk': '1.1'}}
Jun 18 18:10:45.538123 dv-cinder-796113-5-iscsi neutron-server[93526]: {{(pid=93526) report /opt/stack/neutron/neutron/api/rpc/callbacks/version_manager.py:175}}
Jun 18 18:10:45.555114 dv-cinder-796113-5-iscsi neutron-server[93524]: DEBUG neutron_lib.callbacks.manager [None req-e15d510d-c14f-4b07-bc40-ab042e76c0f9 admin admin] Notify callbacks ['neutron.plugins.ml2.plugin.SecurityGroupDbMixin._ensure_default_security_group_handler_before_create-566896'] for port, before_create {{(pid=93524) _notify_loop /usr/local/lib/python3.8/dist-packages/neutron_lib/callbacks/manager.py:192}}
Jun 18 18:10:45.555948 dv-cinder-796113-5-iscsi neutron-server[93526]: DEBUG oslo_concurrency.lockutils [None req-e66ca719-d349-4cf5-8c5c-b02503e076c7 None None] Lock "event-dispatch" released by "neutron.plugins.ml2.ovo_rpc._ObjectChangeHandler.dispatch_events" :: held 0.362s {{(pid=93526) inner /usr/local/lib/python3.8/dist-packages/oslo_concurrency/lockutils.py:367}}
Jun 18 18:10:45.570371 dv-cinder-796113-5-iscsi neutron-server[93526]: DEBUG neutron.plugins.ml2.db [None req-f9f7c1fd-dc86-4c45-8cfe-22b3a12e42e1 None None] For port 0fc6134e-5f68-4e15-8e86-beb26b6d984e, host dv-cinder-796113-5-iscsi, cleared binding levels {{(pid=93526) clear_binding_levels /opt/stack/neutron/neutron/plugins/ml2/db.py:87}}
Jun 18 18:10:45.577579 dv-cinder-796113-5-iscsi neutron-server[93525]: DEBUG neutron.plugins.ml2.rpc [None req-33fdeea0-85d9-467d-9385-b4a2b2ce8873 None None] Device fec2712c-637a-4182-861b-d17adb2e02c5 up at agent ovs-agent-dv-cinder-796113-5-iscsi {{(pid=93525) update_device_up /opt/stack/neutron/neutron/plugins/ml2/rpc.py:278}}
Jun 18 18:10:45.581929 dv-cinder-796113-5-iscsi neutron-server[93526]: DEBUG neutron.plugins.ml2.db [None req-f9f7c1fd-dc86-4c45-8cfe-22b3a12e42e1 None None] For port 0fc6134e-5f68-4e15-8e86-beb26b6d984e, host dv-cinder-796113-5-iscsi, set binding levels [PortBindingLevel(driver='openvswitch',host='dv-cinder-796113-5-iscsi',level=0,port_id=0fc6134e-5f68-4e15-8e86-beb26b6d984e,segment=NetworkSegment(883c2fd0-7fca-4ce9-8f2c-727c807eb817),segment_id=883c2fd0-7fca-4ce9-8f2c-727c807eb817)] {{(pid=93526) set_binding_levels /opt/stack/neutron/neutron/plugins/ml2/db.py:59}}
Jun 18 18:10:45.637926 dv-cinder-796113-5-iscsi neutron-server[93524]: DEBUG neutron.pecan_wsgi.hooks.policy_enforcement [req-ec99f9c5-18a1-42ef-afdf-1ca08fe86c92 req-058e7139-aa22-4fbb-ad8c-9a60c632f70f tempest-DeleteServersTestJSON-473937035 tempest-DeleteServersTestJSON-473937035-project] Attributes excluded by policy engine: ['standard_attr_id', 'vlan_transparent', 'provider:network_type', 'provider:physical_network', 'provider:segmentation_id'] {{(pid=93524) _exclude_attributes_by_policy /opt/stack/neutron/neutron/pecan_wsgi/hooks/policy_enforcement.py:255}}
Jun 18 18:10:45.645716 dv-cinder-796113-5-iscsi neutron-server[93524]: INFO neutron.wsgi [req-ec99f9c5-18a1-42ef-afdf-1ca08fe86c92 req-058e7139-aa22-4fbb-ad8c-9a60c632f70f tempest-DeleteServersTestJSON-473937035 tempest-DeleteServersTestJSON-473937035-project] 10.222.0.42 "GET /v2.0/networks?id=2b74d945-d319-4ffc-aef9-042ab4ba28cd HTTP/1.1" status: 200 len: 811 time: 0.4010777
Jun 18 18:10:45.648870 dv-cinder-796113-5-iscsi neutron-server[93525]: DEBUG neutron.api.rpc.handlers.resources_rpc [None req-ca5daae8-cc4f-4c5a-b9db-bd13014020ef None None] Pushing event updated for resources: {'Port': ['ID=3d35c716-45d6-4524-a25f-52ad0c538601,revision_number=2']} {{(pid=93525) push /opt/stack/neutron/neutron/api/rpc/handlers/resources_rpc.py:237}}
Jun 18 18:10:45.652431 dv-cinder-796113-5-iscsi neutron-server[93525]: DEBUG oslo_concurrency.lockutils [None req-ca5daae8-cc4f-4c5a-b9db-bd13014020ef None None] Lock "event-dispatch" released by "neutron.plugins.ml2.ovo_rpc._ObjectChangeHandler.dispatch_events" :: held 0.176s {{(pid=93525) inner /usr/local/lib/python3.8/dist-packages/oslo_concurrency/lockutils.py:367}}
Jun 18 18:10:45.664962 dv-cinder-796113-5-iscsi neutron-server[93525]: DEBUG neutron.db.provisioning_blocks [None req-33fdeea0-85d9-467d-9385-b4a2b2ce8873 None None] Provisioning complete for port fec2712c-637a-4182-861b-d17adb2e02c5 triggered by entity L2. {{(pid=93525) provisioning_complete /opt/stack/neutron/neutron/db/provisioning_blocks.py:139}}
Jun 18 18:10:45.665499 dv-cinder-796113-5-iscsi neutron-server[93525]: DEBUG neutron_lib.callbacks.manager [None req-33fdeea0-85d9-467d-9385-b4a2b2ce8873 None None] Notify callbacks ['neutron.plugins.ml2.plugin.Ml2Plugin._port_provisioned-1534829'] for port, provisioning_complete {{(pid=93525) _notify_loop /usr/local/lib/python3.8/dist-packages/neutron_lib/callbacks/manager.py:192}}
Jun 18 18:10:45.700610 dv-cinder-796113-5-iscsi neutron-server[93526]: DEBUG neutron_lib.callbacks.manager [None req-f9f7c1fd-dc86-4c45-8cfe-22b3a12e42e1 None None] Notify callbacks ['neutron.plugins.ml2.plugin.SecurityGroupServerNotifierRpcMixin.notify_sg_on_port_change-565892', 'neutron.plugins.ml2.ovo_rpc._ObjectChangeHandler.handle_event-13975', 'neutron.api.rpc.agentnotifiers.dhcp_rpc_agent_api.DhcpAgentNotifyAPI._native_event_send_dhcp_notification-1686030', 'neutron.db.l3_db.L3RpcNotifierMixin._notify_gateway_port_ip_changed-8760201354195', 'neutron.db.l3_dvrscheduler_db._notify_l3_agent_port_update-8760200831088', 'neutron.db.l3_hascheduler_db._notify_l3_agent_ha_port_update-8760200831133'] for port, after_update {{(pid=93526) _notify_loop /usr/local/lib/python3.8/dist-packages/neutron_lib/callbacks/manager.py:192}}
Jun 18 18:10:45.704991 dv-cinder-796113-5-iscsi neutron-server[93526]: DEBUG oslo_concurrency.lockutils [-] Lock "event-dispatch" acquired by "neutron.plugins.ml2.ovo_rpc._ObjectChangeHandler.dispatch_events" :: waited 0.000s {{(pid=93526) inner /usr/local/lib/python3.8/dist-packages/oslo_concurrency/lockutils.py:355}}
Jun 18 18:10:45.706367 dv-cinder-796113-5-iscsi neutron-server[93524]: INFO neutron.wsgi [req-ec99f9c5-18a1-42ef-afdf-1ca08fe86c92 req-e4af50ac-1414-49bc-a8d6-e506b55bbe12 tempest-DeleteServersTestJSON-473937035 tempest-DeleteServersTestJSON-473937035-project] 10.222.0.42 "GET /v2.0/quotas/113b163f31fa4f65880093bc62f01804 HTTP/1.1" status: 200 len: 375 time: 0.0598342
