Jun 12 19:39:41.571950 dv-cinder-796113-3-smb devstack@c-api.service[105221]: [pid: 105221|app: 0|req: 9/19] 10.222.0.37 () {62 vars in 1405 bytes} [Sat Jun 12 19:39:41 2021] POST /volume/v3/179f500dcc054943be45ad358358bd10/groups/ce4b0b49-53a1-47cb-bd93-fb252b813a0c/action => generated 0 bytes in 79 msecs (HTTP/1.1 202) 6 headers in 234 bytes (1 switches on core 0)
Jun 12 19:39:41.586159 dv-cinder-796113-3-smb devstack@c-api.service[105222]: INFO cinder.api.openstack.wsgi [None req-ccfa8196-37f5-41be-9731-66fa52db341a tempest-GroupsV320Test-596043688 tempest-GroupsV320Test-596043688-project] GET http://10.222.0.37/volume/v3/9662e9b671994ae2bf6656b81cd0759f/groups/ce4b0b49-53a1-47cb-bd93-fb252b813a0c
Jun 12 19:39:41.587176 dv-cinder-796113-3-smb devstack@c-api.service[105222]: DEBUG cinder.api.openstack.wsgi [None req-ccfa8196-37f5-41be-9731-66fa52db341a tempest-GroupsV320Test-596043688 tempest-GroupsV320Test-596043688-project] Empty body provided in request {{(pid=105222) get_body /opt/stack/cinder/cinder/api/openstack/wsgi.py:713}}
Jun 12 19:39:41.587714 dv-cinder-796113-3-smb devstack@c-api.service[105222]: /usr/local/lib/python3.8/dist-packages/webob/acceptparse.py:1047: DeprecationWarning: The behavior of AcceptValidHeader.best_match is currently being maintained for backward compatibility, but it will be deprecated in the future, as it does not conform to the RFC.
Jun 12 19:39:41.587714 dv-cinder-796113-3-smb devstack@c-api.service[105222]: warnings.warn(
Jun 12 19:39:41.588898 dv-cinder-796113-3-smb devstack@c-api.service[105222]: DEBUG cinder.api.openstack.wsgi [None req-ccfa8196-37f5-41be-9731-66fa52db341a tempest-GroupsV320Test-596043688 tempest-GroupsV320Test-596043688-project] Calling method 'version_select' {{(pid=105222) _process_stack /opt/stack/cinder/cinder/api/openstack/wsgi.py:866}}
Jun 12 19:39:41.589833 dv-cinder-796113-3-smb devstack@c-api.service[105222]: DEBUG cinder.api.v3.groups [None req-ccfa8196-37f5-41be-9731-66fa52db341a tempest-GroupsV320Test-596043688 tempest-GroupsV320Test-596043688-project] show called for member ce4b0b49-53a1-47cb-bd93-fb252b813a0c {{(pid=105222) show /opt/stack/cinder/cinder/api/v3/groups.py:58}}
Jun 12 19:39:41.598602 dv-cinder-796113-3-smb devstack@c-api.service[105222]: /usr/local/lib/python3.8/dist-packages/oslo_context/context.py:105: DeprecationWarning: Policy enforcement is depending on the value of is_admin. This key is deprecated. Please update your policy file to use the standard policy values.
Jun 12 19:39:41.598602 dv-cinder-796113-3-smb devstack@c-api.service[105222]: warnings.warn('Policy enforcement is depending on the value of '
Jun 12 19:39:41.620674 dv-cinder-796113-3-smb devstack@c-api.service[105222]: INFO cinder.api.openstack.wsgi [None req-ccfa8196-37f5-41be-9731-66fa52db341a tempest-GroupsV320Test-596043688 tempest-GroupsV320Test-596043688-project] http://10.222.0.37/volume/v3/9662e9b671994ae2bf6656b81cd0759f/groups/ce4b0b49-53a1-47cb-bd93-fb252b813a0c returned with HTTP 200
Jun 12 19:39:41.622376 dv-cinder-796113-3-smb devstack@c-api.service[105222]: [pid: 105222|app: 0|req: 11/20] 10.222.0.37 () {60 vars in 1363 bytes} [Sat Jun 12 19:39:41 2021] GET /volume/v3/9662e9b671994ae2bf6656b81cd0759f/groups/ce4b0b49-53a1-47cb-bd93-fb252b813a0c => generated 388 bytes in 44 msecs (HTTP/1.1 200) 7 headers in 286 bytes (1 switches on core 0)
Jun 12 19:39:41.642769 dv-cinder-796113-3-smb devstack@c-api.service[105221]: INFO cinder.api.openstack.wsgi [None req-3a64b519-63a1-48c7-8cfc-c5fea0fabe64 tempest-GroupsV320Test-1397715273 tempest-GroupsV320Test-1397715273-project-admin] POST http://10.222.0.37/volume/v3/179f500dcc054943be45ad358358bd10/groups/ce4b0b49-53a1-47cb-bd93-fb252b813a0c/action
Jun 12 19:39:41.643616 dv-cinder-796113-3-smb devstack@c-api.service[105221]: /usr/local/lib/python3.8/dist-packages/webob/acceptparse.py:1047: DeprecationWarning: The behavior of AcceptValidHeader.best_match is currently being maintained for backward compatibility, but it will be deprecated in the future, as it does not conform to the RFC.
Jun 12 19:39:41.643616 dv-cinder-796113-3-smb devstack@c-api.service[105221]: warnings.warn(
Jun 12 19:39:41.646421 dv-cinder-796113-3-smb devstack@c-api.service[105221]: DEBUG cinder.api.openstack.wsgi [None req-3a64b519-63a1-48c7-8cfc-c5fea0fabe64 tempest-GroupsV320Test-1397715273 tempest-GroupsV320Test-1397715273-project-admin] Action body: b'{"reset_status": {"status": "available"}}' {{(pid=105221) get_method /opt/stack/cinder/cinder/api/openstack/wsgi.py:981}}
Jun 12 19:39:41.647306 dv-cinder-796113-3-smb devstack@c-api.service[105221]: DEBUG cinder.api.openstack.wsgi [None req-3a64b519-63a1-48c7-8cfc-c5fea0fabe64 tempest-GroupsV320Test-1397715273 tempest-GroupsV320Test-1397715273-project-admin] Action: 'action', calling method: reset_status, body: {"reset_status": {"status": "available"}} {{(pid=105221) _process_stack /opt/stack/cinder/cinder/api/openstack/wsgi.py:864}}
Jun 12 19:39:41.658222 dv-cinder-796113-3-smb devstack@c-api.service[105221]: DEBUG cinder.api.v3.groups [None req-3a64b519-63a1-48c7-8cfc-c5fea0fabe64 tempest-GroupsV320Test-1397715273 tempest-GroupsV320Test-1397715273-project-admin] Updating group 'ce4b0b49-53a1-47cb-bd93-fb252b813a0c' with 'available' {{(pid=105221) _reset_status /opt/stack/cinder/cinder/api/v3/groups.py:82}}
Jun 12 19:39:41.692204 dv-cinder-796113-3-smb devstack@c-api.service[105221]: /usr/local/lib/python3.8/dist-packages/oslo_context/context.py:105: DeprecationWarning: Policy enforcement is depending on the value of is_admin. This key is deprecated. Please update your policy file to use the standard policy values.
Jun 12 19:39:41.692204 dv-cinder-796113-3-smb devstack@c-api.service[105221]: warnings.warn('Policy enforcement is depending on the value of '
Jun 12 19:39:41.719086 dv-cinder-796113-3-smb devstack@c-api.service[105221]: INFO cinder.api.openstack.wsgi [None req-3a64b519-63a1-48c7-8cfc-c5fea0fabe64 tempest-GroupsV320Test-1397715273 tempest-GroupsV320Test-1397715273-project-admin] http://10.222.0.37/volume/v3/179f500dcc054943be45ad358358bd10/groups/ce4b0b49-53a1-47cb-bd93-fb252b813a0c/action returned with HTTP 202
Jun 12 19:39:41.733195 dv-cinder-796113-3-smb devstack@c-api.service[105222]: INFO cinder.api.openstack.wsgi [None req-3e7201ba-5b40-420b-9e2e-bc26a835536d tempest-GroupsV320Test-596043688 tempest-GroupsV320Test-596043688-project] GET http://10.222.0.37/volume/v3/9662e9b671994ae2bf6656b81cd0759f/groups/ce4b0b49-53a1-47cb-bd93-fb252b813a0c
Jun 12 19:39:41.734085 dv-cinder-796113-3-smb devstack@c-api.service[105222]: DEBUG cinder.api.openstack.wsgi [None req-3e7201ba-5b40-420b-9e2e-bc26a835536d tempest-GroupsV320Test-596043688 tempest-GroupsV320Test-596043688-project] Empty body provided in request {{(pid=105222) get_body /opt/stack/cinder/cinder/api/openstack/wsgi.py:713}}
Jun 12 19:39:41.734368 dv-cinder-796113-3-smb devstack@c-api.service[105222]: /usr/local/lib/python3.8/dist-packages/webob/acceptparse.py:1047: DeprecationWarning: The behavior of AcceptValidHeader.best_match is currently being maintained for backward compatibility, but it will be deprecated in the future, as it does not conform to the RFC.
Jun 12 19:39:41.734368 dv-cinder-796113-3-smb devstack@c-api.service[105222]: warnings.warn(
Jun 12 19:39:41.734953 dv-cinder-796113-3-smb devstack@c-api.service[105222]: DEBUG cinder.api.openstack.wsgi [None req-3e7201ba-5b40-420b-9e2e-bc26a835536d tempest-GroupsV320Test-596043688 tempest-GroupsV320Test-596043688-project] Calling method 'version_select' {{(pid=105222) _process_stack /opt/stack/cinder/cinder/api/openstack/wsgi.py:866}}
Jun 12 19:39:41.735257 dv-cinder-796113-3-smb devstack@c-api.service[105221]: [pid: 105221|app: 0|req: 10/21] 10.222.0.37 () {62 vars in 1405 bytes} [Sat Jun 12 19:39:41 2021] POST /volume/v3/179f500dcc054943be45ad358358bd10/groups/ce4b0b49-53a1-47cb-bd93-fb252b813a0c/action => generated 0 bytes in 90 msecs (HTTP/1.1 202) 6 headers in 234 bytes (1 switches on core 0)
Jun 12 19:39:41.742819 dv-cinder-796113-3-smb devstack@c-api.service[105222]: DEBUG cinder.api.v3.groups [None req-3e7201ba-5b40-420b-9e2e-bc26a835536d tempest-GroupsV320Test-596043688 tempest-GroupsV320Test-596043688-project] show called for member ce4b0b49-53a1-47cb-bd93-fb252b813a0c {{(pid=105222) show /opt/stack/cinder/cinder/api/v3/groups.py:58}}
Jun 12 19:39:41.754936 dv-cinder-796113-3-smb devstack@c-api.service[105222]: /usr/local/lib/python3.8/dist-packages/oslo_context/context.py:105: DeprecationWarning: Policy enforcement is depending on the value of is_admin. This key is deprecated. Please update your policy file to use the standard policy values.
Jun 12 19:39:41.754936 dv-cinder-796113-3-smb devstack@c-api.service[105222]: warnings.warn('Policy enforcement is depending on the value of '
Jun 12 19:39:41.791515 dv-cinder-796113-3-smb devstack@c-api.service[105222]: INFO cinder.api.openstack.wsgi [None req-3e7201ba-5b40-420b-9e2e-bc26a835536d tempest-GroupsV320Test-596043688 tempest-GroupsV320Test-596043688-project] http://10.222.0.37/volume/v3/9662e9b671994ae2bf6656b81cd0759f/groups/ce4b0b49-53a1-47cb-bd93-fb252b813a0c returned with HTTP 200
Jun 12 19:39:41.802295 dv-cinder-796113-3-smb devstack@c-api.service[105222]: [pid: 105222|app: 0|req: 12/22] 10.222.0.37 () {60 vars in 1363 bytes} [Sat Jun 12 19:39:41 2021] GET /volume/v3/9662e9b671994ae2bf6656b81cd0759f/groups/ce4b0b49-53a1-47cb-bd93-fb252b813a0c => generated 389 bytes in 67 msecs (HTTP/1.1 200) 7 headers in 286 bytes (1 switches on core 0)
Jun 12 19:39:41.811086 dv-cinder-796113-3-smb devstack@c-api.service[105221]: INFO cinder.api.openstack.wsgi [None req-78dc2ae1-2697-4d77-a82e-341063b15139 tempest-GroupsV320Test-1397715273 tempest-GroupsV320Test-1397715273-project-admin] POST http://10.222.0.37/volume/v3/179f500dcc054943be45ad358358bd10/groups/ce4b0b49-53a1-47cb-bd93-fb252b813a0c/action
Jun 12 19:39:41.812188 dv-cinder-796113-3-smb devstack@c-api.service[105221]: /usr/local/lib/python3.8/dist-packages/webob/acceptparse.py:1047: DeprecationWarning: The behavior of AcceptValidHeader.best_match is currently being maintained for backward compatibility, but it will be deprecated in the future, as it does not conform to the RFC.
Jun 12 19:39:41.812188 dv-cinder-796113-3-smb devstack@c-api.service[105221]: warnings.warn(
Jun 12 19:39:41.813487 dv-cinder-796113-3-smb devstack@c-api.service[105221]: DEBUG cinder.api.openstack.wsgi [None req-78dc2ae1-2697-4d77-a82e-341063b15139 tempest-GroupsV320Test-1397715273 tempest-GroupsV320Test-1397715273-project-admin] Action body: b'{"reset_status": {"status": "error"}}' {{(pid=105221) get_method /opt/stack/cinder/cinder/api/openstack/wsgi.py:981}}
Jun 12 19:39:41.817709 dv-cinder-796113-3-smb devstack@c-api.service[105221]: DEBUG cinder.api.openstack.wsgi [None req-78dc2ae1-2697-4d77-a82e-341063b15139 tempest-GroupsV320Test-1397715273 tempest-GroupsV320Test-1397715273-project-admin] Action: 'action', calling method: reset_status, body: {"reset_status": {"status": "error"}} {{(pid=105221) _process_stack /opt/stack/cinder/cinder/api/openstack/wsgi.py:864}}
Jun 12 19:39:41.819741 dv-cinder-796113-3-smb devstack@c-api.service[105221]: DEBUG cinder.api.v3.groups [None req-78dc2ae1-2697-4d77-a82e-341063b15139 tempest-GroupsV320Test-1397715273 tempest-GroupsV320Test-1397715273-project-admin] Updating group 'ce4b0b49-53a1-47cb-bd93-fb252b813a0c' with 'error' {{(pid=105221) _reset_status /opt/stack/cinder/cinder/api/v3/groups.py:82}}
Jun 12 19:39:41.840633 dv-cinder-796113-3-smb devstack@c-api.service[105221]: /usr/local/lib/python3.8/dist-packages/oslo_context/context.py:105: DeprecationWarning: Policy enforcement is depending on the value of is_admin. This key is deprecated. Please update your policy file to use the standard policy values.
Jun 12 19:39:41.840633 dv-cinder-796113-3-smb devstack@c-api.service[105221]: warnings.warn('Policy enforcement is depending on the value of '
Jun 12 19:39:41.875189 dv-cinder-796113-3-smb devstack@c-api.service[105221]: INFO cinder.api.openstack.wsgi [None req-78dc2ae1-2697-4d77-a82e-341063b15139 tempest-GroupsV320Test-1397715273 tempest-GroupsV320Test-1397715273-project-admin] http://10.222.0.37/volume/v3/179f500dcc054943be45ad358358bd10/groups/ce4b0b49-53a1-47cb-bd93-fb252b813a0c/action returned with HTTP 202
Jun 12 19:39:41.892634 dv-cinder-796113-3-smb devstack@c-api.service[105222]: INFO cinder.api.openstack.wsgi [None req-2dba3451-8cd6-4b71-b862-34a7f6e1d29d tempest-UserMessagesTest-1615355504 tempest-UserMessagesTest-1615355504-project] GET http://10.222.0.37/volume/v3/d61e39e7d65742adb869f94b70f9563b/volumes/cb6d3bba-a0db-447a-bbb0-65fec7c94353
Jun 12 19:39:41.893476 dv-cinder-796113-3-smb devstack@c-api.service[105221]: [pid: 105221|app: 0|req: 11/23] 10.222.0.37 () {62 vars in 1405 bytes} [Sat Jun 12 19:39:41 2021] POST /volume/v3/179f500dcc054943be45ad358358bd10/groups/ce4b0b49-53a1-47cb-bd93-fb252b813a0c/action => generated 0 bytes in 90 msecs (HTTP/1.1 202) 6 headers in 234 bytes (1 switches on core 0)
Jun 12 19:39:41.897024 dv-cinder-796113-3-smb devstack@c-api.service[105222]: DEBUG cinder.api.openstack.wsgi [None req-2dba3451-8cd6-4b71-b862-34a7f6e1d29d tempest-UserMessagesTest-1615355504 tempest-UserMessagesTest-1615355504-project] Empty body provided in request {{(pid=105222) get_body /opt/stack/cinder/cinder/api/openstack/wsgi.py:713}}
Jun 12 19:39:41.902931 dv-cinder-796113-3-smb devstack@c-api.service[105221]: INFO cinder.api.openstack.wsgi [None req-8e090475-c869-4de6-b794-4421d44f0c49 tempest-GroupsV320Test-596043688 tempest-GroupsV320Test-596043688-project] GET http://10.222.0.37/volume/v3/9662e9b671994ae2bf6656b81cd0759f/groups/ce4b0b49-53a1-47cb-bd93-fb252b813a0c
Jun 12 19:39:41.903654 dv-cinder-796113-3-smb devstack@c-api.service[105222]: /usr/local/lib/python3.8/dist-packages/webob/acceptparse.py:1047: DeprecationWarning: The behavior of AcceptValidHeader.best_match is currently being maintained for backward compatibility, but it will be deprecated in the future, as it does not conform to the RFC.
Jun 12 19:39:41.903654 dv-cinder-796113-3-smb devstack@c-api.service[105222]: warnings.warn(
Jun 12 19:39:41.904728 dv-cinder-796113-3-smb devstack@c-api.service[105222]: DEBUG cinder.api.openstack.wsgi [None req-2dba3451-8cd6-4b71-b862-34a7f6e1d29d tempest-UserMessagesTest-1615355504 tempest-UserMessagesTest-1615355504-project] Calling method 'show' {{(pid=105222) _process_stack /opt/stack/cinder/cinder/api/openstack/wsgi.py:866}}
Jun 12 19:39:41.909135 dv-cinder-796113-3-smb devstack@c-api.service[105221]: DEBUG cinder.api.openstack.wsgi [None req-8e090475-c869-4de6-b794-4421d44f0c49 tempest-GroupsV320Test-596043688 tempest-GroupsV320Test-596043688-project] Empty body provided in request {{(pid=105221) get_body /opt/stack/cinder/cinder/api/openstack/wsgi.py:713}}
Jun 12 19:39:41.912886 dv-cinder-796113-3-smb devstack@c-api.service[105221]: /usr/local/lib/python3.8/dist-packages/webob/acceptparse.py:1047: DeprecationWarning: The behavior of AcceptValidHeader.best_match is currently being maintained for backward compatibility, but it will be deprecated in the future, as it does not conform to the RFC.
Jun 12 19:39:41.912886 dv-cinder-796113-3-smb devstack@c-api.service[105221]: warnings.warn(
Jun 12 19:39:41.914001 dv-cinder-796113-3-smb devstack@c-api.service[105221]: DEBUG cinder.api.openstack.wsgi [None req-8e090475-c869-4de6-b794-4421d44f0c49 tempest-GroupsV320Test-596043688 tempest-GroupsV320Test-596043688-project] Calling method 'version_select' {{(pid=105221) _process_stack /opt/stack/cinder/cinder/api/openstack/wsgi.py:866}}
Jun 12 19:39:41.914910 dv-cinder-796113-3-smb devstack@c-api.service[105221]: DEBUG cinder.api.v3.groups [None req-8e090475-c869-4de6-b794-4421d44f0c49 tempest-GroupsV320Test-596043688 tempest-GroupsV320Test-596043688-project] show called for member ce4b0b49-53a1-47cb-bd93-fb252b813a0c {{(pid=105221) show /opt/stack/cinder/cinder/api/v3/groups.py:58}}
Jun 12 19:39:41.943017 dv-cinder-796113-3-smb devstack@c-api.service[105221]: /usr/local/lib/python3.8/dist-packages/oslo_context/context.py:105: DeprecationWarning: Policy enforcement is depending on the value of is_admin. This key is deprecated. Please update your policy file to use the standard policy values.
Jun 12 19:39:41.943017 dv-cinder-796113-3-smb devstack@c-api.service[105221]: warnings.warn('Policy enforcement is depending on the value of '
Jun 12 19:39:41.960168 dv-cinder-796113-3-smb devstack@c-api.service[105222]: /usr/local/lib/python3.8/dist-packages/oslo_context/context.py:105: DeprecationWarning: Policy enforcement is depending on the value of is_admin. This key is deprecated. Please update your policy file to use the standard policy values.
Jun 12 19:39:41.960168 dv-cinder-796113-3-smb devstack@c-api.service[105222]: warnings.warn('Policy enforcement is depending on the value of '
Jun 12 19:39:41.976477 dv-cinder-796113-3-smb devstack@c-api.service[105222]: INFO cinder.volume.api [None req-2dba3451-8cd6-4b71-b862-34a7f6e1d29d tempest-UserMessagesTest-1615355504 tempest-UserMessagesTest-1615355504-project] Volume info retrieved successfully.
Jun 12 19:39:42.008698 dv-cinder-796113-3-smb devstack@c-api.service[105221]: INFO cinder.api.openstack.wsgi [None req-8e090475-c869-4de6-b794-4421d44f0c49 tempest-GroupsV320Test-596043688 tempest-GroupsV320Test-596043688-project] http://10.222.0.37/volume/v3/9662e9b671994ae2bf6656b81cd0759f/groups/ce4b0b49-53a1-47cb-bd93-fb252b813a0c returned with HTTP 200
Jun 12 19:39:42.011592 dv-cinder-796113-3-smb devstack@c-api.service[105221]: [pid: 105221|app: 0|req: 12/24] 10.222.0.37 () {60 vars in 1363 bytes} [Sat Jun 12 19:39:41 2021] GET /volume/v3/9662e9b671994ae2bf6656b81cd0759f/groups/ce4b0b49-53a1-47cb-bd93-fb252b813a0c => generated 385 bytes in 116 msecs (HTTP/1.1 200) 7 headers in 286 bytes (1 switches on core 0)
Jun 12 19:39:42.016337 dv-cinder-796113-3-smb devstack@c-api.service[105221]: INFO cinder.api.openstack.wsgi [None req-dbf147dc-b0c4-4747-8185-05fc602be9e9 tempest-VolumesTestJSON-785607412 tempest-VolumesTestJSON-785607412-project] GET http://10.222.0.37/volume/v3/00c9c1f6d052419f83331f1b0a612fcf/volumes/7275b2e8-5a16-43ae-a2d8-2ac0e54b7b44
Jun 12 19:39:42.017106 dv-cinder-796113-3-smb devstack@c-api.service[105221]: DEBUG cinder.api.openstack.wsgi [None req-dbf147dc-b0c4-4747-8185-05fc602be9e9 tempest-VolumesTestJSON-785607412 tempest-VolumesTestJSON-785607412-project] Empty body provided in request {{(pid=105221) get_body /opt/stack/cinder/cinder/api/openstack/wsgi.py:713}}
Jun 12 19:39:42.017463 dv-cinder-796113-3-smb devstack@c-api.service[105221]: /usr/local/lib/python3.8/dist-packages/webob/acceptparse.py:1047: DeprecationWarning: The behavior of AcceptValidHeader.best_match is currently being maintained for backward compatibility, but it will be deprecated in the future, as it does not conform to the RFC.
Jun 12 19:39:42.017463 dv-cinder-796113-3-smb devstack@c-api.service[105221]: warnings.warn(
Jun 12 19:39:42.018210 dv-cinder-796113-3-smb devstack@c-api.service[105221]: DEBUG cinder.api.openstack.wsgi [None req-dbf147dc-b0c4-4747-8185-05fc602be9e9 tempest-VolumesTestJSON-785607412 tempest-VolumesTestJSON-785607412-project] Calling method 'show' {{(pid=105221) _process_stack /opt/stack/cinder/cinder/api/openstack/wsgi.py:866}}
Jun 12 19:39:42.039630 dv-cinder-796113-3-smb devstack@c-api.service[105222]: INFO cinder.api.openstack.wsgi [None req-2dba3451-8cd6-4b71-b862-34a7f6e1d29d tempest-UserMessagesTest-1615355504 tempest-UserMessagesTest-1615355504-project] http://10.222.0.37/volume/v3/d61e39e7d65742adb869f94b70f9563b/volumes/cb6d3bba-a0db-447a-bbb0-65fec7c94353 returned with HTTP 200
Jun 12 19:39:42.053331 dv-cinder-796113-3-smb devstack@c-api.service[105222]: [pid: 105222|app: 0|req: 13/25] 10.222.0.37 () {60 vars in 1365 bytes} [Sat Jun 12 19:39:41 2021] GET /volume/v3/d61e39e7d65742adb869f94b70f9563b/volumes/cb6d3bba-a0db-447a-bbb0-65fec7c94353 => generated 941 bytes in 167 msecs (HTTP/1.1 200) 7 headers in 285 bytes (1 switches on core 0)
Jun 12 19:39:42.058182 dv-cinder-796113-3-smb devstack@c-api.service[105221]: /usr/local/lib/python3.8/dist-packages/oslo_context/context.py:105: DeprecationWarning: Policy enforcement is depending on the value of is_admin. This key is deprecated. Please update your policy file to use the standard policy values.
Jun 12 19:39:42.058182 dv-cinder-796113-3-smb devstack@c-api.service[105221]: warnings.warn('Policy enforcement is depending on the value of '
Jun 12 19:39:42.067591 dv-cinder-796113-3-smb devstack@c-api.service[105222]: INFO cinder.api.openstack.wsgi [None req-bccc6590-6e62-423e-98db-e859ac07e415 tempest-GroupsV320Test-1397715273 tempest-GroupsV320Test-1397715273-project-admin] POST http://10.222.0.37/volume/v3/179f500dcc054943be45ad358358bd10/groups/ce4b0b49-53a1-47cb-bd93-fb252b813a0c/action
Jun 12 19:39:42.068329 dv-cinder-796113-3-smb devstack@c-api.service[105222]: /usr/local/lib/python3.8/dist-packages/webob/acceptparse.py:1047: DeprecationWarning: The behavior of AcceptValidHeader.best_match is currently being maintained for backward compatibility, but it will be deprecated in the future, as it does not conform to the RFC.
Jun 12 19:39:42.068329 dv-cinder-796113-3-smb devstack@c-api.service[105222]: warnings.warn(
Jun 12 19:39:42.069809 dv-cinder-796113-3-smb devstack@c-api.service[105222]: DEBUG cinder.api.openstack.wsgi [None req-bccc6590-6e62-423e-98db-e859ac07e415 tempest-GroupsV320Test-1397715273 tempest-GroupsV320Test-1397715273-project-admin] Action body: b'{"reset_status": {"status": "available"}}' {{(pid=105222) get_method /opt/stack/cinder/cinder/api/openstack/wsgi.py:981}}
Jun 12 19:39:42.070407 dv-cinder-796113-3-smb devstack@c-api.service[105222]: DEBUG cinder.api.openstack.wsgi [None req-bccc6590-6e62-423e-98db-e859ac07e415 tempest-GroupsV320Test-1397715273 tempest-GroupsV320Test-1397715273-project-admin] Action: 'action', calling method: version_select, body: {"reset_status": {"status": "available"}} {{(pid=105222) _process_stack /opt/stack/cinder/cinder/api/openstack/wsgi.py:864}}
Jun 12 19:39:42.072471 dv-cinder-796113-3-smb devstack@c-api.service[105222]: DEBUG cinder.api.v3.groups [None req-bccc6590-6e62-423e-98db-e859ac07e415 tempest-GroupsV320Test-1397715273 tempest-GroupsV320Test-1397715273-project-admin] Updating group 'ce4b0b49-53a1-47cb-bd93-fb252b813a0c' with 'available' {{(pid=105222) _reset_status /opt/stack/cinder/cinder/api/v3/groups.py:82}}
Jun 12 19:39:42.084000 dv-cinder-796113-3-smb devstack@c-api.service[105221]: INFO cinder.volume.api [None req-dbf147dc-b0c4-4747-8185-05fc602be9e9 tempest-VolumesTestJSON-785607412 tempest-VolumesTestJSON-785607412-project] Volume info retrieved successfully.
Jun 12 19:39:42.089747 dv-cinder-796113-3-smb devstack@c-api.service[105222]: /usr/local/lib/python3.8/dist-packages/oslo_context/context.py:105: DeprecationWarning: Policy enforcement is depending on the value of is_admin. This key is deprecated. Please update your policy file to use the standard policy values.
Jun 12 19:39:42.089747 dv-cinder-796113-3-smb devstack@c-api.service[105222]: warnings.warn('Policy enforcement is depending on the value of '
Jun 12 19:39:42.129131 dv-cinder-796113-3-smb devstack@c-api.service[105222]: INFO cinder.api.openstack.wsgi [None req-bccc6590-6e62-423e-98db-e859ac07e415 tempest-GroupsV320Test-1397715273 tempest-GroupsV320Test-1397715273-project-admin] http://10.222.0.37/volume/v3/179f500dcc054943be45ad358358bd10/groups/ce4b0b49-53a1-47cb-bd93-fb252b813a0c/action returned with HTTP 202
Jun 12 19:39:42.139393 dv-cinder-796113-3-smb devstack@c-api.service[105221]: INFO cinder.api.openstack.wsgi [None req-dbf147dc-b0c4-4747-8185-05fc602be9e9 tempest-VolumesTestJSON-785607412 tempest-VolumesTestJSON-785607412-project] http://10.222.0.37/volume/v3/00c9c1f6d052419f83331f1b0a612fcf/volumes/7275b2e8-5a16-43ae-a2d8-2ac0e54b7b44 returned with HTTP 200
Jun 12 19:39:42.140844 dv-cinder-796113-3-smb devstack@c-api.service[105222]: [pid: 105222|app: 0|req: 14/26] 10.222.0.37 () {62 vars in 1405 bytes} [Sat Jun 12 19:39:42 2021] POST /volume/v3/179f500dcc054943be45ad358358bd10/groups/ce4b0b49-53a1-47cb-bd93-fb252b813a0c/action => generated 0 bytes in 86 msecs (HTTP/1.1 202) 6 headers in 234 bytes (1 switches on core 0)
Jun 12 19:39:42.144898 dv-cinder-796113-3-smb devstack@c-api.service[105221]: [pid: 105221|app: 0|req: 13/27] 10.222.0.37 () {58 vars in 1325 bytes} [Sat Jun 12 19:39:42 2021] GET /volume/v3/00c9c1f6d052419f83331f1b0a612fcf/volumes/7275b2e8-5a16-43ae-a2d8-2ac0e54b7b44 => generated 922 bytes in 132 msecs (HTTP/1.1 200) 7 headers in 285 bytes (1 switches on core 0)
Jun 12 19:39:42.161716 dv-cinder-796113-3-smb devstack@c-api.service[105222]: INFO cinder.api.openstack.wsgi [None req-25a65c96-6ee0-4920-9551-15645a6f3957 tempest-UserMessagesTest-1615355504 tempest-UserMessagesTest-1615355504-project] GET http://10.222.0.37/volume/v3/d61e39e7d65742adb869f94b70f9563b/messages
Jun 12 19:39:42.163196 dv-cinder-796113-3-smb devstack@c-api.service[105221]: INFO cinder.api.openstack.wsgi [None req-f1e246df-8a75-47cb-85b7-efd160aaf145 tempest-GroupsV320Test-596043688 tempest-GroupsV320Test-596043688-project] GET http://10.222.0.37/volume/v3/9662e9b671994ae2bf6656b81cd0759f/groups/ce4b0b49-53a1-47cb-bd93-fb252b813a0c
Jun 12 19:39:42.164171 dv-cinder-796113-3-smb devstack@c-api.service[105221]: DEBUG cinder.api.openstack.wsgi [None req-f1e246df-8a75-47cb-85b7-efd160aaf145 tempest-GroupsV320Test-596043688 tempest-GroupsV320Test-596043688-project] Empty body provided in request {{(pid=105221) get_body /opt/stack/cinder/cinder/api/openstack/wsgi.py:713}}
Jun 12 19:39:42.165091 dv-cinder-796113-3-smb devstack@c-api.service[105221]: /usr/local/lib/python3.8/dist-packages/webob/acceptparse.py:1047: DeprecationWarning: The behavior of AcceptValidHeader.best_match is currently being maintained for backward compatibility, but it will be deprecated in the future, as it does not conform to the RFC.
Jun 12 19:39:42.165091 dv-cinder-796113-3-smb devstack@c-api.service[105221]: warnings.warn(
Jun 12 19:39:42.166352 dv-cinder-796113-3-smb devstack@c-api.service[105221]: DEBUG cinder.api.openstack.wsgi [None req-f1e246df-8a75-47cb-85b7-efd160aaf145 tempest-GroupsV320Test-596043688 tempest-GroupsV320Test-596043688-project] Calling method 'version_select' {{(pid=105221) _process_stack /opt/stack/cinder/cinder/api/openstack/wsgi.py:866}}
Jun 12 19:39:42.166505 dv-cinder-796113-3-smb devstack@c-api.service[105222]: DEBUG cinder.api.openstack.wsgi [None req-25a65c96-6ee0-4920-9551-15645a6f3957 tempest-UserMessagesTest-1615355504 tempest-UserMessagesTest-1615355504-project] Empty body provided in request {{(pid=105222) get_body /opt/stack/cinder/cinder/api/openstack/wsgi.py:713}}
Jun 12 19:39:42.166838 dv-cinder-796113-3-smb devstack@c-api.service[105222]: /usr/local/lib/python3.8/dist-packages/webob/acceptparse.py:1047: DeprecationWarning: The behavior of AcceptValidHeader.best_match is currently being maintained for backward compatibility, but it will be deprecated in the future, as it does not conform to the RFC.
Jun 12 19:39:42.166838 dv-cinder-796113-3-smb devstack@c-api.service[105222]: warnings.warn(
Jun 12 19:39:42.167508 dv-cinder-796113-3-smb devstack@c-api.service[105221]: DEBUG cinder.api.v3.groups [None req-f1e246df-8a75-47cb-85b7-efd160aaf145 tempest-GroupsV320Test-596043688 tempest-GroupsV320Test-596043688-project] show called for member ce4b0b49-53a1-47cb-bd93-fb252b813a0c {{(pid=105221) show /opt/stack/cinder/cinder/api/v3/groups.py:58}}
Jun 12 19:39:42.168208 dv-cinder-796113-3-smb devstack@c-api.service[105222]: DEBUG cinder.api.openstack.wsgi [None req-25a65c96-6ee0-4920-9551-15645a6f3957 tempest-UserMessagesTest-1615355504 tempest-UserMessagesTest-1615355504-project] Calling method 'version_select' {{(pid=105222) _process_stack /opt/stack/cinder/cinder/api/openstack/wsgi.py:866}}
Jun 12 19:39:42.196674 dv-cinder-796113-3-smb devstack@c-api.service[105221]: /usr/local/lib/python3.8/dist-packages/oslo_context/context.py:105: DeprecationWarning: Policy enforcement is depending on the value of is_admin. This key is deprecated. Please update your policy file to use the standard policy values.
Jun 12 19:39:42.196674 dv-cinder-796113-3-smb devstack@c-api.service[105221]: warnings.warn('Policy enforcement is depending on the value of '
Jun 12 19:39:42.211931 dv-cinder-796113-3-smb devstack@c-api.service[105222]: INFO cinder.api.openstack.wsgi [None req-25a65c96-6ee0-4920-9551-15645a6f3957 tempest-UserMessagesTest-1615355504 tempest-UserMessagesTest-1615355504-project] http://10.222.0.37/volume/v3/d61e39e7d65742adb869f94b70f9563b/messages returned with HTTP 200
Jun 12 19:39:42.214560 dv-cinder-796113-3-smb devstack@c-api.service[105222]: [pid: 105222|app: 0|req: 15/28] 10.222.0.37 () {60 vars in 1257 bytes} [Sat Jun 12 19:39:42 2021] GET /volume/v3/d61e39e7d65742adb869f94b70f9563b/messages => generated 736 bytes in 73 msecs (HTTP/1.1 200) 7 headers in 285 bytes (1 switches on core 0)
Jun 12 19:39:42.230950 dv-cinder-796113-3-smb devstack@c-api.service[105222]: INFO cinder.api.openstack.wsgi [None req-1352e8ee-3a35-48d3-9f8a-93c53a0f02c0 tempest-UserMessagesTest-1615355504 tempest-UserMessagesTest-1615355504-project] DELETE http://10.222.0.37/volume/v3/d61e39e7d65742adb869f94b70f9563b/messages/7357298c-3cb7-4d96-bf84-54861568c242
Jun 12 19:39:42.238259 dv-cinder-796113-3-smb devstack@c-api.service[105222]: DEBUG cinder.api.openstack.wsgi [None req-1352e8ee-3a35-48d3-9f8a-93c53a0f02c0 tempest-UserMessagesTest-1615355504 tempest-UserMessagesTest-1615355504-project] Empty body provided in request {{(pid=105222) get_body /opt/stack/cinder/cinder/api/openstack/wsgi.py:713}}
Jun 12 19:39:42.239193 dv-cinder-796113-3-smb devstack@c-api.service[105222]: DEBUG cinder.api.openstack.wsgi [None req-1352e8ee-3a35-48d3-9f8a-93c53a0f02c0 tempest-UserMessagesTest-1615355504 tempest-UserMessagesTest-1615355504-project] Calling method 'version_select' {{(pid=105222) _process_stack /opt/stack/cinder/cinder/api/openstack/wsgi.py:866}}
Jun 12 19:39:42.248201 dv-cinder-796113-3-smb devstack@c-api.service[105221]: INFO cinder.api.openstack.wsgi [None req-f1e246df-8a75-47cb-85b7-efd160aaf145 tempest-GroupsV320Test-596043688 tempest-GroupsV320Test-596043688-project] http://10.222.0.37/volume/v3/9662e9b671994ae2bf6656b81cd0759f/groups/ce4b0b49-53a1-47cb-bd93-fb252b813a0c returned with HTTP 200
Jun 12 19:39:42.256668 dv-cinder-796113-3-smb devstack@c-api.service[105221]: [pid: 105221|app: 0|req: 14/29] 10.222.0.37 () {60 vars in 1363 bytes} [Sat Jun 12 19:39:42 2021] GET /volume/v3/9662e9b671994ae2bf6656b81cd0759f/groups/ce4b0b49-53a1-47cb-bd93-fb252b813a0c => generated 389 bytes in 109 msecs (HTTP/1.1 200) 7 headers in 286 bytes (1 switches on core 0)
Jun 12 19:39:42.273412 dv-cinder-796113-3-smb devstack@c-api.service[105221]: INFO cinder.api.openstack.wsgi [None req-5fa1323e-f77c-4b29-9e9d-7c76f49c2e0b tempest-GroupsV320Test-596043688 tempest-GroupsV320Test-596043688-project] GET http://10.222.0.37/volume/v3/9662e9b671994ae2bf6656b81cd0759f/volumes/detail
Jun 12 19:39:42.276440 dv-cinder-796113-3-smb devstack@c-api.service[105221]: DEBUG cinder.api.openstack.wsgi [None req-5fa1323e-f77c-4b29-9e9d-7c76f49c2e0b tempest-GroupsV320Test-596043688 tempest-GroupsV320Test-596043688-project] Empty body provided in request {{(pid=105221) get_body /opt/stack/cinder/cinder/api/openstack/wsgi.py:713}}
Jun 12 19:39:42.278484 dv-cinder-796113-3-smb devstack@c-api.service[105221]: /usr/local/lib/python3.8/dist-packages/webob/acceptparse.py:1047: DeprecationWarning: The behavior of AcceptValidHeader.best_match is currently being maintained for backward compatibility, but it will be deprecated in the future, as it does not conform to the RFC.
Jun 12 19:39:42.278484 dv-cinder-796113-3-smb devstack@c-api.service[105221]: warnings.warn(
Jun 12 19:39:42.279005 dv-cinder-796113-3-smb devstack@c-api.service[105221]: DEBUG cinder.api.openstack.wsgi [None req-5fa1323e-f77c-4b29-9e9d-7c76f49c2e0b tempest-GroupsV320Test-596043688 tempest-GroupsV320Test-596043688-project] Calling method 'detail' {{(pid=105221) _process_stack /opt/stack/cinder/cinder/api/openstack/wsgi.py:866}}
Jun 12 19:39:42.281090 dv-cinder-796113-3-smb devstack@c-api.service[105221]: DEBUG cinder.api.api_utils [None req-5fa1323e-f77c-4b29-9e9d-7c76f49c2e0b tempest-GroupsV320Test-596043688 tempest-GroupsV320Test-596043688-project] Removing options '' from query. {{(pid=105221) remove_invalid_filter_options /opt/stack/cinder/cinder/api/api_utils.py:73}}
Jun 12 19:39:42.281951 dv-cinder-796113-3-smb devstack@c-api.service[105221]: /usr/local/lib/python3.8/dist-packages/oslo_context/context.py:105: DeprecationWarning: Policy enforcement is depending on the value of is_admin. This key is deprecated. Please update your policy file to use the standard policy values.
Jun 12 19:39:42.281951 dv-cinder-796113-3-smb devstack@c-api.service[105221]: warnings.warn('Policy enforcement is depending on the value of '
Jun 12 19:39:42.283085 dv-cinder-796113-3-smb devstack@c-api.service[105221]: DEBUG cinder.volume.api [None req-5fa1323e-f77c-4b29-9e9d-7c76f49c2e0b tempest-GroupsV320Test-596043688 tempest-GroupsV320Test-596043688-project] Searching by: MultiDict([('no_migration_targets', True)]). {{(pid=105221) get_all /opt/stack/cinder/cinder/volume/api.py:617}}
Jun 12 19:39:42.295629 dv-cinder-796113-3-smb devstack@c-api.service[105222]: INFO cinder.api.openstack.wsgi [None req-1352e8ee-3a35-48d3-9f8a-93c53a0f02c0 tempest-UserMessagesTest-1615355504 tempest-UserMessagesTest-1615355504-project] http://10.222.0.37/volume/v3/d61e39e7d65742adb869f94b70f9563b/messages/7357298c-3cb7-4d96-bf84-54861568c242 returned with HTTP 204
Jun 12 19:39:42.296549 dv-cinder-796113-3-smb devstack@c-api.service[105222]: [pid: 105222|app: 0|req: 16/30] 10.222.0.37 () {60 vars in 1371 bytes} [Sat Jun 12 19:39:42 2021] DELETE /volume/v3/d61e39e7d65742adb869f94b70f9563b/messages/7357298c-3cb7-4d96-bf84-54861568c242 => generated 0 bytes in 73 msecs (HTTP/1.1 204) 6 headers in 235 bytes (1 switches on core 0)
Jun 12 19:39:42.311183 dv-cinder-796113-3-smb devstack@c-api.service[105222]: INFO cinder.api.openstack.wsgi [None req-1967d7b8-6936-4d2a-bf3f-50e65af5a0fd tempest-UserMessagesTest-1615355504 tempest-UserMessagesTest-1615355504-project] GET http://10.222.0.37/volume/v3/d61e39e7d65742adb869f94b70f9563b/messages/7357298c-3cb7-4d96-bf84-54861568c242
Jun 12 19:39:42.311825 dv-cinder-796113-3-smb devstack@c-api.service[105222]: DEBUG cinder.api.openstack.wsgi [None req-1967d7b8-6936-4d2a-bf3f-50e65af5a0fd tempest-UserMessagesTest-1615355504 tempest-UserMessagesTest-1615355504-project] Empty body provided in request {{(pid=105222) get_body /opt/stack/cinder/cinder/api/openstack/wsgi.py:713}}
Jun 12 19:39:42.312264 dv-cinder-796113-3-smb devstack@c-api.service[105222]: DEBUG cinder.api.openstack.wsgi [None req-1967d7b8-6936-4d2a-bf3f-50e65af5a0fd tempest-UserMessagesTest-1615355504 tempest-UserMessagesTest-1615355504-project] Calling method 'version_select' {{(pid=105222) _process_stack /opt/stack/cinder/cinder/api/openstack/wsgi.py:866}}
Jun 12 19:39:42.326297 dv-cinder-796113-3-smb devstack@c-api.service[105222]: INFO cinder.api.openstack.wsgi [None req-1967d7b8-6936-4d2a-bf3f-50e65af5a0fd tempest-UserMessagesTest-1615355504 tempest-UserMessagesTest-1615355504-project] http://10.222.0.37/volume/v3/d61e39e7d65742adb869f94b70f9563b/messages/7357298c-3cb7-4d96-bf84-54861568c242 returned with HTTP 404
Jun 12 19:39:42.328492 dv-cinder-796113-3-smb devstack@c-api.service[105222]: [pid: 105222|app: 0|req: 17/31] 10.222.0.37 () {60 vars in 1368 bytes} [Sat Jun 12 19:39:42 2021] GET /volume/v3/d61e39e7d65742adb869f94b70f9563b/messages/7357298c-3cb7-4d96-bf84-54861568c242 => generated 110 bytes in 25 msecs (HTTP/1.1 404) 7 headers in 292 bytes (2 switches on core 0)
Jun 12 19:39:42.338586 dv-cinder-796113-3-smb devstack@c-api.service[105222]: INFO cinder.api.openstack.wsgi [None req-196d88a4-dbe6-4409-8293-4b3131cd23c2 tempest-UserMessagesTest-404127828 tempest-UserMessagesTest-404127828-project-admin] POST http://10.222.0.37/volume/v3/056e72ebea00419293bafa9e3aeacc7b/types
Jun 12 19:39:42.339336 dv-cinder-796113-3-smb devstack@c-api.service[105222]: DEBUG cinder.api.openstack.wsgi [None req-196d88a4-dbe6-4409-8293-4b3131cd23c2 tempest-UserMessagesTest-404127828 tempest-UserMessagesTest-404127828-project-admin] Action: 'create', calling method: _create, body: {"volume_type": {"name": "tempest-UserMessagesTest-volume-type-1555481626", "extra_specs": {"storage_protocol": "tempest-storage_protocol-649111325", "vendor_name": "tempest-vendor_name-521298103"}}} {{(pid=105222) _process_stack /opt/stack/cinder/cinder/api/openstack/wsgi.py:864}}
Jun 12 19:39:42.397298 dv-cinder-796113-3-smb devstack@c-api.service[105222]: INFO cinder.api.openstack.wsgi [None req-196d88a4-dbe6-4409-8293-4b3131cd23c2 tempest-UserMessagesTest-404127828 tempest-UserMessagesTest-404127828-project-admin] http://10.222.0.37/volume/v3/056e72ebea00419293bafa9e3aeacc7b/types returned with HTTP 200
Jun 12 19:39:42.408151 dv-cinder-796113-3-smb devstack@c-api.service[105222]: [pid: 105222|app: 0|req: 18/32] 10.222.0.37 () {60 vars in 1230 bytes} [Sat Jun 12 19:39:42 2021] POST /volume/v3/056e72ebea00419293bafa9e3aeacc7b/types => generated 326 bytes in 73 msecs (HTTP/1.1 200) 7 headers in 285 bytes (1 switches on core 0)
Jun 12 19:39:42.422906 dv-cinder-796113-3-smb devstack@c-api.service[105222]: INFO cinder.api.openstack.wsgi [None req-569aa584-0c8a-414a-b057-893932c967a8 tempest-UserMessagesTest-1615355504 tempest-UserMessagesTest-1615355504-project] POST http://10.222.0.37/volume/v3/d61e39e7d65742adb869f94b70f9563b/volumes
Jun 12 19:39:42.423876 dv-cinder-796113-3-smb devstack@c-api.service[105222]: DEBUG cinder.api.openstack.wsgi [None req-569aa584-0c8a-414a-b057-893932c967a8 tempest-UserMessagesTest-1615355504 tempest-UserMessagesTest-1615355504-project] Action: 'create', calling method: create, body: {"volume": {"volume_type": "1f251ef2-28a3-40ca-9b2a-3560cbbd2584", "size": 1, "name": "tempest-UserMessagesTest-Volume-1749569759"}} {{(pid=105222) _process_stack /opt/stack/cinder/cinder/api/openstack/wsgi.py:864}}
Jun 12 19:39:42.426064 dv-cinder-796113-3-smb devstack@c-api.service[105222]: DEBUG cinder.api.v3.volumes [None req-569aa584-0c8a-414a-b057-893932c967a8 tempest-UserMessagesTest-1615355504 tempest-UserMessagesTest-1615355504-project] Create volume request body: {'volume': {'volume_type': '1f251ef2-28a3-40ca-9b2a-3560cbbd2584', 'size': 1, 'name': 'tempest-UserMessagesTest-Volume-1749569759'}} {{(pid=105222) create /opt/stack/cinder/cinder/api/v3/volumes.py:289}}
Jun 12 19:39:42.427950 dv-cinder-796113-3-smb devstack@c-api.service[105221]: INFO cinder.volume.api [None req-5fa1323e-f77c-4b29-9e9d-7c76f49c2e0b tempest-GroupsV320Test-596043688 tempest-GroupsV320Test-596043688-project] Get all volumes completed successfully.
Jun 12 19:39:42.443755 dv-cinder-796113-3-smb devstack@c-api.service[105222]: INFO cinder.api.v3.volumes [None req-569aa584-0c8a-414a-b057-893932c967a8 tempest-UserMessagesTest-1615355504 tempest-UserMessagesTest-1615355504-project] Create volume of 1 GB
Jun 12 19:39:42.444503 dv-cinder-796113-3-smb devstack@c-api.service[105222]: /usr/local/lib/python3.8/dist-packages/oslo_context/context.py:105: DeprecationWarning: Policy enforcement is depending on the value of is_admin. This key is deprecated. Please update your policy file to use the standard policy values.
Jun 12 19:39:42.444503 dv-cinder-796113-3-smb devstack@c-api.service[105222]: warnings.warn('Policy enforcement is depending on the value of '
Jun 12 19:39:42.445122 dv-cinder-796113-3-smb devstack@c-api.service[105222]: INFO cinder.volume.api [None req-569aa584-0c8a-414a-b057-893932c967a8 tempest-UserMessagesTest-1615355504 tempest-UserMessagesTest-1615355504-project] Availability Zones retrieved successfully.
Jun 12 19:39:42.452152 dv-cinder-796113-3-smb devstack@c-api.service[105221]: INFO cinder.api.openstack.wsgi [None req-5fa1323e-f77c-4b29-9e9d-7c76f49c2e0b tempest-GroupsV320Test-596043688 tempest-GroupsV320Test-596043688-project] http://10.222.0.37/volume/v3/9662e9b671994ae2bf6656b81cd0759f/volumes/detail returned with HTTP 200
Jun 12 19:39:42.473805 dv-cinder-796113-3-smb devstack@c-api.service[105221]: [pid: 105221|app: 0|req: 15/33] 10.222.0.37 () {60 vars in 1276 bytes} [Sat Jun 12 19:39:42 2021] GET /volume/v3/9662e9b671994ae2bf6656b81cd0759f/volumes/detail => generated 15 bytes in 206 msecs (HTTP/1.1 200) 7 headers in 285 bytes (2 switches on core 0)
Jun 12 19:39:42.485523 dv-cinder-796113-3-smb devstack@c-api.service[105222]: DEBUG cinder.volume.api [None req-569aa584-0c8a-414a-b057-893932c967a8 tempest-UserMessagesTest-1615355504 tempest-UserMessagesTest-1615355504-project] Flow 'volume_create_api' (2605f613-7669-4c65-b86c-41e03017f8ff) transitioned into state 'RUNNING' from state 'PENDING' {{(pid=105222) _flow_receiver /usr/local/lib/python3.8/dist-packages/taskflow/listeners/logging.py:141}}
Jun 12 19:39:42.493042 dv-cinder-796113-3-smb devstack@c-api.service[105221]: INFO cinder.api.openstack.wsgi [None req-72d3a695-262d-479a-99ea-7bc37d6f713d tempest-GroupsV320Test-596043688 tempest-GroupsV320Test-596043688-project] POST http://10.222.0.37/volume/v3/9662e9b671994ae2bf6656b81cd0759f/groups/ce4b0b49-53a1-47cb-bd93-fb252b813a0c/action
Jun 12 19:39:42.495269 dv-cinder-796113-3-smb devstack@c-api.service[105221]: DEBUG cinder.api.openstack.wsgi [None req-72d3a695-262d-479a-99ea-7bc37d6f713d tempest-GroupsV320Test-596043688 tempest-GroupsV320Test-596043688-project] Action body: b'{"delete": {"delete-volumes": true}}' {{(pid=105221) get_method /opt/stack/cinder/cinder/api/openstack/wsgi.py:981}}
Jun 12 19:39:42.496414 dv-cinder-796113-3-smb devstack@c-api.service[105221]: DEBUG cinder.api.openstack.wsgi [None req-72d3a695-262d-479a-99ea-7bc37d6f713d tempest-GroupsV320Test-596043688 tempest-GroupsV320Test-596043688-project] Action: 'action', calling method: version_select, body: {"delete": {"delete-volumes": true}} {{(pid=105221) _process_stack /opt/stack/cinder/cinder/api/openstack/wsgi.py:864}}
Jun 12 19:39:42.498214 dv-cinder-796113-3-smb devstack@c-api.service[105221]: DEBUG cinder.api.v3.groups [None req-72d3a695-262d-479a-99ea-7bc37d6f713d tempest-GroupsV320Test-596043688 tempest-GroupsV320Test-596043688-project] delete called for group ce4b0b49-53a1-47cb-bd93-fb252b813a0c {{(pid=105221) _delete /opt/stack/cinder/cinder/api/v3/groups.py:117}}
Jun 12 19:39:42.499057 dv-cinder-796113-3-smb devstack@c-api.service[105221]: INFO cinder.api.v3.groups [None req-72d3a695-262d-479a-99ea-7bc37d6f713d tempest-GroupsV320Test-596043688 tempest-GroupsV320Test-596043688-project] Delete group with id: ce4b0b49-53a1-47cb-bd93-fb252b813a0c
Jun 12 19:39:42.503037 dv-cinder-796113-3-smb devstack@c-api.service[105222]: DEBUG cinder.volume.api [None req-569aa584-0c8a-414a-b057-893932c967a8 tempest-UserMessagesTest-1615355504 tempest-UserMessagesTest-1615355504-project] Task 'cinder.volume.flows.api.create_volume.ExtractVolumeRequestTask;volume:create' (b7b9b0a4-6aa2-48f8-a4f1-59612459ee8c) transitioned into state 'RUNNING' from state 'PENDING' {{(pid=105222) _task_receiver /usr/local/lib/python3.8/dist-packages/taskflow/listeners/logging.py:190}}
Jun 12 19:39:42.509796 dv-cinder-796113-3-smb devstack@c-api.service[105222]: DEBUG cinder.volume.flows.api.create_volume [None req-569aa584-0c8a-414a-b057-893932c967a8 tempest-UserMessagesTest-1615355504 tempest-UserMessagesTest-1615355504-project] Validating volume size '1' using validate_int {{(pid=105222) _extract_size /opt/stack/cinder/cinder/volume/flows/api/create_volume.py:201}}
Jun 12 19:39:42.528226 dv-cinder-796113-3-smb devstack@c-api.service[105221]: /usr/local/lib/python3.8/dist-packages/oslo_context/context.py:105: DeprecationWarning: Policy enforcement is depending on the value of is_admin. This key is deprecated. Please update your policy file to use the standard policy values.
Jun 12 19:39:42.528226 dv-cinder-796113-3-smb devstack@c-api.service[105221]: warnings.warn('Policy enforcement is depending on the value of '
Jun 12 19:39:42.644057 dv-cinder-796113-3-smb devstack@c-api.service[105222]: DEBUG cinder.volume.api [None req-569aa584-0c8a-414a-b057-893932c967a8 tempest-UserMessagesTest-1615355504 tempest-UserMessagesTest-1615355504-project] Task 'cinder.volume.flows.api.create_volume.ExtractVolumeRequestTask;volume:create' (b7b9b0a4-6aa2-48f8-a4f1-59612459ee8c) transitioned into state 'SUCCESS' from state 'RUNNING' with result '{'size': 1, 'snapshot_id': None, 'source_volid': None, 'volume_type': VolumeType(created_at=2021-06-12T19:39:42Z,deleted=False,deleted_at=None,description=None,extra_specs={storage_protocol='tempest-storage_protocol-649111325',vendor_name='tempest-vendor_name-521298103'},id=1f251ef2-28a3-40ca-9b2a-3560cbbd2584,is_public=True,name='tempest-UserMessagesTest-volume-type-1555481626',projects=[],qos_specs=,qos_specs_id=None,updated_at=None), 'volume_type_id': '1f251ef2-28a3-40ca-9b2a-3560cbbd2584', 'encryption_key_id': None, 'qos_specs': None, 'consistencygroup_id': None, 'cgsnapshot_id': None, 'group_id': None, 'replication_status': 'disabled', 'refresh_az': False, 'backup_id': None, 'multiattach': False, 'availability_zones': ['nova']}' {{(pid=105222) _task_receiver /usr/local/lib/python3.8/dist-packages/taskflow/listeners/logging.py:178}}
Jun 12 19:39:42.668516 dv-cinder-796113-3-smb devstack@c-api.service[105222]: DEBUG cinder.volume.api [None req-569aa584-0c8a-414a-b057-893932c967a8 tempest-UserMessagesTest-1615355504 tempest-UserMessagesTest-1615355504-project] Task 'cinder.volume.flows.api.create_volume.QuotaReserveTask;volume:create' (dc10792d-6613-42be-b581-689e1103fd1e) transitioned into state 'RUNNING' from state 'PENDING' {{(pid=105222) _task_receiver /usr/local/lib/python3.8/dist-packages/taskflow/listeners/logging.py:190}}
Jun 12 19:39:42.840412 dv-cinder-796113-3-smb devstack@c-api.service[105221]: INFO cinder.api.openstack.wsgi [None req-72d3a695-262d-479a-99ea-7bc37d6f713d tempest-GroupsV320Test-596043688 tempest-GroupsV320Test-596043688-project] http://10.222.0.37/volume/v3/9662e9b671994ae2bf6656b81cd0759f/groups/ce4b0b49-53a1-47cb-bd93-fb252b813a0c/action returned with HTTP 202
Jun 12 19:39:42.843603 dv-cinder-796113-3-smb devstack@c-api.service[105221]: [pid: 105221|app: 0|req: 16/34] 10.222.0.37 () {62 vars in 1405 bytes} [Sat Jun 12 19:39:42 2021] POST /volume/v3/9662e9b671994ae2bf6656b81cd0759f/groups/ce4b0b49-53a1-47cb-bd93-fb252b813a0c/action => generated 0 bytes in 362 msecs (HTTP/1.1 202) 6 headers in 234 bytes (1 switches on core 0)
Jun 12 19:39:42.857049 dv-cinder-796113-3-smb devstack@c-api.service[105221]: INFO cinder.api.openstack.wsgi [None req-241b7e48-28e4-4dc8-a197-4d42518e3534 tempest-GroupsV320Test-596043688 tempest-GroupsV320Test-596043688-project] GET http://10.222.0.37/volume/v3/9662e9b671994ae2bf6656b81cd0759f/groups/ce4b0b49-53a1-47cb-bd93-fb252b813a0c
Jun 12 19:39:42.860398 dv-cinder-796113-3-smb devstack@c-api.service[105221]: DEBUG cinder.api.openstack.wsgi [None req-241b7e48-28e4-4dc8-a197-4d42518e3534 tempest-GroupsV320Test-596043688 tempest-GroupsV320Test-596043688-project] Empty body provided in request {{(pid=105221) get_body /opt/stack/cinder/cinder/api/openstack/wsgi.py:713}}
Jun 12 19:39:42.861210 dv-cinder-796113-3-smb devstack@c-api.service[105221]: /usr/local/lib/python3.8/dist-packages/webob/acceptparse.py:1047: DeprecationWarning: The behavior of AcceptValidHeader.best_match is currently being maintained for backward compatibility, but it will be deprecated in the future, as it does not conform to the RFC.
Jun 12 19:39:42.861210 dv-cinder-796113-3-smb devstack@c-api.service[105221]: warnings.warn(
Jun 12 19:39:42.864657 dv-cinder-796113-3-smb devstack@c-api.service[105221]: DEBUG cinder.api.openstack.wsgi [None req-241b7e48-28e4-4dc8-a197-4d42518e3534 tempest-GroupsV320Test-596043688 tempest-GroupsV320Test-596043688-project] Calling method 'version_select' {{(pid=105221) _process_stack /opt/stack/cinder/cinder/api/openstack/wsgi.py:866}}
Jun 12 19:39:42.865298 dv-cinder-796113-3-smb devstack@c-api.service[105221]: DEBUG cinder.api.v3.groups [None req-241b7e48-28e4-4dc8-a197-4d42518e3534 tempest-GroupsV320Test-596043688 tempest-GroupsV320Test-596043688-project] show called for member ce4b0b49-53a1-47cb-bd93-fb252b813a0c {{(pid=105221) show /opt/stack/cinder/cinder/api/v3/groups.py:58}}
Jun 12 19:39:42.876736 dv-cinder-796113-3-smb devstack@c-api.service[105222]: WARNING cinder.quota [None req-569aa584-0c8a-414a-b057-893932c967a8 tempest-UserMessagesTest-1615355504 tempest-UserMessagesTest-1615355504-project] Deprecated: Default quota for resource: volumes_tempest-UserMessagesTest-volume-type-1555481626 is set by the default quota flag: quota_volumes_tempest-UserMessagesTest-volume-type-1555481626, it is now deprecated. Please use the default quota class for default quota.
Jun 12 19:39:42.879706 dv-cinder-796113-3-smb devstack@c-api.service[105222]: WARNING cinder.quota [None req-569aa584-0c8a-414a-b057-893932c967a8 tempest-UserMessagesTest-1615355504 tempest-UserMessagesTest-1615355504-project] Deprecated: Default quota for resource: gigabytes_tempest-UserMessagesTest-volume-type-1555481626 is set by the default quota flag: quota_gigabytes_tempest-UserMessagesTest-volume-type-1555481626, it is now deprecated. Please use the default quota class for default quota.
Jun 12 19:39:42.887097 dv-cinder-796113-3-smb devstack@c-api.service[105221]: /usr/local/lib/python3.8/dist-packages/oslo_context/context.py:105: DeprecationWarning: Policy enforcement is depending on the value of is_admin. This key is deprecated. Please update your policy file to use the standard policy values.
