Jun 12 11:59:37.457110 dv-cinder-796113-2-iscsi neutron-server[91742]: DEBUG neutron.db.db_base_plugin_common [None req-562edd66-bfc0-449b-82c1-9b10f3514fe6 tempest-AttachVolumeTestJSON-69676574 tempest-AttachVolumeTestJSON-69676574-project] Allocated IP 172.27.1.65 (e3f70394-a27f-4c70-bb71-6ba618a24d32/29bc4f60-702e-42c4-b8ed-a4f4ec248b74/ee7ca6b3-f8eb-4a69-9ada-ce0ec1702a8e) {{(pid=91742) _store_ip_allocation /opt/stack/neutron/neutron/db/db_base_plugin_common.py:131}}
Jun 12 11:59:37.472579 dv-cinder-796113-2-iscsi neutron-server[91743]: DEBUG neutron.plugins.ml2.rpc [None req-b77f1302-5747-454d-acd9-609d41030b99 None None] Returning: {'device': 'ec508d2a-acbe-434e-91ed-616111621589', 'network_id': '070ef9c8-0f4c-424e-b003-9cb81d4780be', 'port_id': 'ec508d2a-acbe-434e-91ed-616111621589', 'mac_address': 'fa:16:3e:bd:47:d0', 'admin_state_up': True, 'network_type': 'vlan', 'segmentation_id': 815, 'physical_network': 'physnet1', 'mtu': 1500, 'fixed_ips': [{'subnet_id': '46b881a4-814a-481a-a05d-2f95e7101b83', 'ip_address': '172.20.0.3'}], 'device_owner': 'compute:nova', 'allowed_address_pairs': [], 'port_security_enabled': True, 'qos_policy_id': None, 'network_qos_policy_id': None, 'profile': {}, 'propagate_uplink_status': False} {{(pid=91743) _get_device_details /opt/stack/neutron/neutron/plugins/ml2/rpc.py:168}}
Jun 12 11:59:37.632399 dv-cinder-796113-2-iscsi neutron-server[91743]: DEBUG neutron_lib.callbacks.manager [None req-b77f1302-5747-454d-acd9-609d41030b99 None None] Notify callbacks ['neutron.plugins.ml2.plugin.SecurityGroupDbMixin._ensure_default_security_group_handler_port-4126502'] for port, before_update {{(pid=91743) _notify_loop /usr/local/lib/python3.8/dist-packages/neutron_lib/callbacks/manager.py:192}}
Jun 12 11:59:37.641924 dv-cinder-796113-2-iscsi neutron-server[91742]: DEBUG neutron.wsgi [-] (91742) accepted ('10.222.0.63', 51946) {{(pid=91742) server /usr/local/lib/python3.8/dist-packages/eventlet/wsgi.py:992}}
Jun 12 11:59:37.687437 dv-cinder-796113-2-iscsi neutron-server[91743]: DEBUG neutron.notifiers.nova [None req-b77f1302-5747-454d-acd9-609d41030b99 None None] Ignoring state change previous_port_status: DOWN current_port_status: BUILD port_id ec508d2a-acbe-434e-91ed-616111621589 {{(pid=91743) record_port_status_changed /opt/stack/neutron/neutron/notifiers/nova.py:224}}
Jun 12 11:59:37.771053 dv-cinder-796113-2-iscsi neutron-server[91743]: DEBUG neutron.plugins.ml2.db [None req-b77f1302-5747-454d-acd9-609d41030b99 None None] For port ec508d2a-acbe-434e-91ed-616111621589, host hv-cinder-79611, got binding levels [PortBindingLevel(driver='hyperv',host='hv-cinder-79611',level=0,port_id=ec508d2a-acbe-434e-91ed-616111621589,segment=NetworkSegment(1f3fb5f1-d380-4c87-86da-cbdc4df4c77f),segment_id=1f3fb5f1-d380-4c87-86da-cbdc4df4c77f)] {{(pid=91743) get_binding_level_objs /opt/stack/neutron/neutron/plugins/ml2/db.py:75}}
Jun 12 11:59:37.779654 dv-cinder-796113-2-iscsi neutron-server[91743]: DEBUG neutron_lib.callbacks.manager [None req-b77f1302-5747-454d-acd9-609d41030b99 None None] Notify callbacks ['neutron.plugins.ml2.plugin.SecurityGroupServerNotifierRpcMixin.notify_sg_on_port_change-4126668', 'neutron.plugins.ml2.ovo_rpc._ObjectChangeHandler.handle_event-307918', 'neutron.api.rpc.agentnotifiers.dhcp_rpc_agent_api.DhcpAgentNotifyAPI._native_event_send_dhcp_notification-546593', 'neutron.db.l3_db.L3RpcNotifierMixin._notify_gateway_port_ip_changed-8736892128323', 'neutron.db.l3_dvrscheduler_db._notify_l3_agent_port_update-8736891735354', 'neutron.db.l3_hascheduler_db._notify_l3_agent_ha_port_update-8736891735399'] for port, after_update {{(pid=91743) _notify_loop /usr/local/lib/python3.8/dist-packages/neutron_lib/callbacks/manager.py:192}}
Jun 12 11:59:37.780970 dv-cinder-796113-2-iscsi neutron-server[91743]: DEBUG neutron.plugins.ml2.rpc [None req-b77f1302-5747-454d-acd9-609d41030b99 None None] Device f25eb97b-65ab-45d4-8fac-74aefc104a2c details requested by agent hyperv_hv-cinder-79611 with host hv-cinder-79611 {{(pid=91743) get_device_details /opt/stack/neutron/neutron/plugins/ml2/rpc.py:88}}
Jun 12 11:59:37.784068 dv-cinder-796113-2-iscsi neutron-server[91743]: DEBUG oslo_concurrency.lockutils [None req-f2e8d9cc-beca-4c8f-ba9e-e34e3ce09f07 None None] Lock "event-dispatch" acquired by "neutron.plugins.ml2.ovo_rpc._ObjectChangeHandler.dispatch_events" :: waited 0.000s {{(pid=91743) inner /usr/local/lib/python3.8/dist-packages/oslo_concurrency/lockutils.py:355}}
Jun 12 11:59:37.970878 dv-cinder-796113-2-iscsi neutron-server[91742]: DEBUG neutron_lib.callbacks.manager [None req-562edd66-bfc0-449b-82c1-9b10f3514fe6 tempest-AttachVolumeTestJSON-69676574 tempest-AttachVolumeTestJSON-69676574-project] Notify callbacks [] for port, precommit_create {{(pid=91742) _notify_loop /usr/local/lib/python3.8/dist-packages/neutron_lib/callbacks/manager.py:192}}
Jun 12 11:59:37.973738 dv-cinder-796113-2-iscsi neutron-server[91743]: DEBUG neutron.api.rpc.handlers.resources_rpc [None req-b77f1302-5747-454d-acd9-609d41030b99 None None] Pushing event updated for resources: {'Port': ['ID=ec508d2a-acbe-434e-91ed-616111621589,revision_number=4']} {{(pid=91743) push /opt/stack/neutron/neutron/api/rpc/handlers/resources_rpc.py:237}}
Jun 12 11:59:38.004950 dv-cinder-796113-2-iscsi neutron-server[91741]: INFO neutron.wsgi [req-8bfe2e08-8ba9-44c7-b2ab-b9ffaea049ab req-10ebda6f-9cf4-4fb6-9788-43466793650d service neutron] 10.222.0.67 "GET /v2.0/networks/4a87d019-f8bf-4811-a4bb-dcd272c168ae?fields=provider%3Aphysical_network&fields=provider%3Anetwork_type HTTP/1.1" status: 200 len: 281 time: 0.5666718
Jun 12 11:59:38.070783 dv-cinder-796113-2-iscsi neutron-server[91741]: DEBUG neutron.pecan_wsgi.hooks.policy_enforcement [req-2b436797-3fa1-4f8b-9d9d-8cfb45e33989 req-437d1f2d-c157-4691-bc57-864f3594c018 tempest-DeleteServersTestJSON-2069958180 tempest-DeleteServersTestJSON-2069958180-project] Attributes excluded by policy engine: ['standard_attr_id', 'binding:profile', 'binding:host_id', 'binding:vif_type', 'binding:vif_details'] {{(pid=91741) _exclude_attributes_by_policy /opt/stack/neutron/neutron/pecan_wsgi/hooks/policy_enforcement.py:255}}
Jun 12 11:59:38.087305 dv-cinder-796113-2-iscsi neutron-server[91741]: INFO neutron.wsgi [req-2b436797-3fa1-4f8b-9d9d-8cfb45e33989 req-437d1f2d-c157-4691-bc57-864f3594c018 tempest-DeleteServersTestJSON-2069958180 tempest-DeleteServersTestJSON-2069958180-project] 10.222.0.63 "GET /v2.0/ports?device_id=279868f8-71fa-48cb-8efe-5979c6cc09f5 HTTP/1.1" status: 200 len: 944 time: 0.1956871
Jun 12 11:59:38.119162 dv-cinder-796113-2-iscsi neutron-server[91742]: DEBUG neutron_lib.callbacks.manager [req-4a103642-5bea-49c5-8f5d-db3fbe1cc1a4 req-089adae3-dff8-4d7e-8060-e401d52da3a0 tempest-ServerRescueNegativeTestJSON-1810171679 tempest-ServerRescueNegativeTestJSON-1810171679-project] Notify callbacks [] for port, precommit_create {{(pid=91742) _notify_loop /usr/local/lib/python3.8/dist-packages/neutron_lib/callbacks/manager.py:192}}
Jun 12 11:59:38.175601 dv-cinder-796113-2-iscsi neutron-server[91741]: INFO neutron.wsgi [req-2b436797-3fa1-4f8b-9d9d-8cfb45e33989 req-75e5cb26-89fd-4f2e-a759-f289b23509d5 tempest-DeleteServersTestJSON-2069958180 tempest-DeleteServersTestJSON-2069958180-project] 10.222.0.63 "GET /v2.0/security-groups?id=addf6ef8-d3be-48e1-8814-2f6405e6094b&fields=id&fields=name HTTP/1.1" status: 200 len: 286 time: 0.0867047
Jun 12 11:59:38.235647 dv-cinder-796113-2-iscsi neutron-server[91743]: DEBUG oslo_concurrency.lockutils [None req-b77f1302-5747-454d-acd9-609d41030b99 None None] Lock "event-dispatch" released by "neutron.plugins.ml2.ovo_rpc._ObjectChangeHandler.dispatch_events" :: held 0.449s {{(pid=91743) inner /usr/local/lib/python3.8/dist-packages/oslo_concurrency/lockutils.py:367}}
Jun 12 11:59:38.259225 dv-cinder-796113-2-iscsi neutron-server[91742]: DEBUG neutron_lib.callbacks.manager [None req-019510ca-3431-4e70-a7eb-42964d2d8eb9 admin admin] Notify callbacks [] for security_group, before_create {{(pid=91742) _notify_loop /usr/local/lib/python3.8/dist-packages/neutron_lib/callbacks/manager.py:192}}
Jun 12 11:59:38.272617 dv-cinder-796113-2-iscsi neutron-server[91743]: DEBUG neutron.plugins.ml2.db [None req-b77f1302-5747-454d-acd9-609d41030b99 None None] For port f25eb97b-65ab-45d4-8fac-74aefc104a2c, host hv-cinder-79611, got binding levels [PortBindingLevel(driver='hyperv',host='hv-cinder-79611',level=0,port_id=f25eb97b-65ab-45d4-8fac-74aefc104a2c,segment=NetworkSegment(f965ed22-8112-40c8-9d78-c23c49234405),segment_id=f965ed22-8112-40c8-9d78-c23c49234405)] {{(pid=91743) get_binding_level_objs /opt/stack/neutron/neutron/plugins/ml2/db.py:75}}
Jun 12 11:59:38.294140 dv-cinder-796113-2-iscsi neutron-server[91743]: DEBUG neutron.plugins.ml2.rpc [None req-b77f1302-5747-454d-acd9-609d41030b99 None None] Returning: {'device': 'f25eb97b-65ab-45d4-8fac-74aefc104a2c', 'network_id': '4a87d019-f8bf-4811-a4bb-dcd272c168ae', 'port_id': 'f25eb97b-65ab-45d4-8fac-74aefc104a2c', 'mac_address': 'fa:16:3e:9a:e8:aa', 'admin_state_up': True, 'network_type': 'vlan', 'segmentation_id': 805, 'physical_network': 'physnet1', 'mtu': 1500, 'fixed_ips': [{'subnet_id': '451903b1-da50-4105-8735-8aad651ded63', 'ip_address': '172.20.0.12'}], 'device_owner': 'compute:nova', 'allowed_address_pairs': [], 'port_security_enabled': True, 'qos_policy_id': None, 'network_qos_policy_id': None, 'profile': {}, 'propagate_uplink_status': False} {{(pid=91743) _get_device_details /opt/stack/neutron/neutron/plugins/ml2/rpc.py:168}}
Jun 12 11:59:38.333349 dv-cinder-796113-2-iscsi neutron-server[91742]: DEBUG neutron_lib.callbacks.manager [None req-562edd66-bfc0-449b-82c1-9b10f3514fe6 tempest-AttachVolumeTestJSON-69676574 tempest-AttachVolumeTestJSON-69676574-project] Notify callbacks ['neutron.plugins.ml2.plugin.SecurityGroupServerNotifierRpcMixin._notify_sg_on_port_after_update-4126711', 'neutron.plugins.ml2.ovo_rpc._ObjectChangeHandler.handle_payload_event-298813', 'neutron.api.rpc.agentnotifiers.dhcp_rpc_agent_api.DhcpAgentNotifyAPI._native_event_send_dhcp_notification_payload-546618', 'neutron.db.l3_dvrscheduler_db._notify_l3_agent_new_port-8736891735336', 'neutron.services.segments.plugin.NovaSegmentNotifier._notify_port_created-29201229'] for port, after_create {{(pid=91742) _notify_loop /usr/local/lib/python3.8/dist-packages/neutron_lib/callbacks/manager.py:192}}
Jun 12 11:59:38.356959 dv-cinder-796113-2-iscsi neutron-server[91742]: DEBUG oslo_concurrency.lockutils [-] Lock "event-dispatch" acquired by "neutron.plugins.ml2.ovo_rpc._ObjectChangeHandler.dispatch_events" :: waited 0.000s {{(pid=91742) inner /usr/local/lib/python3.8/dist-packages/oslo_concurrency/lockutils.py:355}}
Jun 12 11:59:38.371276 dv-cinder-796113-2-iscsi neutron-server[91743]: DEBUG neutron_lib.callbacks.manager [None req-b77f1302-5747-454d-acd9-609d41030b99 None None] Notify callbacks ['neutron.plugins.ml2.plugin.SecurityGroupDbMixin._ensure_default_security_group_handler_port-4126502'] for port, before_update {{(pid=91743) _notify_loop /usr/local/lib/python3.8/dist-packages/neutron_lib/callbacks/manager.py:192}}
Jun 12 11:59:38.421641 dv-cinder-796113-2-iscsi neutron-server[91743]: DEBUG neutron.notifiers.nova [None req-b77f1302-5747-454d-acd9-609d41030b99 None None] Ignoring state change previous_port_status: DOWN current_port_status: BUILD port_id f25eb97b-65ab-45d4-8fac-74aefc104a2c {{(pid=91743) record_port_status_changed /opt/stack/neutron/neutron/notifiers/nova.py:224}}
Jun 12 11:59:38.454464 dv-cinder-796113-2-iscsi neutron-server[91742]: DEBUG neutron.api.rpc.handlers.resources_rpc [None req-562edd66-bfc0-449b-82c1-9b10f3514fe6 tempest-AttachVolumeTestJSON-69676574 tempest-AttachVolumeTestJSON-69676574-project] Pushing event updated for resources: {'Port': ['ID=ee7ca6b3-f8eb-4a69-9ada-ce0ec1702a8e,revision_number=1']} {{(pid=91742) push /opt/stack/neutron/neutron/api/rpc/handlers/resources_rpc.py:237}}
Jun 12 11:59:38.482406 dv-cinder-796113-2-iscsi neutron-server[91743]: DEBUG neutron.plugins.ml2.db [None req-b77f1302-5747-454d-acd9-609d41030b99 None None] For port f25eb97b-65ab-45d4-8fac-74aefc104a2c, host hv-cinder-79611, got binding levels [PortBindingLevel(driver='hyperv',host='hv-cinder-79611',level=0,port_id=f25eb97b-65ab-45d4-8fac-74aefc104a2c,segment=NetworkSegment(f965ed22-8112-40c8-9d78-c23c49234405),segment_id=f965ed22-8112-40c8-9d78-c23c49234405)] {{(pid=91743) get_binding_level_objs /opt/stack/neutron/neutron/plugins/ml2/db.py:75}}
Jun 12 11:59:38.492544 dv-cinder-796113-2-iscsi neutron-server[91743]: DEBUG neutron_lib.callbacks.manager [None req-b77f1302-5747-454d-acd9-609d41030b99 None None] Notify callbacks ['neutron.plugins.ml2.plugin.SecurityGroupServerNotifierRpcMixin.notify_sg_on_port_change-4126668', 'neutron.plugins.ml2.ovo_rpc._ObjectChangeHandler.handle_event-307918', 'neutron.api.rpc.agentnotifiers.dhcp_rpc_agent_api.DhcpAgentNotifyAPI._native_event_send_dhcp_notification-546593', 'neutron.db.l3_db.L3RpcNotifierMixin._notify_gateway_port_ip_changed-8736892128323', 'neutron.db.l3_dvrscheduler_db._notify_l3_agent_port_update-8736891735354', 'neutron.db.l3_hascheduler_db._notify_l3_agent_ha_port_update-8736891735399'] for port, after_update {{(pid=91743) _notify_loop /usr/local/lib/python3.8/dist-packages/neutron_lib/callbacks/manager.py:192}}
Jun 12 11:59:38.494472 dv-cinder-796113-2-iscsi neutron-server[91743]: DEBUG oslo_concurrency.lockutils [-] Lock "event-dispatch" acquired by "neutron.plugins.ml2.ovo_rpc._ObjectChangeHandler.dispatch_events" :: waited 0.000s {{(pid=91743) inner /usr/local/lib/python3.8/dist-packages/oslo_concurrency/lockutils.py:355}}
Jun 12 11:59:38.538712 dv-cinder-796113-2-iscsi neutron-server[91742]: DEBUG oslo_concurrency.lockutils [None req-562edd66-bfc0-449b-82c1-9b10f3514fe6 tempest-AttachVolumeTestJSON-69676574 tempest-AttachVolumeTestJSON-69676574-project] Lock "event-dispatch" released by "neutron.plugins.ml2.ovo_rpc._ObjectChangeHandler.dispatch_events" :: held 0.183s {{(pid=91742) inner /usr/local/lib/python3.8/dist-packages/oslo_concurrency/lockutils.py:367}}
Jun 12 11:59:38.558183 dv-cinder-796113-2-iscsi neutron-server[91742]: DEBUG neutron.scheduler.dhcp_agent_scheduler [None req-562edd66-bfc0-449b-82c1-9b10f3514fe6 tempest-AttachVolumeTestJSON-69676574 tempest-AttachVolumeTestJSON-69676574-project] Network e3f70394-a27f-4c70-bb71-6ba618a24d32 is already hosted by enough agents. {{(pid=91742) _get_dhcp_agents_hosting_network /opt/stack/neutron/neutron/scheduler/dhcp_agent_scheduler.py:275}}
Jun 12 11:59:38.623598 dv-cinder-796113-2-iscsi neutron-server[91742]: DEBUG neutron_lib.callbacks.manager [None req-019510ca-3431-4e70-a7eb-42964d2d8eb9 admin admin] Notify callbacks [] for security_group, precommit_create {{(pid=91742) _notify_loop /usr/local/lib/python3.8/dist-packages/neutron_lib/callbacks/manager.py:192}}
Jun 12 11:59:38.626830 dv-cinder-796113-2-iscsi neutron-server[91742]: DEBUG neutron.scheduler.base_scheduler [None req-562edd66-bfc0-449b-82c1-9b10f3514fe6 tempest-AttachVolumeTestJSON-69676574 tempest-AttachVolumeTestJSON-69676574-project] Resources bound (agent type, host, resource id): {{(pid=91742) schedule /opt/stack/neutron/neutron/scheduler/base_scheduler.py:57}}
Jun 12 11:59:38.630536 dv-cinder-796113-2-iscsi neutron-server[91742]: DEBUG neutron_lib.callbacks.manager [req-4a103642-5bea-49c5-8f5d-db3fbe1cc1a4 req-089adae3-dff8-4d7e-8060-e401d52da3a0 tempest-ServerRescueNegativeTestJSON-1810171679 tempest-ServerRescueNegativeTestJSON-1810171679-project] Notify callbacks ['neutron.plugins.ml2.plugin.SecurityGroupServerNotifierRpcMixin._notify_sg_on_port_after_update-4126711', 'neutron.plugins.ml2.ovo_rpc._ObjectChangeHandler.handle_payload_event-298813', 'neutron.api.rpc.agentnotifiers.dhcp_rpc_agent_api.DhcpAgentNotifyAPI._native_event_send_dhcp_notification_payload-546618', 'neutron.db.l3_dvrscheduler_db._notify_l3_agent_new_port-8736891735336', 'neutron.services.segments.plugin.NovaSegmentNotifier._notify_port_created-29201229'] for port, after_create {{(pid=91742) _notify_loop /usr/local/lib/python3.8/dist-packages/neutron_lib/callbacks/manager.py:192}}
Jun 12 11:59:38.636776 dv-cinder-796113-2-iscsi neutron-server[91742]: DEBUG neutron.db.l3_dvrscheduler_db [None req-562edd66-bfc0-449b-82c1-9b10f3514fe6 tempest-AttachVolumeTestJSON-69676574 tempest-AttachVolumeTestJSON-69676574-project] Received port after_create {{(pid=91742) _notify_l3_agent_new_port /opt/stack/neutron/neutron/db/l3_dvrscheduler_db.py:537}}
Jun 12 11:59:38.664658 dv-cinder-796113-2-iscsi neutron-server[91743]: DEBUG neutron.api.rpc.handlers.resources_rpc [None req-b77f1302-5747-454d-acd9-609d41030b99 None None] Pushing event updated for resources: {'Port': ['ID=f25eb97b-65ab-45d4-8fac-74aefc104a2c,revision_number=4']} {{(pid=91743) push /opt/stack/neutron/neutron/api/rpc/handlers/resources_rpc.py:237}}
Jun 12 11:59:38.678197 dv-cinder-796113-2-iscsi neutron-server[91743]: DEBUG oslo_concurrency.lockutils [None req-b77f1302-5747-454d-acd9-609d41030b99 None None] Lock "event-dispatch" released by "neutron.plugins.ml2.ovo_rpc._ObjectChangeHandler.dispatch_events" :: held 0.184s {{(pid=91743) inner /usr/local/lib/python3.8/dist-packages/oslo_concurrency/lockutils.py:367}}
Jun 12 11:59:38.777701 dv-cinder-796113-2-iscsi neutron-server[91743]: DEBUG neutron.plugins.ml2.db [None req-b77f1302-5747-454d-acd9-609d41030b99 None None] get_ports_and_sgs() called for port_ids ['ec508d2a-acbe-434e-91ed-616111621589'] {{(pid=91743) get_ports_and_sgs /opt/stack/neutron/neutron/plugins/ml2/db.py:164}}
Jun 12 11:59:38.782677 dv-cinder-796113-2-iscsi neutron-server[91742]: DEBUG neutron_lib.callbacks.manager [None req-019510ca-3431-4e70-a7eb-42964d2d8eb9 admin admin] Notify callbacks ['neutron.plugins.ml2.ovo_rpc._ObjectChangeHandler.handle_event-562555'] for security_group, after_create {{(pid=91742) _notify_loop /usr/local/lib/python3.8/dist-packages/neutron_lib/callbacks/manager.py:192}}
Jun 12 11:59:38.786409 dv-cinder-796113-2-iscsi neutron-server[91742]: DEBUG oslo_concurrency.lockutils [-] Lock "event-dispatch" acquired by "neutron.plugins.ml2.ovo_rpc._ObjectChangeHandler.dispatch_events" :: waited 0.000s {{(pid=91742) inner /usr/local/lib/python3.8/dist-packages/oslo_concurrency/lockutils.py:355}}
Jun 12 11:59:38.833615 dv-cinder-796113-2-iscsi neutron-server[91741]: DEBUG neutron.pecan_wsgi.hooks.policy_enforcement [req-3b98758f-d537-4ebc-9155-5942af790ecd req-7200413e-24a5-4590-b378-750067f84c78 tempest-AttachVolumeNegativeTest-1288475527 tempest-AttachVolumeNegativeTest-1288475527-project] Attributes excluded by policy engine: ['standard_attr_id', 'binding:profile', 'binding:host_id', 'binding:vif_type', 'binding:vif_details'] {{(pid=91741) _exclude_attributes_by_policy /opt/stack/neutron/neutron/pecan_wsgi/hooks/policy_enforcement.py:255}}
Jun 12 11:59:38.835708 dv-cinder-796113-2-iscsi neutron-server[91741]: INFO neutron.wsgi [req-3b98758f-d537-4ebc-9155-5942af790ecd req-7200413e-24a5-4590-b378-750067f84c78 tempest-AttachVolumeNegativeTest-1288475527 tempest-AttachVolumeNegativeTest-1288475527-project] 10.222.0.63 "GET /v2.0/ports?device_id=d9ec2e1f-1ecf-42b7-adf0-192f7c99e587 HTTP/1.1" status: 200 len: 945 time: 0.1255200
Jun 12 11:59:38.887130 dv-cinder-796113-2-iscsi neutron-server[91742]: INFO neutron.wsgi [req-4c010a2d-b228-4fae-a400-505b9f812c88 req-eece95f7-2cb7-47f3-8366-0c5f40ab63bf tempest-ServerRescueNegativeTestJSON-1810171679 tempest-ServerRescueNegativeTestJSON-1810171679-project] 10.222.0.63 "GET /v2.0/ports?device_id=babb4d53-f754-4b6f-b6ef-4d40e352d032 HTTP/1.1" status: 200 len: 210 time: 0.1014516
Jun 12 11:59:38.928082 dv-cinder-796113-2-iscsi neutron-server[91743]: DEBUG neutron.plugins.ml2.db [None req-b77f1302-5747-454d-acd9-609d41030b99 None None] get_ports_and_sgs() called for port_ids ['f25eb97b-65ab-45d4-8fac-74aefc104a2c'] {{(pid=91743) get_ports_and_sgs /opt/stack/neutron/neutron/plugins/ml2/db.py:164}}
Jun 12 11:59:38.959784 dv-cinder-796113-2-iscsi neutron-server[91742]: DEBUG neutron.scheduler.dhcp_agent_scheduler [req-4a103642-5bea-49c5-8f5d-db3fbe1cc1a4 req-089adae3-dff8-4d7e-8060-e401d52da3a0 tempest-ServerRescueNegativeTestJSON-1810171679 tempest-ServerRescueNegativeTestJSON-1810171679-project] Network 63731165-f23e-45ae-8f3b-67a2dd6a2162 is already hosted by enough agents. {{(pid=91742) _get_dhcp_agents_hosting_network /opt/stack/neutron/neutron/scheduler/dhcp_agent_scheduler.py:275}}
Jun 12 11:59:38.969217 dv-cinder-796113-2-iscsi neutron-server[91742]: DEBUG neutron.scheduler.base_scheduler [req-4a103642-5bea-49c5-8f5d-db3fbe1cc1a4 req-089adae3-dff8-4d7e-8060-e401d52da3a0 tempest-ServerRescueNegativeTestJSON-1810171679 tempest-ServerRescueNegativeTestJSON-1810171679-project] Resources bound (agent type, host, resource id): {{(pid=91742) schedule /opt/stack/neutron/neutron/scheduler/base_scheduler.py:57}}
Jun 12 11:59:38.995763 dv-cinder-796113-2-iscsi neutron-server[91742]: DEBUG neutron.db.l3_dvrscheduler_db [req-4a103642-5bea-49c5-8f5d-db3fbe1cc1a4 req-089adae3-dff8-4d7e-8060-e401d52da3a0 tempest-ServerRescueNegativeTestJSON-1810171679 tempest-ServerRescueNegativeTestJSON-1810171679-project] Received port after_create {{(pid=91742) _notify_l3_agent_new_port /opt/stack/neutron/neutron/db/l3_dvrscheduler_db.py:537}}
Jun 12 11:59:39.039640 dv-cinder-796113-2-iscsi neutron-server[91741]: INFO neutron.wsgi [req-3b98758f-d537-4ebc-9155-5942af790ecd req-ea894c5a-dd74-400c-b007-f3049c71ad63 tempest-AttachVolumeNegativeTest-1288475527 tempest-AttachVolumeNegativeTest-1288475527-project] 10.222.0.63 "GET /v2.0/security-groups?id=f91ac400-5b0e-48a5-926e-06eae783ae0e&fields=id&fields=name HTTP/1.1" status: 200 len: 286 time: 0.1952801
Jun 12 11:59:39.108773 dv-cinder-796113-2-iscsi neutron-server[91742]: DEBUG neutron.pecan_wsgi.hooks.policy_enforcement [req-4a103642-5bea-49c5-8f5d-db3fbe1cc1a4 req-089adae3-dff8-4d7e-8060-e401d52da3a0 tempest-ServerRescueNegativeTestJSON-1810171679 tempest-ServerRescueNegativeTestJSON-1810171679-project] Attributes excluded by policy engine: ['standard_attr_id', 'binding:profile', 'binding:host_id', 'binding:vif_type', 'binding:vif_details', 'network'] {{(pid=91742) _exclude_attributes_by_policy /opt/stack/neutron/neutron/pecan_wsgi/hooks/policy_enforcement.py:255}}
Jun 12 11:59:39.109850 dv-cinder-796113-2-iscsi neutron-server[91742]: DEBUG neutron_lib.callbacks.manager [req-4a103642-5bea-49c5-8f5d-db3fbe1cc1a4 req-089adae3-dff8-4d7e-8060-e401d52da3a0 tempest-ServerRescueNegativeTestJSON-1810171679 tempest-ServerRescueNegativeTestJSON-1810171679-project] Notify callbacks ['neutron.notifiers.nova.Notifier._send_nova_notification-46832', 'neutron.api.rpc.agentnotifiers.dhcp_rpc_agent_api.DhcpAgentNotifyAPI._send_dhcp_notification-546591'] for port, before_response {{(pid=91742) _notify_loop /usr/local/lib/python3.8/dist-packages/neutron_lib/callbacks/manager.py:192}}
Jun 12 11:59:39.156032 dv-cinder-796113-2-iscsi neutron-server[91743]: DEBUG neutron_lib.callbacks.manager [None req-b4b9000a-1682-4245-9851-f622ba5fc6e8 None None] Notify callbacks ['neutron.services.segments.db._update_segment_host_mapping_for_agent-8736892290982', 'neutron.plugins.ml2.plugin.Ml2Plugin._retry_binding_revived_agents-4045887'] for agent, after_update {{(pid=91743) _notify_loop /usr/local/lib/python3.8/dist-packages/neutron_lib/callbacks/manager.py:192}}
Jun 12 11:59:39.171433 dv-cinder-796113-2-iscsi neutron-server[91742]: INFO neutron.wsgi [None req-019510ca-3431-4e70-a7eb-42964d2d8eb9 admin admin] 10.222.0.63 "GET /v2.0/security-groups?tenant_id=00be0710bcfe4915b9d875d072e3ef3b&name=default HTTP/1.1" status: 200 len: 2979 time: 1.5029757
Jun 12 11:59:39.174023 dv-cinder-796113-2-iscsi neutron-server[91741]: DEBUG neutron.wsgi [-] (91741) accepted ('10.222.0.63', 52044) {{(pid=91741) server /usr/local/lib/python3.8/dist-packages/eventlet/wsgi.py:992}}
Jun 12 11:59:39.176160 dv-cinder-796113-2-iscsi neutron-server[91742]: DEBUG neutron.api.rpc.handlers.resources_rpc [None req-089adae3-dff8-4d7e-8060-e401d52da3a0 tempest-ServerRescueNegativeTestJSON-1810171679 tempest-ServerRescueNegativeTestJSON-1810171679-project] Pushing event updated for resources: {'Port': ['ID=833bd434-0416-49ea-986d-435ad7885531,revision_number=1']} {{(pid=91742) push /opt/stack/neutron/neutron/api/rpc/handlers/resources_rpc.py:237}}
Jun 12 11:59:39.179629 dv-cinder-796113-2-iscsi neutron-server[91742]: DEBUG neutron_lib.callbacks.manager [None req-562edd66-bfc0-449b-82c1-9b10f3514fe6 tempest-AttachVolumeTestJSON-69676574 tempest-AttachVolumeTestJSON-69676574-project] Notify callbacks [] for floatingip, precommit_create {{(pid=91742) _notify_loop /usr/local/lib/python3.8/dist-packages/neutron_lib/callbacks/manager.py:192}}
Jun 12 11:59:39.193215 dv-cinder-796113-2-iscsi neutron-server[91742]: DEBUG oslo_concurrency.lockutils [None req-089adae3-dff8-4d7e-8060-e401d52da3a0 tempest-ServerRescueNegativeTestJSON-1810171679 tempest-ServerRescueNegativeTestJSON-1810171679-project] Lock "event-dispatch" released by "neutron.plugins.ml2.ovo_rpc._ObjectChangeHandler.dispatch_events" :: held 0.407s {{(pid=91742) inner /usr/local/lib/python3.8/dist-packages/oslo_concurrency/lockutils.py:367}}
Jun 12 11:59:39.195015 dv-cinder-796113-2-iscsi neutron-server[91742]: INFO neutron.wsgi [req-4a103642-5bea-49c5-8f5d-db3fbe1cc1a4 req-089adae3-dff8-4d7e-8060-e401d52da3a0 tempest-ServerRescueNegativeTestJSON-1810171679 tempest-ServerRescueNegativeTestJSON-1810171679-project] 10.222.0.67 "POST /v2.0/ports HTTP/1.1" status: 201 len: 933 time: 3.0825095
Jun 12 11:59:39.195575 dv-cinder-796113-2-iscsi neutron-server[91742]: DEBUG oslo_concurrency.lockutils [None req-2fa4b78e-96dd-4a1a-9534-ec46277d4d41 admin admin] Lock "event-dispatch" acquired by "neutron.plugins.ml2.ovo_rpc._ObjectChangeHandler.dispatch_events" :: waited 0.311s {{(pid=91742) inner /usr/local/lib/python3.8/dist-packages/oslo_concurrency/lockutils.py:355}}
Jun 12 11:59:39.216055 dv-cinder-796113-2-iscsi neutron-server[91742]: DEBUG neutron.api.v2.base [req-4a103642-5bea-49c5-8f5d-db3fbe1cc1a4 req-604ca478-1b4c-4ddf-9d0f-6d0ae59a2b68 service neutron] Request body: {'port': {'device_id': 'b09c8490-cf83-4b41-93d6-6bf1690bab69', 'device_owner': 'compute:nova', 'binding:host_id': 'hv-cinder-79611'}} {{(pid=91742) prepare_request_body /opt/stack/neutron/neutron/api/v2/base.py:729}}
Jun 12 11:59:39.367928 dv-cinder-796113-2-iscsi neutron-server[91742]: DEBUG neutron.api.rpc.handlers.resources_rpc [None req-019510ca-3431-4e70-a7eb-42964d2d8eb9 admin admin] Pushing event updated for resources: {'SecurityGroup': ['ID=2739afc9-8745-48e4-ab13-77f8ef8e87cd,revision_number=1']} {{(pid=91742) push /opt/stack/neutron/neutron/api/rpc/handlers/resources_rpc.py:237}}
Jun 12 11:59:39.383161 dv-cinder-796113-2-iscsi neutron-server[91742]: DEBUG oslo_concurrency.lockutils [None req-019510ca-3431-4e70-a7eb-42964d2d8eb9 admin admin] Lock "event-dispatch" released by "neutron.plugins.ml2.ovo_rpc._ObjectChangeHandler.dispatch_events" :: held 0.187s {{(pid=91742) inner /usr/local/lib/python3.8/dist-packages/oslo_concurrency/lockutils.py:367}}
Jun 12 11:59:39.404306 dv-cinder-796113-2-iscsi neutron-server[91742]: DEBUG neutron_lib.callbacks.manager [None req-562edd66-bfc0-449b-82c1-9b10f3514fe6 tempest-AttachVolumeTestJSON-69676574 tempest-AttachVolumeTestJSON-69676574-project] Notify callbacks ['neutron.plugins.ml2.plugin.SecurityGroupDbMixin._ensure_default_security_group_handler_port-4126502'] for port, before_update {{(pid=91742) _notify_loop /usr/local/lib/python3.8/dist-packages/neutron_lib/callbacks/manager.py:192}}
Jun 12 11:59:39.433809 dv-cinder-796113-2-iscsi neutron-server[91742]: DEBUG neutron_lib.callbacks.manager [req-4a103642-5bea-49c5-8f5d-db3fbe1cc1a4 req-604ca478-1b4c-4ddf-9d0f-6d0ae59a2b68 service neutron] Notify callbacks ['neutron.plugins.ml2.plugin.SecurityGroupDbMixin._ensure_default_security_group_handler_port-4126502'] for port, before_update {{(pid=91742) _notify_loop /usr/local/lib/python3.8/dist-packages/neutron_lib/callbacks/manager.py:192}}
Jun 12 11:59:39.548310 dv-cinder-796113-2-iscsi neutron-server[91741]: DEBUG neutron_lib.callbacks.manager [None req-b4cd80c4-bcdb-4778-a132-29829b70d8ff admin admin] Notify callbacks [] for security_group, before_delete {{(pid=91741) _notify_loop /usr/local/lib/python3.8/dist-packages/neutron_lib/callbacks/manager.py:192}}
Jun 12 11:59:39.573582 dv-cinder-796113-2-iscsi neutron-server[91741]: DEBUG neutron_lib.callbacks.manager [None req-b4cd80c4-bcdb-4778-a132-29829b70d8ff admin admin] Notify callbacks [] for security_group, precommit_delete {{(pid=91741) _notify_loop /usr/local/lib/python3.8/dist-packages/neutron_lib/callbacks/manager.py:192}}
Jun 12 11:59:39.634717 dv-cinder-796113-2-iscsi neutron-server[91741]: DEBUG neutron.pecan_wsgi.hooks.policy_enforcement [req-b1c75328-86e4-4cf4-9c82-439f81783dc0 req-1f6561ae-ff45-43fa-bebd-0de62a242b19 tempest-ServerRescueNegativeTestJSON-1810171679 tempest-ServerRescueNegativeTestJSON-1810171679-project] Attributes excluded by policy engine: ['standard_attr_id', 'vlan_transparent', 'provider:network_type', 'provider:physical_network', 'provider:segmentation_id'] {{(pid=91741) _exclude_attributes_by_policy /opt/stack/neutron/neutron/pecan_wsgi/hooks/policy_enforcement.py:255}}
Jun 12 11:59:39.636212 dv-cinder-796113-2-iscsi neutron-server[91741]: INFO neutron.wsgi [req-b1c75328-86e4-4cf4-9c82-439f81783dc0 req-1f6561ae-ff45-43fa-bebd-0de62a242b19 tempest-ServerRescueNegativeTestJSON-1810171679 tempest-ServerRescueNegativeTestJSON-1810171679-project] 10.222.0.67 "GET /v2.0/networks?id=63731165-f23e-45ae-8f3b-67a2dd6a2162 HTTP/1.1" status: 200 len: 819 time: 0.4606104
Jun 12 11:59:39.652165 dv-cinder-796113-2-iscsi neutron-server[91741]: DEBUG neutron.api.v2.base [req-b1c75328-86e4-4cf4-9c82-439f81783dc0 req-30bcb3d8-96d5-49ed-a89b-3b8425b5516b tempest-ServerRescueNegativeTestJSON-1810171679 tempest-ServerRescueNegativeTestJSON-1810171679-project] Request body: {'port': {'device_id': 'babb4d53-f754-4b6f-b6ef-4d40e352d032', 'network_id': '63731165-f23e-45ae-8f3b-67a2dd6a2162', 'admin_state_up': True, 'tenant_id': '927d489c97ef49929348cdbcdb9565ba'}} {{(pid=91741) prepare_request_body /opt/stack/neutron/neutron/api/v2/base.py:729}}
Jun 12 11:59:39.698489 dv-cinder-796113-2-iscsi neutron-server[91741]: DEBUG neutron_lib.callbacks.manager [None req-b4cd80c4-bcdb-4778-a132-29829b70d8ff admin admin] Notify callbacks ['neutron.plugins.ml2.ovo_rpc._ObjectChangeHandler.handle_event-562555'] for security_group, after_delete {{(pid=91741) _notify_loop /usr/local/lib/python3.8/dist-packages/neutron_lib/callbacks/manager.py:192}}
Jun 12 11:59:39.705246 dv-cinder-796113-2-iscsi neutron-server[91741]: DEBUG neutron_lib.callbacks.manager [None req-b4cd80c4-bcdb-4778-a132-29829b70d8ff admin admin] Notify callbacks [] for security_group, before_response {{(pid=91741) _notify_loop /usr/local/lib/python3.8/dist-packages/neutron_lib/callbacks/manager.py:192}}
Jun 12 11:59:39.706584 dv-cinder-796113-2-iscsi neutron-server[91741]: INFO neutron.wsgi [None req-b4cd80c4-bcdb-4778-a132-29829b70d8ff admin admin] 10.222.0.63 "DELETE /v2.0/security-groups/2739afc9-8745-48e4-ab13-77f8ef8e87cd HTTP/1.1" status: 204 len: 168 time: 0.4540489
Jun 12 11:59:39.710660 dv-cinder-796113-2-iscsi neutron-server[91741]: DEBUG oslo_concurrency.lockutils [-] Lock "event-dispatch" acquired by "neutron.plugins.ml2.ovo_rpc._ObjectChangeHandler.dispatch_events" :: waited 0.000s {{(pid=91741) inner /usr/local/lib/python3.8/dist-packages/oslo_concurrency/lockutils.py:355}}
Jun 12 11:59:39.783631 dv-cinder-796113-2-iscsi neutron-server[91741]: DEBUG neutron.api.rpc.handlers.resources_rpc [None req-b4cd80c4-bcdb-4778-a132-29829b70d8ff admin admin] Pushing event deleted for resources: {'SecurityGroup': ['ID=2739afc9-8745-48e4-ab13-77f8ef8e87cd,revision_number=None']} {{(pid=91741) push /opt/stack/neutron/neutron/api/rpc/handlers/resources_rpc.py:237}}
Jun 12 11:59:39.788598 dv-cinder-796113-2-iscsi neutron-server[91741]: DEBUG oslo_concurrency.lockutils [None req-b4cd80c4-bcdb-4778-a132-29829b70d8ff admin admin] Lock "event-dispatch" released by "neutron.plugins.ml2.ovo_rpc._ObjectChangeHandler.dispatch_events" :: held 0.078s {{(pid=91741) inner /usr/local/lib/python3.8/dist-packages/oslo_concurrency/lockutils.py:367}}
Jun 12 11:59:39.820890 dv-cinder-796113-2-iscsi neutron-server[91741]: DEBUG neutron.wsgi [-] (91741) accepted ('10.222.0.63', 52068) {{(pid=91741) server /usr/local/lib/python3.8/dist-packages/eventlet/wsgi.py:992}}
Jun 12 11:59:39.875448 dv-cinder-796113-2-iscsi neutron-server[91742]: DEBUG neutron.pecan_wsgi.hooks.policy_enforcement [req-d1daeaee-aab9-495d-991e-f682673a70b2 req-df9b059b-5f3c-4545-9ebc-5a6750a02e42 tempest-DeleteServersTestJSON-2069958180 tempest-DeleteServersTestJSON-2069958180-project] Attributes excluded by policy engine: ['standard_attr_id', 'binding:profile', 'binding:host_id', 'binding:vif_type', 'binding:vif_details'] {{(pid=91742) _exclude_attributes_by_policy /opt/stack/neutron/neutron/pecan_wsgi/hooks/policy_enforcement.py:255}}
Jun 12 11:59:39.883552 dv-cinder-796113-2-iscsi neutron-server[91742]: INFO neutron.wsgi [req-d1daeaee-aab9-495d-991e-f682673a70b2 req-df9b059b-5f3c-4545-9ebc-5a6750a02e42 tempest-DeleteServersTestJSON-2069958180 tempest-DeleteServersTestJSON-2069958180-project] 10.222.0.63 "GET /v2.0/ports?device_id=279868f8-71fa-48cb-8efe-5979c6cc09f5 HTTP/1.1" status: 200 len: 944 time: 0.3948658
Jun 12 11:59:39.885907 dv-cinder-796113-2-iscsi neutron-server[91741]: DEBUG neutron.pecan_wsgi.hooks.quota_enforcement [req-b1c75328-86e4-4cf4-9c82-439f81783dc0 req-30bcb3d8-96d5-49ed-a89b-3b8425b5516b tempest-ServerRescueNegativeTestJSON-1810171679 tempest-ServerRescueNegativeTestJSON-1810171679-project] Made reservation on behalf of 927d489c97ef49929348cdbcdb9565ba for: {'port': 1} {{(pid=91741) before /opt/stack/neutron/neutron/pecan_wsgi/hooks/quota_enforcement.py:53}}
Jun 12 11:59:39.893603 dv-cinder-796113-2-iscsi neutron-server[91741]: DEBUG neutron_lib.callbacks.manager [req-b1c75328-86e4-4cf4-9c82-439f81783dc0 req-30bcb3d8-96d5-49ed-a89b-3b8425b5516b tempest-ServerRescueNegativeTestJSON-1810171679 tempest-ServerRescueNegativeTestJSON-1810171679-project] Notify callbacks ['neutron.plugins.ml2.plugin.SecurityGroupDbMixin._ensure_default_security_group_handler_before_create-4126516'] for port, before_create {{(pid=91741) _notify_loop /usr/local/lib/python3.8/dist-packages/neutron_lib/callbacks/manager.py:192}}
Jun 12 11:59:40.049215 dv-cinder-796113-2-iscsi neutron-server[91742]: INFO neutron.wsgi [req-d1daeaee-aab9-495d-991e-f682673a70b2 req-ac631ece-cfbb-493d-8e1e-a77128dbbb28 tempest-DeleteServersTestJSON-2069958180 tempest-DeleteServersTestJSON-2069958180-project] 10.222.0.63 "GET /v2.0/security-groups?id=addf6ef8-d3be-48e1-8814-2f6405e6094b&fields=id&fields=name HTTP/1.1" status: 200 len: 286 time: 0.1646314
Jun 12 11:59:40.149734 dv-cinder-796113-2-iscsi neutron-server[91741]: INFO neutron.wsgi [req-f8d11622-a7f1-483a-a46b-9588eb4b4717 req-1e9ae1d2-f992-4c47-ae5f-a70847e2fa92 tempest-ServerRescueNegativeTestJSON-1810171679 tempest-ServerRescueNegativeTestJSON-1810171679-project] 10.222.0.63 "GET /v2.0/ports?device_id=babb4d53-f754-4b6f-b6ef-4d40e352d032 HTTP/1.1" status: 200 len: 210 time: 0.0525525
Jun 12 11:59:40.174892 dv-cinder-796113-2-iscsi neutron-server[91741]: DEBUG neutron_lib.callbacks.manager [None req-208e1a65-f51f-4d83-ad83-70eddc619dc6 admin admin] Notify callbacks [] for security_group, before_create {{(pid=91741) _notify_loop /usr/local/lib/python3.8/dist-packages/neutron_lib/callbacks/manager.py:192}}
Jun 12 11:59:40.220720 dv-cinder-796113-2-iscsi neutron-server[91742]: DEBUG neutron_lib.callbacks.manager [None req-562edd66-bfc0-449b-82c1-9b10f3514fe6 tempest-AttachVolumeTestJSON-69676574 tempest-AttachVolumeTestJSON-69676574-project] Notify callbacks [] for port, precommit_update {{(pid=91742) _notify_loop /usr/local/lib/python3.8/dist-packages/neutron_lib/callbacks/manager.py:192}}
Jun 12 11:59:40.228076 dv-cinder-796113-2-iscsi neutron-server[91742]: DEBUG neutron.notifiers.nova [req-4a103642-5bea-49c5-8f5d-db3fbe1cc1a4 req-604ca478-1b4c-4ddf-9d0f-6d0ae59a2b68 service neutron] Ignoring state change previous_port_status: DOWN current_port_status: DOWN port_id 833bd434-0416-49ea-986d-435ad7885531 {{(pid=91742) record_port_status_changed /opt/stack/neutron/neutron/notifiers/nova.py:224}}
Jun 12 11:59:40.236019 dv-cinder-796113-2-iscsi neutron-server[91742]: DEBUG neutron_lib.callbacks.manager [None req-562edd66-bfc0-449b-82c1-9b10f3514fe6 tempest-AttachVolumeTestJSON-69676574 tempest-AttachVolumeTestJSON-69676574-project] Notify callbacks ['neutron.plugins.ml2.plugin.SecurityGroupServerNotifierRpcMixin.notify_sg_on_port_change-4126668', 'neutron.plugins.ml2.ovo_rpc._ObjectChangeHandler.handle_event-307918', 'neutron.api.rpc.agentnotifiers.dhcp_rpc_agent_api.DhcpAgentNotifyAPI._native_event_send_dhcp_notification-546593', 'neutron.db.l3_db.L3RpcNotifierMixin._notify_gateway_port_ip_changed-8736892128323', 'neutron.db.l3_dvrscheduler_db._notify_l3_agent_port_update-8736891735354', 'neutron.db.l3_hascheduler_db._notify_l3_agent_ha_port_update-8736891735399', 'neutron.services.segments.plugin.NovaSegmentNotifier._notify_port_updated-29201267'] for port, after_update {{(pid=91742) _notify_loop /usr/local/lib/python3.8/dist-packages/neutron_lib/callbacks/manager.py:192}}
Jun 12 11:59:40.238138 dv-cinder-796113-2-iscsi neutron-server[91742]: DEBUG neutron_lib.callbacks.manager [req-4a103642-5bea-49c5-8f5d-db3fbe1cc1a4 req-604ca478-1b4c-4ddf-9d0f-6d0ae59a2b68 service neutron] Notify callbacks [] for port, precommit_update {{(pid=91742) _notify_loop /usr/local/lib/python3.8/dist-packages/neutron_lib/callbacks/manager.py:192}}
Jun 12 11:59:40.249759 dv-cinder-796113-2-iscsi neutron-server[91742]: DEBUG oslo_concurrency.lockutils [-] Lock "event-dispatch" acquired by "neutron.plugins.ml2.ovo_rpc._ObjectChangeHandler.dispatch_events" :: waited 0.001s {{(pid=91742) inner /usr/local/lib/python3.8/dist-packages/oslo_concurrency/lockutils.py:355}}
Jun 12 11:59:40.360715 dv-cinder-796113-2-iscsi neutron-server[91741]: DEBUG neutron.wsgi [-] (91741) accepted ('10.222.0.63', 52086) {{(pid=91741) server /usr/local/lib/python3.8/dist-packages/eventlet/wsgi.py:992}}
Jun 12 11:59:40.368248 dv-cinder-796113-2-iscsi neutron-server[91742]: DEBUG neutron.db.provisioning_blocks [req-4a103642-5bea-49c5-8f5d-db3fbe1cc1a4 req-604ca478-1b4c-4ddf-9d0f-6d0ae59a2b68 service neutron] Transition to ACTIVE for port object 833bd434-0416-49ea-986d-435ad7885531 will not be triggered until provisioned by entity L2. {{(pid=91742) add_provisioning_component /opt/stack/neutron/neutron/db/provisioning_blocks.py:73}}
Jun 12 11:59:40.392151 dv-cinder-796113-2-iscsi neutron-server[91742]: DEBUG neutron_lib.callbacks.manager [req-4a103642-5bea-49c5-8f5d-db3fbe1cc1a4 req-604ca478-1b4c-4ddf-9d0f-6d0ae59a2b68 service neutron] Notify callbacks ['neutron.plugins.ml2.plugin.SecurityGroupServerNotifierRpcMixin.notify_sg_on_port_change-4126668', 'neutron.plugins.ml2.ovo_rpc._ObjectChangeHandler.handle_event-307918', 'neutron.api.rpc.agentnotifiers.dhcp_rpc_agent_api.DhcpAgentNotifyAPI._native_event_send_dhcp_notification-546593', 'neutron.db.l3_db.L3RpcNotifierMixin._notify_gateway_port_ip_changed-8736892128323', 'neutron.db.l3_dvrscheduler_db._notify_l3_agent_port_update-8736891735354', 'neutron.db.l3_hascheduler_db._notify_l3_agent_ha_port_update-8736891735399', 'neutron.services.segments.plugin.NovaSegmentNotifier._notify_port_updated-29201267'] for port, after_update {{(pid=91742) _notify_loop /usr/local/lib/python3.8/dist-packages/neutron_lib/callbacks/manager.py:192}}
Jun 12 11:59:40.399727 dv-cinder-796113-2-iscsi neutron-server[91741]: DEBUG neutron_lib.callbacks.manager [None req-208e1a65-f51f-4d83-ad83-70eddc619dc6 admin admin] Notify callbacks [] for security_group, precommit_create {{(pid=91741) _notify_loop /usr/local/lib/python3.8/dist-packages/neutron_lib/callbacks/manager.py:192}}
Jun 12 11:59:40.421654 dv-cinder-796113-2-iscsi neutron-server[91742]: DEBUG neutron.api.rpc.handlers.resources_rpc [None req-562edd66-bfc0-449b-82c1-9b10f3514fe6 tempest-AttachVolumeTestJSON-69676574 tempest-AttachVolumeTestJSON-69676574-project] Pushing event updated for resources: {'Port': ['ID=ee7ca6b3-f8eb-4a69-9ada-ce0ec1702a8e,revision_number=2']} {{(pid=91742) push /opt/stack/neutron/neutron/api/rpc/handlers/resources_rpc.py:237}}
Jun 12 11:59:40.424667 dv-cinder-796113-2-iscsi neutron-server[91742]: DEBUG oslo_concurrency.lockutils [None req-562edd66-bfc0-449b-82c1-9b10f3514fe6 tempest-AttachVolumeTestJSON-69676574 tempest-AttachVolumeTestJSON-69676574-project] Lock "event-dispatch" released by "neutron.plugins.ml2.ovo_rpc._ObjectChangeHandler.dispatch_events" :: held 0.175s {{(pid=91742) inner /usr/local/lib/python3.8/dist-packages/oslo_concurrency/lockutils.py:367}}
Jun 12 11:59:40.430669 dv-cinder-796113-2-iscsi neutron-server[91742]: DEBUG oslo_concurrency.lockutils [-] Lock "event-dispatch" acquired by "neutron.plugins.ml2.ovo_rpc._ObjectChangeHandler.dispatch_events" :: waited 0.021s {{(pid=91742) inner /usr/local/lib/python3.8/dist-packages/oslo_concurrency/lockutils.py:355}}
Jun 12 11:59:40.435112 dv-cinder-796113-2-iscsi neutron-server[91742]: DEBUG neutron_lib.callbacks.manager [None req-562edd66-bfc0-449b-82c1-9b10f3514fe6 tempest-AttachVolumeTestJSON-69676574 tempest-AttachVolumeTestJSON-69676574-project] Notify callbacks ['neutron.services.l3_router.l3_router_plugin.DVRResourceOperationHandler._create_dvr_floating_gw_port-958323'] for floatingip, after_update {{(pid=91742) _notify_loop /usr/local/lib/python3.8/dist-packages/neutron_lib/callbacks/manager.py:192}}
Jun 12 11:59:40.448576 dv-cinder-796113-2-iscsi neutron-server[91741]: DEBUG neutron_lib.callbacks.manager [None req-cb4c9768-be21-45d7-81d3-6ac85359b176 admin admin] Notify callbacks [] for security_group, before_create {{(pid=91741) _notify_loop /usr/local/lib/python3.8/dist-packages/neutron_lib/callbacks/manager.py:192}}
Jun 12 11:59:40.459070 dv-cinder-796113-2-iscsi neutron-server[91741]: DEBUG neutron_lib.callbacks.manager [None req-208e1a65-f51f-4d83-ad83-70eddc619dc6 admin admin] Notify callbacks ['neutron.plugins.ml2.ovo_rpc._ObjectChangeHandler.handle_event-562555'] for security_group, after_create {{(pid=91741) _notify_loop /usr/local/lib/python3.8/dist-packages/neutron_lib/callbacks/manager.py:192}}
Jun 12 11:59:40.504493 dv-cinder-796113-2-iscsi neutron-server[91741]: DEBUG oslo_concurrency.lockutils [None req-0b458213-46c0-4f0e-8897-8b93b7fabf9f admin admin] Lock "event-dispatch" acquired by "neutron.plugins.ml2.ovo_rpc._ObjectChangeHandler.dispatch_events" :: waited 0.000s {{(pid=91741) inner /usr/local/lib/python3.8/dist-packages/oslo_concurrency/lockutils.py:355}}
Jun 12 11:59:40.574290 dv-cinder-796113-2-iscsi neutron-server[91741]: DEBUG neutron.db.db_base_plugin_common [req-b1c75328-86e4-4cf4-9c82-439f81783dc0 req-30bcb3d8-96d5-49ed-a89b-3b8425b5516b tempest-ServerRescueNegativeTestJSON-1810171679 tempest-ServerRescueNegativeTestJSON-1810171679-project] Allocated IP 172.20.0.14 (63731165-f23e-45ae-8f3b-67a2dd6a2162/9733ae0d-7e19-4f6f-82ea-d7d212bb36ff/1ad3dfec-c2d6-4473-8024-617b4b14906a) {{(pid=91741) _store_ip_allocation /opt/stack/neutron/neutron/db/db_base_plugin_common.py:131}}
Jun 12 11:59:40.591881 dv-cinder-796113-2-iscsi neutron-server[91741]: INFO neutron.wsgi [None req-208e1a65-f51f-4d83-ad83-70eddc619dc6 admin admin] 10.222.0.63 "GET /v2.0/security-groups?tenant_id=bc6c47c5af0c4c1eb5e966453e2bf7b3&name=default HTTP/1.1" status: 200 len: 2979 time: 0.7678461
Jun 12 11:59:40.598469 dv-cinder-796113-2-iscsi neutron-server[91741]: DEBUG neutron.wsgi [-] (91741) accepted ('10.222.0.63', 52098) {{(pid=91741) server /usr/local/lib/python3.8/dist-packages/eventlet/wsgi.py:992}}
Jun 12 11:59:40.615726 dv-cinder-796113-2-iscsi neutron-server[91741]: DEBUG neutron.api.rpc.handlers.resources_rpc [None req-208e1a65-f51f-4d83-ad83-70eddc619dc6 admin admin] Pushing event updated for resources: {'SecurityGroup': ['ID=0f137664-6686-4859-a315-e3850d12417d,revision_number=1']} {{(pid=91741) push /opt/stack/neutron/neutron/api/rpc/handlers/resources_rpc.py:237}}
Jun 12 11:59:40.644050 dv-cinder-796113-2-iscsi neutron-server[91741]: DEBUG oslo_concurrency.lockutils [None req-208e1a65-f51f-4d83-ad83-70eddc619dc6 admin admin] Lock "event-dispatch" released by "neutron.plugins.ml2.ovo_rpc._ObjectChangeHandler.dispatch_events" :: held 0.139s {{(pid=91741) inner /usr/local/lib/python3.8/dist-packages/oslo_concurrency/lockutils.py:367}}
Jun 12 11:59:40.784293 dv-cinder-796113-2-iscsi neutron-server[91742]: DEBUG neutron.api.rpc.handlers.resources_rpc [None req-604ca478-1b4c-4ddf-9d0f-6d0ae59a2b68 service neutron] Pushing event updated for resources: {'Port': ['ID=833bd434-0416-49ea-986d-435ad7885531,revision_number=2']} {{(pid=91742) push /opt/stack/neutron/neutron/api/rpc/handlers/resources_rpc.py:237}}
Jun 12 11:59:40.787158 dv-cinder-796113-2-iscsi neutron-server[91742]: DEBUG oslo_concurrency.lockutils [None req-604ca478-1b4c-4ddf-9d0f-6d0ae59a2b68 service neutron] Lock "event-dispatch" released by "neutron.plugins.ml2.ovo_rpc._ObjectChangeHandler.dispatch_events" :: held 0.356s {{(pid=91742) inner /usr/local/lib/python3.8/dist-packages/oslo_concurrency/lockutils.py:367}}
Jun 12 11:59:40.828828 dv-cinder-796113-2-iscsi neutron-server[91742]: DEBUG neutron.pecan_wsgi.hooks.policy_enforcement [req-0f8fbeb3-97c6-4aa6-ae8e-904e8c31a863 req-ccb36a99-65a3-4fe1-8305-1cf0aaf457d5 tempest-AttachVolumeNegativeTest-1288475527 tempest-AttachVolumeNegativeTest-1288475527-project] Attributes excluded by policy engine: ['standard_attr_id', 'binding:profile', 'binding:host_id', 'binding:vif_type', 'binding:vif_details'] {{(pid=91742) _exclude_attributes_by_policy /opt/stack/neutron/neutron/pecan_wsgi/hooks/policy_enforcement.py:255}}
Jun 12 11:59:40.830185 dv-cinder-796113-2-iscsi neutron-server[91742]: INFO neutron.wsgi [req-0f8fbeb3-97c6-4aa6-ae8e-904e8c31a863 req-ccb36a99-65a3-4fe1-8305-1cf0aaf457d5 tempest-AttachVolumeNegativeTest-1288475527 tempest-AttachVolumeNegativeTest-1288475527-project] 10.222.0.63 "GET /v2.0/ports?device_id=d9ec2e1f-1ecf-42b7-adf0-192f7c99e587 HTTP/1.1" status: 200 len: 945 time: 0.5831888
Jun 12 11:59:40.843980 dv-cinder-796113-2-iscsi neutron-server[91741]: DEBUG neutron_lib.callbacks.manager [None req-cb4c9768-be21-45d7-81d3-6ac85359b176 admin admin] Notify callbacks [] for security_group, precommit_create {{(pid=91741) _notify_loop /usr/local/lib/python3.8/dist-packages/neutron_lib/callbacks/manager.py:192}}
Jun 12 11:59:40.847290 dv-cinder-796113-2-iscsi neutron-server[91741]: DEBUG neutron_lib.callbacks.manager [None req-f91c0398-2f9f-4167-8440-53fa3c5f03d1 admin admin] Notify callbacks [] for security_group, before_delete {{(pid=91741) _notify_loop /usr/local/lib/python3.8/dist-packages/neutron_lib/callbacks/manager.py:192}}
Jun 12 11:59:40.856390 dv-cinder-796113-2-iscsi neutron-server[91741]: DEBUG neutron_lib.callbacks.manager [None req-cb4c9768-be21-45d7-81d3-6ac85359b176 admin admin] Notify callbacks ['neutron.plugins.ml2.ovo_rpc._ObjectChangeHandler.handle_event-562555'] for security_group, after_create {{(pid=91741) _notify_loop /usr/local/lib/python3.8/dist-packages/neutron_lib/callbacks/manager.py:192}}
Jun 12 11:59:40.873015 dv-cinder-796113-2-iscsi neutron-server[91742]: DEBUG neutron_lib.callbacks.manager [None req-562edd66-bfc0-449b-82c1-9b10f3514fe6 tempest-AttachVolumeTestJSON-69676574 tempest-AttachVolumeTestJSON-69676574-project] Notify callbacks ['neutron.notifiers.nova.Notifier._send_nova_notification-46832'] for floatingip, before_response {{(pid=91742) _notify_loop /usr/local/lib/python3.8/dist-packages/neutron_lib/callbacks/manager.py:192}}
Jun 12 11:59:40.875008 dv-cinder-796113-2-iscsi neutron-server[91742]: INFO neutron.wsgi [None req-562edd66-bfc0-449b-82c1-9b10f3514fe6 tempest-AttachVolumeTestJSON-69676574 tempest-AttachVolumeTestJSON-69676574-project] 10.222.0.63 "POST /v2.0/floatingips HTTP/1.1" status: 201 len: 692 time: 5.2095544
Jun 12 11:59:40.886436 dv-cinder-796113-2-iscsi neutron-server[91741]: DEBUG oslo_concurrency.lockutils [-] Lock "event-dispatch" acquired by "neutron.plugins.ml2.ovo_rpc._ObjectChangeHandler.dispatch_events" :: waited 0.000s {{(pid=91741) inner /usr/local/lib/python3.8/dist-packages/oslo_concurrency/lockutils.py:355}}
Jun 12 11:59:40.902376 dv-cinder-796113-2-iscsi neutron-server[91743]: DEBUG neutron.plugins.ml2.rpc [None req-b77f1302-5747-454d-acd9-609d41030b99 None None] Device ec508d2a-acbe-434e-91ed-616111621589 up at agent hyperv_hv-cinder-79611 {{(pid=91743) update_device_up /opt/stack/neutron/neutron/plugins/ml2/rpc.py:278}}
Jun 12 11:59:40.933546 dv-cinder-796113-2-iscsi neutron-server[91742]: INFO neutron.wsgi [req-0f8fbeb3-97c6-4aa6-ae8e-904e8c31a863 req-57309d08-be0a-4994-a5dc-8e7a2127e179 tempest-AttachVolumeNegativeTest-1288475527 tempest-AttachVolumeNegativeTest-1288475527-project] 10.222.0.63 "GET /v2.0/security-groups?id=f91ac400-5b0e-48a5-926e-06eae783ae0e&fields=id&fields=name HTTP/1.1" status: 200 len: 286 time: 0.0773838
Jun 12 11:59:40.949300 dv-cinder-796113-2-iscsi neutron-server[91742]: DEBUG neutron.plugins.ml2.managers [req-4a103642-5bea-49c5-8f5d-db3fbe1cc1a4 req-604ca478-1b4c-4ddf-9d0f-6d0ae59a2b68 service neutron] Attempting to bind port 833bd434-0416-49ea-986d-435ad7885531 on host hv-cinder-79611 for vnic_type normal with profile {{(pid=91742) bind_port /opt/stack/neutron/neutron/plugins/ml2/managers.py:790}}
