Jun 11 18:08:00.320142 dv-cinder-796049-1-smb neutron-server[91992]: DEBUG oslo_concurrency.lockutils [-] Lock "event-dispatch" acquired by "neutron.plugins.ml2.ovo_rpc._ObjectChangeHandler.dispatch_events" :: waited 0.000s {{(pid=91992) inner /usr/local/lib/python3.8/dist-packages/oslo_concurrency/lockutils.py:355}}
Jun 11 18:08:00.354385 dv-cinder-796049-1-smb neutron-server[91991]: DEBUG neutron.pecan_wsgi.hooks.policy_enforcement [req-0d965460-5cb2-4427-a267-19d6b4ff49cd req-b09d1aac-6c19-49c0-96cb-9381a85a2fd3 tempest-ServerRescueNegativeTestJSON-1417343227 tempest-ServerRescueNegativeTestJSON-1417343227-project] Attributes excluded by policy engine: ['standard_attr_id', 'binding:profile', 'binding:host_id', 'binding:vif_type', 'binding:vif_details'] {{(pid=91991) _exclude_attributes_by_policy /opt/stack/neutron/neutron/pecan_wsgi/hooks/policy_enforcement.py:255}}
Jun 11 18:08:00.357714 dv-cinder-796049-1-smb neutron-server[91991]: INFO neutron.wsgi [req-0d965460-5cb2-4427-a267-19d6b4ff49cd req-b09d1aac-6c19-49c0-96cb-9381a85a2fd3 tempest-ServerRescueNegativeTestJSON-1417343227 tempest-ServerRescueNegativeTestJSON-1417343227-project] 10.222.0.63 "GET /v2.0/ports?device_id=c36fc6df-d7ce-4a06-9708-e718eef6e9d3 HTTP/1.1" status: 200 len: 946 time: 1.1242487
Jun 11 18:08:00.374587 dv-cinder-796049-1-smb neutron-server[91992]: DEBUG neutron.api.rpc.handlers.resources_rpc [None req-5ea6c868-a8e4-4a89-8cfe-7c278820d369 admin admin] Pushing event deleted for resources: {'SecurityGroup': ['ID=3ad80039-0bda-4702-bb5d-8db9e64b8e6c,revision_number=None']} {{(pid=91992) push /opt/stack/neutron/neutron/api/rpc/handlers/resources_rpc.py:237}}
Jun 11 18:08:00.378696 dv-cinder-796049-1-smb neutron-server[91992]: DEBUG neutron.plugins.ml2.managers [req-52f01d21-708b-4c39-bfac-e26e15319fab req-4bf5f407-73ba-4519-83a2-3b42d3436e68 service neutron] Attempting to bind port 96026607-ec65-48ae-8fba-50d84092100c on host hv-cinder-79604 for vnic_type normal with profile {{(pid=91992) bind_port /opt/stack/neutron/neutron/plugins/ml2/managers.py:790}}
Jun 11 18:08:00.379661 dv-cinder-796049-1-smb neutron-server[91992]: DEBUG neutron.plugins.ml2.managers [req-52f01d21-708b-4c39-bfac-e26e15319fab req-4bf5f407-73ba-4519-83a2-3b42d3436e68 service neutron] Attempting to bind port 96026607-ec65-48ae-8fba-50d84092100c by drivers openvswitch,hyperv on host hv-cinder-79604 at level 0 using segments [{'id': '89fbef1e-b597-46b5-9f17-eb4b85746fec', 'network_type': 'vlan', 'physical_network': 'physnet1', 'segmentation_id': 1015, 'network_id': 'f4a99207-a48b-4525-ad44-d806f4e3e472'}] {{(pid=91992) _bind_port_level /opt/stack/neutron/neutron/plugins/ml2/managers.py:815}}
Jun 11 18:08:00.380730 dv-cinder-796049-1-smb neutron-server[91992]: DEBUG neutron.plugins.ml2.drivers.mech_agent [req-52f01d21-708b-4c39-bfac-e26e15319fab req-4bf5f407-73ba-4519-83a2-3b42d3436e68 service neutron] Attempting to bind port 96026607-ec65-48ae-8fba-50d84092100c on network f4a99207-a48b-4525-ad44-d806f4e3e472 {{(pid=91992) bind_port /opt/stack/neutron/neutron/plugins/ml2/drivers/mech_agent.py:86}}
Jun 11 18:08:00.408270 dv-cinder-796049-1-smb neutron-server[91992]: DEBUG oslo_concurrency.lockutils [None req-5ea6c868-a8e4-4a89-8cfe-7c278820d369 admin admin] Lock "event-dispatch" released by "neutron.plugins.ml2.ovo_rpc._ObjectChangeHandler.dispatch_events" :: held 0.088s {{(pid=91992) inner /usr/local/lib/python3.8/dist-packages/oslo_concurrency/lockutils.py:367}}
Jun 11 18:08:00.410283 dv-cinder-796049-1-smb neutron-server[91992]: DEBUG neutron.plugins.ml2.drivers.mech_agent [req-52f01d21-708b-4c39-bfac-e26e15319fab req-4bf5f407-73ba-4519-83a2-3b42d3436e68 service neutron] Port 96026607-ec65-48ae-8fba-50d84092100c on network f4a99207-a48b-4525-ad44-d806f4e3e472 not bound, no agent of type Open vSwitch agent registered on host hv-cinder-79604 {{(pid=91992) bind_port /opt/stack/neutron/neutron/plugins/ml2/drivers/mech_agent.py:98}}
Jun 11 18:08:00.410840 dv-cinder-796049-1-smb neutron-server[91992]: DEBUG neutron.plugins.ml2.drivers.mech_agent [req-52f01d21-708b-4c39-bfac-e26e15319fab req-4bf5f407-73ba-4519-83a2-3b42d3436e68 service neutron] Attempting to bind port 96026607-ec65-48ae-8fba-50d84092100c on network f4a99207-a48b-4525-ad44-d806f4e3e472 {{(pid=91992) bind_port /opt/stack/neutron/neutron/plugins/ml2/drivers/mech_agent.py:86}}
Jun 11 18:08:00.428315 dv-cinder-796049-1-smb neutron-server[91992]: DEBUG neutron.plugins.ml2.drivers.mech_agent [req-52f01d21-708b-4c39-bfac-e26e15319fab req-4bf5f407-73ba-4519-83a2-3b42d3436e68 service neutron] Checking agent: {'id': 'bbc3a812-a585-4007-819c-35a5cb12f26a', 'agent_type': 'HyperV agent', 'binary': 'neutron-hyperv-agent', 'topic': 'N/A', 'host': 'hv-cinder-79604', 'admin_state_up': True, 'created_at': datetime.datetime(2021, 6, 11, 18, 4, 42), 'started_at': datetime.datetime(2021, 6, 11, 18, 4, 42), 'heartbeat_timestamp': datetime.datetime(2021, 6, 11, 18, 7, 42), 'description': None, 'resources_synced': None, 'availability_zone': None, 'alive': True, 'configurations': {'vswitch_mappings': {'physnet1$': 'br-data'}}, 'resource_versions': {}} {{(pid=91992) bind_port /opt/stack/neutron/neutron/plugins/ml2/drivers/mech_agent.py:105}}
Jun 11 18:08:00.428915 dv-cinder-796049-1-smb neutron-server[91992]: DEBUG neutron.plugins.ml2.drivers.mech_agent [req-52f01d21-708b-4c39-bfac-e26e15319fab req-4bf5f407-73ba-4519-83a2-3b42d3436e68 service neutron] Checking segment: {'id': '89fbef1e-b597-46b5-9f17-eb4b85746fec', 'network_type': 'vlan', 'physical_network': 'physnet1', 'segmentation_id': 1015, 'network_id': 'f4a99207-a48b-4525-ad44-d806f4e3e472'} for mappings: {'physnet1$': 'br-data'} with network types: ['local', 'flat', 'vlan'] {{(pid=91992) check_segment_for_agent /opt/stack/neutron/neutron/plugins/ml2/drivers/mech_agent.py:341}}
Jun 11 18:08:00.429586 dv-cinder-796049-1-smb neutron-server[91992]: DEBUG neutron.plugins.ml2.drivers.mech_agent [req-52f01d21-708b-4c39-bfac-e26e15319fab req-4bf5f407-73ba-4519-83a2-3b42d3436e68 service neutron] Bound using segment: {'id': '89fbef1e-b597-46b5-9f17-eb4b85746fec', 'network_type': 'vlan', 'physical_network': 'physnet1', 'segmentation_id': 1015, 'network_id': 'f4a99207-a48b-4525-ad44-d806f4e3e472'} {{(pid=91992) bind_port /opt/stack/neutron/neutron/plugins/ml2/drivers/mech_agent.py:115}}
Jun 11 18:08:00.430382 dv-cinder-796049-1-smb neutron-server[91992]: DEBUG neutron.plugins.ml2.managers [req-52f01d21-708b-4c39-bfac-e26e15319fab req-4bf5f407-73ba-4519-83a2-3b42d3436e68 service neutron] Bound port: 96026607-ec65-48ae-8fba-50d84092100c, host: hv-cinder-79604, vif_type: hyperv, vif_details: {"connectivity": "legacy", "port_filter": false}, binding_levels: [{'bound_driver': 'hyperv', 'bound_segment': {'id': '89fbef1e-b597-46b5-9f17-eb4b85746fec', 'network_type': 'vlan', 'physical_network': 'physnet1', 'segmentation_id': 1015, 'network_id': 'f4a99207-a48b-4525-ad44-d806f4e3e472'}}] {{(pid=91992) _bind_port_level /opt/stack/neutron/neutron/plugins/ml2/managers.py:928}}
Jun 11 18:08:00.431006 dv-cinder-796049-1-smb neutron-server[91992]: DEBUG neutron_lib.callbacks.manager [req-52f01d21-708b-4c39-bfac-e26e15319fab req-4bf5f407-73ba-4519-83a2-3b42d3436e68 service neutron] Notify callbacks ['neutron.plugins.ml2.plugin.SecurityGroupDbMixin._ensure_default_security_group_handler_port-942756'] for port, before_update {{(pid=91992) _notify_loop /usr/local/lib/python3.8/dist-packages/neutron_lib/callbacks/manager.py:192}}
Jun 11 18:08:00.466368 dv-cinder-796049-1-smb neutron-server[91991]: DEBUG neutron.api.rpc.handlers.resources_rpc [None req-5c1fc1e7-d377-494e-84b9-e4154c16b7cf admin admin] Pushing event deleted for resources: {'Network': ['ID=fa48c66a-3ec7-460a-b33d-be044cf50843,revision_number=None']} {{(pid=91991) push /opt/stack/neutron/neutron/api/rpc/handlers/resources_rpc.py:237}}
Jun 11 18:08:00.563073 dv-cinder-796049-1-smb neutron-server[91991]: DEBUG oslo_concurrency.lockutils [None req-5c1fc1e7-d377-494e-84b9-e4154c16b7cf admin admin] Lock "event-dispatch" released by "neutron.plugins.ml2.ovo_rpc._ObjectChangeHandler.dispatch_events" :: held 0.303s {{(pid=91991) inner /usr/local/lib/python3.8/dist-packages/oslo_concurrency/lockutils.py:367}}
Jun 11 18:08:00.729041 dv-cinder-796049-1-smb neutron-server[91992]: DEBUG neutron.plugins.ml2.db [req-52f01d21-708b-4c39-bfac-e26e15319fab req-4bf5f407-73ba-4519-83a2-3b42d3436e68 service neutron] For port 96026607-ec65-48ae-8fba-50d84092100c, host hv-cinder-79604, cleared binding levels {{(pid=91992) clear_binding_levels /opt/stack/neutron/neutron/plugins/ml2/db.py:88}}
Jun 11 18:08:00.736750 dv-cinder-796049-1-smb neutron-server[91992]: DEBUG neutron.plugins.ml2.db [req-52f01d21-708b-4c39-bfac-e26e15319fab req-4bf5f407-73ba-4519-83a2-3b42d3436e68 service neutron] For port 96026607-ec65-48ae-8fba-50d84092100c, host hv-cinder-79604, set binding levels [PortBindingLevel(driver='hyperv',host='hv-cinder-79604',level=0,port_id=96026607-ec65-48ae-8fba-50d84092100c,segment=NetworkSegment(89fbef1e-b597-46b5-9f17-eb4b85746fec),segment_id=89fbef1e-b597-46b5-9f17-eb4b85746fec)] {{(pid=91992) set_binding_levels /opt/stack/neutron/neutron/plugins/ml2/db.py:60}}
Jun 11 18:08:00.753936 dv-cinder-796049-1-smb neutron-server[91992]: DEBUG neutron_lib.callbacks.manager [req-52f01d21-708b-4c39-bfac-e26e15319fab req-4bf5f407-73ba-4519-83a2-3b42d3436e68 service neutron] Notify callbacks ['neutron.plugins.ml2.plugin.SecurityGroupServerNotifierRpcMixin.notify_sg_on_port_change-942670', 'neutron.plugins.ml2.ovo_rpc._ObjectChangeHandler.handle_event-438478', 'neutron.api.rpc.agentnotifiers.dhcp_rpc_agent_api.DhcpAgentNotifyAPI._native_event_send_dhcp_notification-1823009', 'neutron.db.l3_db.L3RpcNotifierMixin._notify_gateway_port_ip_changed-8742323310403', 'neutron.db.l3_dvrscheduler_db._notify_l3_agent_port_update-8742322917690', 'neutron.db.l3_hascheduler_db._notify_l3_agent_ha_port_update-8742322917735'] for port, after_update {{(pid=91992) _notify_loop /usr/local/lib/python3.8/dist-packages/neutron_lib/callbacks/manager.py:192}}
Jun 11 18:08:00.757709 dv-cinder-796049-1-smb neutron-server[91992]: DEBUG oslo_concurrency.lockutils [None req-a132f7ff-bb04-493a-b5d3-4bde271597ef tempest-AttachVolumeShelveTestJSON-1150110977 tempest-AttachVolumeShelveTestJSON-1150110977-project] Lock "event-dispatch" acquired by "neutron.plugins.ml2.ovo_rpc._ObjectChangeHandler.dispatch_events" :: waited 0.000s {{(pid=91992) inner /usr/local/lib/python3.8/dist-packages/oslo_concurrency/lockutils.py:355}}
Jun 11 18:08:00.761486 dv-cinder-796049-1-smb neutron-server[91991]: INFO neutron.wsgi [req-d40f3463-338e-4b81-a207-6f2aa060db07 req-1f47a57f-86cd-4803-abcc-5d6e0a79ee2d service neutron] 10.222.0.77 "GET /v2.0/networks/e3e57154-05ec-4233-ad5d-fbf80c3be864?fields=provider%3Aphysical_network&fields=provider%3Anetwork_type HTTP/1.1" status: 200 len: 281 time: 1.3110824
Jun 11 18:08:00.921915 dv-cinder-796049-1-smb neutron-server[91991]: INFO neutron.wsgi [req-0d965460-5cb2-4427-a267-19d6b4ff49cd req-e6ab4715-3329-4726-97c9-ea3f992629cb tempest-ServerRescueNegativeTestJSON-1417343227 tempest-ServerRescueNegativeTestJSON-1417343227-project] 10.222.0.63 "GET /v2.0/security-groups?id=abc94adc-d23e-4041-b813-4c8b1cccd906&fields=id&fields=name HTTP/1.1" status: 200 len: 286 time: 0.4875019
Jun 11 18:08:00.922908 dv-cinder-796049-1-smb neutron-server[91992]: DEBUG neutron.pecan_wsgi.hooks.policy_enforcement [req-52f01d21-708b-4c39-bfac-e26e15319fab req-4bf5f407-73ba-4519-83a2-3b42d3436e68 service neutron] Attributes excluded by policy engine: ['standard_attr_id'] {{(pid=91992) _exclude_attributes_by_policy /opt/stack/neutron/neutron/pecan_wsgi/hooks/policy_enforcement.py:255}}
Jun 11 18:08:00.923254 dv-cinder-796049-1-smb neutron-server[91992]: DEBUG neutron_lib.callbacks.manager [req-52f01d21-708b-4c39-bfac-e26e15319fab req-4bf5f407-73ba-4519-83a2-3b42d3436e68 service neutron] Notify callbacks ['neutron.notifiers.nova.Notifier._send_nova_notification-4191', 'neutron.api.rpc.agentnotifiers.dhcp_rpc_agent_api.DhcpAgentNotifyAPI._send_dhcp_notification-1823007'] for port, before_response {{(pid=91992) _notify_loop /usr/local/lib/python3.8/dist-packages/neutron_lib/callbacks/manager.py:192}}
Jun 11 18:08:00.939392 dv-cinder-796049-1-smb neutron-server[91992]: INFO neutron.wsgi [req-52f01d21-708b-4c39-bfac-e26e15319fab req-4bf5f407-73ba-4519-83a2-3b42d3436e68 service neutron] 10.222.0.77 "PUT /v2.0/ports/96026607-ec65-48ae-8fba-50d84092100c HTTP/1.1" status: 200 len: 1093 time: 3.2698238
Jun 11 18:08:00.940261 dv-cinder-796049-1-smb neutron-server[91992]: DEBUG neutron.notifiers.nova [-] Sending events: [{'name': 'network-changed', 'server_uuid': '515629aa-cb7d-4a62-ba67-f8bcb2103eb8', 'tag': '96026607-ec65-48ae-8fba-50d84092100c'}] {{(pid=91992) send_events /opt/stack/neutron/neutron/notifiers/nova.py:262}}
Jun 11 18:08:00.954990 dv-cinder-796049-1-smb neutron-server[91992]: DEBUG novaclient.v2.client [-] REQ: curl -g -i --cacert "/opt/stack/data/ca-bundle.pem" -X POST http://10.222.0.63/compute/v2.1/os-server-external-events -H "Accept: application/json" -H "Content-Type: application/json" -H "User-Agent: python-novaclient" -H "X-Auth-Token: {SHA256}82a96549954fa1c36f15a43ca0fe0eb681741ac3fb59fc787d6fa02de9f6689c" -H "X-OpenStack-Nova-API-Version: 2.1" -H "X-OpenStack-Request-ID: req-a3c08443-1bd0-4b81-b28f-a9af944def5a" -d '{"events": [{"name": "network-changed", "server_uuid": "515629aa-cb7d-4a62-ba67-f8bcb2103eb8", "tag": "96026607-ec65-48ae-8fba-50d84092100c"}]}' {{(pid=91992) _http_log_request /usr/local/lib/python3.8/dist-packages/keystoneauth1/session.py:519}}
Jun 11 18:08:00.959855 dv-cinder-796049-1-smb neutron-server[91992]: DEBUG neutron.wsgi [-] (91992) accepted ('10.222.0.63', 48888) {{(pid=91992) server /usr/local/lib/python3.8/dist-packages/eventlet/wsgi.py:992}}
Jun 11 18:08:01.239267 dv-cinder-796049-1-smb neutron-server[91993]: DEBUG neutron.plugins.ml2.rpc [None req-ff96a8af-ee96-480d-9e52-c733fff6d7ec None None] Device 944a97a6-87a8-486e-a31b-96e0dfb1c029 up at agent hyperv_hv-cinder-79604 {{(pid=91993) update_device_up /opt/stack/neutron/neutron/plugins/ml2/rpc.py:278}}
Jun 11 18:08:01.240893 dv-cinder-796049-1-smb neutron-server[91992]: DEBUG neutron.api.rpc.handlers.resources_rpc [None req-4bf5f407-73ba-4519-83a2-3b42d3436e68 service neutron] Pushing event updated for resources: {'Port': ['ID=96026607-ec65-48ae-8fba-50d84092100c,revision_number=3']} {{(pid=91992) push /opt/stack/neutron/neutron/api/rpc/handlers/resources_rpc.py:237}}
Jun 11 18:08:01.283160 dv-cinder-796049-1-smb neutron-server[91992]: DEBUG oslo_concurrency.lockutils [None req-4bf5f407-73ba-4519-83a2-3b42d3436e68 service neutron] Lock "event-dispatch" released by "neutron.plugins.ml2.ovo_rpc._ObjectChangeHandler.dispatch_events" :: held 0.525s {{(pid=91992) inner /usr/local/lib/python3.8/dist-packages/oslo_concurrency/lockutils.py:367}}
Jun 11 18:08:01.368073 dv-cinder-796049-1-smb neutron-server[91992]: INFO neutron.wsgi [None req-eb6f7166-fe8f-496e-9ecc-9ad51d3bd594 admin admin] 10.222.0.63 "GET /v2.0/security-groups?tenant_id=898614f1fe03445bb7f63c18ccb3f6bb&name=default HTTP/1.1" status: 200 len: 2975 time: 0.3514044
Jun 11 18:08:01.369871 dv-cinder-796049-1-smb neutron-server[91991]: DEBUG neutron.wsgi [-] (91991) accepted ('10.222.0.63', 48902) {{(pid=91991) server /usr/local/lib/python3.8/dist-packages/eventlet/wsgi.py:992}}
Jun 11 18:08:01.383412 dv-cinder-796049-1-smb neutron-server[91991]: DEBUG neutron.pecan_wsgi.hooks.policy_enforcement [req-953d2b48-601b-4c11-abc0-35ac253e1a63 req-e4adb8de-2f95-4ddb-b9aa-6d15ed80448b tempest-VolumesActionsTest-1686256198 tempest-VolumesActionsTest-1686256198-project] Attributes excluded by policy engine: ['standard_attr_id', 'binding:profile', 'binding:host_id', 'binding:vif_type', 'binding:vif_details'] {{(pid=91991) _exclude_attributes_by_policy /opt/stack/neutron/neutron/pecan_wsgi/hooks/policy_enforcement.py:255}}
Jun 11 18:08:01.394438 dv-cinder-796049-1-smb neutron-server[91991]: INFO neutron.wsgi [req-953d2b48-601b-4c11-abc0-35ac253e1a63 req-e4adb8de-2f95-4ddb-b9aa-6d15ed80448b tempest-VolumesActionsTest-1686256198 tempest-VolumesActionsTest-1686256198-project] 10.222.0.63 "GET /v2.0/ports?device_id=515629aa-cb7d-4a62-ba67-f8bcb2103eb8 HTTP/1.1" status: 200 len: 943 time: 1.3179350
Jun 11 18:08:01.416871 dv-cinder-796049-1-smb neutron-server[91992]: DEBUG neutron.pecan_wsgi.hooks.policy_enforcement [req-52f01d21-708b-4c39-bfac-e26e15319fab req-0566770f-12a2-4d86-8ed2-d798ef6ad76b service neutron] Attributes excluded by policy engine: ['standard_attr_id'] {{(pid=91992) _exclude_attributes_by_policy /opt/stack/neutron/neutron/pecan_wsgi/hooks/policy_enforcement.py:255}}
Jun 11 18:08:01.420127 dv-cinder-796049-1-smb neutron-server[91992]: INFO neutron.wsgi [req-52f01d21-708b-4c39-bfac-e26e15319fab req-0566770f-12a2-4d86-8ed2-d798ef6ad76b service neutron] 10.222.0.77 "GET /v2.0/ports?tenant_id=b5902ac487f345d187ccc540b9de6fc7&device_id=515629aa-cb7d-4a62-ba67-f8bcb2103eb8 HTTP/1.1" status: 200 len: 1096 time: 0.3345833
Jun 11 18:08:01.464187 dv-cinder-796049-1-smb neutron-server[91993]: DEBUG neutron.db.provisioning_blocks [None req-ff96a8af-ee96-480d-9e52-c733fff6d7ec None None] Provisioning for port 944a97a6-87a8-486e-a31b-96e0dfb1c029 completed by entity L2. {{(pid=91993) provisioning_complete /opt/stack/neutron/neutron/db/provisioning_blocks.py:133}}
Jun 11 18:08:01.490383 dv-cinder-796049-1-smb neutron-server[91993]: DEBUG neutron.db.provisioning_blocks [None req-ff96a8af-ee96-480d-9e52-c733fff6d7ec None None] Provisioning complete for port 944a97a6-87a8-486e-a31b-96e0dfb1c029 triggered by entity L2. {{(pid=91993) provisioning_complete /opt/stack/neutron/neutron/db/provisioning_blocks.py:139}}
Jun 11 18:08:01.490383 dv-cinder-796049-1-smb neutron-server[91993]: DEBUG neutron_lib.callbacks.manager [None req-ff96a8af-ee96-480d-9e52-c733fff6d7ec None None] Notify callbacks ['neutron.plugins.ml2.plugin.Ml2Plugin._port_provisioned-1026540'] for port, provisioning_complete {{(pid=91993) _notify_loop /usr/local/lib/python3.8/dist-packages/neutron_lib/callbacks/manager.py:192}}
Jun 11 18:08:01.612847 dv-cinder-796049-1-smb neutron-server[91992]: INFO neutron.wsgi [req-52f01d21-708b-4c39-bfac-e26e15319fab req-b11a07b6-a6e5-41cd-aa33-3359e00674a3 service neutron] 10.222.0.77 "GET /v2.0/floatingips?fixed_ip_address=172.20.0.8&port_id=96026607-ec65-48ae-8fba-50d84092100c HTTP/1.1" status: 200 len: 217 time: 0.1805575
Jun 11 18:08:01.806955 dv-cinder-796049-1-smb neutron-server[91992]: DEBUG neutron.wsgi [-] (91992) accepted ('10.222.0.63', 48918) {{(pid=91992) server /usr/local/lib/python3.8/dist-packages/eventlet/wsgi.py:992}}
Jun 11 18:08:01.823075 dv-cinder-796049-1-smb neutron-server[91992]: DEBUG neutron.pecan_wsgi.hooks.policy_enforcement [req-52f01d21-708b-4c39-bfac-e26e15319fab req-8cba5227-8101-4748-99a2-dc2b03d203a2 service neutron] Attributes excluded by policy engine: ['standard_attr_id', 'shared'] {{(pid=91992) _exclude_attributes_by_policy /opt/stack/neutron/neutron/pecan_wsgi/hooks/policy_enforcement.py:255}}
Jun 11 18:08:01.831280 dv-cinder-796049-1-smb neutron-server[91992]: INFO neutron.wsgi [req-52f01d21-708b-4c39-bfac-e26e15319fab req-8cba5227-8101-4748-99a2-dc2b03d203a2 service neutron] 10.222.0.77 "GET /v2.0/subnets?id=40d00d86-e966-4189-8c0a-699fee47134e HTTP/1.1" status: 200 len: 846 time: 0.2123282
Jun 11 18:08:01.845635 dv-cinder-796049-1-smb neutron-server[91993]: DEBUG neutron_lib.callbacks.manager [None req-ff96a8af-ee96-480d-9e52-c733fff6d7ec None None] Notify callbacks ['neutron.plugins.ml2.plugin.SecurityGroupDbMixin._ensure_default_security_group_handler_port-942756'] for port, before_update {{(pid=91993) _notify_loop /usr/local/lib/python3.8/dist-packages/neutron_lib/callbacks/manager.py:192}}
Jun 11 18:08:01.867655 dv-cinder-796049-1-smb neutron-server[91992]: DEBUG neutron_lib.callbacks.manager [None req-657f9761-f684-417a-a699-ce2e0d704e40 admin admin] Notify callbacks [] for security_group, before_create {{(pid=91992) _notify_loop /usr/local/lib/python3.8/dist-packages/neutron_lib/callbacks/manager.py:192}}
Jun 11 18:08:01.880316 dv-cinder-796049-1-smb neutron-server[91991]: INFO neutron.wsgi [req-953d2b48-601b-4c11-abc0-35ac253e1a63 req-7bb0284c-368a-415b-9de9-b85b1770326e tempest-VolumesActionsTest-1686256198 tempest-VolumesActionsTest-1686256198-project] 10.222.0.63 "GET /v2.0/security-groups?id=003569cd-9fb4-4434-afac-99465a866a42&fields=id&fields=name HTTP/1.1" status: 200 len: 286 time: 0.4847913
Jun 11 18:08:01.971982 dv-cinder-796049-1-smb neutron-server[91993]: DEBUG neutron.plugins.ml2.db [None req-ff96a8af-ee96-480d-9e52-c733fff6d7ec None None] For port 944a97a6-87a8-486e-a31b-96e0dfb1c029, host hv-cinder-79604, got binding levels [PortBindingLevel(driver='hyperv',host='hv-cinder-79604',level=0,port_id=944a97a6-87a8-486e-a31b-96e0dfb1c029,segment=NetworkSegment(da25d723-43e7-415e-adf8-9458a406cad4),segment_id=da25d723-43e7-415e-adf8-9458a406cad4)] {{(pid=91993) get_binding_level_objs /opt/stack/neutron/neutron/plugins/ml2/db.py:75}}
Jun 11 18:08:01.973820 dv-cinder-796049-1-smb neutron-server[91993]: DEBUG neutron.notifiers.nova [-] Sending events: [{'server_uuid': '02f12c6f-66bf-49e5-8b72-47784521dc92', 'name': 'network-vif-plugged', 'status': 'completed', 'tag': '944a97a6-87a8-486e-a31b-96e0dfb1c029'}] {{(pid=91993) send_events /opt/stack/neutron/neutron/notifiers/nova.py:262}}
Jun 11 18:08:01.978614 dv-cinder-796049-1-smb neutron-server[91993]: DEBUG novaclient.v2.client [-] REQ: curl -g -i --cacert "/opt/stack/data/ca-bundle.pem" -X POST http://10.222.0.63/compute/v2.1/os-server-external-events -H "Accept: application/json" -H "Content-Type: application/json" -H "User-Agent: python-novaclient" -H "X-Auth-Token: {SHA256}350b61e804c51478376e3aa937efac560e48c2b3d5ff0ede5a811d8e8f366824" -H "X-OpenStack-Nova-API-Version: 2.1" -H "X-OpenStack-Request-ID: req-35579af6-29b8-46c3-9977-f174d8b7469d" -d '{"events": [{"server_uuid": "02f12c6f-66bf-49e5-8b72-47784521dc92", "name": "network-vif-plugged", "status": "completed", "tag": "944a97a6-87a8-486e-a31b-96e0dfb1c029"}]}' {{(pid=91993) _http_log_request /usr/local/lib/python3.8/dist-packages/keystoneauth1/session.py:519}}
Jun 11 18:08:01.993164 dv-cinder-796049-1-smb neutron-server[91993]: DEBUG neutron_lib.callbacks.manager [None req-ff96a8af-ee96-480d-9e52-c733fff6d7ec None None] Notify callbacks ['neutron.plugins.ml2.plugin.SecurityGroupServerNotifierRpcMixin.notify_sg_on_port_change-942670', 'neutron.plugins.ml2.ovo_rpc._ObjectChangeHandler.handle_event-438478', 'neutron.api.rpc.agentnotifiers.dhcp_rpc_agent_api.DhcpAgentNotifyAPI._native_event_send_dhcp_notification-1823009', 'neutron.db.l3_db.L3RpcNotifierMixin._notify_gateway_port_ip_changed-8742323310403', 'neutron.db.l3_dvrscheduler_db._notify_l3_agent_port_update-8742322917690', 'neutron.db.l3_hascheduler_db._notify_l3_agent_ha_port_update-8742322917735'] for port, after_update {{(pid=91993) _notify_loop /usr/local/lib/python3.8/dist-packages/neutron_lib/callbacks/manager.py:192}}
Jun 11 18:08:02.000040 dv-cinder-796049-1-smb neutron-server[91993]: DEBUG oslo_concurrency.lockutils [None req-ff96a8af-ee96-480d-9e52-c733fff6d7ec None None] Lock "event-dispatch" acquired by "neutron.plugins.ml2.ovo_rpc._ObjectChangeHandler.dispatch_events" :: waited 0.000s {{(pid=91993) inner /usr/local/lib/python3.8/dist-packages/oslo_concurrency/lockutils.py:355}}
Jun 11 18:08:02.070461 dv-cinder-796049-1-smb neutron-server[91992]: DEBUG novaclient.v2.client [-] RESP: [200] Connection: close Content-Length: 179 Content-Type: application/json Date: Fri, 11 Jun 2021 18:08:01 GMT OpenStack-API-Version: compute 2.1 Server: Apache/2.4.41 (Ubuntu) Vary: OpenStack-API-Version,X-OpenStack-Nova-API-Version X-OpenStack-Nova-API-Version: 2.1 x-compute-request-id: req-1c434ecb-fb46-4b0e-b79b-5a5b7542b451 x-openstack-request-id: req-1c434ecb-fb46-4b0e-b79b-5a5b7542b451 {{(pid=91992) _http_log_response /usr/local/lib/python3.8/dist-packages/keystoneauth1/session.py:550}}
Jun 11 18:08:02.071026 dv-cinder-796049-1-smb neutron-server[91992]: DEBUG novaclient.v2.client [-] RESP BODY: {"events": [{"name": "network-changed", "server_uuid": "515629aa-cb7d-4a62-ba67-f8bcb2103eb8", "tag": "96026607-ec65-48ae-8fba-50d84092100c", "status": "completed", "code": 200}]} {{(pid=91992) _http_log_response /usr/local/lib/python3.8/dist-packages/keystoneauth1/session.py:582}}
Jun 11 18:08:02.071455 dv-cinder-796049-1-smb neutron-server[91992]: DEBUG novaclient.v2.client [-] POST call to compute for http://10.222.0.63/compute/v2.1/os-server-external-events used request id req-1c434ecb-fb46-4b0e-b79b-5a5b7542b451 {{(pid=91992) request /usr/local/lib/python3.8/dist-packages/keystoneauth1/session.py:954}}
Jun 11 18:08:02.072115 dv-cinder-796049-1-smb neutron-server[91992]: INFO neutron.notifiers.nova [-] Nova event response: {'name': 'network-changed', 'server_uuid': '515629aa-cb7d-4a62-ba67-f8bcb2103eb8', 'tag': '96026607-ec65-48ae-8fba-50d84092100c', 'status': 'completed', 'code': 200}
Jun 11 18:08:02.078431 dv-cinder-796049-1-smb neutron-server[91992]: INFO neutron.wsgi [req-52f01d21-708b-4c39-bfac-e26e15319fab req-360d52c2-9e25-400c-ad34-f65634c11e07 service neutron] 10.222.0.77 "GET /v2.0/ports?network_id=f4a99207-a48b-4525-ad44-d806f4e3e472&device_owner=network%3Adhcp HTTP/1.1" status: 200 len: 210 time: 0.2138321
Jun 11 18:08:02.115612 dv-cinder-796049-1-smb neutron-server[91993]: DEBUG novaclient.v2.client [-] RESP: [200] Connection: close Content-Length: 183 Content-Type: application/json Date: Fri, 11 Jun 2021 18:08:01 GMT OpenStack-API-Version: compute 2.1 Server: Apache/2.4.41 (Ubuntu) Vary: OpenStack-API-Version,X-OpenStack-Nova-API-Version X-OpenStack-Nova-API-Version: 2.1 x-compute-request-id: req-5f282b1a-aaf3-4cf0-9995-e685f787cc25 x-openstack-request-id: req-5f282b1a-aaf3-4cf0-9995-e685f787cc25 {{(pid=91993) _http_log_response /usr/local/lib/python3.8/dist-packages/keystoneauth1/session.py:550}}
Jun 11 18:08:02.116492 dv-cinder-796049-1-smb neutron-server[91993]: DEBUG novaclient.v2.client [-] RESP BODY: {"events": [{"server_uuid": "02f12c6f-66bf-49e5-8b72-47784521dc92", "name": "network-vif-plugged", "status": "completed", "tag": "944a97a6-87a8-486e-a31b-96e0dfb1c029", "code": 200}]} {{(pid=91993) _http_log_response /usr/local/lib/python3.8/dist-packages/keystoneauth1/session.py:582}}
Jun 11 18:08:02.117644 dv-cinder-796049-1-smb neutron-server[91993]: DEBUG novaclient.v2.client [-] POST call to compute for http://10.222.0.63/compute/v2.1/os-server-external-events used request id req-5f282b1a-aaf3-4cf0-9995-e685f787cc25 {{(pid=91993) request /usr/local/lib/python3.8/dist-packages/keystoneauth1/session.py:954}}
Jun 11 18:08:02.118633 dv-cinder-796049-1-smb neutron-server[91993]: INFO neutron.notifiers.nova [-] Nova event response: {'server_uuid': '02f12c6f-66bf-49e5-8b72-47784521dc92', 'name': 'network-vif-plugged', 'status': 'completed', 'tag': '944a97a6-87a8-486e-a31b-96e0dfb1c029', 'code': 200}
Jun 11 18:08:02.213144 dv-cinder-796049-1-smb neutron-server[91993]: DEBUG neutron.api.rpc.handlers.resources_rpc [None req-ff96a8af-ee96-480d-9e52-c733fff6d7ec None None] Pushing event updated for resources: {'Port': ['ID=944a97a6-87a8-486e-a31b-96e0dfb1c029,revision_number=5']} {{(pid=91993) push /opt/stack/neutron/neutron/api/rpc/handlers/resources_rpc.py:237}}
Jun 11 18:08:02.221717 dv-cinder-796049-1-smb neutron-server[91993]: DEBUG oslo_concurrency.lockutils [None req-ff96a8af-ee96-480d-9e52-c733fff6d7ec None None] Lock "event-dispatch" released by "neutron.plugins.ml2.ovo_rpc._ObjectChangeHandler.dispatch_events" :: held 0.224s {{(pid=91993) inner /usr/local/lib/python3.8/dist-packages/oslo_concurrency/lockutils.py:367}}
Jun 11 18:08:02.509778 dv-cinder-796049-1-smb neutron-server[91992]: INFO neutron.wsgi [req-52f01d21-708b-4c39-bfac-e26e15319fab req-a133426c-ae1c-4b1b-801d-1eaf003bb63b service neutron] 10.222.0.77 "GET /v2.0/networks/f4a99207-a48b-4525-ad44-d806f4e3e472?fields=segments HTTP/1.1" status: 200 len: 212 time: 0.4212985
Jun 11 18:08:02.572899 dv-cinder-796049-1-smb neutron-server[91992]: DEBUG neutron_lib.callbacks.manager [None req-657f9761-f684-417a-a699-ce2e0d704e40 admin admin] Notify callbacks [] for security_group, precommit_create {{(pid=91992) _notify_loop /usr/local/lib/python3.8/dist-packages/neutron_lib/callbacks/manager.py:192}}
Jun 11 18:08:02.597040 dv-cinder-796049-1-smb neutron-server[91992]: DEBUG neutron_lib.callbacks.manager [None req-657f9761-f684-417a-a699-ce2e0d704e40 admin admin] Notify callbacks ['neutron.plugins.ml2.ovo_rpc._ObjectChangeHandler.handle_event-1742715'] for security_group, after_create {{(pid=91992) _notify_loop /usr/local/lib/python3.8/dist-packages/neutron_lib/callbacks/manager.py:192}}
Jun 11 18:08:02.606668 dv-cinder-796049-1-smb neutron-server[91992]: DEBUG oslo_concurrency.lockutils [None req-765a8ee4-24ae-45f9-90d5-0ce611cc626b admin admin] Lock "event-dispatch" acquired by "neutron.plugins.ml2.ovo_rpc._ObjectChangeHandler.dispatch_events" :: waited 0.000s {{(pid=91992) inner /usr/local/lib/python3.8/dist-packages/oslo_concurrency/lockutils.py:355}}
Jun 11 18:08:02.692680 dv-cinder-796049-1-smb neutron-server[91991]: DEBUG neutron_lib.callbacks.manager [None req-c09b8014-7ce5-4112-90ba-849d1169f891 admin admin] Notify callbacks [] for security_group, before_delete {{(pid=91991) _notify_loop /usr/local/lib/python3.8/dist-packages/neutron_lib/callbacks/manager.py:192}}
Jun 11 18:08:02.809964 dv-cinder-796049-1-smb neutron-server[91992]: INFO neutron.wsgi [None req-657f9761-f684-417a-a699-ce2e0d704e40 admin admin] 10.222.0.63 "GET /v2.0/security-groups?tenant_id=9fdaa63fddfb4ab786db29c12822bd7d&name=default HTTP/1.1" status: 200 len: 2979 time: 1.0005908
Jun 11 18:08:02.814915 dv-cinder-796049-1-smb neutron-server[91992]: DEBUG neutron.wsgi [-] (91992) accepted ('10.222.0.63', 48954) {{(pid=91992) server /usr/local/lib/python3.8/dist-packages/eventlet/wsgi.py:992}}
Jun 11 18:08:02.816090 dv-cinder-796049-1-smb neutron-server[91992]: DEBUG neutron.api.rpc.handlers.resources_rpc [None req-657f9761-f684-417a-a699-ce2e0d704e40 admin admin] Pushing event updated for resources: {'SecurityGroup': ['ID=52f3086e-685d-44bb-8ec8-652766ae67b0,revision_number=1']} {{(pid=91992) push /opt/stack/neutron/neutron/api/rpc/handlers/resources_rpc.py:237}}
Jun 11 18:08:02.822522 dv-cinder-796049-1-smb neutron-server[91992]: DEBUG oslo_concurrency.lockutils [None req-657f9761-f684-417a-a699-ce2e0d704e40 admin admin] Lock "event-dispatch" released by "neutron.plugins.ml2.ovo_rpc._ObjectChangeHandler.dispatch_events" :: held 0.215s {{(pid=91992) inner /usr/local/lib/python3.8/dist-packages/oslo_concurrency/lockutils.py:367}}
Jun 11 18:08:02.829496 dv-cinder-796049-1-smb neutron-server[91991]: DEBUG neutron.pecan_wsgi.hooks.policy_enforcement [req-0534baaa-d671-4cec-adf8-860cc4647834 req-d087a233-7f2d-4bea-86f2-c36aa3b92eb6 tempest-AttachVolumeShelveTestJSON-1150110977 tempest-AttachVolumeShelveTestJSON-1150110977-project] Attributes excluded by policy engine: ['standard_attr_id', 'binding:profile', 'binding:host_id', 'binding:vif_type', 'binding:vif_details'] {{(pid=91991) _exclude_attributes_by_policy /opt/stack/neutron/neutron/pecan_wsgi/hooks/policy_enforcement.py:255}}
Jun 11 18:08:02.832166 dv-cinder-796049-1-smb neutron-server[91991]: INFO neutron.wsgi [req-0534baaa-d671-4cec-adf8-860cc4647834 req-d087a233-7f2d-4bea-86f2-c36aa3b92eb6 tempest-AttachVolumeShelveTestJSON-1150110977 tempest-AttachVolumeShelveTestJSON-1150110977-project] 10.222.0.63 "GET /v2.0/ports?device_id=02f12c6f-66bf-49e5-8b72-47784521dc92 HTTP/1.1" status: 200 len: 944 time: 1.4979479
Jun 11 18:08:02.899047 dv-cinder-796049-1-smb neutron-server[91992]: INFO neutron.wsgi [req-52f01d21-708b-4c39-bfac-e26e15319fab req-9bf94b8a-0a57-49bd-96cf-3ed828ba787b service neutron] 10.222.0.77 "GET /v2.0/networks/f4a99207-a48b-4525-ad44-d806f4e3e472?fields=provider%3Aphysical_network&fields=provider%3Anetwork_type HTTP/1.1" status: 200 len: 281 time: 0.3742433
Jun 11 18:08:02.963867 dv-cinder-796049-1-smb neutron-server[91992]: DEBUG neutron_lib.callbacks.manager [None req-fcc7db8b-f39d-4bca-97c3-ddd270e6d903 admin admin] Notify callbacks [] for security_group, before_delete {{(pid=91992) _notify_loop /usr/local/lib/python3.8/dist-packages/neutron_lib/callbacks/manager.py:192}}
Jun 11 18:08:02.996418 dv-cinder-796049-1-smb neutron-server[91991]: DEBUG neutron_lib.callbacks.manager [None req-c09b8014-7ce5-4112-90ba-849d1169f891 admin admin] Notify callbacks [] for security_group, precommit_delete {{(pid=91991) _notify_loop /usr/local/lib/python3.8/dist-packages/neutron_lib/callbacks/manager.py:192}}
Jun 11 18:08:03.056081 dv-cinder-796049-1-smb neutron-server[91992]: DEBUG neutron_lib.callbacks.manager [None req-fcc7db8b-f39d-4bca-97c3-ddd270e6d903 admin admin] Notify callbacks [] for security_group, precommit_delete {{(pid=91992) _notify_loop /usr/local/lib/python3.8/dist-packages/neutron_lib/callbacks/manager.py:192}}
Jun 11 18:08:03.187592 dv-cinder-796049-1-smb neutron-server[91992]: DEBUG neutron.pecan_wsgi.hooks.policy_enforcement [req-a3c08443-1bd0-4b81-b28f-a9af944def5a req-cf4bd8f0-27d9-4c7e-aebe-6d79a0a5a001 service neutron] Attributes excluded by policy engine: ['standard_attr_id'] {{(pid=91992) _exclude_attributes_by_policy /opt/stack/neutron/neutron/pecan_wsgi/hooks/policy_enforcement.py:255}}
Jun 11 18:08:03.190882 dv-cinder-796049-1-smb neutron-server[91992]: INFO neutron.wsgi [req-a3c08443-1bd0-4b81-b28f-a9af944def5a req-cf4bd8f0-27d9-4c7e-aebe-6d79a0a5a001 service neutron] 10.222.0.77 "GET /v2.0/ports?tenant_id=b5902ac487f345d187ccc540b9de6fc7&device_id=515629aa-cb7d-4a62-ba67-f8bcb2103eb8 HTTP/1.1" status: 200 len: 1096 time: 0.1884604
Jun 11 18:08:03.285449 dv-cinder-796049-1-smb neutron-server[91992]: DEBUG neutron_lib.callbacks.manager [None req-fcc7db8b-f39d-4bca-97c3-ddd270e6d903 admin admin] Notify callbacks ['neutron.plugins.ml2.ovo_rpc._ObjectChangeHandler.handle_event-1742715'] for security_group, after_delete {{(pid=91992) _notify_loop /usr/local/lib/python3.8/dist-packages/neutron_lib/callbacks/manager.py:192}}
Jun 11 18:08:03.291947 dv-cinder-796049-1-smb neutron-server[91992]: DEBUG neutron_lib.callbacks.manager [None req-fcc7db8b-f39d-4bca-97c3-ddd270e6d903 admin admin] Notify callbacks [] for security_group, before_response {{(pid=91992) _notify_loop /usr/local/lib/python3.8/dist-packages/neutron_lib/callbacks/manager.py:192}}
Jun 11 18:08:03.293279 dv-cinder-796049-1-smb neutron-server[91992]: INFO neutron.wsgi [None req-fcc7db8b-f39d-4bca-97c3-ddd270e6d903 admin admin] 10.222.0.63 "DELETE /v2.0/security-groups/52f3086e-685d-44bb-8ec8-652766ae67b0 HTTP/1.1" status: 204 len: 168 time: 0.4693046
Jun 11 18:08:03.340480 dv-cinder-796049-1-smb neutron-server[91991]: DEBUG neutron_lib.db.resource_extend [None req-b8b63ec1-d0c6-4bb1-8e86-42d309b8d9db tempest-AttachVolumeTestJSON-1817517672 tempest-AttachVolumeTestJSON-1817517672-project] It took 0.23 seconds to run function 'neutron_lib.db.resource_extend.apply_funcs' {{(pid=91991) wrapper /usr/local/lib/python3.8/dist-packages/oslo_utils/timeutils.py:386}}
Jun 11 18:08:03.432601 dv-cinder-796049-1-smb neutron-server[91992]: DEBUG oslo_concurrency.lockutils [-] Lock "event-dispatch" acquired by "neutron.plugins.ml2.ovo_rpc._ObjectChangeHandler.dispatch_events" :: waited 0.002s {{(pid=91992) inner /usr/local/lib/python3.8/dist-packages/oslo_concurrency/lockutils.py:355}}
Jun 11 18:08:03.493755 dv-cinder-796049-1-smb neutron-server[91991]: INFO neutron.wsgi [req-0534baaa-d671-4cec-adf8-860cc4647834 req-d8c07709-b1c6-423c-b32b-a984c0418408 tempest-AttachVolumeShelveTestJSON-1150110977 tempest-AttachVolumeShelveTestJSON-1150110977-project] 10.222.0.63 "GET /v2.0/security-groups?id=990b923a-6f6d-451c-aec9-dbd42d9d222d&fields=id&fields=name HTTP/1.1" status: 200 len: 312 time: 0.5933051
Jun 11 18:08:03.508008 dv-cinder-796049-1-smb neutron-server[91991]: DEBUG neutron.wsgi [-] (91991) accepted ('10.222.0.63', 48966) {{(pid=91991) server /usr/local/lib/python3.8/dist-packages/eventlet/wsgi.py:992}}
Jun 11 18:08:03.514956 dv-cinder-796049-1-smb neutron-server[91992]: DEBUG neutron.api.rpc.handlers.resources_rpc [None req-fcc7db8b-f39d-4bca-97c3-ddd270e6d903 admin admin] Pushing event deleted for resources: {'SecurityGroup': ['ID=52f3086e-685d-44bb-8ec8-652766ae67b0,revision_number=None']} {{(pid=91992) push /opt/stack/neutron/neutron/api/rpc/handlers/resources_rpc.py:237}}
Jun 11 18:08:03.521508 dv-cinder-796049-1-smb neutron-server[91992]: DEBUG oslo_concurrency.lockutils [None req-fcc7db8b-f39d-4bca-97c3-ddd270e6d903 admin admin] Lock "event-dispatch" released by "neutron.plugins.ml2.ovo_rpc._ObjectChangeHandler.dispatch_events" :: held 0.089s {{(pid=91992) inner /usr/local/lib/python3.8/dist-packages/oslo_concurrency/lockutils.py:367}}
Jun 11 18:08:03.579446 dv-cinder-796049-1-smb neutron-server[91992]: DEBUG neutron.pecan_wsgi.hooks.policy_enforcement [req-a3c08443-1bd0-4b81-b28f-a9af944def5a req-3291ab90-5f5d-47d5-8467-299f57144c48 service neutron] Attributes excluded by policy engine: ['standard_attr_id', 'vlan_transparent'] {{(pid=91992) _exclude_attributes_by_policy /opt/stack/neutron/neutron/pecan_wsgi/hooks/policy_enforcement.py:255}}
Jun 11 18:08:03.582652 dv-cinder-796049-1-smb neutron-server[91992]: INFO neutron.wsgi [req-a3c08443-1bd0-4b81-b28f-a9af944def5a req-3291ab90-5f5d-47d5-8467-299f57144c48 service neutron] 10.222.0.77 "GET /v2.0/networks?id=f4a99207-a48b-4525-ad44-d806f4e3e472 HTTP/1.1" status: 200 len: 908 time: 0.3824954
Jun 11 18:08:03.591415 dv-cinder-796049-1-smb neutron-server[91991]: DEBUG neutron.pecan_wsgi.hooks.policy_enforcement [req-49155092-b588-41a3-9ad2-cb53a32087e4 req-a33f2544-e531-429a-8fcc-338f31d1548c tempest-ServerRescueNegativeTestJSON-1417343227 tempest-ServerRescueNegativeTestJSON-1417343227-project] Attributes excluded by policy engine: ['standard_attr_id', 'binding:profile', 'binding:host_id', 'binding:vif_type', 'binding:vif_details'] {{(pid=91991) _exclude_attributes_by_policy /opt/stack/neutron/neutron/pecan_wsgi/hooks/policy_enforcement.py:255}}
Jun 11 18:08:03.604999 dv-cinder-796049-1-smb neutron-server[91991]: INFO neutron.wsgi [req-49155092-b588-41a3-9ad2-cb53a32087e4 req-a33f2544-e531-429a-8fcc-338f31d1548c tempest-ServerRescueNegativeTestJSON-1417343227 tempest-ServerRescueNegativeTestJSON-1417343227-project] 10.222.0.63 "GET /v2.0/ports?device_id=c36fc6df-d7ce-4a06-9708-e718eef6e9d3 HTTP/1.1" status: 200 len: 946 time: 0.8968298
Jun 11 18:08:03.640115 dv-cinder-796049-1-smb neutron-server[91991]: DEBUG neutron_lib.callbacks.manager [None req-c09b8014-7ce5-4112-90ba-849d1169f891 admin admin] Notify callbacks ['neutron.plugins.ml2.ovo_rpc._ObjectChangeHandler.handle_event-1742715'] for security_group, after_delete {{(pid=91991) _notify_loop /usr/local/lib/python3.8/dist-packages/neutron_lib/callbacks/manager.py:192}}
Jun 11 18:08:03.645331 dv-cinder-796049-1-smb neutron-server[91991]: DEBUG neutron_lib.callbacks.manager [None req-c09b8014-7ce5-4112-90ba-849d1169f891 admin admin] Notify callbacks [] for security_group, before_response {{(pid=91991) _notify_loop /usr/local/lib/python3.8/dist-packages/neutron_lib/callbacks/manager.py:192}}
Jun 11 18:08:03.647341 dv-cinder-796049-1-smb neutron-server[91991]: INFO neutron.wsgi [None req-c09b8014-7ce5-4112-90ba-849d1169f891 admin admin] 10.222.0.63 "DELETE /v2.0/security-groups/29b5168b-eb32-4d41-b3e3-43f991044233 HTTP/1.1" status: 204 len: 168 time: 2.2501698
Jun 11 18:08:03.665065 dv-cinder-796049-1-smb neutron-server[91991]: DEBUG oslo_concurrency.lockutils [None req-6904b7ca-df89-42cc-b3d2-abffbcfddc04 admin admin] Lock "event-dispatch" acquired by "neutron.plugins.ml2.ovo_rpc._ObjectChangeHandler.dispatch_events" :: waited 0.000s {{(pid=91991) inner /usr/local/lib/python3.8/dist-packages/oslo_concurrency/lockutils.py:355}}
Jun 11 18:08:03.688829 dv-cinder-796049-1-smb neutron-server[91991]: DEBUG neutron_lib.callbacks.manager [None req-b8b63ec1-d0c6-4bb1-8e86-42d309b8d9db tempest-AttachVolumeTestJSON-1817517672 tempest-AttachVolumeTestJSON-1817517672-project] Notify callbacks [] for floatingip, precommit_update {{(pid=91991) _notify_loop /usr/local/lib/python3.8/dist-packages/neutron_lib/callbacks/manager.py:192}}
Jun 11 18:08:03.695753 dv-cinder-796049-1-smb neutron-server[91991]: DEBUG neutron.pecan_wsgi.hooks.policy_enforcement [req-a64e25bc-a59e-49b8-a2c6-67bf77cb2ce4 req-274d182c-8965-4fb3-afdc-3bf4c71b41cc service neutron] Attributes excluded by policy engine: ['standard_attr_id'] {{(pid=91991) _exclude_attributes_by_policy /opt/stack/neutron/neutron/pecan_wsgi/hooks/policy_enforcement.py:255}}
Jun 11 18:08:03.701047 dv-cinder-796049-1-smb neutron-server[91991]: INFO neutron.wsgi [req-a64e25bc-a59e-49b8-a2c6-67bf77cb2ce4 req-274d182c-8965-4fb3-afdc-3bf4c71b41cc service neutron] 10.222.0.77 "GET /v2.0/ports?device_id=02f12c6f-66bf-49e5-8b72-47784521dc92 HTTP/1.1" status: 200 len: 1098 time: 1.0034549
Jun 11 18:08:03.753361 dv-cinder-796049-1-smb neutron-server[91991]: DEBUG neutron_lib.callbacks.manager [None req-b8b63ec1-d0c6-4bb1-8e86-42d309b8d9db tempest-AttachVolumeTestJSON-1817517672 tempest-AttachVolumeTestJSON-1817517672-project] Notify callbacks ['neutron.services.l3_router.l3_router_plugin.DVRResourceOperationHandler._create_dvr_floating_gw_port-2003827'] for floatingip, after_update {{(pid=91991) _notify_loop /usr/local/lib/python3.8/dist-packages/neutron_lib/callbacks/manager.py:192}}
Jun 11 18:08:03.814633 dv-cinder-796049-1-smb neutron-server[91992]: INFO neutron.wsgi [req-a3c08443-1bd0-4b81-b28f-a9af944def5a req-365712e9-6329-4bc3-8b94-61ba281600ee service neutron] 10.222.0.77 "GET /v2.0/floatingips?fixed_ip_address=172.20.0.8&port_id=96026607-ec65-48ae-8fba-50d84092100c HTTP/1.1" status: 200 len: 217 time: 0.2200074
Jun 11 18:08:03.942844 dv-cinder-796049-1-smb neutron-server[91991]: DEBUG neutron.api.rpc.handlers.resources_rpc [None req-c09b8014-7ce5-4112-90ba-849d1169f891 admin admin] Pushing event deleted for resources: {'SecurityGroup': ['ID=29b5168b-eb32-4d41-b3e3-43f991044233,revision_number=None']} {{(pid=91991) push /opt/stack/neutron/neutron/api/rpc/handlers/resources_rpc.py:237}}
Jun 11 18:08:04.088395 dv-cinder-796049-1-smb neutron-server[91992]: DEBUG neutron.pecan_wsgi.hooks.policy_enforcement [req-a3c08443-1bd0-4b81-b28f-a9af944def5a req-374d4d67-d904-48c5-8de6-45fa3b4ba2c3 service neutron] Attributes excluded by policy engine: ['standard_attr_id', 'shared'] {{(pid=91992) _exclude_attributes_by_policy /opt/stack/neutron/neutron/pecan_wsgi/hooks/policy_enforcement.py:255}}
Jun 11 18:08:04.088395 dv-cinder-796049-1-smb neutron-server[91992]: INFO neutron.wsgi [req-a3c08443-1bd0-4b81-b28f-a9af944def5a req-374d4d67-d904-48c5-8de6-45fa3b4ba2c3 service neutron] 10.222.0.77 "GET /v2.0/subnets?id=40d00d86-e966-4189-8c0a-699fee47134e HTTP/1.1" status: 200 len: 846 time: 0.2678645
Jun 11 18:08:04.148820 dv-cinder-796049-1-smb neutron-server[91991]: DEBUG oslo_concurrency.lockutils [None req-c09b8014-7ce5-4112-90ba-849d1169f891 admin admin] Lock "event-dispatch" released by "neutron.plugins.ml2.ovo_rpc._ObjectChangeHandler.dispatch_events" :: held 0.484s {{(pid=91991) inner /usr/local/lib/python3.8/dist-packages/oslo_concurrency/lockutils.py:367}}
Jun 11 18:08:04.191598 dv-cinder-796049-1-smb neutron-server[91992]: INFO neutron.wsgi [req-a3c08443-1bd0-4b81-b28f-a9af944def5a req-853ddc2c-c5ea-49be-94c1-6de9bd34c3f6 service neutron] 10.222.0.77 "GET /v2.0/ports?network_id=f4a99207-a48b-4525-ad44-d806f4e3e472&device_owner=network%3Adhcp HTTP/1.1" status: 200 len: 210 time: 0.0881925
Jun 11 18:08:04.309316 dv-cinder-796049-1-smb neutron-server[91991]: INFO neutron.wsgi [req-49155092-b588-41a3-9ad2-cb53a32087e4 req-149c2f80-17b2-4c28-a4de-db96c9eb8506 tempest-ServerRescueNegativeTestJSON-1417343227 tempest-ServerRescueNegativeTestJSON-1417343227-project] 10.222.0.63 "GET /v2.0/security-groups?id=abc94adc-d23e-4041-b813-4c8b1cccd906&fields=id&fields=name HTTP/1.1" status: 200 len: 286 time: 0.7026706
Jun 11 18:08:04.400102 dv-cinder-796049-1-smb neutron-server[91992]: INFO neutron.wsgi [req-a3c08443-1bd0-4b81-b28f-a9af944def5a req-9c0ee09f-67d9-4572-a11e-c113887db3f0 service neutron] 10.222.0.77 "GET /v2.0/networks/f4a99207-a48b-4525-ad44-d806f4e3e472?fields=segments HTTP/1.1" status: 200 len: 212 time: 0.2010136
Jun 11 18:08:04.406872 dv-cinder-796049-1-smb neutron-server[91991]: INFO neutron.db.l3_db [None req-b8b63ec1-d0c6-4bb1-8e86-42d309b8d9db tempest-AttachVolumeTestJSON-1817517672 tempest-AttachVolumeTestJSON-1817517672-project] Floating IP 56a5b6c9-e25e-492f-83d5-b37b11efd186 associated. External IP: 172.28.1.68, port: f06f3702-3bd4-4728-8a93-2d0c88f2300b.
Jun 11 18:08:04.522231 dv-cinder-796049-1-smb neutron-server[91991]: INFO neutron.wsgi [req-a64e25bc-a59e-49b8-a2c6-67bf77cb2ce4 req-a9895cdf-0fbd-426e-b006-2279bf20f498 service neutron] 10.222.0.77 "GET /v2.0/security-groups?id=990b923a-6f6d-451c-aec9-dbd42d9d222d&fields=id&fields=name HTTP/1.1" status: 200 len: 312 time: 0.7905271
Jun 11 18:08:04.601790 dv-cinder-796049-1-smb neutron-server[91991]: DEBUG neutron_lib.callbacks.manager [None req-61b3cdba-8144-44a3-a6aa-46f442e38421 admin admin] Notify callbacks [] for security_group, before_create {{(pid=91991) _notify_loop /usr/local/lib/python3.8/dist-packages/neutron_lib/callbacks/manager.py:192}}
Jun 11 18:08:04.692462 dv-cinder-796049-1-smb neutron-server[91991]: DEBUG neutron.pecan_wsgi.hooks.policy_enforcement [req-5f8c9566-cd71-4c71-a477-867841cba5a1 req-763f9f0f-45cf-4ecc-aa63-fc8d94d20173 tempest-VolumesActionsTest-1686256198 tempest-VolumesActionsTest-1686256198-project] Attributes excluded by policy engine: ['standard_attr_id', 'binding:profile', 'binding:host_id', 'binding:vif_type', 'binding:vif_details'] {{(pid=91991) _exclude_attributes_by_policy /opt/stack/neutron/neutron/pecan_wsgi/hooks/policy_enforcement.py:255}}
Jun 11 18:08:04.700867 dv-cinder-796049-1-smb neutron-server[91991]: INFO neutron.wsgi [req-5f8c9566-cd71-4c71-a477-867841cba5a1 req-763f9f0f-45cf-4ecc-aa63-fc8d94d20173 tempest-VolumesActionsTest-1686256198 tempest-VolumesActionsTest-1686256198-project] 10.222.0.63 "GET /v2.0/ports?device_id=515629aa-cb7d-4a62-ba67-f8bcb2103eb8 HTTP/1.1" status: 200 len: 943 time: 0.5582817
Jun 11 18:08:04.736826 dv-cinder-796049-1-smb neutron-server[91992]: INFO neutron.wsgi [req-a3c08443-1bd0-4b81-b28f-a9af944def5a req-4b3a6a7d-afd6-4508-99c9-3ff99a6ed829 service neutron] 10.222.0.77 "GET /v2.0/networks/f4a99207-a48b-4525-ad44-d806f4e3e472?fields=provider%3Aphysical_network&fields=provider%3Anetwork_type HTTP/1.1" status: 200 len: 281 time: 0.3218665
Jun 11 18:08:04.847190 dv-cinder-796049-1-smb neutron-server[91991]: INFO neutron.wsgi [req-5f8c9566-cd71-4c71-a477-867841cba5a1 req-03e9b24e-db8f-4932-9648-37f99608d64c tempest-VolumesActionsTest-1686256198 tempest-VolumesActionsTest-1686256198-project] 10.222.0.63 "GET /v2.0/security-groups?id=003569cd-9fb4-4434-afac-99465a866a42&fields=id&fields=name HTTP/1.1" status: 200 len: 286 time: 0.1444199
Jun 11 18:08:05.259538 dv-cinder-796049-1-smb neutron-server[91993]: DEBUG neutron.plugins.ml2.rpc [None req-ff96a8af-ee96-480d-9e52-c733fff6d7ec None None] Device 96026607-ec65-48ae-8fba-50d84092100c details requested by agent hyperv_hv-cinder-79604 with host hv-cinder-79604 {{(pid=91993) get_device_details /opt/stack/neutron/neutron/plugins/ml2/rpc.py:88}}
Jun 11 18:08:05.340871 dv-cinder-796049-1-smb neutron-server[91991]: DEBUG neutron.pecan_wsgi.hooks.policy_enforcement [req-4aafff73-e20a-44ed-b8e8-0bcf6062ea3e req-d9ebf3aa-d6bf-4fc8-82ed-c19202677005 tempest-AttachVolumeShelveTestJSON-1150110977 tempest-AttachVolumeShelveTestJSON-1150110977-project] Attributes excluded by policy engine: ['standard_attr_id', 'binding:profile', 'binding:host_id', 'binding:vif_type', 'binding:vif_details'] {{(pid=91991) _exclude_attributes_by_policy /opt/stack/neutron/neutron/pecan_wsgi/hooks/policy_enforcement.py:255}}
Jun 11 18:08:05.343645 dv-cinder-796049-1-smb neutron-server[91991]: INFO neutron.wsgi [req-4aafff73-e20a-44ed-b8e8-0bcf6062ea3e req-d9ebf3aa-d6bf-4fc8-82ed-c19202677005 tempest-AttachVolumeShelveTestJSON-1150110977 tempest-AttachVolumeShelveTestJSON-1150110977-project] 10.222.0.63 "GET /v2.0/ports?device_id=02f12c6f-66bf-49e5-8b72-47784521dc92 HTTP/1.1" status: 200 len: 945 time: 0.4947681
Jun 11 18:08:05.396514 dv-cinder-796049-1-smb neutron-server[91991]: DEBUG neutron_lib.callbacks.manager [None req-61b3cdba-8144-44a3-a6aa-46f442e38421 admin admin] Notify callbacks [] for security_group, precommit_create {{(pid=91991) _notify_loop /usr/local/lib/python3.8/dist-packages/neutron_lib/callbacks/manager.py:192}}
Jun 11 18:08:05.431591 dv-cinder-796049-1-smb neutron-server[91991]: DEBUG neutron_lib.callbacks.manager [None req-61b3cdba-8144-44a3-a6aa-46f442e38421 admin admin] Notify callbacks ['neutron.plugins.ml2.ovo_rpc._ObjectChangeHandler.handle_event-1742715'] for security_group, after_create {{(pid=91991) _notify_loop /usr/local/lib/python3.8/dist-packages/neutron_lib/callbacks/manager.py:192}}
Jun 11 18:08:05.444590 dv-cinder-796049-1-smb neutron-server[91991]: DEBUG oslo_concurrency.lockutils [None req-e08553aa-0c89-4a83-9352-872af6dc80fb admin admin] Lock "event-dispatch" acquired by "neutron.plugins.ml2.ovo_rpc._ObjectChangeHandler.dispatch_events" :: waited 0.000s {{(pid=91991) inner /usr/local/lib/python3.8/dist-packages/oslo_concurrency/lockutils.py:355}}
