Jun 11 18:07:34.487683 dv-cinder-796049-1-iscsi neutron-server[92015]: DEBUG neutron_lib.callbacks.manager [req-b309d65f-0391-4891-9aa2-30fc8804b77a req-195e3c65-ae1b-4103-83d7-b68c3c4b3b70 tempest-AttachVolumeNegativeTest-963332414 tempest-AttachVolumeNegativeTest-963332414-project] Notify callbacks ['neutron.plugins.ml2.plugin.SecurityGroupDbMixin._ensure_default_security_group_handler_before_create-1453876'] for port, before_create {{(pid=92015) _notify_loop /usr/local/lib/python3.8/dist-packages/neutron_lib/callbacks/manager.py:192}}
Jun 11 18:07:34.643521 dv-cinder-796049-1-iscsi neutron-server[92016]: DEBUG neutron_lib.callbacks.manager [None req-626cb0ba-f82b-42bb-b052-2ed95aa8de9f admin admin] Notify callbacks ['neutron.plugins.ml2.ovo_rpc._ObjectChangeHandler.handle_payload_event-145951', 'neutron.api.rpc.agentnotifiers.dhcp_rpc_agent_api.DhcpAgentNotifyAPI._native_event_send_dhcp_notification_payload-1585466'] for network, after_create {{(pid=92016) _notify_loop /usr/local/lib/python3.8/dist-packages/neutron_lib/callbacks/manager.py:192}}
Jun 11 18:07:34.648814 dv-cinder-796049-1-iscsi neutron-server[92016]: DEBUG neutron.pecan_wsgi.hooks.policy_enforcement [None req-626cb0ba-f82b-42bb-b052-2ed95aa8de9f admin admin] Attributes excluded by policy engine: ['standard_attr_id', 'vlan_transparent'] {{(pid=92016) _exclude_attributes_by_policy /opt/stack/neutron/neutron/pecan_wsgi/hooks/policy_enforcement.py:255}}
Jun 11 18:07:34.650581 dv-cinder-796049-1-iscsi neutron-server[92016]: DEBUG neutron_lib.callbacks.manager [None req-626cb0ba-f82b-42bb-b052-2ed95aa8de9f admin admin] Notify callbacks ['neutron.api.rpc.agentnotifiers.dhcp_rpc_agent_api.DhcpAgentNotifyAPI._send_dhcp_notification-1585439'] for network, before_response {{(pid=92016) _notify_loop /usr/local/lib/python3.8/dist-packages/neutron_lib/callbacks/manager.py:192}}
Jun 11 18:07:34.667971 dv-cinder-796049-1-iscsi neutron-server[92016]: DEBUG oslo_concurrency.lockutils [-] Lock "event-dispatch" acquired by "neutron.plugins.ml2.ovo_rpc._ObjectChangeHandler.dispatch_events" :: waited 0.000s {{(pid=92016) inner /usr/local/lib/python3.8/dist-packages/oslo_concurrency/lockutils.py:355}}
Jun 11 18:07:34.669873 dv-cinder-796049-1-iscsi neutron-server[92015]: DEBUG neutron.db.db_base_plugin_common [req-acbf9ddd-dcc2-4caf-a4c9-e6a9aec789e3 req-ccad825c-6069-45d0-8199-02261d5f6b38 tempest-DeleteServersTestJSON-1961389557 tempest-DeleteServersTestJSON-1961389557-project] Allocated IP 172.20.0.14 (65e010af-7e3b-4fa8-9853-e2eac8d4f614/629921c8-9b4e-47b6-a82f-91f3aa59e85b/075f211e-3763-44fa-9d5b-a941993f1104) {{(pid=92015) _store_ip_allocation /opt/stack/neutron/neutron/db/db_base_plugin_common.py:131}}
Jun 11 18:07:34.836269 dv-cinder-796049-1-iscsi neutron-server[92016]: INFO neutron.wsgi [None req-626cb0ba-f82b-42bb-b052-2ed95aa8de9f admin admin] 10.222.0.15 "POST /v2.0/networks HTTP/1.1" status: 201 len: 881 time: 3.0026765
Jun 11 18:07:34.837872 dv-cinder-796049-1-iscsi neutron-server[92016]: DEBUG neutron.wsgi [-] (92016) accepted ('10.222.0.15', 34274) {{(pid=92016) server /usr/local/lib/python3.8/dist-packages/eventlet/wsgi.py:992}}
Jun 11 18:07:34.877069 dv-cinder-796049-1-iscsi neutron-server[92016]: DEBUG neutron.api.v2.base [None req-05b347f0-fe2f-4342-a189-2c3a5ef68931 admin admin] Request body: {'subnet': {'network_id': 'cd381af1-a728-431a-ae25-682c41b348bb', 'cidr': '172.20.0.0/28', 'name': 'tempest-VolumesActionsTest-509804231-subnet', 'tenant_id': 'a5b819daa7464ee8aa931e8faa3997d3', 'enable_dhcp': False, 'ip_version': 4}} {{(pid=92016) prepare_request_body /opt/stack/neutron/neutron/api/v2/base.py:729}}
Jun 11 18:07:35.188990 dv-cinder-796049-1-iscsi neutron-server[92016]: DEBUG neutron.api.rpc.handlers.resources_rpc [None req-626cb0ba-f82b-42bb-b052-2ed95aa8de9f admin admin] Pushing event updated for resources: {'Network': ['ID=cd381af1-a728-431a-ae25-682c41b348bb,revision_number=1']} {{(pid=92016) push /opt/stack/neutron/neutron/api/rpc/handlers/resources_rpc.py:237}}
Jun 11 18:07:35.206255 dv-cinder-796049-1-iscsi neutron-server[92015]: INFO neutron.wsgi [req-67b99228-38dc-49ec-9b39-630a3f625933 req-5867fbe5-eb02-4f99-ae12-22663ad76e12 tempest-AttachVolumeNegativeTest-963332414 tempest-AttachVolumeNegativeTest-963332414-project] 10.222.0.15 "GET /v2.0/ports?device_id=16977ea3-6d33-4dd3-be26-939fe4861b61 HTTP/1.1" status: 200 len: 210 time: 0.5356956
Jun 11 18:07:35.215538 dv-cinder-796049-1-iscsi neutron-server[92016]: DEBUG neutron.wsgi [-] (92016) accepted ('10.222.0.15', 34278) {{(pid=92016) server /usr/local/lib/python3.8/dist-packages/eventlet/wsgi.py:992}}
Jun 11 18:07:35.216651 dv-cinder-796049-1-iscsi neutron-server[92016]: DEBUG neutron.wsgi [-] (92016) accepted ('10.222.0.15', 34280) {{(pid=92016) server /usr/local/lib/python3.8/dist-packages/eventlet/wsgi.py:992}}
Jun 11 18:07:35.234194 dv-cinder-796049-1-iscsi neutron-server[92016]: DEBUG neutron.api.v2.base [None req-dcfff948-263f-4e75-b360-742a8363e217 tempest-AttachVolumeShelveTestJSON-1762934251 tempest-AttachVolumeShelveTestJSON-1762934251-project] Request body: {'security_group': {'name': 'tempest-securitygroup--980073620', 'description': 'tempest-description--1636659401'}} {{(pid=92016) prepare_request_body /opt/stack/neutron/neutron/api/v2/base.py:729}}
Jun 11 18:07:35.329018 dv-cinder-796049-1-iscsi neutron-server[92016]: DEBUG oslo_concurrency.lockutils [None req-626cb0ba-f82b-42bb-b052-2ed95aa8de9f admin admin] Lock "event-dispatch" released by "neutron.plugins.ml2.ovo_rpc._ObjectChangeHandler.dispatch_events" :: held 0.657s {{(pid=92016) inner /usr/local/lib/python3.8/dist-packages/oslo_concurrency/lockutils.py:367}}
Jun 11 18:07:35.348464 dv-cinder-796049-1-iscsi neutron-server[92017]: DEBUG neutron.plugins.ml2.rpc [None req-40ef458b-5d86-4906-8b68-6fc2a67356bf None None] Network cd381af1-a728-431a-ae25-682c41b348bb details requested by agent ovs-agent-dv-cinder-796049-1-iscsi with host dv-cinder-796049-1-iscsi {{(pid=92017) get_network_details /opt/stack/neutron/neutron/plugins/ml2/rpc.py:232}}
Jun 11 18:07:35.432140 dv-cinder-796049-1-iscsi neutron-server[92016]: DEBUG neutron.pecan_wsgi.hooks.quota_enforcement [None req-05b347f0-fe2f-4342-a189-2c3a5ef68931 admin admin] Made reservation on behalf of a5b819daa7464ee8aa931e8faa3997d3 for: {'subnet': 1} {{(pid=92016) before /opt/stack/neutron/neutron/pecan_wsgi/hooks/quota_enforcement.py:53}}
Jun 11 18:07:35.453457 dv-cinder-796049-1-iscsi neutron-server[92016]: DEBUG neutron_lib.callbacks.manager [None req-05b347f0-fe2f-4342-a189-2c3a5ef68931 admin admin] Notify callbacks [] for subnet, before_create {{(pid=92016) _notify_loop /usr/local/lib/python3.8/dist-packages/neutron_lib/callbacks/manager.py:192}}
Jun 11 18:07:35.741415 dv-cinder-796049-1-iscsi neutron-server[92015]: DEBUG neutron.db.db_base_plugin_common [req-b309d65f-0391-4891-9aa2-30fc8804b77a req-195e3c65-ae1b-4103-83d7-b68c3c4b3b70 tempest-AttachVolumeNegativeTest-963332414 tempest-AttachVolumeNegativeTest-963332414-project] Allocated IP 172.20.0.3 (be8dea01-a324-469a-a408-fff0eb66b54b/cbc1318e-2ad2-461c-8ca8-045387643d8b/acada3c6-9081-4981-b945-e25141c5c389) {{(pid=92015) _store_ip_allocation /opt/stack/neutron/neutron/db/db_base_plugin_common.py:131}}
Jun 11 18:07:35.951772 dv-cinder-796049-1-iscsi neutron-server[92015]: INFO neutron.wsgi [req-b76111cf-9071-4cdd-8c4c-1f186da607ff req-e6a39a90-806f-4c97-b9ec-1baff85487cf tempest-DeleteServersTestJSON-1961389557 tempest-DeleteServersTestJSON-1961389557-project] 10.222.0.15 "GET /v2.0/ports?device_id=7885ef4c-002d-434e-8bc3-e003b3c4187f HTTP/1.1" status: 200 len: 210 time: 0.2135572
Jun 11 18:07:36.108589 dv-cinder-796049-1-iscsi neutron-server[92015]: DEBUG neutron_lib.callbacks.manager [req-acbf9ddd-dcc2-4caf-a4c9-e6a9aec789e3 req-ccad825c-6069-45d0-8199-02261d5f6b38 tempest-DeleteServersTestJSON-1961389557 tempest-DeleteServersTestJSON-1961389557-project] Notify callbacks [] for port, precommit_create {{(pid=92015) _notify_loop /usr/local/lib/python3.8/dist-packages/neutron_lib/callbacks/manager.py:192}}
Jun 11 18:07:36.489200 dv-cinder-796049-1-iscsi neutron-server[92017]: DEBUG neutron_lib.callbacks.manager [None req-fe204f66-f146-499b-b44d-dfc9729999bb None None] Notify callbacks [] for port, precommit_update {{(pid=92017) _notify_loop /usr/local/lib/python3.8/dist-packages/neutron_lib/callbacks/manager.py:192}}
Jun 11 18:07:36.568377 dv-cinder-796049-1-iscsi neutron-server[92017]: DEBUG neutron.db.provisioning_blocks [None req-fe204f66-f146-499b-b44d-dfc9729999bb None None] Transition to ACTIVE for port object d271e6d1-7f17-4d65-97f2-2db4df053448 will not be triggered until provisioned by entity L2. {{(pid=92017) add_provisioning_component /opt/stack/neutron/neutron/db/provisioning_blocks.py:73}}
Jun 11 18:07:36.598545 dv-cinder-796049-1-iscsi neutron-server[92017]: DEBUG neutron_lib.callbacks.manager [None req-fe204f66-f146-499b-b44d-dfc9729999bb None None] Notify callbacks ['neutron.plugins.ml2.plugin.SecurityGroupServerNotifierRpcMixin.notify_sg_on_port_change-1454028', 'neutron.plugins.ml2.ovo_rpc._ObjectChangeHandler.handle_event-234190', 'neutron.api.rpc.agentnotifiers.dhcp_rpc_agent_api.DhcpAgentNotifyAPI._native_event_send_dhcp_notification-1585441', 'neutron.db.l3_db.L3RpcNotifierMixin._notify_gateway_port_ip_changed-8788191868739', 'neutron.db.l3_dvrscheduler_db._notify_l3_agent_port_update-8788191476026', 'neutron.db.l3_hascheduler_db._notify_l3_agent_ha_port_update-8788191476071'] for port, after_update {{(pid=92017) _notify_loop /usr/local/lib/python3.8/dist-packages/neutron_lib/callbacks/manager.py:192}}
Jun 11 18:07:36.606912 dv-cinder-796049-1-iscsi neutron-server[92017]: DEBUG oslo_concurrency.lockutils [-] Lock "event-dispatch" acquired by "neutron.plugins.ml2.ovo_rpc._ObjectChangeHandler.dispatch_events" :: waited 0.000s {{(pid=92017) inner /usr/local/lib/python3.8/dist-packages/oslo_concurrency/lockutils.py:355}}
Jun 11 18:07:36.640136 dv-cinder-796049-1-iscsi neutron-server[92016]: DEBUG neutron_lib.callbacks.manager [None req-dcfff948-263f-4e75-b360-742a8363e217 tempest-AttachVolumeShelveTestJSON-1762934251 tempest-AttachVolumeShelveTestJSON-1762934251-project] Notify callbacks [] for security_group, before_create {{(pid=92016) _notify_loop /usr/local/lib/python3.8/dist-packages/neutron_lib/callbacks/manager.py:192}}
Jun 11 18:07:36.856126 dv-cinder-796049-1-iscsi neutron-server[92015]: DEBUG neutron_lib.callbacks.manager [req-b309d65f-0391-4891-9aa2-30fc8804b77a req-195e3c65-ae1b-4103-83d7-b68c3c4b3b70 tempest-AttachVolumeNegativeTest-963332414 tempest-AttachVolumeNegativeTest-963332414-project] Notify callbacks [] for port, precommit_create {{(pid=92015) _notify_loop /usr/local/lib/python3.8/dist-packages/neutron_lib/callbacks/manager.py:192}}
Jun 11 18:07:36.928127 dv-cinder-796049-1-iscsi neutron-server[92016]: DEBUG neutron_lib.callbacks.manager [None req-05b347f0-fe2f-4342-a189-2c3a5ef68931 admin admin] Notify callbacks ['neutron.plugins.ml2.ovo_rpc._ObjectChangeHandler.handle_event-465638', 'neutron.api.rpc.agentnotifiers.dhcp_rpc_agent_api.DhcpAgentNotifyAPI._native_event_send_dhcp_notification-1585441'] for subnet, after_create {{(pid=92016) _notify_loop /usr/local/lib/python3.8/dist-packages/neutron_lib/callbacks/manager.py:192}}
Jun 11 18:07:36.937659 dv-cinder-796049-1-iscsi neutron-server[92015]: DEBUG neutron_lib.callbacks.manager [req-acbf9ddd-dcc2-4caf-a4c9-e6a9aec789e3 req-ccad825c-6069-45d0-8199-02261d5f6b38 tempest-DeleteServersTestJSON-1961389557 tempest-DeleteServersTestJSON-1961389557-project] Notify callbacks ['neutron.plugins.ml2.plugin.SecurityGroupServerNotifierRpcMixin._notify_sg_on_port_after_update-1454071', 'neutron.plugins.ml2.ovo_rpc._ObjectChangeHandler.handle_payload_event-234557', 'neutron.api.rpc.agentnotifiers.dhcp_rpc_agent_api.DhcpAgentNotifyAPI._native_event_send_dhcp_notification_payload-1585466', 'neutron.db.l3_dvrscheduler_db._notify_l3_agent_new_port-8788191476008'] for port, after_create {{(pid=92015) _notify_loop /usr/local/lib/python3.8/dist-packages/neutron_lib/callbacks/manager.py:192}}
Jun 11 18:07:36.984715 dv-cinder-796049-1-iscsi neutron-server[92015]: DEBUG oslo_concurrency.lockutils [-] Lock "event-dispatch" acquired by "neutron.plugins.ml2.ovo_rpc._ObjectChangeHandler.dispatch_events" :: waited 0.000s {{(pid=92015) inner /usr/local/lib/python3.8/dist-packages/oslo_concurrency/lockutils.py:355}}
Jun 11 18:07:37.045970 dv-cinder-796049-1-iscsi neutron-server[92016]: DEBUG oslo_concurrency.lockutils [-] Lock "event-dispatch" acquired by "neutron.plugins.ml2.ovo_rpc._ObjectChangeHandler.dispatch_events" :: waited 0.000s {{(pid=92016) inner /usr/local/lib/python3.8/dist-packages/oslo_concurrency/lockutils.py:355}}
Jun 11 18:07:37.063416 dv-cinder-796049-1-iscsi neutron-server[92017]: DEBUG neutron.api.rpc.handlers.resources_rpc [None req-573e90e5-4f87-4b06-a56d-2904f007414b None None] Pushing event updated for resources: {'Port': ['ID=d271e6d1-7f17-4d65-97f2-2db4df053448,revision_number=3']} {{(pid=92017) push /opt/stack/neutron/neutron/api/rpc/handlers/resources_rpc.py:237}}
Jun 11 18:07:37.066434 dv-cinder-796049-1-iscsi neutron-server[92016]: DEBUG neutron_lib.callbacks.manager [None req-b2bd5091-dc3d-43b4-9574-a8960ba8ca08 admin admin] Notify callbacks [] for security_group, before_create {{(pid=92016) _notify_loop /usr/local/lib/python3.8/dist-packages/neutron_lib/callbacks/manager.py:192}}
Jun 11 18:07:37.361598 dv-cinder-796049-1-iscsi neutron-server[92017]: DEBUG oslo_concurrency.lockutils [None req-573e90e5-4f87-4b06-a56d-2904f007414b None None] Lock "event-dispatch" released by "neutron.plugins.ml2.ovo_rpc._ObjectChangeHandler.dispatch_events" :: held 0.755s {{(pid=92017) inner /usr/local/lib/python3.8/dist-packages/oslo_concurrency/lockutils.py:367}}
Jun 11 18:07:37.396262 dv-cinder-796049-1-iscsi neutron-server[92015]: INFO neutron.wsgi [req-e43270ef-6787-4e4d-b14d-922a163735af req-cead837f-7b68-4060-b776-682e77adfdb7 tempest-AttachVolumeNegativeTest-963332414 tempest-AttachVolumeNegativeTest-963332414-project] 10.222.0.15 "GET /v2.0/ports?device_id=16977ea3-6d33-4dd3-be26-939fe4861b61 HTTP/1.1" status: 200 len: 210 time: 0.4040103
Jun 11 18:07:37.409652 dv-cinder-796049-1-iscsi neutron-server[92016]: DEBUG neutron.api.rpc.handlers.resources_rpc [None req-05b347f0-fe2f-4342-a189-2c3a5ef68931 admin admin] Pushing event updated for resources: {'Subnet': ['ID=2c0c652b-8799-42ce-8155-943bf9fe847c,revision_number=0']} {{(pid=92016) push /opt/stack/neutron/neutron/api/rpc/handlers/resources_rpc.py:237}}
Jun 11 18:07:37.512964 dv-cinder-796049-1-iscsi neutron-server[92016]: DEBUG oslo_concurrency.lockutils [None req-05b347f0-fe2f-4342-a189-2c3a5ef68931 admin admin] Lock "event-dispatch" released by "neutron.plugins.ml2.ovo_rpc._ObjectChangeHandler.dispatch_events" :: held 0.467s {{(pid=92016) inner /usr/local/lib/python3.8/dist-packages/oslo_concurrency/lockutils.py:367}}
Jun 11 18:07:37.515562 dv-cinder-796049-1-iscsi neutron-server[92015]: DEBUG neutron.scheduler.dhcp_agent_scheduler [req-acbf9ddd-dcc2-4caf-a4c9-e6a9aec789e3 req-ccad825c-6069-45d0-8199-02261d5f6b38 tempest-DeleteServersTestJSON-1961389557 tempest-DeleteServersTestJSON-1961389557-project] Network 65e010af-7e3b-4fa8-9853-e2eac8d4f614 is already hosted by enough agents. {{(pid=92015) _get_dhcp_agents_hosting_network /opt/stack/neutron/neutron/scheduler/dhcp_agent_scheduler.py:275}}
Jun 11 18:07:37.603469 dv-cinder-796049-1-iscsi neutron-server[92015]: DEBUG neutron.scheduler.base_scheduler [req-acbf9ddd-dcc2-4caf-a4c9-e6a9aec789e3 req-ccad825c-6069-45d0-8199-02261d5f6b38 tempest-DeleteServersTestJSON-1961389557 tempest-DeleteServersTestJSON-1961389557-project] Resources bound (agent type, host, resource id): {{(pid=92015) schedule /opt/stack/neutron/neutron/scheduler/base_scheduler.py:57}}
Jun 11 18:07:37.619264 dv-cinder-796049-1-iscsi neutron-server[92015]: DEBUG neutron.db.l3_dvrscheduler_db [req-acbf9ddd-dcc2-4caf-a4c9-e6a9aec789e3 req-ccad825c-6069-45d0-8199-02261d5f6b38 tempest-DeleteServersTestJSON-1961389557 tempest-DeleteServersTestJSON-1961389557-project] Received port after_create {{(pid=92015) _notify_l3_agent_new_port /opt/stack/neutron/neutron/db/l3_dvrscheduler_db.py:537}}
Jun 11 18:07:37.657616 dv-cinder-796049-1-iscsi neutron-server[92015]: DEBUG neutron.pecan_wsgi.hooks.policy_enforcement [req-acbf9ddd-dcc2-4caf-a4c9-e6a9aec789e3 req-ccad825c-6069-45d0-8199-02261d5f6b38 tempest-DeleteServersTestJSON-1961389557 tempest-DeleteServersTestJSON-1961389557-project] Attributes excluded by policy engine: ['standard_attr_id', 'binding:profile', 'binding:host_id', 'binding:vif_type', 'binding:vif_details', 'network'] {{(pid=92015) _exclude_attributes_by_policy /opt/stack/neutron/neutron/pecan_wsgi/hooks/policy_enforcement.py:255}}
Jun 11 18:07:37.660320 dv-cinder-796049-1-iscsi neutron-server[92015]: DEBUG neutron_lib.callbacks.manager [req-acbf9ddd-dcc2-4caf-a4c9-e6a9aec789e3 req-ccad825c-6069-45d0-8199-02261d5f6b38 tempest-DeleteServersTestJSON-1961389557 tempest-DeleteServersTestJSON-1961389557-project] Notify callbacks ['neutron.notifiers.nova.Notifier._send_nova_notification-233712', 'neutron.api.rpc.agentnotifiers.dhcp_rpc_agent_api.DhcpAgentNotifyAPI._send_dhcp_notification-1585439'] for port, before_response {{(pid=92015) _notify_loop /usr/local/lib/python3.8/dist-packages/neutron_lib/callbacks/manager.py:192}}
Jun 11 18:07:37.807477 dv-cinder-796049-1-iscsi neutron-server[92015]: DEBUG neutron.api.rpc.handlers.resources_rpc [None req-ccad825c-6069-45d0-8199-02261d5f6b38 tempest-DeleteServersTestJSON-1961389557 tempest-DeleteServersTestJSON-1961389557-project] Pushing event updated for resources: {'Port': ['ID=075f211e-3763-44fa-9d5b-a941993f1104,revision_number=1']} {{(pid=92015) push /opt/stack/neutron/neutron/api/rpc/handlers/resources_rpc.py:237}}
Jun 11 18:07:37.810379 dv-cinder-796049-1-iscsi neutron-server[92017]: DEBUG neutron.plugins.ml2.managers [None req-fe204f66-f146-499b-b44d-dfc9729999bb None None] Attempting to bind port d271e6d1-7f17-4d65-97f2-2db4df053448 on host dv-cinder-796049-1-iscsi for vnic_type normal with profile {{(pid=92017) bind_port /opt/stack/neutron/neutron/plugins/ml2/managers.py:790}}
Jun 11 18:07:37.811283 dv-cinder-796049-1-iscsi neutron-server[92017]: DEBUG neutron.plugins.ml2.managers [None req-fe204f66-f146-499b-b44d-dfc9729999bb None None] Attempting to bind port d271e6d1-7f17-4d65-97f2-2db4df053448 by drivers openvswitch,hyperv on host dv-cinder-796049-1-iscsi at level 0 using segments [{'id': '5a01ca4e-791a-4b6a-a6a9-565b4d57065a', 'network_type': 'vlan', 'physical_network': 'physnet1', 'segmentation_id': 797, 'network_id': '10e739d9-43a5-46a7-afb2-324284d3a27f'}] {{(pid=92017) _bind_port_level /opt/stack/neutron/neutron/plugins/ml2/managers.py:815}}
Jun 11 18:07:37.812126 dv-cinder-796049-1-iscsi neutron-server[92017]: DEBUG neutron.plugins.ml2.drivers.mech_agent [None req-fe204f66-f146-499b-b44d-dfc9729999bb None None] Attempting to bind port d271e6d1-7f17-4d65-97f2-2db4df053448 on network 10e739d9-43a5-46a7-afb2-324284d3a27f {{(pid=92017) bind_port /opt/stack/neutron/neutron/plugins/ml2/drivers/mech_agent.py:86}}
Jun 11 18:07:37.824559 dv-cinder-796049-1-iscsi neutron-server[92015]: DEBUG oslo_concurrency.lockutils [None req-ccad825c-6069-45d0-8199-02261d5f6b38 tempest-DeleteServersTestJSON-1961389557 tempest-DeleteServersTestJSON-1961389557-project] Lock "event-dispatch" released by "neutron.plugins.ml2.ovo_rpc._ObjectChangeHandler.dispatch_events" :: held 0.839s {{(pid=92015) inner /usr/local/lib/python3.8/dist-packages/oslo_concurrency/lockutils.py:367}}
Jun 11 18:07:37.830344 dv-cinder-796049-1-iscsi neutron-server[92017]: DEBUG neutron.plugins.ml2.drivers.mech_agent [None req-fe204f66-f146-499b-b44d-dfc9729999bb None None] Checking agent: {'id': '42bfabdf-821c-4843-b580-9169770fa2a6', 'agent_type': 'Open vSwitch agent', 'binary': 'neutron-openvswitch-agent', 'topic': 'N/A', 'host': 'dv-cinder-796049-1-iscsi', 'admin_state_up': True, 'created_at': datetime.datetime(2021, 6, 11, 17, 58, 28), 'started_at': datetime.datetime(2021, 6, 11, 17, 58, 58), 'heartbeat_timestamp': datetime.datetime(2021, 6, 11, 18, 7, 28), 'description': None, 'resources_synced': None, 'availability_zone': None, 'alive': True, 'configurations': {'arp_responder_enabled': False, 'baremetal_smartnic': False, 'bridge_mappings': {'physnet1': 'br-data'}, 'datapath_type': 'system', 'devices': 0, 'enable_distributed_routing': False, 'extensions': [], 'in_distributed_mode': False, 'integration_bridge': 'br-int', 'l2_population': False, 'log_agent_heartbeats': False, 'ovs_capabilities': {'datapath_types': ['netdev', 'system'], 'iface_types': ['erspan', 'geneve', 'gre', 'internal', 'ip6erspan', 'ip6gre', 'lisp', 'patch', 'stt', 'system', 'tap', 'vxlan']}, 'ovs_hybrid_plug': False, 'resource_provider_bandwidths': {}, 'resource_provider_hypervisors': {'br-data': 'dv-cinder-796049-1-iscsi'}, 'resource_provider_inventory_defaults': {'allocation_ratio': 1.0, 'min_unit': 1, 'step_size': 1, 'reserved': 0}, 'tunnel_types': [], 'tunneling_ip': None, 'vhostuser_socket_dir': '/var/run/openvswitch'}, 'resource_versions': {'AddressGroup': '1.2', 'ConntrackHelper': '1.0', 'Log': '1.0', 'Network': '1.1', 'Port': '1.7', 'PortForwarding': '1.2', 'QosPolicy': '1.8', 'SecurityGroup': '1.4', 'SecurityGroupRule': '1.2', 'SubPort': '1.0', 'Subnet': '1.1', 'Trunk': '1.1'}} {{(pid=92017) bind_port /opt/stack/neutron/neutron/plugins/ml2/drivers/mech_agent.py:105}}
Jun 11 18:07:37.837469 dv-cinder-796049-1-iscsi neutron-server[92017]: DEBUG neutron.plugins.ml2.drivers.mech_agent [None req-fe204f66-f146-499b-b44d-dfc9729999bb None None] Checking segment: {'id': '5a01ca4e-791a-4b6a-a6a9-565b4d57065a', 'network_type': 'vlan', 'physical_network': 'physnet1', 'segmentation_id': 797, 'network_id': '10e739d9-43a5-46a7-afb2-324284d3a27f'} for mappings: {'physnet1': 'br-data'} with network types: ['local', 'flat', 'vlan'] {{(pid=92017) check_segment_for_agent /opt/stack/neutron/neutron/plugins/ml2/drivers/mech_agent.py:341}}
Jun 11 18:07:37.841743 dv-cinder-796049-1-iscsi neutron-server[92017]: DEBUG neutron_lib.callbacks.manager [None req-fe204f66-f146-499b-b44d-dfc9729999bb None None] Notify callbacks [] for ovs_bridge_name, before_read {{(pid=92017) _notify_loop /usr/local/lib/python3.8/dist-packages/neutron_lib/callbacks/manager.py:192}}
Jun 11 18:07:37.842657 dv-cinder-796049-1-iscsi neutron-server[92017]: DEBUG neutron.plugins.ml2.drivers.mech_agent [None req-fe204f66-f146-499b-b44d-dfc9729999bb None None] Bound using segment: {'id': '5a01ca4e-791a-4b6a-a6a9-565b4d57065a', 'network_type': 'vlan', 'physical_network': 'physnet1', 'segmentation_id': 797, 'network_id': '10e739d9-43a5-46a7-afb2-324284d3a27f'} {{(pid=92017) bind_port /opt/stack/neutron/neutron/plugins/ml2/drivers/mech_agent.py:115}}
Jun 11 18:07:37.844711 dv-cinder-796049-1-iscsi neutron-server[92017]: DEBUG neutron.plugins.ml2.managers [None req-fe204f66-f146-499b-b44d-dfc9729999bb None None] Bound port: d271e6d1-7f17-4d65-97f2-2db4df053448, host: dv-cinder-796049-1-iscsi, vif_type: ovs, vif_details: {"connectivity": "l2", "port_filter": true, "ovs_hybrid_plug": false, "datapath_type": "system", "bridge_name": "br-int"}, binding_levels: [{'bound_driver': 'openvswitch', 'bound_segment': {'id': '5a01ca4e-791a-4b6a-a6a9-565b4d57065a', 'network_type': 'vlan', 'physical_network': 'physnet1', 'segmentation_id': 797, 'network_id': '10e739d9-43a5-46a7-afb2-324284d3a27f'}}] {{(pid=92017) _bind_port_level /opt/stack/neutron/neutron/plugins/ml2/managers.py:928}}
Jun 11 18:07:37.856784 dv-cinder-796049-1-iscsi neutron-server[92017]: DEBUG neutron_lib.callbacks.manager [None req-fe204f66-f146-499b-b44d-dfc9729999bb None None] Notify callbacks ['neutron.plugins.ml2.plugin.SecurityGroupDbMixin._ensure_default_security_group_handler_port-1453862'] for port, before_update {{(pid=92017) _notify_loop /usr/local/lib/python3.8/dist-packages/neutron_lib/callbacks/manager.py:192}}
Jun 11 18:07:37.918740 dv-cinder-796049-1-iscsi neutron-server[92016]: DEBUG neutron_lib.callbacks.manager [None req-dcfff948-263f-4e75-b360-742a8363e217 tempest-AttachVolumeShelveTestJSON-1762934251 tempest-AttachVolumeShelveTestJSON-1762934251-project] Notify callbacks [] for security_group, precommit_create {{(pid=92016) _notify_loop /usr/local/lib/python3.8/dist-packages/neutron_lib/callbacks/manager.py:192}}
Jun 11 18:07:37.979463 dv-cinder-796049-1-iscsi neutron-server[92016]: DEBUG neutron_lib.callbacks.manager [None req-dcfff948-263f-4e75-b360-742a8363e217 tempest-AttachVolumeShelveTestJSON-1762934251 tempest-AttachVolumeShelveTestJSON-1762934251-project] Notify callbacks ['neutron.plugins.ml2.ovo_rpc._ObjectChangeHandler.handle_event-523910'] for security_group, after_create {{(pid=92016) _notify_loop /usr/local/lib/python3.8/dist-packages/neutron_lib/callbacks/manager.py:192}}
Jun 11 18:07:37.990213 dv-cinder-796049-1-iscsi neutron-server[92015]: INFO neutron.wsgi [req-acbf9ddd-dcc2-4caf-a4c9-e6a9aec789e3 req-ccad825c-6069-45d0-8199-02261d5f6b38 tempest-DeleteServersTestJSON-1961389557 tempest-DeleteServersTestJSON-1961389557-project] 10.222.0.82 "POST /v2.0/ports HTTP/1.1" status: 201 len: 934 time: 5.8533728
Jun 11 18:07:37.993725 dv-cinder-796049-1-iscsi neutron-server[92015]: DEBUG neutron_lib.callbacks.manager [req-b309d65f-0391-4891-9aa2-30fc8804b77a req-195e3c65-ae1b-4103-83d7-b68c3c4b3b70 tempest-AttachVolumeNegativeTest-963332414 tempest-AttachVolumeNegativeTest-963332414-project] Notify callbacks ['neutron.plugins.ml2.plugin.SecurityGroupServerNotifierRpcMixin._notify_sg_on_port_after_update-1454071', 'neutron.plugins.ml2.ovo_rpc._ObjectChangeHandler.handle_payload_event-234557', 'neutron.api.rpc.agentnotifiers.dhcp_rpc_agent_api.DhcpAgentNotifyAPI._native_event_send_dhcp_notification_payload-1585466', 'neutron.db.l3_dvrscheduler_db._notify_l3_agent_new_port-8788191476008'] for port, after_create {{(pid=92015) _notify_loop /usr/local/lib/python3.8/dist-packages/neutron_lib/callbacks/manager.py:192}}
Jun 11 18:07:38.019213 dv-cinder-796049-1-iscsi neutron-server[92015]: DEBUG neutron.wsgi [req-acbf9ddd-dcc2-4caf-a4c9-e6a9aec789e3 req-43060962-60eb-41d2-a8fa-9ee78343975a tempest-DeleteServersTestJSON-1961389557 tempest-DeleteServersTestJSON-1961389557-project] http://10.222.0.15:9696/v2.0/extensions returned with HTTP 200 {{(pid=92015) __call__ /opt/stack/neutron/neutron/wsgi.py:729}}
Jun 11 18:07:38.026333 dv-cinder-796049-1-iscsi neutron-server[92015]: INFO neutron.wsgi [req-acbf9ddd-dcc2-4caf-a4c9-e6a9aec789e3 req-43060962-60eb-41d2-a8fa-9ee78343975a tempest-DeleteServersTestJSON-1961389557 tempest-DeleteServersTestJSON-1961389557-project] 10.222.0.82 "GET /v2.0/extensions HTTP/1.1" status: 200 len: 13640 time: 0.0194669
Jun 11 18:07:38.076874 dv-cinder-796049-1-iscsi neutron-server[92016]: DEBUG oslo_concurrency.lockutils [-] Lock "event-dispatch" acquired by "neutron.plugins.ml2.ovo_rpc._ObjectChangeHandler.dispatch_events" :: waited 0.000s {{(pid=92016) inner /usr/local/lib/python3.8/dist-packages/oslo_concurrency/lockutils.py:355}}
Jun 11 18:07:38.090745 dv-cinder-796049-1-iscsi neutron-server[92017]: DEBUG neutron.plugins.ml2.db [None req-fe204f66-f146-499b-b44d-dfc9729999bb None None] For port d271e6d1-7f17-4d65-97f2-2db4df053448, host dv-cinder-796049-1-iscsi, cleared binding levels {{(pid=92017) clear_binding_levels /opt/stack/neutron/neutron/plugins/ml2/db.py:88}}
Jun 11 18:07:38.101196 dv-cinder-796049-1-iscsi neutron-server[92017]: DEBUG neutron.plugins.ml2.db [None req-fe204f66-f146-499b-b44d-dfc9729999bb None None] For port d271e6d1-7f17-4d65-97f2-2db4df053448, host dv-cinder-796049-1-iscsi, set binding levels [PortBindingLevel(driver='openvswitch',host='dv-cinder-796049-1-iscsi',level=0,port_id=d271e6d1-7f17-4d65-97f2-2db4df053448,segment=NetworkSegment(5a01ca4e-791a-4b6a-a6a9-565b4d57065a),segment_id=5a01ca4e-791a-4b6a-a6a9-565b4d57065a)] {{(pid=92017) set_binding_levels /opt/stack/neutron/neutron/plugins/ml2/db.py:60}}
Jun 11 18:07:38.112883 dv-cinder-796049-1-iscsi neutron-server[92017]: DEBUG neutron_lib.callbacks.manager [None req-fe204f66-f146-499b-b44d-dfc9729999bb None None] Notify callbacks ['neutron.plugins.ml2.plugin.SecurityGroupServerNotifierRpcMixin.notify_sg_on_port_change-1454028', 'neutron.plugins.ml2.ovo_rpc._ObjectChangeHandler.handle_event-234190', 'neutron.api.rpc.agentnotifiers.dhcp_rpc_agent_api.DhcpAgentNotifyAPI._native_event_send_dhcp_notification-1585441', 'neutron.db.l3_db.L3RpcNotifierMixin._notify_gateway_port_ip_changed-8788191868739', 'neutron.db.l3_dvrscheduler_db._notify_l3_agent_port_update-8788191476026', 'neutron.db.l3_hascheduler_db._notify_l3_agent_ha_port_update-8788191476071'] for port, after_update {{(pid=92017) _notify_loop /usr/local/lib/python3.8/dist-packages/neutron_lib/callbacks/manager.py:192}}
Jun 11 18:07:38.121247 dv-cinder-796049-1-iscsi neutron-server[92017]: DEBUG oslo_concurrency.lockutils [None req-40ef458b-5d86-4906-8b68-6fc2a67356bf None None] Lock "event-dispatch" acquired by "neutron.plugins.ml2.ovo_rpc._ObjectChangeHandler.dispatch_events" :: waited 0.001s {{(pid=92017) inner /usr/local/lib/python3.8/dist-packages/oslo_concurrency/lockutils.py:355}}
Jun 11 18:07:38.155859 dv-cinder-796049-1-iscsi neutron-server[92016]: DEBUG neutron.api.rpc.handlers.resources_rpc [None req-dcfff948-263f-4e75-b360-742a8363e217 tempest-AttachVolumeShelveTestJSON-1762934251 tempest-AttachVolumeShelveTestJSON-1762934251-project] Pushing event updated for resources: {'SecurityGroup': ['ID=f2401e3e-fba5-41ba-8094-4a8050f4a4eb,revision_number=1']} {{(pid=92016) push /opt/stack/neutron/neutron/api/rpc/handlers/resources_rpc.py:237}}
Jun 11 18:07:38.215130 dv-cinder-796049-1-iscsi neutron-server[92016]: DEBUG oslo_concurrency.lockutils [None req-dcfff948-263f-4e75-b360-742a8363e217 tempest-AttachVolumeShelveTestJSON-1762934251 tempest-AttachVolumeShelveTestJSON-1762934251-project] Lock "event-dispatch" released by "neutron.plugins.ml2.ovo_rpc._ObjectChangeHandler.dispatch_events" :: held 0.136s {{(pid=92016) inner /usr/local/lib/python3.8/dist-packages/oslo_concurrency/lockutils.py:367}}
Jun 11 18:07:38.392570 dv-cinder-796049-1-iscsi neutron-server[92017]: DEBUG neutron.db.l3_dvrscheduler_db [None req-fe204f66-f146-499b-b44d-dfc9729999bb None None] Routers {'63b41088-b67b-4728-9c55-ffed49f75ebf'} bound to L3 agent in host dv-cinder-796049-1-iscsi {{(pid=92017) _get_router_ids_for_agent /opt/stack/neutron/neutron/db/l3_dvrscheduler_db.py:422}}
Jun 11 18:07:38.394265 dv-cinder-796049-1-iscsi neutron-server[92017]: DEBUG neutron.db.l3_hamode_db [None req-fe204f66-f146-499b-b44d-dfc9729999bb None None] neutron.services.l3_router.l3_router_plugin.L3RouterPlugin method get_ha_sync_data_for_host called with arguments (, 'dv-cinder-796049-1-iscsi', Agent(admin_state_up=True,agent_type='L3 agent',availability_zone='nova',binary='neutron-l3-agent',configurations={"agent_mode": "legacy", "ex_gw_ports": 2, "extensions": [], "floating_ips": 0, "handle_internal_only_routers": true, "interface_driver": "openvswitch", "interfaces": 1, "log_agent_heartbeats": false, "routers": 2},created_at=2021-06-11T17:58:28Z,description=,heartbeat_timestamp=2021-06-11T18:07:28Z,host='dv-cinder-796049-1-iscsi',id=cb3009a7-db73-4a60-964f-c2d36eee3374,load=0,resource_versions=,resources_synced=,started_at=2021-06-11T17:58:28Z,topic='l3_agent')) {'router_ids': ['63b41088-b67b-4728-9c55-ffed49f75ebf'], 'active': True} {{(pid=92017) wrapper /usr/local/lib/python3.8/dist-packages/oslo_log/helpers.py:65}}
Jun 11 18:07:38.420256 dv-cinder-796049-1-iscsi neutron-server[92017]: DEBUG neutron.api.rpc.handlers.resources_rpc [None req-573e90e5-4f87-4b06-a56d-2904f007414b None None] Pushing event updated for resources: {'Port': ['ID=d271e6d1-7f17-4d65-97f2-2db4df053448,revision_number=4']} {{(pid=92017) push /opt/stack/neutron/neutron/api/rpc/handlers/resources_rpc.py:237}}
Jun 11 18:07:38.440404 dv-cinder-796049-1-iscsi neutron-server[92017]: DEBUG oslo_concurrency.lockutils [None req-573e90e5-4f87-4b06-a56d-2904f007414b None None] Lock "event-dispatch" released by "neutron.plugins.ml2.ovo_rpc._ObjectChangeHandler.dispatch_events" :: held 0.319s {{(pid=92017) inner /usr/local/lib/python3.8/dist-packages/oslo_concurrency/lockutils.py:367}}
Jun 11 18:07:38.454407 dv-cinder-796049-1-iscsi neutron-server[92016]: DEBUG neutron_lib.callbacks.manager [None req-b2bd5091-dc3d-43b4-9574-a8960ba8ca08 admin admin] Notify callbacks [] for security_group, precommit_create {{(pid=92016) _notify_loop /usr/local/lib/python3.8/dist-packages/neutron_lib/callbacks/manager.py:192}}
Jun 11 18:07:38.498391 dv-cinder-796049-1-iscsi neutron-server[92016]: DEBUG neutron_lib.callbacks.manager [None req-b2bd5091-dc3d-43b4-9574-a8960ba8ca08 admin admin] Notify callbacks ['neutron.plugins.ml2.ovo_rpc._ObjectChangeHandler.handle_event-523910'] for security_group, after_create {{(pid=92016) _notify_loop /usr/local/lib/python3.8/dist-packages/neutron_lib/callbacks/manager.py:192}}
Jun 11 18:07:38.629680 dv-cinder-796049-1-iscsi neutron-server[92016]: DEBUG oslo_concurrency.lockutils [-] Lock "event-dispatch" acquired by "neutron.plugins.ml2.ovo_rpc._ObjectChangeHandler.dispatch_events" :: waited 0.000s {{(pid=92016) inner /usr/local/lib/python3.8/dist-packages/oslo_concurrency/lockutils.py:355}}
Jun 11 18:07:38.725647 dv-cinder-796049-1-iscsi neutron-server[92015]: DEBUG oslo_concurrency.lockutils [-] Lock "event-dispatch" acquired by "neutron.plugins.ml2.ovo_rpc._ObjectChangeHandler.dispatch_events" :: waited 0.000s {{(pid=92015) inner /usr/local/lib/python3.8/dist-packages/oslo_concurrency/lockutils.py:355}}
Jun 11 18:07:38.775181 dv-cinder-796049-1-iscsi neutron-server[92016]: INFO neutron.wsgi [None req-b2bd5091-dc3d-43b4-9574-a8960ba8ca08 admin admin] 10.222.0.15 "GET /v2.0/security-groups?tenant_id=20831c61b6f14059be5ea501b02eeca8&name=default HTTP/1.1" status: 200 len: 2979 time: 3.5175087
Jun 11 18:07:38.794973 dv-cinder-796049-1-iscsi neutron-server[92016]: DEBUG neutron.api.rpc.handlers.resources_rpc [None req-b2bd5091-dc3d-43b4-9574-a8960ba8ca08 admin admin] Pushing event updated for resources: {'SecurityGroup': ['ID=cd15acda-70f6-45ee-87a9-92eb0e3dbf50,revision_number=1']} {{(pid=92016) push /opt/stack/neutron/neutron/api/rpc/handlers/resources_rpc.py:237}}
Jun 11 18:07:38.817260 dv-cinder-796049-1-iscsi neutron-server[92016]: DEBUG oslo_concurrency.lockutils [None req-b2bd5091-dc3d-43b4-9574-a8960ba8ca08 admin admin] Lock "event-dispatch" released by "neutron.plugins.ml2.ovo_rpc._ObjectChangeHandler.dispatch_events" :: held 0.188s {{(pid=92016) inner /usr/local/lib/python3.8/dist-packages/oslo_concurrency/lockutils.py:367}}
Jun 11 18:07:38.822563 dv-cinder-796049-1-iscsi neutron-server[92016]: DEBUG neutron_lib.callbacks.manager [None req-dcfff948-263f-4e75-b360-742a8363e217 tempest-AttachVolumeShelveTestJSON-1762934251 tempest-AttachVolumeShelveTestJSON-1762934251-project] Notify callbacks [] for security_group, before_response {{(pid=92016) _notify_loop /usr/local/lib/python3.8/dist-packages/neutron_lib/callbacks/manager.py:192}}
Jun 11 18:07:38.842695 dv-cinder-796049-1-iscsi neutron-server[92016]: INFO neutron.wsgi [None req-dcfff948-263f-4e75-b360-742a8363e217 tempest-AttachVolumeShelveTestJSON-1762934251 tempest-AttachVolumeShelveTestJSON-1762934251-project] 10.222.0.15 "POST /v2.0/security-groups HTTP/1.1" status: 201 len: 1779 time: 3.6219633
Jun 11 18:07:38.850429 dv-cinder-796049-1-iscsi neutron-server[92016]: DEBUG neutron.wsgi [-] (92016) accepted ('10.222.0.15', 34346) {{(pid=92016) server /usr/local/lib/python3.8/dist-packages/eventlet/wsgi.py:992}}
Jun 11 18:07:38.850954 dv-cinder-796049-1-iscsi neutron-server[92016]: DEBUG neutron.wsgi [-] (92016) accepted ('10.222.0.15', 34358) {{(pid=92016) server /usr/local/lib/python3.8/dist-packages/eventlet/wsgi.py:992}}
Jun 11 18:07:38.864292 dv-cinder-796049-1-iscsi neutron-server[92016]: DEBUG neutron.plugins.ml2.drivers.mech_agent [None req-05b347f0-fe2f-4342-a189-2c3a5ef68931 admin admin] Checking segment: {'id': '3bb66bb5-b4ab-497a-aa59-6bb524b7f092', 'network_type': 'vlan', 'physical_network': 'physnet1', 'segmentation_id': 798, 'network_id': 'cd381af1-a728-431a-ae25-682c41b348bb'} for mappings: {'physnet1': 'br-data'} with network types: ['local', 'flat', 'vlan'] {{(pid=92016) check_segment_for_agent /opt/stack/neutron/neutron/plugins/ml2/drivers/mech_agent.py:341}}
Jun 11 18:07:38.864292 dv-cinder-796049-1-iscsi neutron-server[92016]: DEBUG neutron.scheduler.dhcp_agent_scheduler [None req-05b347f0-fe2f-4342-a189-2c3a5ef68931 admin admin] Network hostable DHCP agents. Network: cd381af1-a728-431a-ae25-682c41b348bb, hostable agents: ['19701369-413b-4a22-bf84-26edcd1646ee'], hosted agents: [] {{(pid=92016) _get_network_hostable_dhcp_agents /opt/stack/neutron/neutron/scheduler/dhcp_agent_scheduler.py:329}}
Jun 11 18:07:38.923959 dv-cinder-796049-1-iscsi neutron-server[92016]: DEBUG neutron.api.v2.base [None req-d6d99a0e-3bd0-4823-960d-b025aa597fdb tempest-AttachVolumeShelveTestJSON-1762934251 tempest-AttachVolumeShelveTestJSON-1762934251-project] Request body: {'security_group_rule': {'security_group_id': 'f2401e3e-fba5-41ba-8094-4a8050f4a4eb', 'protocol': 'tcp', 'ethertype': 'IPv4', 'port_range_min': 22, 'port_range_max': 22, 'direction': 'ingress'}} {{(pid=92016) prepare_request_body /opt/stack/neutron/neutron/api/v2/base.py:729}}
Jun 11 18:07:39.126626 dv-cinder-796049-1-iscsi neutron-server[92015]: DEBUG neutron.api.rpc.handlers.resources_rpc [None req-195e3c65-ae1b-4103-83d7-b68c3c4b3b70 tempest-AttachVolumeNegativeTest-963332414 tempest-AttachVolumeNegativeTest-963332414-project] Pushing event updated for resources: {'Port': ['ID=acada3c6-9081-4981-b945-e25141c5c389,revision_number=1']} {{(pid=92015) push /opt/stack/neutron/neutron/api/rpc/handlers/resources_rpc.py:237}}
Jun 11 18:07:39.153717 dv-cinder-796049-1-iscsi neutron-server[92017]: DEBUG neutron.db.l3_dvr_db [None req-fe204f66-f146-499b-b44d-dfc9729999bb None None] Set router 63b41088-b67b-4728-9c55-ffed49f75ebf gateway port host: dv-cinder-796049-1-iscsi {{(pid=92017) _build_routers_list /opt/stack/neutron/neutron/db/l3_dvr_db.py:841}}
Jun 11 18:07:39.156309 dv-cinder-796049-1-iscsi neutron-server[92015]: DEBUG oslo_concurrency.lockutils [None req-195e3c65-ae1b-4103-83d7-b68c3c4b3b70 tempest-AttachVolumeNegativeTest-963332414 tempest-AttachVolumeNegativeTest-963332414-project] Lock "event-dispatch" released by "neutron.plugins.ml2.ovo_rpc._ObjectChangeHandler.dispatch_events" :: held 0.430s {{(pid=92015) inner /usr/local/lib/python3.8/dist-packages/oslo_concurrency/lockutils.py:367}}
Jun 11 18:07:39.255126 dv-cinder-796049-1-iscsi neutron-server[92016]: DEBUG neutron_lib.callbacks.manager [None req-d6d99a0e-3bd0-4823-960d-b025aa597fdb tempest-AttachVolumeShelveTestJSON-1762934251 tempest-AttachVolumeShelveTestJSON-1762934251-project] Notify callbacks [] for security_group_rule, before_create {{(pid=92016) _notify_loop /usr/local/lib/python3.8/dist-packages/neutron_lib/callbacks/manager.py:192}}
Jun 11 18:07:39.297811 dv-cinder-796049-1-iscsi neutron-server[92015]: DEBUG neutron.scheduler.dhcp_agent_scheduler [req-b309d65f-0391-4891-9aa2-30fc8804b77a req-195e3c65-ae1b-4103-83d7-b68c3c4b3b70 tempest-AttachVolumeNegativeTest-963332414 tempest-AttachVolumeNegativeTest-963332414-project] Network be8dea01-a324-469a-a408-fff0eb66b54b is already hosted by enough agents. {{(pid=92015) _get_dhcp_agents_hosting_network /opt/stack/neutron/neutron/scheduler/dhcp_agent_scheduler.py:275}}
Jun 11 18:07:39.349227 dv-cinder-796049-1-iscsi neutron-server[92015]: DEBUG neutron.scheduler.base_scheduler [req-b309d65f-0391-4891-9aa2-30fc8804b77a req-195e3c65-ae1b-4103-83d7-b68c3c4b3b70 tempest-AttachVolumeNegativeTest-963332414 tempest-AttachVolumeNegativeTest-963332414-project] Resources bound (agent type, host, resource id): {{(pid=92015) schedule /opt/stack/neutron/neutron/scheduler/base_scheduler.py:57}}
Jun 11 18:07:39.367055 dv-cinder-796049-1-iscsi neutron-server[92015]: DEBUG neutron.db.l3_dvrscheduler_db [req-b309d65f-0391-4891-9aa2-30fc8804b77a req-195e3c65-ae1b-4103-83d7-b68c3c4b3b70 tempest-AttachVolumeNegativeTest-963332414 tempest-AttachVolumeNegativeTest-963332414-project] Received port after_create {{(pid=92015) _notify_l3_agent_new_port /opt/stack/neutron/neutron/db/l3_dvrscheduler_db.py:537}}
Jun 11 18:07:39.408041 dv-cinder-796049-1-iscsi neutron-server[92015]: DEBUG neutron.pecan_wsgi.hooks.policy_enforcement [req-b309d65f-0391-4891-9aa2-30fc8804b77a req-195e3c65-ae1b-4103-83d7-b68c3c4b3b70 tempest-AttachVolumeNegativeTest-963332414 tempest-AttachVolumeNegativeTest-963332414-project] Attributes excluded by policy engine: ['standard_attr_id', 'binding:profile', 'binding:host_id', 'binding:vif_type', 'binding:vif_details', 'network'] {{(pid=92015) _exclude_attributes_by_policy /opt/stack/neutron/neutron/pecan_wsgi/hooks/policy_enforcement.py:255}}
Jun 11 18:07:39.409202 dv-cinder-796049-1-iscsi neutron-server[92015]: DEBUG neutron_lib.callbacks.manager [req-b309d65f-0391-4891-9aa2-30fc8804b77a req-195e3c65-ae1b-4103-83d7-b68c3c4b3b70 tempest-AttachVolumeNegativeTest-963332414 tempest-AttachVolumeNegativeTest-963332414-project] Notify callbacks ['neutron.notifiers.nova.Notifier._send_nova_notification-233712', 'neutron.api.rpc.agentnotifiers.dhcp_rpc_agent_api.DhcpAgentNotifyAPI._send_dhcp_notification-1585439'] for port, before_response {{(pid=92015) _notify_loop /usr/local/lib/python3.8/dist-packages/neutron_lib/callbacks/manager.py:192}}
Jun 11 18:07:39.486017 dv-cinder-796049-1-iscsi neutron-server[92016]: DEBUG neutron.scheduler.dhcp_agent_scheduler [None req-05b347f0-fe2f-4342-a189-2c3a5ef68931 admin admin] Network cd381af1-a728-431a-ae25-682c41b348bb is scheduled to be hosted by DHCP agent 19701369-413b-4a22-bf84-26edcd1646ee with binding_index 1 {{(pid=92016) bind /opt/stack/neutron/neutron/scheduler/dhcp_agent_scheduler.py:227}}
Jun 11 18:07:39.554471 dv-cinder-796049-1-iscsi neutron-server[92015]: INFO neutron.wsgi [req-b309d65f-0391-4891-9aa2-30fc8804b77a req-195e3c65-ae1b-4103-83d7-b68c3c4b3b70 tempest-AttachVolumeNegativeTest-963332414 tempest-AttachVolumeNegativeTest-963332414-project] 10.222.0.82 "POST /v2.0/ports HTTP/1.1" status: 201 len: 933 time: 9.4211822
Jun 11 18:07:39.616295 dv-cinder-796049-1-iscsi neutron-server[92015]: DEBUG neutron.api.v2.base [req-acbf9ddd-dcc2-4caf-a4c9-e6a9aec789e3 req-42b1acd2-6f39-4475-9fcc-93822ce11a45 service neutron] Request body: {'port': {'device_id': '7885ef4c-002d-434e-8bc3-e003b3c4187f', 'device_owner': 'compute:nova', 'binding:host_id': 'hv-cinder-79604'}} {{(pid=92015) prepare_request_body /opt/stack/neutron/neutron/api/v2/base.py:729}}
Jun 11 18:07:39.625143 dv-cinder-796049-1-iscsi neutron-server[92016]: DEBUG neutron.scheduler.base_scheduler [None req-05b347f0-fe2f-4342-a189-2c3a5ef68931 admin admin] Resources bound (agent type, host, resource id): (DHCP agent, dv-cinder-796049-1-iscsi, cd381af1-a728-431a-ae25-682c41b348bb) {{(pid=92016) schedule /opt/stack/neutron/neutron/scheduler/base_scheduler.py:57}}
Jun 11 18:07:39.629698 dv-cinder-796049-1-iscsi neutron-server[92016]: DEBUG neutron_lib.callbacks.manager [None req-336b6be9-d7c1-45e1-9249-1b866f5575c8 admin admin] Notify callbacks [] for security_group, before_delete {{(pid=92016) _notify_loop /usr/local/lib/python3.8/dist-packages/neutron_lib/callbacks/manager.py:192}}
Jun 11 18:07:39.659143 dv-cinder-796049-1-iscsi neutron-server[92017]: DEBUG neutron.api.rpc.handlers.dhcp_rpc [None req-a7bb6010-848c-4dcd-9adf-b0a649dc4f51 None None] Network cd381af1-a728-431a-ae25-682c41b348bb requested from dv-cinder-796049-1-iscsi {{(pid=92017) get_network_info /opt/stack/neutron/neutron/api/rpc/handlers/dhcp_rpc.py:218}}
Jun 11 18:07:39.668890 dv-cinder-796049-1-iscsi neutron-server[92016]: DEBUG neutron.pecan_wsgi.hooks.policy_enforcement [None req-05b347f0-fe2f-4342-a189-2c3a5ef68931 admin admin] Attributes excluded by policy engine: ['standard_attr_id', 'shared', 'network'] {{(pid=92016) _exclude_attributes_by_policy /opt/stack/neutron/neutron/pecan_wsgi/hooks/policy_enforcement.py:255}}
Jun 11 18:07:39.669737 dv-cinder-796049-1-iscsi neutron-server[92016]: DEBUG neutron_lib.callbacks.manager [None req-05b347f0-fe2f-4342-a189-2c3a5ef68931 admin admin] Notify callbacks ['neutron.api.rpc.agentnotifiers.dhcp_rpc_agent_api.DhcpAgentNotifyAPI._send_dhcp_notification-1585439'] for subnet, before_response {{(pid=92016) _notify_loop /usr/local/lib/python3.8/dist-packages/neutron_lib/callbacks/manager.py:192}}
Jun 11 18:07:39.698997 dv-cinder-796049-1-iscsi neutron-server[92015]: DEBUG neutron.api.v2.base [req-b309d65f-0391-4891-9aa2-30fc8804b77a req-37d153fd-b0e3-4a00-a38a-7ac3563a785c service neutron] Request body: {'port': {'device_id': '16977ea3-6d33-4dd3-be26-939fe4861b61', 'device_owner': 'compute:nova', 'binding:host_id': 'hv-cinder-79604'}} {{(pid=92015) prepare_request_body /opt/stack/neutron/neutron/api/v2/base.py:729}}
Jun 11 18:07:39.855818 dv-cinder-796049-1-iscsi neutron-server[92016]: DEBUG neutron_lib.callbacks.manager [None req-336b6be9-d7c1-45e1-9249-1b866f5575c8 admin admin] Notify callbacks [] for security_group, precommit_delete {{(pid=92016) _notify_loop /usr/local/lib/python3.8/dist-packages/neutron_lib/callbacks/manager.py:192}}
Jun 11 18:07:39.915943 dv-cinder-796049-1-iscsi neutron-server[92016]: INFO neutron.wsgi [None req-05b347f0-fe2f-4342-a189-2c3a5ef68931 admin admin] 10.222.0.15 "POST /v2.0/subnets HTTP/1.1" status: 201 len: 845 time: 5.0505619
Jun 11 18:07:39.954720 dv-cinder-796049-1-iscsi neutron-server[92015]: DEBUG neutron.pecan_wsgi.hooks.policy_enforcement [req-518bac1f-c350-42d8-b398-87c01b2e85b2 req-aa379b85-4fef-4583-9112-b82ea657cded tempest-DeleteServersTestJSON-1961389557 tempest-DeleteServersTestJSON-1961389557-project] Attributes excluded by policy engine: ['standard_attr_id', 'binding:profile', 'binding:host_id', 'binding:vif_type', 'binding:vif_details'] {{(pid=92015) _exclude_attributes_by_policy /opt/stack/neutron/neutron/pecan_wsgi/hooks/policy_enforcement.py:255}}
Jun 11 18:07:39.980710 dv-cinder-796049-1-iscsi neutron-server[92015]: INFO neutron.wsgi [req-518bac1f-c350-42d8-b398-87c01b2e85b2 req-aa379b85-4fef-4583-9112-b82ea657cded tempest-DeleteServersTestJSON-1961389557 tempest-DeleteServersTestJSON-1961389557-project] 10.222.0.15 "GET /v2.0/ports?device_id=7885ef4c-002d-434e-8bc3-e003b3c4187f HTTP/1.1" status: 200 len: 932 time: 2.2607472
Jun 11 18:07:39.995157 dv-cinder-796049-1-iscsi neutron-server[92016]: DEBUG neutron_lib.callbacks.manager [None req-d6d99a0e-3bd0-4823-960d-b025aa597fdb tempest-AttachVolumeShelveTestJSON-1762934251 tempest-AttachVolumeShelveTestJSON-1762934251-project] Notify callbacks [] for security_group_rule, precommit_create {{(pid=92016) _notify_loop /usr/local/lib/python3.8/dist-packages/neutron_lib/callbacks/manager.py:192}}
Jun 11 18:07:40.076408 dv-cinder-796049-1-iscsi neutron-server[92016]: DEBUG neutron_lib.callbacks.manager [None req-d6d99a0e-3bd0-4823-960d-b025aa597fdb tempest-AttachVolumeShelveTestJSON-1762934251 tempest-AttachVolumeShelveTestJSON-1762934251-project] Notify callbacks ['neutron.plugins.ml2.ovo_rpc._ObjectChangeHandler.handle_event-510935'] for security_group_rule, after_create {{(pid=92016) _notify_loop /usr/local/lib/python3.8/dist-packages/neutron_lib/callbacks/manager.py:192}}
Jun 11 18:07:40.175639 dv-cinder-796049-1-iscsi neutron-server[92016]: DEBUG oslo_concurrency.lockutils [-] Lock "event-dispatch" acquired by "neutron.plugins.ml2.ovo_rpc._ObjectChangeHandler.dispatch_events" :: waited 0.000s {{(pid=92016) inner /usr/local/lib/python3.8/dist-packages/oslo_concurrency/lockutils.py:355}}
Jun 11 18:07:40.247616 dv-cinder-796049-1-iscsi neutron-server[92015]: INFO neutron.wsgi [req-518bac1f-c350-42d8-b398-87c01b2e85b2 req-3a9f4416-0259-4a06-8288-c6394d8f845a tempest-DeleteServersTestJSON-1961389557 tempest-DeleteServersTestJSON-1961389557-project] 10.222.0.15 "GET /v2.0/security-groups?id=ba7834b3-f28f-4de1-9892-4d3d7e600e5c&fields=id&fields=name HTTP/1.1" status: 200 len: 286 time: 0.2387786
Jun 11 18:07:40.257363 dv-cinder-796049-1-iscsi neutron-server[92016]: DEBUG neutron.api.rpc.handlers.resources_rpc [None req-d6d99a0e-3bd0-4823-960d-b025aa597fdb tempest-AttachVolumeShelveTestJSON-1762934251 tempest-AttachVolumeShelveTestJSON-1762934251-project] Pushing event updated for resources: {'SecurityGroupRule': ['ID=f88050a0-185a-455f-9d0f-91ac2ed0a199,revision_number=0']} {{(pid=92016) push /opt/stack/neutron/neutron/api/rpc/handlers/resources_rpc.py:237}}
Jun 11 18:07:40.273343 dv-cinder-796049-1-iscsi neutron-server[92016]: DEBUG oslo_concurrency.lockutils [None req-d6d99a0e-3bd0-4823-960d-b025aa597fdb tempest-AttachVolumeShelveTestJSON-1762934251 tempest-AttachVolumeShelveTestJSON-1762934251-project] Lock "event-dispatch" released by "neutron.plugins.ml2.ovo_rpc._ObjectChangeHandler.dispatch_events" :: held 0.097s {{(pid=92016) inner /usr/local/lib/python3.8/dist-packages/oslo_concurrency/lockutils.py:367}}
Jun 11 18:07:40.324922 dv-cinder-796049-1-iscsi neutron-server[92016]: DEBUG neutron_lib.callbacks.manager [None req-d6d99a0e-3bd0-4823-960d-b025aa597fdb tempest-AttachVolumeShelveTestJSON-1762934251 tempest-AttachVolumeShelveTestJSON-1762934251-project] Notify callbacks [] for security_group_rule, before_response {{(pid=92016) _notify_loop /usr/local/lib/python3.8/dist-packages/neutron_lib/callbacks/manager.py:192}}
Jun 11 18:07:40.324922 dv-cinder-796049-1-iscsi neutron-server[92016]: INFO neutron.wsgi [None req-d6d99a0e-3bd0-4823-960d-b025aa597fdb tempest-AttachVolumeShelveTestJSON-1762934251 tempest-AttachVolumeShelveTestJSON-1762934251-project] 10.222.0.15 "POST /v2.0/security-group-rules HTTP/1.1" status: 201 len: 764 time: 1.4162900
