Mar 02 15:26:59.998142 dv-cinder-795785-4-smb neutron-server[102907]: DEBUG neutron.api.v2.base [None req-72ac2109-7aee-4b8c-8603-80462b080e7d tempest-AttachVolumeShelveTestJSON-567237746 tempest-AttachVolumeShelveTestJSON-567237746-project] Request body: {'security_group_rule': {'security_group_id': '74390afb-5642-4dc6-991c-bf4486d8e2a5', 'protocol': 'icmp', 'ethertype': 'IPv4', 'direction': 'ingress'}} {{(pid=102907) prepare_request_body /opt/stack/neutron/neutron/api/v2/base.py:729}}
Mar 02 15:27:00.015734 dv-cinder-795785-4-smb neutron-server[102908]: INFO neutron.wsgi [req-415b7f27-f152-4260-8f4c-9a4bad882619 req-0bfe0bab-bb45-4e4e-9377-73cfbbd6be79 tempest-AttachVolumeNegativeTest-998791895 tempest-AttachVolumeNegativeTest-998791895-project] 10.222.0.23 "GET /v2.0/ports?tenant_id=09256866ebaf4044866b947ed105f4c5&fields=id HTTP/1.1" status: 200 len: 302 time: 0.5038993
Mar 02 15:27:00.047968 dv-cinder-795785-4-smb neutron-server[102907]: DEBUG neutron_lib.callbacks.manager [None req-72ac2109-7aee-4b8c-8603-80462b080e7d tempest-AttachVolumeShelveTestJSON-567237746 tempest-AttachVolumeShelveTestJSON-567237746-project] Publish callbacks [] for security_group_rule (bf5e1e60-fb9a-4513-b69d-3cc8dbecf3e5), before_create {{(pid=102907) _notify_loop /usr/local/lib/python3.8/dist-packages/neutron_lib/callbacks/manager.py:176}}
Mar 02 15:27:00.049539 dv-cinder-795785-4-smb neutron-server[102908]: INFO neutron.wsgi [req-240cc654-cc8c-4e22-b95f-4e124d4cdc10 req-1887fd12-c8fd-492c-8d21-e52beffb7f05 tempest-VolumesActionsTest-1151993713 tempest-VolumesActionsTest-1151993713-project] 10.222.0.23 "GET /v2.0/security-groups?id=b16f7886-1175-492b-a0f3-24b764e51ff6&fields=id&fields=name HTTP/1.1" status: 200 len: 286 time: 0.4582264
Mar 02 15:27:00.117110 dv-cinder-795785-4-smb neutron-server[102909]: DEBUG neutron.db.provisioning_blocks [None req-b3d236f7-7337-49db-aef2-e98ae0aff720 None None] Provisioning complete for port 89b1d29c-546d-4952-ad97-a00ce67446a5 triggered by entity DHCP. {{(pid=102909) provisioning_complete /opt/stack/neutron/neutron/db/provisioning_blocks.py:140}}
Mar 02 15:27:00.117938 dv-cinder-795785-4-smb neutron-server[102909]: DEBUG neutron_lib.callbacks.manager [None req-b3d236f7-7337-49db-aef2-e98ae0aff720 None None] Publish callbacks ['neutron.plugins.ml2.plugin.Ml2Plugin._port_provisioned-8339838'] for port (89b1d29c-546d-4952-ad97-a00ce67446a5), provisioning_complete {{(pid=102909) _notify_loop /usr/local/lib/python3.8/dist-packages/neutron_lib/callbacks/manager.py:176}}
Mar 02 15:27:00.205568 dv-cinder-795785-4-smb neutron-server[102907]: DEBUG neutron_lib.callbacks.manager [None req-72ac2109-7aee-4b8c-8603-80462b080e7d tempest-AttachVolumeShelveTestJSON-567237746 tempest-AttachVolumeShelveTestJSON-567237746-project] Publish callbacks [] for security_group_rule (bf5e1e60-fb9a-4513-b69d-3cc8dbecf3e5), precommit_create {{(pid=102907) _notify_loop /usr/local/lib/python3.8/dist-packages/neutron_lib/callbacks/manager.py:176}}
Mar 02 15:27:00.218137 dv-cinder-795785-4-smb neutron-server[102907]: DEBUG neutron_lib.callbacks.manager [None req-72ac2109-7aee-4b8c-8603-80462b080e7d tempest-AttachVolumeShelveTestJSON-567237746 tempest-AttachVolumeShelveTestJSON-567237746-project] Publish callbacks ['neutron.plugins.ml2.ovo_rpc._ObjectChangeHandler.handle_event-559714'] for security_group_rule (bf5e1e60-fb9a-4513-b69d-3cc8dbecf3e5), after_create {{(pid=102907) _notify_loop /usr/local/lib/python3.8/dist-packages/neutron_lib/callbacks/manager.py:176}}
Mar 02 15:27:00.226485 dv-cinder-795785-4-smb neutron-server[102908]: INFO neutron.wsgi [req-415b7f27-f152-4260-8f4c-9a4bad882619 req-38d56961-a7ea-4d22-96c2-6e192ddc83e7 service neutron] 10.222.0.23 "GET /v2.0/networks/31c587da-ab9a-4d8f-b94b-88847230c59f?fields=segments HTTP/1.1" status: 200 len: 212 time: 0.2094321
Mar 02 15:27:00.245476 dv-cinder-795785-4-smb neutron-server[102909]: DEBUG neutron_lib.callbacks.manager [None req-e679c7a1-86c5-489b-a181-4ffe8cbc3614 None None] Publish callbacks ['neutron.services.segments.db._update_segment_host_mapping_for_agent-8765427911051', 'neutron.plugins.ml2.plugin.Ml2Plugin._retry_binding_revived_agents-8339844'] for agent (507db0f5-45a9-4f18-9aca-a1588ec140ae), after_update {{(pid=102909) _notify_loop /usr/local/lib/python3.8/dist-packages/neutron_lib/callbacks/manager.py:176}}
Mar 02 15:27:00.263836 dv-cinder-795785-4-smb neutron-server[102907]: DEBUG neutron_lib.callbacks.manager [None req-72ac2109-7aee-4b8c-8603-80462b080e7d tempest-AttachVolumeShelveTestJSON-567237746 tempest-AttachVolumeShelveTestJSON-567237746-project] Publish callbacks [] for security_group_rule (None), before_response {{(pid=102907) _notify_loop /usr/local/lib/python3.8/dist-packages/neutron_lib/callbacks/manager.py:176}}
Mar 02 15:27:00.281195 dv-cinder-795785-4-smb neutron-server[102907]: INFO neutron.wsgi [None req-72ac2109-7aee-4b8c-8603-80462b080e7d tempest-AttachVolumeShelveTestJSON-567237746 tempest-AttachVolumeShelveTestJSON-567237746-project] 10.222.0.23 "POST /v2.0/security-group-rules HTTP/1.1" status: 201 len: 769 time: 0.2837398
Mar 02 15:27:00.281195 dv-cinder-795785-4-smb neutron-server[102907]: DEBUG neutron.api.rpc.handlers.resources_rpc [None req-72ac2109-7aee-4b8c-8603-80462b080e7d tempest-AttachVolumeShelveTestJSON-567237746 tempest-AttachVolumeShelveTestJSON-567237746-project] Pushing event updated for resources: {'SecurityGroupRule': ['ID=bf5e1e60-fb9a-4513-b69d-3cc8dbecf3e5,revision_number=0']} {{(pid=102907) push /opt/stack/neutron/neutron/api/rpc/handlers/resources_rpc.py:237}}
Mar 02 15:27:00.285617 dv-cinder-795785-4-smb neutron-server[102907]: DEBUG neutron.wsgi [-] (102907) accepted ('10.222.0.23', 53520) {{(pid=102907) server /usr/local/lib/python3.8/dist-packages/eventlet/wsgi.py:1004}}
Mar 02 15:27:00.292093 dv-cinder-795785-4-smb neutron-server[102907]: DEBUG neutron.api.v2.base [None req-ce65eb3f-71a7-4210-9533-c6f47624bbc7 tempest-AttachVolumeShelveTestJSON-567237746 tempest-AttachVolumeShelveTestJSON-567237746-project] Request body: {'floatingip': {'floating_network_id': '2a5af14a-34a4-450f-8b5f-c3b84e359474'}} {{(pid=102907) prepare_request_body /opt/stack/neutron/neutron/api/v2/base.py:729}}
Mar 02 15:27:00.319244 dv-cinder-795785-4-smb neutron-server[102907]: DEBUG neutron_lib.callbacks.manager [None req-ce65eb3f-71a7-4210-9533-c6f47624bbc7 tempest-AttachVolumeShelveTestJSON-567237746 tempest-AttachVolumeShelveTestJSON-567237746-project] Publish callbacks [] for floatingip (None), before_create {{(pid=102907) _notify_loop /usr/local/lib/python3.8/dist-packages/neutron_lib/callbacks/manager.py:176}}
Mar 02 15:27:00.331949 dv-cinder-795785-4-smb neutron-server[102909]: DEBUG neutron.plugins.ml2.plugin [None req-b3d236f7-7337-49db-aef2-e98ae0aff720 None None] Current status of the port 89b1d29c-546d-4952-ad97-a00ce67446a5 is: DOWN; New status is: ACTIVE {{(pid=102909) _update_individual_port_db_status /opt/stack/neutron/neutron/plugins/ml2/plugin.py:2232}}
Mar 02 15:27:00.332336 dv-cinder-795785-4-smb neutron-server[102909]: DEBUG neutron_lib.callbacks.manager [None req-b3d236f7-7337-49db-aef2-e98ae0aff720 None None] Publish callbacks ['neutron.plugins.ml2.plugin.SecurityGroupDbMixin._ensure_default_security_group_handler-8321909'] for port (89b1d29c-546d-4952-ad97-a00ce67446a5), before_update {{(pid=102909) _notify_loop /usr/local/lib/python3.8/dist-packages/neutron_lib/callbacks/manager.py:176}}
Mar 02 15:27:00.334167 dv-cinder-795785-4-smb neutron-server[102909]: DEBUG neutron.api.rpc.handlers.resources_rpc [None req-2b08a088-382e-45c4-a501-2074a68e8d5d None None] Pushing event updated for resources: {'Port': ['ID=89b1d29c-546d-4952-ad97-a00ce67446a5,revision_number=4']} {{(pid=102909) push /opt/stack/neutron/neutron/api/rpc/handlers/resources_rpc.py:237}}
Mar 02 15:27:00.345251 dv-cinder-795785-4-smb neutron-server[102909]: DEBUG neutron.db.l3_dvr_db [None req-fea330a3-1fe3-44f9-8039-c368a890c8a9 None None] Set router 93dc4933-7371-4c3b-8bb1-572d7097d11d gateway port host: dv-cinder-795785-4-smb {{(pid=102909) _build_routers_list /opt/stack/neutron/neutron/db/l3_dvr_db.py:906}}
Mar 02 15:27:00.416251 dv-cinder-795785-4-smb neutron-server[102909]: DEBUG neutron.plugins.ml2.db [None req-b3d236f7-7337-49db-aef2-e98ae0aff720 None None] For port 89b1d29c-546d-4952-ad97-a00ce67446a5, host dv-cinder-795785-4-smb, got binding levels [PortBindingLevel(driver='openvswitch',host='dv-cinder-795785-4-smb',level=0,port_id=89b1d29c-546d-4952-ad97-a00ce67446a5,segment=NetworkSegment(280c046f-866a-4023-9bf9-cd6893382d44),segment_id=280c046f-866a-4023-9bf9-cd6893382d44)] {{(pid=102909) get_binding_level_objs /opt/stack/neutron/neutron/plugins/ml2/db.py:74}}
Mar 02 15:27:00.430259 dv-cinder-795785-4-smb neutron-server[102908]: DEBUG neutron.pecan_wsgi.hooks.policy_enforcement [req-c5cc00c0-3887-483a-a134-8fd42cacc7a7 req-393847f4-266e-427e-a3e0-46995cbd9403 tempest-ServerRescueNegativeTestJSON-1143208371 tempest-ServerRescueNegativeTestJSON-1143208371-project] Attributes excluded by policy engine: ['standard_attr_id', 'binding:profile', 'binding:host_id', 'binding:vif_type', 'binding:vif_details'] {{(pid=102908) _exclude_attributes_by_policy /opt/stack/neutron/neutron/pecan_wsgi/hooks/policy_enforcement.py:255}}
Mar 02 15:27:00.433776 dv-cinder-795785-4-smb neutron-server[102909]: DEBUG neutron_lib.callbacks.manager [None req-b3d236f7-7337-49db-aef2-e98ae0aff720 None None] Publish callbacks ['neutron.plugins.ml2.plugin.SecurityGroupServerNotifierRpcMixin._notify_sg_on_port_change-8321974', 'neutron.plugins.ml2.ovo_rpc._ObjectChangeHandler.handle_event-236430', 'neutron.api.rpc.agentnotifiers.dhcp_rpc_agent_api.DhcpAgentNotifyAPI._native_event_send_dhcp_notification-628477', 'neutron.db.l3_db.L3RpcNotifierMixin._notify_gateway_port_ip_changed-8765428123118', 'neutron.db.l3_dvrscheduler_db._notify_l3_agent_port_update-8765427582199', 'neutron.db.l3_hascheduler_db._notify_l3_agent_ha_port_update-8765427583757'] for port (89b1d29c-546d-4952-ad97-a00ce67446a5), after_update {{(pid=102909) _notify_loop /usr/local/lib/python3.8/dist-packages/neutron_lib/callbacks/manager.py:176}}
Mar 02 15:27:00.436930 dv-cinder-795785-4-smb neutron-server[102908]: INFO neutron.wsgi [req-c5cc00c0-3887-483a-a134-8fd42cacc7a7 req-393847f4-266e-427e-a3e0-46995cbd9403 tempest-ServerRescueNegativeTestJSON-1143208371 tempest-ServerRescueNegativeTestJSON-1143208371-project] 10.222.0.23 "GET /v2.0/ports?device_id=732a214a-a999-4c8e-8f24-a1f4cfc73dac HTTP/1.1" status: 200 len: 945 time: 0.1949549
Mar 02 15:27:00.494481 dv-cinder-795785-4-smb neutron-server[102908]: INFO neutron.wsgi [req-415b7f27-f152-4260-8f4c-9a4bad882619 req-06d90a6f-3f2a-4457-a13e-2458765a894b service neutron] 10.222.0.23 "GET /v2.0/networks/31c587da-ab9a-4d8f-b94b-88847230c59f?fields=provider%3Aphysical_network&fields=provider%3Anetwork_type HTTP/1.1" status: 200 len: 281 time: 0.2667086
Mar 02 15:27:00.503546 dv-cinder-795785-4-smb neutron-server[102907]: DEBUG neutron_lib.callbacks.manager [None req-ce65eb3f-71a7-4210-9533-c6f47624bbc7 tempest-AttachVolumeShelveTestJSON-567237746 tempest-AttachVolumeShelveTestJSON-567237746-project] Publish callbacks ['neutron.plugins.ml2.plugin.SecurityGroupDbMixin._ensure_default_security_group_handler-8321909'] for port (None), before_create {{(pid=102907) _notify_loop /usr/local/lib/python3.8/dist-packages/neutron_lib/callbacks/manager.py:176}}
Mar 02 15:27:00.536585 dv-cinder-795785-4-smb neutron-server[102908]: INFO neutron.wsgi [req-c5cc00c0-3887-483a-a134-8fd42cacc7a7 req-327b4446-b57e-4e9e-9e70-5d8475e8d655 tempest-ServerRescueNegativeTestJSON-1143208371 tempest-ServerRescueNegativeTestJSON-1143208371-project] 10.222.0.23 "GET /v2.0/security-groups?id=518cfed4-7cae-4138-a803-b19ed6d13cde&fields=id&fields=name HTTP/1.1" status: 200 len: 286 time: 0.0912211
Mar 02 15:27:00.668745 dv-cinder-795785-4-smb neutron-server[102907]: DEBUG neutron.db.db_base_plugin_common [None req-ce65eb3f-71a7-4210-9533-c6f47624bbc7 tempest-AttachVolumeShelveTestJSON-567237746 tempest-AttachVolumeShelveTestJSON-567237746-project] Allocated IP 172.28.2.160 (2a5af14a-34a4-450f-8b5f-c3b84e359474/6dc9602e-8d54-4253-ac43-321b85c74d86/cf468ead-e744-4767-854e-53882e7426e6) {{(pid=102907) _store_ip_allocation /opt/stack/neutron/neutron/db/db_base_plugin_common.py:131}}
Mar 02 15:27:00.718361 dv-cinder-795785-4-smb neutron-server[102909]: DEBUG neutron.api.rpc.handlers.resources_rpc [None req-b3d236f7-7337-49db-aef2-e98ae0aff720 None None] Pushing event updated for resources: {'Port': ['ID=89b1d29c-546d-4952-ad97-a00ce67446a5,revision_number=5']} {{(pid=102909) push /opt/stack/neutron/neutron/api/rpc/handlers/resources_rpc.py:237}}
Mar 02 15:27:00.765661 dv-cinder-795785-4-smb neutron-server[102909]: DEBUG neutron.db.provisioning_blocks [None req-a0ad3e16-bd47-4ae4-a474-7b2ba9a6c4d2 None None] Provisioning complete for port 89b1d29c-546d-4952-ad97-a00ce67446a5 triggered by entity DHCP. {{(pid=102909) provisioning_complete /opt/stack/neutron/neutron/db/provisioning_blocks.py:140}}
Mar 02 15:27:00.765949 dv-cinder-795785-4-smb neutron-server[102909]: DEBUG neutron_lib.callbacks.manager [None req-a0ad3e16-bd47-4ae4-a474-7b2ba9a6c4d2 None None] Publish callbacks ['neutron.plugins.ml2.plugin.Ml2Plugin._port_provisioned-8339838'] for port (89b1d29c-546d-4952-ad97-a00ce67446a5), provisioning_complete {{(pid=102909) _notify_loop /usr/local/lib/python3.8/dist-packages/neutron_lib/callbacks/manager.py:176}}
Mar 02 15:27:00.798152 dv-cinder-795785-4-smb neutron-server[102908]: INFO neutron.wsgi [req-69858e42-0184-4f64-94d8-a84217faefea req-058c00bb-376f-48a1-bbae-68b4c1a3b3f3 tempest-AttachVolumeNegativeTest-998791895 tempest-AttachVolumeNegativeTest-998791895-project] 10.222.0.23 "GET /v2.0/ports?device_id=b7deb713-3477-418e-a7d8-6695342c7a63 HTTP/1.1" status: 200 len: 210 time: 0.0417171
Mar 02 15:27:00.819195 dv-cinder-795785-4-smb neutron-server[102907]: DEBUG neutron_lib.callbacks.manager [None req-ce65eb3f-71a7-4210-9533-c6f47624bbc7 tempest-AttachVolumeShelveTestJSON-567237746 tempest-AttachVolumeShelveTestJSON-567237746-project] Publish callbacks [] for port (cf468ead-e744-4767-854e-53882e7426e6), precommit_create {{(pid=102907) _notify_loop /usr/local/lib/python3.8/dist-packages/neutron_lib/callbacks/manager.py:176}}
Mar 02 15:27:00.847277 dv-cinder-795785-4-smb neutron-server[102909]: DEBUG neutron.db.l3_hamode_db [None req-fea330a3-1fe3-44f9-8039-c368a890c8a9 None None] neutron.services.l3_router.l3_router_plugin.L3RouterPlugin method _process_sync_ha_data called with arguments (, [{'id': '93dc4933-7371-4c3b-8bb1-572d7097d11d', 'name': 'tempest-AttachVolumeShelveTestJSON-1986224223-router', 'tenant_id': 'e61c4239e9a74c5a88c2d363230eeeb4', 'admin_state_up': True, 'status': 'ACTIVE', 'external_gateway_info': {'network_id': '2a5af14a-34a4-450f-8b5f-c3b84e359474', 'external_fixed_ips': [{'subnet_id': '6dc9602e-8d54-4253-ac43-321b85c74d86', 'ip_address': '172.28.2.180'}], 'enable_snat': True}, 'gw_port_id': 'b7bc4f26-b445-4a0c-ad87-41b6ce2a4a6a', 'description': '', 'availability_zones': ['nova'], 'distributed': False, 'ha': False, 'ha_vr_id': 0, 'availability_zone_hints': [], 'routes': [], 'flavor_id': None, 'tags': [], 'created_at': '2022-03-02T15:26:50Z', 'updated_at': '2022-03-02T15:26:55Z', 'revision_number': 4, 'project_id': 'e61c4239e9a74c5a88c2d363230eeeb4', 'gw_port': {'id': 'b7bc4f26-b445-4a0c-ad87-41b6ce2a4a6a', 'name': '', 'network_id': '2a5af14a-34a4-450f-8b5f-c3b84e359474', 'tenant_id': '', 'mac_address': 'fa:16:3e:42:20:dc', 'admin_state_up': True, 'status': 'ACTIVE', 'device_id': '93dc4933-7371-4c3b-8bb1-572d7097d11d', 'device_owner': 'network:router_gateway', 'standard_attr_id': 234, 'fixed_ips': [{'subnet_id': '6dc9602e-8d54-4253-ac43-321b85c74d86', 'ip_address': '172.28.2.180', 'prefixlen': 24}], 'allowed_address_pairs': [], 'extra_dhcp_opts': [], 'security_groups': [], 'description': '', 'binding:vnic_type': 'normal', 'binding:profile': {}, 'binding:host_id': 'dv-cinder-795785-4-smb', 'binding:vif_type': 'ovs', 'binding:vif_details': {'connectivity': 'l2', 'port_filter': True, 'ovs_hybrid_plug': False, 'datapath_type': 'system', 'bridge_name': 'br-int', 'bound_drivers': {'0': 'openvswitch'}}, 'port_security_enabled': False, 'tags': [], 'created_at': '2022-03-02T15:26:50Z', 'updated_at': '2022-03-02T15:26:56Z', 'revision_number': 4, 'project_id': '', 'subnets': [{'id': '6dc9602e-8d54-4253-ac43-321b85c74d86', 'cidr': '172.28.2.0/24', 'gateway_ip': '172.28.2.1', 'dns_nameservers': [], 'ipv6_ra_mode': None, 'subnetpool_id': None}], 'extra_subnets': [], 'address_scopes': {4: None, 6: None}, 'mtu': 1500}, 'enable_snat': True, 'gw_port_host': 'dv-cinder-795785-4-smb', '_interfaces': [{'id': '89b1d29c-546d-4952-ad97-a00ce67446a5', 'name': '', 'network_id': '072cdf42-1b37-4146-8157-ae69ce27a35d', 'tenant_id': 'e61c4239e9a74c5a88c2d363230eeeb4', 'mac_address': 'fa:16:3e:1a:fe:a5', 'admin_state_up': True, 'status': 'DOWN', 'device_id': '93dc4933-7371-4c3b-8bb1-572d7097d11d', 'device_owner': 'network:router_interface', 'standard_attr_id': 246, 'fixed_ips': [{'subnet_id': '54b7867b-8dee-41b2-8c34-0cd10f69c437', 'ip_address': '172.20.0.1', 'prefixlen': 28}], 'allowed_address_pairs': [], 'extra_dhcp_opts': [], 'security_groups': [], 'description': '', 'binding:vnic_type': 'normal', 'binding:profile': {}, 'binding:host_id': 'dv-cinder-795785-4-smb', 'binding:vif_type': 'ovs', 'binding:vif_details': {'connectivity': 'l2', 'port_filter': True, 'ovs_hybrid_plug': False, 'datapath_type': 'system', 'bridge_name': 'br-int', 'bound_drivers': {'0': 'openvswitch'}}, 'port_security_enabled': False, 'tags': [], 'created_at': '2022-03-02T15:26:54Z', 'updated_at': '2022-03-02T15:26:59Z', 'revision_number': 4, 'project_id': 'e61c4239e9a74c5a88c2d363230eeeb4', 'subnets': [{'id': '54b7867b-8dee-41b2-8c34-0cd10f69c437', 'cidr': '172.20.0.0/28', 'gateway_ip': '172.20.0.1', 'dns_nameservers': [], 'ipv6_ra_mode': None, 'subnetpool_id': None}], 'extra_subnets': [], 'address_scopes': {4: None, 6: None}, 'mtu': 1500}]}], 'dv-cinder-795785-4-smb', False) {} {{(pid=102909) wrapper /usr/local/lib/python3.8/dist-packages/oslo_log/helpers.py:65}}
Mar 02 15:27:00.877652 dv-cinder-795785-4-smb neutron-server[102909]: DEBUG neutron.api.rpc.handlers.l3_rpc [None req-fea330a3-1fe3-44f9-8039-c368a890c8a9 None None] The sync data for ids ['93dc4933-7371-4c3b-8bb1-572d7097d11d'] in dv-cinder-795785-4-smb is: [{'id': '93dc4933-7371-4c3b-8bb1-572d7097d11d', 'name': 'tempest-AttachVolumeShelveTestJSON-1986224223-router', 'tenant_id': 'e61c4239e9a74c5a88c2d363230eeeb4', 'admin_state_up': True, 'status': 'ACTIVE', 'external_gateway_info': {'network_id': '2a5af14a-34a4-450f-8b5f-c3b84e359474', 'external_fixed_ips': [{'subnet_id': '6dc9602e-8d54-4253-ac43-321b85c74d86', 'ip_address': '172.28.2.180'}], 'enable_snat': True}, 'gw_port_id': 'b7bc4f26-b445-4a0c-ad87-41b6ce2a4a6a', 'description': '', 'availability_zones': ['nova'], 'distributed': False, 'ha': False, 'ha_vr_id': 0, 'availability_zone_hints': [], 'routes': [], 'flavor_id': None, 'tags': [], 'created_at': '2022-03-02T15:26:50Z', 'updated_at': '2022-03-02T15:26:55Z', 'revision_number': 4, 'project_id': 'e61c4239e9a74c5a88c2d363230eeeb4', 'gw_port': {'id': 'b7bc4f26-b445-4a0c-ad87-41b6ce2a4a6a', 'name': '', 'network_id': '2a5af14a-34a4-450f-8b5f-c3b84e359474', 'tenant_id': '', 'mac_address': 'fa:16:3e:42:20:dc', 'admin_state_up': True, 'status': 'ACTIVE', 'device_id': '93dc4933-7371-4c3b-8bb1-572d7097d11d', 'device_owner': 'network:router_gateway', 'standard_attr_id': 234, 'fixed_ips': [{'subnet_id': '6dc9602e-8d54-4253-ac43-321b85c74d86', 'ip_address': '172.28.2.180', 'prefixlen': 24}], 'allowed_address_pairs': [], 'extra_dhcp_opts': [], 'security_groups': [], 'description': '', 'binding:vnic_type': 'normal', 'binding:profile': {}, 'binding:host_id': 'dv-cinder-795785-4-smb', 'binding:vif_type': 'ovs', 'binding:vif_details': {'connectivity': 'l2', 'port_filter': True, 'ovs_hybrid_plug': False, 'datapath_type': 'system', 'bridge_name': 'br-int', 'bound_drivers': {'0': 'openvswitch'}}, 'port_security_enabled': False, 'tags': [], 'created_at': '2022-03-02T15:26:50Z', 'updated_at': '2022-03-02T15:26:56Z', 'revision_number': 4, 'project_id': '', 'subnets': [{'id': '6dc9602e-8d54-4253-ac43-321b85c74d86', 'cidr': '172.28.2.0/24', 'gateway_ip': '172.28.2.1', 'dns_nameservers': [], 'ipv6_ra_mode': None, 'subnetpool_id': None}], 'extra_subnets': [], 'address_scopes': {4: None, 6: None}, 'mtu': 1500}, 'enable_snat': True, 'gw_port_host': 'dv-cinder-795785-4-smb', '_interfaces': [{'id': '89b1d29c-546d-4952-ad97-a00ce67446a5', 'name': '', 'network_id': '072cdf42-1b37-4146-8157-ae69ce27a35d', 'tenant_id': 'e61c4239e9a74c5a88c2d363230eeeb4', 'mac_address': 'fa:16:3e:1a:fe:a5', 'admin_state_up': True, 'status': 'DOWN', 'device_id': '93dc4933-7371-4c3b-8bb1-572d7097d11d', 'device_owner': 'network:router_interface', 'standard_attr_id': 246, 'fixed_ips': [{'subnet_id': '54b7867b-8dee-41b2-8c34-0cd10f69c437', 'ip_address': '172.20.0.1', 'prefixlen': 28}], 'allowed_address_pairs': [], 'extra_dhcp_opts': [], 'security_groups': [], 'description': '', 'binding:vnic_type': 'normal', 'binding:profile': {}, 'binding:host_id': 'dv-cinder-795785-4-smb', 'binding:vif_type': 'ovs', 'binding:vif_details': {'connectivity': 'l2', 'port_filter': True, 'ovs_hybrid_plug': False, 'datapath_type': 'system', 'bridge_name': 'br-int', 'bound_drivers': {'0': 'openvswitch'}}, 'port_security_enabled': False, 'tags': [], 'created_at': '2022-03-02T15:26:54Z', 'updated_at': '2022-03-02T15:26:59Z', 'revision_number': 4, 'project_id': 'e61c4239e9a74c5a88c2d363230eeeb4', 'subnets': [{'id': '54b7867b-8dee-41b2-8c34-0cd10f69c437', 'cidr': '172.20.0.0/28', 'gateway_ip': '172.20.0.1', 'dns_nameservers': [], 'ipv6_ra_mode': None, 'subnetpool_id': None}], 'extra_subnets': [], 'address_scopes': {4: None, 6: None}, 'mtu': 1500}]}] {{(pid=102909) sync_routers /opt/stack/neutron/neutron/api/rpc/handlers/l3_rpc.py:137}}
Mar 02 15:27:00.890197 dv-cinder-795785-4-smb neutron-server[102907]: DEBUG neutron_lib.callbacks.manager [None req-ce65eb3f-71a7-4210-9533-c6f47624bbc7 tempest-AttachVolumeShelveTestJSON-567237746 tempest-AttachVolumeShelveTestJSON-567237746-project] Publish callbacks ['neutron.plugins.ml2.plugin.SecurityGroupServerNotifierRpcMixin._notify_sg_on_port_change-8321974', 'neutron.plugins.ml2.ovo_rpc._ObjectChangeHandler.handle_event-236430', 'neutron.api.rpc.agentnotifiers.dhcp_rpc_agent_api.DhcpAgentNotifyAPI._native_event_send_dhcp_notification-628477', 'neutron.db.l3_dvrscheduler_db._notify_l3_agent_new_port-8765427582181', 'neutron.services.segments.plugin.NovaSegmentNotifier._notify_port_created_or_deleted-3742928'] for port (cf468ead-e744-4767-854e-53882e7426e6), after_create {{(pid=102907) _notify_loop /usr/local/lib/python3.8/dist-packages/neutron_lib/callbacks/manager.py:176}}
Mar 02 15:27:00.964312 dv-cinder-795785-4-smb neutron-server[102907]: DEBUG neutron.scheduler.dhcp_agent_scheduler [None req-ce65eb3f-71a7-4210-9533-c6f47624bbc7 tempest-AttachVolumeShelveTestJSON-567237746 tempest-AttachVolumeShelveTestJSON-567237746-project] Network 2a5af14a-34a4-450f-8b5f-c3b84e359474 is already hosted by enough agents. {{(pid=102907) _get_dhcp_agents_hosting_network /opt/stack/neutron/neutron/scheduler/dhcp_agent_scheduler.py:275}}
Mar 02 15:27:00.966189 dv-cinder-795785-4-smb neutron-server[102909]: DEBUG neutron.plugins.ml2.rpc [None req-e679c7a1-86c5-489b-a181-4ffe8cbc3614 None None] Device 308aedd5-f681-4da3-9386-f2e4058792ac details requested by agent hyperv_hv-cinder-79578 with host hv-cinder-79578 {{(pid=102909) get_device_details /opt/stack/neutron/neutron/plugins/ml2/rpc.py:102}}
Mar 02 15:27:00.967781 dv-cinder-795785-4-smb neutron-server[102907]: DEBUG neutron.scheduler.base_scheduler [None req-ce65eb3f-71a7-4210-9533-c6f47624bbc7 tempest-AttachVolumeShelveTestJSON-567237746 tempest-AttachVolumeShelveTestJSON-567237746-project] Resources bound (agent type, host, resource id): {{(pid=102907) schedule /opt/stack/neutron/neutron/scheduler/base_scheduler.py:57}}
Mar 02 15:27:00.974727 dv-cinder-795785-4-smb neutron-server[102907]: DEBUG neutron.db.l3_dvrscheduler_db [None req-ce65eb3f-71a7-4210-9533-c6f47624bbc7 tempest-AttachVolumeShelveTestJSON-567237746 tempest-AttachVolumeShelveTestJSON-567237746-project] Received port after_create {{(pid=102907) _notify_l3_agent_new_port /opt/stack/neutron/neutron/db/l3_dvrscheduler_db.py:536}}
Mar 02 15:27:00.977347 dv-cinder-795785-4-smb neutron-server[102907]: DEBUG neutron.api.rpc.handlers.resources_rpc [None req-ce65eb3f-71a7-4210-9533-c6f47624bbc7 tempest-AttachVolumeShelveTestJSON-567237746 tempest-AttachVolumeShelveTestJSON-567237746-project] Pushing event updated for resources: {'Port': ['ID=cf468ead-e744-4767-854e-53882e7426e6,revision_number=1']} {{(pid=102907) push /opt/stack/neutron/neutron/api/rpc/handlers/resources_rpc.py:237}}
Mar 02 15:27:01.049118 dv-cinder-795785-4-smb neutron-server[102909]: DEBUG neutron.plugins.ml2.plugin [None req-a0ad3e16-bd47-4ae4-a474-7b2ba9a6c4d2 None None] Current status of the port 89b1d29c-546d-4952-ad97-a00ce67446a5 is: ACTIVE; New status is: ACTIVE {{(pid=102909) _update_individual_port_db_status /opt/stack/neutron/neutron/plugins/ml2/plugin.py:2232}}
Mar 02 15:27:01.126338 dv-cinder-795785-4-smb neutron-server[102907]: DEBUG neutron_lib.callbacks.manager [None req-ce65eb3f-71a7-4210-9533-c6f47624bbc7 tempest-AttachVolumeShelveTestJSON-567237746 tempest-AttachVolumeShelveTestJSON-567237746-project] Publish callbacks [] for floatingip (e5a08b60-0e01-4d7a-9bcd-9997609e3fea), precommit_create {{(pid=102907) _notify_loop /usr/local/lib/python3.8/dist-packages/neutron_lib/callbacks/manager.py:176}}
Mar 02 15:27:01.186102 dv-cinder-795785-4-smb neutron-server[102907]: DEBUG neutron_lib.callbacks.manager [None req-ce65eb3f-71a7-4210-9533-c6f47624bbc7 tempest-AttachVolumeShelveTestJSON-567237746 tempest-AttachVolumeShelveTestJSON-567237746-project] Publish callbacks ['neutron.plugins.ml2.plugin.SecurityGroupDbMixin._ensure_default_security_group_handler-8321909'] for port (cf468ead-e744-4767-854e-53882e7426e6), before_update {{(pid=102907) _notify_loop /usr/local/lib/python3.8/dist-packages/neutron_lib/callbacks/manager.py:176}}
Mar 02 15:27:01.257181 dv-cinder-795785-4-smb neutron-server[102909]: DEBUG neutron.plugins.ml2.db [None req-e679c7a1-86c5-489b-a181-4ffe8cbc3614 None None] For port 308aedd5-f681-4da3-9386-f2e4058792ac, host hv-cinder-79578, got binding levels [PortBindingLevel(driver='hyperv',host='hv-cinder-79578',level=0,port_id=308aedd5-f681-4da3-9386-f2e4058792ac,segment=NetworkSegment(c655bacd-c0ae-45f8-897f-f6d4626e3a54),segment_id=c655bacd-c0ae-45f8-897f-f6d4626e3a54)] {{(pid=102909) get_binding_level_objs /opt/stack/neutron/neutron/plugins/ml2/db.py:74}}
Mar 02 15:27:01.262029 dv-cinder-795785-4-smb neutron-server[102908]: DEBUG neutron.pecan_wsgi.hooks.policy_enforcement [req-9103f424-22b4-4881-a38f-7bffba5a4398 req-a90dc691-fca8-4818-885c-839248faad89 tempest-VolumesActionsTest-1151993713 tempest-VolumesActionsTest-1151993713-project] Attributes excluded by policy engine: ['standard_attr_id', 'binding:profile', 'binding:host_id', 'binding:vif_type', 'binding:vif_details'] {{(pid=102908) _exclude_attributes_by_policy /opt/stack/neutron/neutron/pecan_wsgi/hooks/policy_enforcement.py:255}}
Mar 02 15:27:01.275098 dv-cinder-795785-4-smb neutron-server[102908]: INFO neutron.wsgi [req-9103f424-22b4-4881-a38f-7bffba5a4398 req-a90dc691-fca8-4818-885c-839248faad89 tempest-VolumesActionsTest-1151993713 tempest-VolumesActionsTest-1151993713-project] 10.222.0.23 "GET /v2.0/ports?device_id=3ae6b78c-bc15-480c-9e60-dd6cfefda084 HTTP/1.1" status: 200 len: 944 time: 0.1093197
Mar 02 15:27:01.292548 dv-cinder-795785-4-smb neutron-server[102909]: DEBUG neutron.plugins.ml2.rpc [None req-e679c7a1-86c5-489b-a181-4ffe8cbc3614 None None] Returning: {'device': '308aedd5-f681-4da3-9386-f2e4058792ac', 'network_id': '7b14ddaa-0695-458d-831c-f24d408cfb7e', 'port_id': '308aedd5-f681-4da3-9386-f2e4058792ac', 'mac_address': 'fa:16:3e:65:44:42', 'admin_state_up': True, 'network_type': 'vlan', 'segmentation_id': 189, 'physical_network': 'physnet1', 'mtu': 1500, 'fixed_ips': [{'subnet_id': '78315be4-ac1b-4982-9fac-e32023408d63', 'ip_address': '172.20.0.10'}], 'device_owner': 'compute:nova', 'allowed_address_pairs': [], 'port_security_enabled': True, 'qos_policy_id': None, 'network_qos_policy_id': None, 'profile': {}, 'propagate_uplink_status': False} {{(pid=102909) _get_device_details /opt/stack/neutron/neutron/plugins/ml2/rpc.py:184}}
Mar 02 15:27:01.383018 dv-cinder-795785-4-smb neutron-server[102908]: INFO neutron.wsgi [req-9103f424-22b4-4881-a38f-7bffba5a4398 req-c9111f8a-8fea-4073-9030-97921db896ee tempest-VolumesActionsTest-1151993713 tempest-VolumesActionsTest-1151993713-project] 10.222.0.23 "GET /v2.0/security-groups?id=b16f7886-1175-492b-a0f3-24b764e51ff6&fields=id&fields=name HTTP/1.1" status: 200 len: 286 time: 0.1069682
Mar 02 15:27:01.396402 dv-cinder-795785-4-smb neutron-server[102909]: DEBUG neutron.plugins.ml2.plugin [None req-e679c7a1-86c5-489b-a181-4ffe8cbc3614 None None] Current status of the port 308aedd5-f681-4da3-9386-f2e4058792ac is: DOWN; New status is: BUILD {{(pid=102909) _update_individual_port_db_status /opt/stack/neutron/neutron/plugins/ml2/plugin.py:2232}}
Mar 02 15:27:01.396808 dv-cinder-795785-4-smb neutron-server[102909]: DEBUG neutron_lib.callbacks.manager [None req-e679c7a1-86c5-489b-a181-4ffe8cbc3614 None None] Publish callbacks ['neutron.plugins.ml2.plugin.SecurityGroupDbMixin._ensure_default_security_group_handler-8321909'] for port (308aedd5-f681-4da3-9386-f2e4058792ac), before_update {{(pid=102909) _notify_loop /usr/local/lib/python3.8/dist-packages/neutron_lib/callbacks/manager.py:176}}
Mar 02 15:27:01.410741 dv-cinder-795785-4-smb neutron-server[102907]: DEBUG neutron_lib.callbacks.manager [None req-ce65eb3f-71a7-4210-9533-c6f47624bbc7 tempest-AttachVolumeShelveTestJSON-567237746 tempest-AttachVolumeShelveTestJSON-567237746-project] Publish callbacks [] for port (cf468ead-e744-4767-854e-53882e7426e6), precommit_update {{(pid=102907) _notify_loop /usr/local/lib/python3.8/dist-packages/neutron_lib/callbacks/manager.py:176}}
Mar 02 15:27:01.411377 dv-cinder-795785-4-smb neutron-server[102909]: DEBUG neutron.notifiers.nova [None req-e679c7a1-86c5-489b-a181-4ffe8cbc3614 None None] Ignoring state change previous_port_status: DOWN current_port_status: BUILD port_id 308aedd5-f681-4da3-9386-f2e4058792ac {{(pid=102909) record_port_status_changed /opt/stack/neutron/neutron/notifiers/nova.py:233}}
Mar 02 15:27:01.417449 dv-cinder-795785-4-smb neutron-server[102907]: DEBUG neutron_lib.callbacks.manager [None req-ce65eb3f-71a7-4210-9533-c6f47624bbc7 tempest-AttachVolumeShelveTestJSON-567237746 tempest-AttachVolumeShelveTestJSON-567237746-project] Publish callbacks ['neutron.plugins.ml2.plugin.SecurityGroupServerNotifierRpcMixin._notify_sg_on_port_change-8321974', 'neutron.plugins.ml2.ovo_rpc._ObjectChangeHandler.handle_event-236430', 'neutron.api.rpc.agentnotifiers.dhcp_rpc_agent_api.DhcpAgentNotifyAPI._native_event_send_dhcp_notification-628477', 'neutron.db.l3_db.L3RpcNotifierMixin._notify_gateway_port_ip_changed-8765428123118', 'neutron.db.l3_dvrscheduler_db._notify_l3_agent_port_update-8765427582199', 'neutron.db.l3_hascheduler_db._notify_l3_agent_ha_port_update-8765427583757', 'neutron.services.segments.plugin.NovaSegmentNotifier._notify_port_updated-3742937'] for port (cf468ead-e744-4767-854e-53882e7426e6), after_update {{(pid=102907) _notify_loop /usr/local/lib/python3.8/dist-packages/neutron_lib/callbacks/manager.py:176}}
Mar 02 15:27:01.434644 dv-cinder-795785-4-smb neutron-server[102909]: DEBUG neutron.plugins.ml2.db [None req-e679c7a1-86c5-489b-a181-4ffe8cbc3614 None None] For port 308aedd5-f681-4da3-9386-f2e4058792ac, host hv-cinder-79578, got binding levels [PortBindingLevel(driver='hyperv',host='hv-cinder-79578',level=0,port_id=308aedd5-f681-4da3-9386-f2e4058792ac,segment=NetworkSegment(c655bacd-c0ae-45f8-897f-f6d4626e3a54),segment_id=c655bacd-c0ae-45f8-897f-f6d4626e3a54)] {{(pid=102909) get_binding_level_objs /opt/stack/neutron/neutron/plugins/ml2/db.py:74}}
Mar 02 15:27:01.449960 dv-cinder-795785-4-smb neutron-server[102909]: DEBUG neutron_lib.callbacks.manager [None req-e679c7a1-86c5-489b-a181-4ffe8cbc3614 None None] Publish callbacks ['neutron.plugins.ml2.plugin.SecurityGroupServerNotifierRpcMixin._notify_sg_on_port_change-8321974', 'neutron.plugins.ml2.ovo_rpc._ObjectChangeHandler.handle_event-236430', 'neutron.api.rpc.agentnotifiers.dhcp_rpc_agent_api.DhcpAgentNotifyAPI._native_event_send_dhcp_notification-628477', 'neutron.db.l3_db.L3RpcNotifierMixin._notify_gateway_port_ip_changed-8765428123118', 'neutron.db.l3_dvrscheduler_db._notify_l3_agent_port_update-8765427582199', 'neutron.db.l3_hascheduler_db._notify_l3_agent_ha_port_update-8765427583757'] for port (308aedd5-f681-4da3-9386-f2e4058792ac), after_update {{(pid=102909) _notify_loop /usr/local/lib/python3.8/dist-packages/neutron_lib/callbacks/manager.py:176}}
Mar 02 15:27:01.523636 dv-cinder-795785-4-smb neutron-server[102907]: DEBUG neutron.api.rpc.handlers.resources_rpc [None req-ce65eb3f-71a7-4210-9533-c6f47624bbc7 tempest-AttachVolumeShelveTestJSON-567237746 tempest-AttachVolumeShelveTestJSON-567237746-project] Pushing event updated for resources: {'Port': ['ID=cf468ead-e744-4767-854e-53882e7426e6,revision_number=2']} {{(pid=102907) push /opt/stack/neutron/neutron/api/rpc/handlers/resources_rpc.py:237}}
Mar 02 15:27:01.571856 dv-cinder-795785-4-smb neutron-server[102907]: DEBUG neutron_lib.callbacks.manager [None req-ce65eb3f-71a7-4210-9533-c6f47624bbc7 tempest-AttachVolumeShelveTestJSON-567237746 tempest-AttachVolumeShelveTestJSON-567237746-project] Publish callbacks ['neutron.services.l3_router.l3_router_plugin.DVRResourceOperationHandler._create_dvr_floating_gw_port-539853'] for floatingip (e5a08b60-0e01-4d7a-9bcd-9997609e3fea), after_create {{(pid=102907) _notify_loop /usr/local/lib/python3.8/dist-packages/neutron_lib/callbacks/manager.py:176}}
Mar 02 15:27:01.607746 dv-cinder-795785-4-smb neutron-server[102909]: DEBUG neutron.api.rpc.handlers.resources_rpc [None req-e679c7a1-86c5-489b-a181-4ffe8cbc3614 None None] Pushing event updated for resources: {'Port': ['ID=308aedd5-f681-4da3-9386-f2e4058792ac,revision_number=4']} {{(pid=102909) push /opt/stack/neutron/neutron/api/rpc/handlers/resources_rpc.py:237}}
Mar 02 15:27:01.611346 dv-cinder-795785-4-smb neutron-server[102907]: DEBUG neutron_lib.callbacks.manager [None req-ce65eb3f-71a7-4210-9533-c6f47624bbc7 tempest-AttachVolumeShelveTestJSON-567237746 tempest-AttachVolumeShelveTestJSON-567237746-project] Publish callbacks ['neutron.notifiers.nova.Notifier._send_nova_notification-205842'] for floatingip (None), before_response {{(pid=102907) _notify_loop /usr/local/lib/python3.8/dist-packages/neutron_lib/callbacks/manager.py:176}}
Mar 02 15:27:01.613242 dv-cinder-795785-4-smb neutron-server[102907]: INFO neutron.wsgi [None req-ce65eb3f-71a7-4210-9533-c6f47624bbc7 tempest-AttachVolumeShelveTestJSON-567237746 tempest-AttachVolumeShelveTestJSON-567237746-project] 10.222.0.23 "POST /v2.0/floatingips HTTP/1.1" status: 201 len: 693 time: 1.3259017
Mar 02 15:27:01.659339 dv-cinder-795785-4-smb neutron-server[102907]: DEBUG neutron.wsgi [-] (102907) accepted ('10.222.0.23', 53586) {{(pid=102907) server /usr/local/lib/python3.8/dist-packages/eventlet/wsgi.py:1004}}
Mar 02 15:27:01.790121 dv-cinder-795785-4-smb neutron-server[102908]: DEBUG neutron.pecan_wsgi.hooks.policy_enforcement [req-5eb15121-3b3f-4be2-9f1b-15bcef666a75 req-2e8feda9-7c76-4c8b-a9b5-e8f1c3f32c34 tempest-ServerRescueNegativeTestJSON-1143208371 tempest-ServerRescueNegativeTestJSON-1143208371-project] Attributes excluded by policy engine: ['standard_attr_id', 'binding:profile', 'binding:host_id', 'binding:vif_type', 'binding:vif_details'] {{(pid=102908) _exclude_attributes_by_policy /opt/stack/neutron/neutron/pecan_wsgi/hooks/policy_enforcement.py:255}}
Mar 02 15:27:01.799284 dv-cinder-795785-4-smb neutron-server[102908]: INFO neutron.wsgi [req-5eb15121-3b3f-4be2-9f1b-15bcef666a75 req-2e8feda9-7c76-4c8b-a9b5-e8f1c3f32c34 tempest-ServerRescueNegativeTestJSON-1143208371 tempest-ServerRescueNegativeTestJSON-1143208371-project] 10.222.0.23 "GET /v2.0/ports?device_id=732a214a-a999-4c8e-8f24-a1f4cfc73dac HTTP/1.1" status: 200 len: 945 time: 0.0959516
Mar 02 15:27:01.861599 dv-cinder-795785-4-smb neutron-server[102909]: DEBUG neutron.plugins.ml2.db [None req-e679c7a1-86c5-489b-a181-4ffe8cbc3614 None None] get_ports_and_sgs() called for port_ids ['308aedd5-f681-4da3-9386-f2e4058792ac'] {{(pid=102909) get_ports_and_sgs /opt/stack/neutron/neutron/plugins/ml2/db.py:156}}
Mar 02 15:27:01.898250 dv-cinder-795785-4-smb neutron-server[102908]: INFO neutron.wsgi [req-5eb15121-3b3f-4be2-9f1b-15bcef666a75 req-dc732871-1426-4aa7-9d19-9314330e58d1 tempest-ServerRescueNegativeTestJSON-1143208371 tempest-ServerRescueNegativeTestJSON-1143208371-project] 10.222.0.23 "GET /v2.0/security-groups?id=518cfed4-7cae-4138-a803-b19ed6d13cde&fields=id&fields=name HTTP/1.1" status: 200 len: 286 time: 0.0979900
Mar 02 15:27:02.027716 dv-cinder-795785-4-smb neutron-server[102907]: DEBUG neutron.wsgi [-] (102907) accepted ('10.222.0.23', 53604) {{(pid=102907) server /usr/local/lib/python3.8/dist-packages/eventlet/wsgi.py:1004}}
Mar 02 15:27:02.076117 dv-cinder-795785-4-smb neutron-server[102909]: DEBUG neutron.plugins.ml2.rpc [None req-d2d1844d-2835-4e9d-bf88-97886ddbea65 None None] Device 89b1d29c-546d-4952-ad97-a00ce67446a5 up at agent ovs-agent-dv-cinder-795785-4-smb {{(pid=102909) update_device_up /opt/stack/neutron/neutron/plugins/ml2/rpc.py:296}}
Mar 02 15:27:02.087534 dv-cinder-795785-4-smb neutron-server[102908]: INFO neutron.wsgi [req-a635fff3-1ccd-46dc-85e1-ee05789a3a82 req-1b842f25-c518-438c-b982-2fa630bddc67 tempest-AttachVolumeShelveTestJSON-567237746 tempest-AttachVolumeShelveTestJSON-567237746-project] 10.222.0.23 "GET /v2.0/security-groups?name=tempest-securitygroup--1735492157&fields=id&tenant_id=e61c4239e9a74c5a88c2d363230eeeb4 HTTP/1.1" status: 200 len: 267 time: 0.1438055
Mar 02 15:27:02.122458 dv-cinder-795785-4-smb neutron-server[102908]: INFO neutron.wsgi [req-8544d854-3726-4523-8fa6-35b51b7cace7 req-fa0bc41d-13d0-4c80-bbd8-32ef4d58f5c5 tempest-AttachVolumeNegativeTest-998791895 tempest-AttachVolumeNegativeTest-998791895-project] 10.222.0.23 "GET /v2.0/ports?device_id=b7deb713-3477-418e-a7d8-6695342c7a63 HTTP/1.1" status: 200 len: 210 time: 0.1011000
Mar 02 15:27:02.145275 dv-cinder-795785-4-smb neutron-server[102907]: DEBUG neutron_lib.callbacks.manager [None req-769b3d5f-2c12-4c68-8fbe-fc9d09fd186b admin admin] Publish callbacks [] for security_group (None), before_create {{(pid=102907) _notify_loop /usr/local/lib/python3.8/dist-packages/neutron_lib/callbacks/manager.py:176}}
Mar 02 15:27:02.231265 dv-cinder-795785-4-smb neutron-server[102909]: DEBUG neutron.db.provisioning_blocks [None req-d2d1844d-2835-4e9d-bf88-97886ddbea65 None None] Provisioning complete for port 89b1d29c-546d-4952-ad97-a00ce67446a5 triggered by entity L2. {{(pid=102909) provisioning_complete /opt/stack/neutron/neutron/db/provisioning_blocks.py:140}}
Mar 02 15:27:02.232773 dv-cinder-795785-4-smb neutron-server[102909]: DEBUG neutron_lib.callbacks.manager [None req-d2d1844d-2835-4e9d-bf88-97886ddbea65 None None] Publish callbacks ['neutron.plugins.ml2.plugin.Ml2Plugin._port_provisioned-8339838'] for port (89b1d29c-546d-4952-ad97-a00ce67446a5), provisioning_complete {{(pid=102909) _notify_loop /usr/local/lib/python3.8/dist-packages/neutron_lib/callbacks/manager.py:176}}
Mar 02 15:27:02.276538 dv-cinder-795785-4-smb neutron-server[102908]: DEBUG neutron.pecan_wsgi.hooks.policy_enforcement [req-a635fff3-1ccd-46dc-85e1-ee05789a3a82 req-1c7dac5a-01c7-4644-9be0-c69f0c1cdc68 tempest-AttachVolumeShelveTestJSON-567237746 tempest-AttachVolumeShelveTestJSON-567237746-project] Attributes excluded by policy engine: ['standard_attr_id', 'vlan_transparent', 'provider:network_type', 'provider:physical_network', 'provider:segmentation_id'] {{(pid=102908) _exclude_attributes_by_policy /opt/stack/neutron/neutron/pecan_wsgi/hooks/policy_enforcement.py:255}}
Mar 02 15:27:02.282671 dv-cinder-795785-4-smb neutron-server[102908]: INFO neutron.wsgi [req-a635fff3-1ccd-46dc-85e1-ee05789a3a82 req-1c7dac5a-01c7-4644-9be0-c69f0c1cdc68 tempest-AttachVolumeShelveTestJSON-567237746 tempest-AttachVolumeShelveTestJSON-567237746-project] 10.222.0.23 "GET /v2.0/networks?id=072cdf42-1b37-4146-8157-ae69ce27a35d HTTP/1.1" status: 200 len: 817 time: 0.1932838
Mar 02 15:27:02.301794 dv-cinder-795785-4-smb neutron-server[102907]: DEBUG neutron_lib.callbacks.manager [None req-d2d0528e-a720-4bf3-ba3d-88a64af23d5e admin admin] Publish callbacks [] for security_group (None), before_create {{(pid=102907) _notify_loop /usr/local/lib/python3.8/dist-packages/neutron_lib/callbacks/manager.py:176}}
Mar 02 15:27:02.335204 dv-cinder-795785-4-smb neutron-server[102907]: DEBUG neutron_lib.callbacks.manager [None req-769b3d5f-2c12-4c68-8fbe-fc9d09fd186b admin admin] Publish callbacks [] for security_group (a6980e36-3455-4ce1-b18c-e67e31537bce), precommit_create {{(pid=102907) _notify_loop /usr/local/lib/python3.8/dist-packages/neutron_lib/callbacks/manager.py:176}}
Mar 02 15:27:02.353109 dv-cinder-795785-4-smb neutron-server[102908]: INFO neutron.wsgi [req-a635fff3-1ccd-46dc-85e1-ee05789a3a82 req-8e68b95e-71f4-4e86-9b0e-c76a4ee76483 tempest-AttachVolumeShelveTestJSON-567237746 tempest-AttachVolumeShelveTestJSON-567237746-project] 10.222.0.23 "GET /v2.0/quotas/e61c4239e9a74c5a88c2d363230eeeb4 HTTP/1.1" status: 200 len: 375 time: 0.0577962
Mar 02 15:27:02.360789 dv-cinder-795785-4-smb neutron-server[102907]: DEBUG neutron_lib.callbacks.manager [None req-769b3d5f-2c12-4c68-8fbe-fc9d09fd186b admin admin] Publish callbacks ['neutron.plugins.ml2.ovo_rpc._ObjectChangeHandler.handle_event-559803'] for security_group (a6980e36-3455-4ce1-b18c-e67e31537bce), after_create {{(pid=102907) _notify_loop /usr/local/lib/python3.8/dist-packages/neutron_lib/callbacks/manager.py:176}}
Mar 02 15:27:02.391668 dv-cinder-795785-4-smb neutron-server[102909]: DEBUG neutron.plugins.ml2.plugin [None req-d2d1844d-2835-4e9d-bf88-97886ddbea65 None None] Current status of the port 89b1d29c-546d-4952-ad97-a00ce67446a5 is: ACTIVE; New status is: ACTIVE {{(pid=102909) _update_individual_port_db_status /opt/stack/neutron/neutron/plugins/ml2/plugin.py:2232}}
Mar 02 15:27:02.398614 dv-cinder-795785-4-smb neutron-server[102907]: INFO neutron.wsgi [None req-769b3d5f-2c12-4c68-8fbe-fc9d09fd186b admin admin] 10.222.0.23 "GET /v2.0/security-groups?tenant_id=58ddf853de0d43f4aec06e3601d8df62&name=default HTTP/1.1" status: 200 len: 2996 time: 0.7380462
Mar 02 15:27:02.408145 dv-cinder-795785-4-smb neutron-server[102908]: DEBUG neutron.wsgi [-] (102908) accepted ('10.222.0.23', 53610) {{(pid=102908) server /usr/local/lib/python3.8/dist-packages/eventlet/wsgi.py:1004}}
Mar 02 15:27:02.442453 dv-cinder-795785-4-smb neutron-server[102907]: DEBUG neutron.api.rpc.handlers.resources_rpc [None req-769b3d5f-2c12-4c68-8fbe-fc9d09fd186b admin admin] Pushing event updated for resources: {'SecurityGroup': ['ID=a6980e36-3455-4ce1-b18c-e67e31537bce,revision_number=1']} {{(pid=102907) push /opt/stack/neutron/neutron/api/rpc/handlers/resources_rpc.py:237}}
Mar 02 15:27:02.483700 dv-cinder-795785-4-smb neutron-server[102907]: DEBUG neutron_lib.callbacks.manager [None req-d2d0528e-a720-4bf3-ba3d-88a64af23d5e admin admin] Publish callbacks [] for security_group (516151de-5575-45e6-98bd-fa7bc4543343), precommit_create {{(pid=102907) _notify_loop /usr/local/lib/python3.8/dist-packages/neutron_lib/callbacks/manager.py:176}}
Mar 02 15:27:02.489357 dv-cinder-795785-4-smb neutron-server[102907]: DEBUG neutron_lib.callbacks.manager [None req-d2d0528e-a720-4bf3-ba3d-88a64af23d5e admin admin] Publish callbacks ['neutron.plugins.ml2.ovo_rpc._ObjectChangeHandler.handle_event-559803'] for security_group (516151de-5575-45e6-98bd-fa7bc4543343), after_create {{(pid=102907) _notify_loop /usr/local/lib/python3.8/dist-packages/neutron_lib/callbacks/manager.py:176}}
Mar 02 15:27:02.520693 dv-cinder-795785-4-smb neutron-server[102908]: DEBUG neutron.pecan_wsgi.hooks.policy_enforcement [req-415b7f27-f152-4260-8f4c-9a4bad882619 req-4ba7d4a4-27b4-4ccf-9691-67ac14b476da tempest-AttachVolumeNegativeTest-998791895 tempest-AttachVolumeNegativeTest-998791895-project] Attributes excluded by policy engine: ['standard_attr_id', 'vlan_transparent', 'provider:network_type', 'provider:physical_network', 'provider:segmentation_id'] {{(pid=102908) _exclude_attributes_by_policy /opt/stack/neutron/neutron/pecan_wsgi/hooks/policy_enforcement.py:255}}
Mar 02 15:27:02.522144 dv-cinder-795785-4-smb neutron-server[102908]: INFO neutron.wsgi [req-415b7f27-f152-4260-8f4c-9a4bad882619 req-4ba7d4a4-27b4-4ccf-9691-67ac14b476da tempest-AttachVolumeNegativeTest-998791895 tempest-AttachVolumeNegativeTest-998791895-project] 10.222.0.26 "GET /v2.0/networks?id=31c587da-ab9a-4d8f-b94b-88847230c59f HTTP/1.1" status: 200 len: 815 time: 0.2386165
Mar 02 15:27:02.533408 dv-cinder-795785-4-smb neutron-server[102907]: INFO neutron.wsgi [None req-d2d0528e-a720-4bf3-ba3d-88a64af23d5e admin admin] 10.222.0.23 "GET /v2.0/security-groups?tenant_id=4a44e6dfff614f07a5beca8271060025&name=default HTTP/1.1" status: 200 len: 2996 time: 0.5023768
Mar 02 15:27:02.533408 dv-cinder-795785-4-smb neutron-server[102907]: DEBUG neutron.api.rpc.handlers.resources_rpc [None req-d2d0528e-a720-4bf3-ba3d-88a64af23d5e admin admin] Pushing event updated for resources: {'SecurityGroup': ['ID=516151de-5575-45e6-98bd-fa7bc4543343,revision_number=1']} {{(pid=102907) push /opt/stack/neutron/neutron/api/rpc/handlers/resources_rpc.py:237}}
Mar 02 15:27:02.534553 dv-cinder-795785-4-smb neutron-server[102907]: DEBUG neutron.wsgi [-] (102907) accepted ('10.222.0.23', 53612) {{(pid=102907) server /usr/local/lib/python3.8/dist-packages/eventlet/wsgi.py:1004}}
Mar 02 15:27:02.550915 dv-cinder-795785-4-smb neutron-server[102908]: DEBUG neutron.api.v2.base [req-415b7f27-f152-4260-8f4c-9a4bad882619 req-37e4cf51-22a5-4617-9a56-04a61914199b tempest-AttachVolumeNegativeTest-998791895 tempest-AttachVolumeNegativeTest-998791895-project] Request body: {'port': {'device_id': 'b7deb713-3477-418e-a7d8-6695342c7a63', 'network_id': '31c587da-ab9a-4d8f-b94b-88847230c59f', 'admin_state_up': True, 'tenant_id': '09256866ebaf4044866b947ed105f4c5'}} {{(pid=102908) prepare_request_body /opt/stack/neutron/neutron/api/v2/base.py:729}}
Mar 02 15:27:02.603880 dv-cinder-795785-4-smb neutron-server[102907]: DEBUG neutron_lib.callbacks.manager [None req-5e7d0a6a-f3cd-452e-b10d-fdbbf8efdb79 admin admin] Publish callbacks [] for security_group (516151de-5575-45e6-98bd-fa7bc4543343), before_delete {{(pid=102907) _notify_loop /usr/local/lib/python3.8/dist-packages/neutron_lib/callbacks/manager.py:176}}
Mar 02 15:27:02.621304 dv-cinder-795785-4-smb neutron-server[102908]: INFO neutron.wsgi [req-a635fff3-1ccd-46dc-85e1-ee05789a3a82 req-b915edc7-fb83-4d25-94f8-76d41925dfa9 tempest-AttachVolumeShelveTestJSON-567237746 tempest-AttachVolumeShelveTestJSON-567237746-project] 10.222.0.23 "GET /v2.0/ports?tenant_id=e61c4239e9a74c5a88c2d363230eeeb4&fields=id HTTP/1.1" status: 200 len: 302 time: 0.2615476
Mar 02 15:27:02.626000 dv-cinder-795785-4-smb neutron-server[102907]: DEBUG neutron_lib.callbacks.manager [None req-5e7d0a6a-f3cd-452e-b10d-fdbbf8efdb79 admin admin] Publish callbacks [] for security_group (516151de-5575-45e6-98bd-fa7bc4543343), precommit_delete {{(pid=102907) _notify_loop /usr/local/lib/python3.8/dist-packages/neutron_lib/callbacks/manager.py:176}}
Mar 02 15:27:02.661975 dv-cinder-795785-4-smb neutron-server[102908]: DEBUG neutron_lib.callbacks.manager [None req-6c7550e6-6db0-4512-a119-afcedda17b71 admin admin] Publish callbacks [] for security_group (a6980e36-3455-4ce1-b18c-e67e31537bce), before_delete {{(pid=102908) _notify_loop /usr/local/lib/python3.8/dist-packages/neutron_lib/callbacks/manager.py:176}}
Mar 02 15:27:02.684721 dv-cinder-795785-4-smb neutron-server[102907]: DEBUG neutron_lib.callbacks.manager [None req-5e7d0a6a-f3cd-452e-b10d-fdbbf8efdb79 admin admin] Publish callbacks ['neutron.plugins.ml2.ovo_rpc._ObjectChangeHandler.handle_event-559803'] for security_group (516151de-5575-45e6-98bd-fa7bc4543343), after_delete {{(pid=102907) _notify_loop /usr/local/lib/python3.8/dist-packages/neutron_lib/callbacks/manager.py:176}}
Mar 02 15:27:02.687410 dv-cinder-795785-4-smb neutron-server[102907]: DEBUG neutron_lib.callbacks.manager [None req-5e7d0a6a-f3cd-452e-b10d-fdbbf8efdb79 admin admin] Publish callbacks [] for security_group (None), before_response {{(pid=102907) _notify_loop /usr/local/lib/python3.8/dist-packages/neutron_lib/callbacks/manager.py:176}}
Mar 02 15:27:02.688072 dv-cinder-795785-4-smb neutron-server[102908]: DEBUG neutron.pecan_wsgi.hooks.policy_enforcement [req-26665a42-6fd0-45a1-98c7-8238cf0a1195 req-897ba071-fea5-4ca7-8eab-95f05614aa24 tempest-VolumesActionsTest-1151993713 tempest-VolumesActionsTest-1151993713-project] Attributes excluded by policy engine: ['standard_attr_id', 'binding:profile', 'binding:host_id', 'binding:vif_type', 'binding:vif_details'] {{(pid=102908) _exclude_attributes_by_policy /opt/stack/neutron/neutron/pecan_wsgi/hooks/policy_enforcement.py:255}}
Mar 02 15:27:02.691453 dv-cinder-795785-4-smb neutron-server[102907]: INFO neutron.wsgi [None req-5e7d0a6a-f3cd-452e-b10d-fdbbf8efdb79 admin admin] 10.222.0.23 "DELETE /v2.0/security-groups/516151de-5575-45e6-98bd-fa7bc4543343 HTTP/1.1" status: 204 len: 168 time: 0.1559072
