Mar 02 15:29:19.867323 dv-cinder-795785-4-iscsi devstack@n-api.service[102793]: DEBUG nova.api.openstack.wsgi_app [-] oslo_limit.keyfile = None {{(pid=102793) log_opt_values /usr/local/lib/python3.8/dist-packages/oslo_config/cfg.py:2609}}
Mar 02 15:29:19.867632 dv-cinder-795785-4-iscsi devstack@n-api.service[102793]: DEBUG nova.api.openstack.wsgi_app [-] oslo_limit.max_version = None {{(pid=102793) log_opt_values /usr/local/lib/python3.8/dist-packages/oslo_config/cfg.py:2609}}
Mar 02 15:29:19.867940 dv-cinder-795785-4-iscsi devstack@n-api.service[102793]: DEBUG nova.api.openstack.wsgi_app [-] oslo_limit.min_version = None {{(pid=102793) log_opt_values /usr/local/lib/python3.8/dist-packages/oslo_config/cfg.py:2609}}
Mar 02 15:29:19.868248 dv-cinder-795785-4-iscsi devstack@n-api.service[102793]: DEBUG nova.api.openstack.wsgi_app [-] oslo_limit.region_name = None {{(pid=102793) log_opt_values /usr/local/lib/python3.8/dist-packages/oslo_config/cfg.py:2609}}
Mar 02 15:29:19.868553 dv-cinder-795785-4-iscsi devstack@n-api.service[102793]: DEBUG nova.api.openstack.wsgi_app [-] oslo_limit.service_name = None {{(pid=102793) log_opt_values /usr/local/lib/python3.8/dist-packages/oslo_config/cfg.py:2609}}
Mar 02 15:29:19.868861 dv-cinder-795785-4-iscsi devstack@n-api.service[102793]: DEBUG nova.api.openstack.wsgi_app [-] oslo_limit.service_type = None {{(pid=102793) log_opt_values /usr/local/lib/python3.8/dist-packages/oslo_config/cfg.py:2609}}
Mar 02 15:29:19.869756 dv-cinder-795785-4-iscsi devstack@n-api.service[102793]: DEBUG nova.api.openstack.wsgi_app [-] oslo_limit.split_loggers = False {{(pid=102793) log_opt_values /usr/local/lib/python3.8/dist-packages/oslo_config/cfg.py:2609}}
Mar 02 15:29:19.870236 dv-cinder-795785-4-iscsi devstack@n-api.service[102793]: DEBUG nova.api.openstack.wsgi_app [-] oslo_limit.status_code_retries = None {{(pid=102793) log_opt_values /usr/local/lib/python3.8/dist-packages/oslo_config/cfg.py:2609}}
Mar 02 15:29:19.870661 dv-cinder-795785-4-iscsi devstack@n-api.service[102793]: DEBUG nova.api.openstack.wsgi_app [-] oslo_limit.status_code_retry_delay = None {{(pid=102793) log_opt_values /usr/local/lib/python3.8/dist-packages/oslo_config/cfg.py:2609}}
Mar 02 15:29:19.872001 dv-cinder-795785-4-iscsi devstack@n-api.service[102793]: DEBUG nova.api.openstack.wsgi_app [-] oslo_limit.timeout = None {{(pid=102793) log_opt_values /usr/local/lib/python3.8/dist-packages/oslo_config/cfg.py:2609}}
Mar 02 15:29:19.872001 dv-cinder-795785-4-iscsi devstack@n-api.service[102793]: DEBUG nova.api.openstack.wsgi_app [-] oslo_limit.valid_interfaces = None {{(pid=102793) log_opt_values /usr/local/lib/python3.8/dist-packages/oslo_config/cfg.py:2609}}
Mar 02 15:29:19.872001 dv-cinder-795785-4-iscsi devstack@n-api.service[102793]: DEBUG nova.api.openstack.wsgi_app [-] oslo_limit.version = None {{(pid=102793) log_opt_values /usr/local/lib/python3.8/dist-packages/oslo_config/cfg.py:2609}}
Mar 02 15:29:19.872001 dv-cinder-795785-4-iscsi devstack@n-api.service[102793]: DEBUG nova.api.openstack.wsgi_app [-] oslo_middleware.http_basic_auth_user_file = /etc/htpasswd {{(pid=102793) log_opt_values /usr/local/lib/python3.8/dist-packages/oslo_config/cfg.py:2609}}
Mar 02 15:29:19.872331 dv-cinder-795785-4-iscsi devstack@n-api.service[102793]: DEBUG nova.api.openstack.wsgi_app [-] profiler.connection_string = messaging:// {{(pid=102793) log_opt_values /usr/local/lib/python3.8/dist-packages/oslo_config/cfg.py:2609}}
Mar 02 15:29:19.872540 dv-cinder-795785-4-iscsi devstack@n-api.service[102793]: DEBUG nova.api.openstack.wsgi_app [-] profiler.enabled = False {{(pid=102793) log_opt_values /usr/local/lib/python3.8/dist-packages/oslo_config/cfg.py:2609}}
Mar 02 15:29:19.872866 dv-cinder-795785-4-iscsi devstack@n-api.service[102793]: DEBUG nova.api.openstack.wsgi_app [-] profiler.es_doc_type = notification {{(pid=102793) log_opt_values /usr/local/lib/python3.8/dist-packages/oslo_config/cfg.py:2609}}
Mar 02 15:29:19.873182 dv-cinder-795785-4-iscsi devstack@n-api.service[102793]: DEBUG nova.api.openstack.wsgi_app [-] profiler.es_scroll_size = 10000 {{(pid=102793) log_opt_values /usr/local/lib/python3.8/dist-packages/oslo_config/cfg.py:2609}}
Mar 02 15:29:19.873510 dv-cinder-795785-4-iscsi devstack@n-api.service[102793]: DEBUG nova.api.openstack.wsgi_app [-] profiler.es_scroll_time = 2m {{(pid=102793) log_opt_values /usr/local/lib/python3.8/dist-packages/oslo_config/cfg.py:2609}}
Mar 02 15:29:19.873826 dv-cinder-795785-4-iscsi devstack@n-api.service[102793]: DEBUG nova.api.openstack.wsgi_app [-] profiler.filter_error_trace = False {{(pid=102793) log_opt_values /usr/local/lib/python3.8/dist-packages/oslo_config/cfg.py:2609}}
Mar 02 15:29:19.874156 dv-cinder-795785-4-iscsi devstack@n-api.service[102793]: DEBUG nova.api.openstack.wsgi_app [-] profiler.hmac_keys = SECRET_KEY {{(pid=102793) log_opt_values /usr/local/lib/python3.8/dist-packages/oslo_config/cfg.py:2609}}
Mar 02 15:29:19.874496 dv-cinder-795785-4-iscsi devstack@n-api.service[102793]: DEBUG nova.api.openstack.wsgi_app [-] profiler.sentinel_service_name = mymaster {{(pid=102793) log_opt_values /usr/local/lib/python3.8/dist-packages/oslo_config/cfg.py:2609}}
Mar 02 15:29:19.874826 dv-cinder-795785-4-iscsi devstack@n-api.service[102793]: DEBUG nova.api.openstack.wsgi_app [-] profiler.socket_timeout = 0.1 {{(pid=102793) log_opt_values /usr/local/lib/python3.8/dist-packages/oslo_config/cfg.py:2609}}
Mar 02 15:29:19.875139 dv-cinder-795785-4-iscsi devstack@n-api.service[102793]: DEBUG nova.api.openstack.wsgi_app [-] profiler.trace_sqlalchemy = False {{(pid=102793) log_opt_values /usr/local/lib/python3.8/dist-packages/oslo_config/cfg.py:2609}}
Mar 02 15:29:19.875483 dv-cinder-795785-4-iscsi devstack@n-api.service[102793]: DEBUG nova.api.openstack.wsgi_app [-] oslo_messaging_rabbit.amqp_auto_delete = False {{(pid=102793) log_opt_values /usr/local/lib/python3.8/dist-packages/oslo_config/cfg.py:2609}}
Mar 02 15:29:19.875807 dv-cinder-795785-4-iscsi devstack@n-api.service[102793]: DEBUG nova.api.openstack.wsgi_app [-] oslo_messaging_rabbit.amqp_durable_queues = False {{(pid=102793) log_opt_values /usr/local/lib/python3.8/dist-packages/oslo_config/cfg.py:2609}}
Mar 02 15:29:19.875940 dv-cinder-795785-4-iscsi devstack@n-api.service[102794]: DEBUG oslo_db.sqlalchemy.engines [None req-a3a8f4d3-0422-4d18-9bff-afbabf15de61 None None] MySQL server mode set to STRICT_TRANS_TABLES,STRICT_ALL_TABLES,NO_ZERO_IN_DATE,NO_ZERO_DATE,ERROR_FOR_DIVISION_BY_ZERO,TRADITIONAL,NO_ENGINE_SUBSTITUTION {{(pid=102794) _check_effective_sql_mode /usr/local/lib/python3.8/dist-packages/oslo_db/sqlalchemy/engines.py:314}}
Mar 02 15:29:19.876128 dv-cinder-795785-4-iscsi devstack@n-api.service[102793]: DEBUG nova.api.openstack.wsgi_app [-] oslo_messaging_rabbit.conn_pool_min_size = 2 {{(pid=102793) log_opt_values /usr/local/lib/python3.8/dist-packages/oslo_config/cfg.py:2609}}
Mar 02 15:29:19.876543 dv-cinder-795785-4-iscsi devstack@n-api.service[102793]: DEBUG nova.api.openstack.wsgi_app [-] oslo_messaging_rabbit.conn_pool_ttl = 1200 {{(pid=102793) log_opt_values /usr/local/lib/python3.8/dist-packages/oslo_config/cfg.py:2609}}
Mar 02 15:29:19.876866 dv-cinder-795785-4-iscsi devstack@n-api.service[102793]: DEBUG nova.api.openstack.wsgi_app [-] oslo_messaging_rabbit.direct_mandatory_flag = True {{(pid=102793) log_opt_values /usr/local/lib/python3.8/dist-packages/oslo_config/cfg.py:2609}}
Mar 02 15:29:19.877181 dv-cinder-795785-4-iscsi devstack@n-api.service[102793]: DEBUG nova.api.openstack.wsgi_app [-] oslo_messaging_rabbit.enable_cancel_on_failover = False {{(pid=102793) log_opt_values /usr/local/lib/python3.8/dist-packages/oslo_config/cfg.py:2609}}
Mar 02 15:29:19.877496 dv-cinder-795785-4-iscsi devstack@n-api.service[102793]: DEBUG nova.api.openstack.wsgi_app [-] oslo_messaging_rabbit.heartbeat_in_pthread = True {{(pid=102793) log_opt_values /usr/local/lib/python3.8/dist-packages/oslo_config/cfg.py:2609}}
Mar 02 15:29:19.877828 dv-cinder-795785-4-iscsi devstack@n-api.service[102793]: DEBUG nova.api.openstack.wsgi_app [-] oslo_messaging_rabbit.heartbeat_rate = 3 {{(pid=102793) log_opt_values /usr/local/lib/python3.8/dist-packages/oslo_config/cfg.py:2609}}
Mar 02 15:29:19.878157 dv-cinder-795785-4-iscsi devstack@n-api.service[102793]: DEBUG nova.api.openstack.wsgi_app [-] oslo_messaging_rabbit.heartbeat_timeout_threshold = 600 {{(pid=102793) log_opt_values /usr/local/lib/python3.8/dist-packages/oslo_config/cfg.py:2609}}
Mar 02 15:29:19.878465 dv-cinder-795785-4-iscsi devstack@n-api.service[102793]: DEBUG nova.api.openstack.wsgi_app [-] oslo_messaging_rabbit.kombu_compression = None {{(pid=102793) log_opt_values /usr/local/lib/python3.8/dist-packages/oslo_config/cfg.py:2609}}
Mar 02 15:29:19.878993 dv-cinder-795785-4-iscsi devstack@n-api.service[102793]: DEBUG nova.api.openstack.wsgi_app [-] oslo_messaging_rabbit.kombu_failover_strategy = round-robin {{(pid=102793) log_opt_values /usr/local/lib/python3.8/dist-packages/oslo_config/cfg.py:2609}}
Mar 02 15:29:19.879319 dv-cinder-795785-4-iscsi devstack@n-api.service[102793]: DEBUG nova.api.openstack.wsgi_app [-] oslo_messaging_rabbit.kombu_missing_consumer_retry_timeout = 60 {{(pid=102793) log_opt_values /usr/local/lib/python3.8/dist-packages/oslo_config/cfg.py:2609}}
Mar 02 15:29:19.879648 dv-cinder-795785-4-iscsi devstack@n-api.service[102793]: DEBUG nova.api.openstack.wsgi_app [-] oslo_messaging_rabbit.kombu_reconnect_delay = 1.0 {{(pid=102793) log_opt_values /usr/local/lib/python3.8/dist-packages/oslo_config/cfg.py:2609}}
Mar 02 15:29:19.879970 dv-cinder-795785-4-iscsi devstack@n-api.service[102793]: DEBUG nova.api.openstack.wsgi_app [-] oslo_messaging_rabbit.rabbit_ha_queues = False {{(pid=102793) log_opt_values /usr/local/lib/python3.8/dist-packages/oslo_config/cfg.py:2609}}
Mar 02 15:29:19.880289 dv-cinder-795785-4-iscsi devstack@n-api.service[102793]: DEBUG nova.api.openstack.wsgi_app [-] oslo_messaging_rabbit.rabbit_interval_max = 30 {{(pid=102793) log_opt_values /usr/local/lib/python3.8/dist-packages/oslo_config/cfg.py:2609}}
Mar 02 15:29:19.880627 dv-cinder-795785-4-iscsi devstack@n-api.service[102793]: DEBUG nova.api.openstack.wsgi_app [-] oslo_messaging_rabbit.rabbit_login_method = AMQPLAIN {{(pid=102793) log_opt_values /usr/local/lib/python3.8/dist-packages/oslo_config/cfg.py:2609}}
Mar 02 15:29:19.880944 dv-cinder-795785-4-iscsi devstack@n-api.service[102793]: DEBUG nova.api.openstack.wsgi_app [-] oslo_messaging_rabbit.rabbit_qos_prefetch_count = 0 {{(pid=102793) log_opt_values /usr/local/lib/python3.8/dist-packages/oslo_config/cfg.py:2609}}
Mar 02 15:29:19.881260 dv-cinder-795785-4-iscsi devstack@n-api.service[102793]: DEBUG nova.api.openstack.wsgi_app [-] oslo_messaging_rabbit.rabbit_quorum_queue = False {{(pid=102793) log_opt_values /usr/local/lib/python3.8/dist-packages/oslo_config/cfg.py:2609}}
Mar 02 15:29:19.881582 dv-cinder-795785-4-iscsi devstack@n-api.service[102793]: DEBUG nova.api.openstack.wsgi_app [-] oslo_messaging_rabbit.rabbit_retry_backoff = 2 {{(pid=102793) log_opt_values /usr/local/lib/python3.8/dist-packages/oslo_config/cfg.py:2609}}
Mar 02 15:29:19.881898 dv-cinder-795785-4-iscsi devstack@n-api.service[102793]: DEBUG nova.api.openstack.wsgi_app [-] oslo_messaging_rabbit.rabbit_retry_interval = 1 {{(pid=102793) log_opt_values /usr/local/lib/python3.8/dist-packages/oslo_config/cfg.py:2609}}
Mar 02 15:29:19.882213 dv-cinder-795785-4-iscsi devstack@n-api.service[102793]: DEBUG nova.api.openstack.wsgi_app [-] oslo_messaging_rabbit.rabbit_transient_queues_ttl = 1800 {{(pid=102793) log_opt_values /usr/local/lib/python3.8/dist-packages/oslo_config/cfg.py:2609}}
Mar 02 15:29:19.882557 dv-cinder-795785-4-iscsi devstack@n-api.service[102793]: DEBUG nova.api.openstack.wsgi_app [-] oslo_messaging_rabbit.rpc_conn_pool_size = 30 {{(pid=102793) log_opt_values /usr/local/lib/python3.8/dist-packages/oslo_config/cfg.py:2609}}
Mar 02 15:29:19.882880 dv-cinder-795785-4-iscsi devstack@n-api.service[102793]: DEBUG nova.api.openstack.wsgi_app [-] oslo_messaging_rabbit.ssl = False {{(pid=102793) log_opt_values /usr/local/lib/python3.8/dist-packages/oslo_config/cfg.py:2609}}
Mar 02 15:29:19.883208 dv-cinder-795785-4-iscsi devstack@n-api.service[102793]: DEBUG nova.api.openstack.wsgi_app [-] oslo_messaging_rabbit.ssl_ca_file = {{(pid=102793) log_opt_values /usr/local/lib/python3.8/dist-packages/oslo_config/cfg.py:2609}}
Mar 02 15:29:19.883539 dv-cinder-795785-4-iscsi devstack@n-api.service[102793]: DEBUG nova.api.openstack.wsgi_app [-] oslo_messaging_rabbit.ssl_cert_file = {{(pid=102793) log_opt_values /usr/local/lib/python3.8/dist-packages/oslo_config/cfg.py:2609}}
Mar 02 15:29:19.883875 dv-cinder-795785-4-iscsi devstack@n-api.service[102793]: DEBUG nova.api.openstack.wsgi_app [-] oslo_messaging_rabbit.ssl_key_file = {{(pid=102793) log_opt_values /usr/local/lib/python3.8/dist-packages/oslo_config/cfg.py:2609}}
Mar 02 15:29:19.884202 dv-cinder-795785-4-iscsi devstack@n-api.service[102793]: DEBUG nova.api.openstack.wsgi_app [-] oslo_messaging_rabbit.ssl_version = {{(pid=102793) log_opt_values /usr/local/lib/python3.8/dist-packages/oslo_config/cfg.py:2609}}
Mar 02 15:29:19.884555 dv-cinder-795785-4-iscsi devstack@n-api.service[102793]: DEBUG nova.api.openstack.wsgi_app [-] oslo_messaging_notifications.driver = ['messagingv2'] {{(pid=102793) log_opt_values /usr/local/lib/python3.8/dist-packages/oslo_config/cfg.py:2609}}
Mar 02 15:29:19.885507 dv-cinder-795785-4-iscsi devstack@n-api.service[102793]: DEBUG nova.api.openstack.wsgi_app [-] oslo_messaging_notifications.retry = -1 {{(pid=102793) log_opt_values /usr/local/lib/python3.8/dist-packages/oslo_config/cfg.py:2609}}
Mar 02 15:29:19.885857 dv-cinder-795785-4-iscsi devstack@n-api.service[102793]: DEBUG nova.api.openstack.wsgi_app [-] oslo_messaging_notifications.topics = ['notifications'] {{(pid=102793) log_opt_values /usr/local/lib/python3.8/dist-packages/oslo_config/cfg.py:2609}}
Mar 02 15:29:19.886280 dv-cinder-795785-4-iscsi devstack@n-api.service[102793]: DEBUG nova.api.openstack.wsgi_app [-] oslo_messaging_notifications.transport_url = **** {{(pid=102793) log_opt_values /usr/local/lib/python3.8/dist-packages/oslo_config/cfg.py:2609}}
Mar 02 15:29:19.886644 dv-cinder-795785-4-iscsi devstack@n-api.service[102793]: DEBUG nova.api.openstack.wsgi_app [-] oslo_reports.file_event_handler = None {{(pid=102793) log_opt_values /usr/local/lib/python3.8/dist-packages/oslo_config/cfg.py:2609}}
Mar 02 15:29:19.887044 dv-cinder-795785-4-iscsi devstack@n-api.service[102793]: DEBUG nova.api.openstack.wsgi_app [-] oslo_reports.file_event_handler_interval = 1 {{(pid=102793) log_opt_values /usr/local/lib/python3.8/dist-packages/oslo_config/cfg.py:2609}}
Mar 02 15:29:19.887393 dv-cinder-795785-4-iscsi devstack@n-api.service[102793]: DEBUG nova.api.openstack.wsgi_app [-] oslo_reports.log_dir = None {{(pid=102793) log_opt_values /usr/local/lib/python3.8/dist-packages/oslo_config/cfg.py:2609}}
Mar 02 15:29:19.887817 dv-cinder-795785-4-iscsi devstack@n-api.service[102793]: DEBUG nova.api.openstack.wsgi_app [-] ******************************************************************************** {{(pid=102793) log_opt_values /usr/local/lib/python3.8/dist-packages/oslo_config/cfg.py:2613}}
Mar 02 15:29:19.913206 dv-cinder-795785-4-iscsi devstack@n-api.service[102793]: DEBUG oslo_db.sqlalchemy.engines [None req-a94fda8c-0b5e-4fb5-a585-9ef8970ce91b None None] MySQL server mode set to STRICT_TRANS_TABLES,STRICT_ALL_TABLES,NO_ZERO_IN_DATE,NO_ZERO_DATE,ERROR_FOR_DIVISION_BY_ZERO,TRADITIONAL,NO_ENGINE_SUBSTITUTION {{(pid=102793) _check_effective_sql_mode /usr/local/lib/python3.8/dist-packages/oslo_db/sqlalchemy/engines.py:314}}
Mar 02 15:29:19.939748 dv-cinder-795785-4-iscsi devstack@n-api.service[102794]: DEBUG nova.context [None req-a3a8f4d3-0422-4d18-9bff-afbabf15de61 None None] Found 2 cells: 00000000-0000-0000-0000-000000000000(cell0),e8552d26-6d8a-4391-8fc9-787044d7e90b(cell1) {{(pid=102794) load_cells /opt/stack/nova/nova/context.py:464}}
Mar 02 15:29:19.943905 dv-cinder-795785-4-iscsi devstack@n-api.service[102794]: DEBUG oslo_concurrency.lockutils [None req-a3a8f4d3-0422-4d18-9bff-afbabf15de61 None None] Lock "00000000-0000-0000-0000-000000000000" acquired by "nova.context.set_target_cell..get_or_set_cached_cell_and_set_connections" :: waited 0.000s {{(pid=102794) inner /usr/local/lib/python3.8/dist-packages/oslo_concurrency/lockutils.py:386}}
Mar 02 15:29:19.945537 dv-cinder-795785-4-iscsi devstack@n-api.service[102794]: DEBUG oslo_concurrency.lockutils [None req-a3a8f4d3-0422-4d18-9bff-afbabf15de61 None None] Lock "00000000-0000-0000-0000-000000000000" "released" by "nova.context.set_target_cell..get_or_set_cached_cell_and_set_connections" :: held 0.002s {{(pid=102794) inner /usr/local/lib/python3.8/dist-packages/oslo_concurrency/lockutils.py:400}}
Mar 02 15:29:19.946340 dv-cinder-795785-4-iscsi devstack@n-api.service[102794]: DEBUG oslo_concurrency.lockutils [None req-a3a8f4d3-0422-4d18-9bff-afbabf15de61 None None] Lock "e8552d26-6d8a-4391-8fc9-787044d7e90b" acquired by "nova.context.set_target_cell..get_or_set_cached_cell_and_set_connections" :: waited 0.000s {{(pid=102794) inner /usr/local/lib/python3.8/dist-packages/oslo_concurrency/lockutils.py:386}}
Mar 02 15:29:19.948968 dv-cinder-795785-4-iscsi devstack@n-api.service[102794]: DEBUG oslo_concurrency.lockutils [None req-a3a8f4d3-0422-4d18-9bff-afbabf15de61 None None] Lock "e8552d26-6d8a-4391-8fc9-787044d7e90b" "released" by "nova.context.set_target_cell..get_or_set_cached_cell_and_set_connections" :: held 0.002s {{(pid=102794) inner /usr/local/lib/python3.8/dist-packages/oslo_concurrency/lockutils.py:400}}
Mar 02 15:29:19.960765 dv-cinder-795785-4-iscsi devstack@n-api.service[102794]: DEBUG oslo_db.sqlalchemy.engines [None req-a3a8f4d3-0422-4d18-9bff-afbabf15de61 None None] MySQL server mode set to STRICT_TRANS_TABLES,STRICT_ALL_TABLES,NO_ZERO_IN_DATE,NO_ZERO_DATE,ERROR_FOR_DIVISION_BY_ZERO,TRADITIONAL,NO_ENGINE_SUBSTITUTION {{(pid=102794) _check_effective_sql_mode /usr/local/lib/python3.8/dist-packages/oslo_db/sqlalchemy/engines.py:314}}
Mar 02 15:29:19.963603 dv-cinder-795785-4-iscsi devstack@n-api.service[102794]: DEBUG oslo_db.sqlalchemy.engines [None req-a3a8f4d3-0422-4d18-9bff-afbabf15de61 None None] MySQL server mode set to STRICT_TRANS_TABLES,STRICT_ALL_TABLES,NO_ZERO_IN_DATE,NO_ZERO_DATE,ERROR_FOR_DIVISION_BY_ZERO,TRADITIONAL,NO_ENGINE_SUBSTITUTION {{(pid=102794) _check_effective_sql_mode /usr/local/lib/python3.8/dist-packages/oslo_db/sqlalchemy/engines.py:314}}
Mar 02 15:29:19.989378 dv-cinder-795785-4-iscsi devstack@n-api.service[102793]: DEBUG nova.context [None req-a94fda8c-0b5e-4fb5-a585-9ef8970ce91b None None] Found 2 cells: 00000000-0000-0000-0000-000000000000(cell0),e8552d26-6d8a-4391-8fc9-787044d7e90b(cell1) {{(pid=102793) load_cells /opt/stack/nova/nova/context.py:464}}
Mar 02 15:29:19.993657 dv-cinder-795785-4-iscsi devstack@n-api.service[102793]: DEBUG oslo_concurrency.lockutils [None req-a94fda8c-0b5e-4fb5-a585-9ef8970ce91b None None] Lock "00000000-0000-0000-0000-000000000000" acquired by "nova.context.set_target_cell..get_or_set_cached_cell_and_set_connections" :: waited 0.000s {{(pid=102793) inner /usr/local/lib/python3.8/dist-packages/oslo_concurrency/lockutils.py:386}}
Mar 02 15:29:19.995956 dv-cinder-795785-4-iscsi devstack@n-api.service[102793]: DEBUG oslo_concurrency.lockutils [None req-a94fda8c-0b5e-4fb5-a585-9ef8970ce91b None None] Lock "00000000-0000-0000-0000-000000000000" "released" by "nova.context.set_target_cell..get_or_set_cached_cell_and_set_connections" :: held 0.002s {{(pid=102793) inner /usr/local/lib/python3.8/dist-packages/oslo_concurrency/lockutils.py:400}}
Mar 02 15:29:19.996951 dv-cinder-795785-4-iscsi devstack@n-api.service[102793]: DEBUG oslo_concurrency.lockutils [None req-a94fda8c-0b5e-4fb5-a585-9ef8970ce91b None None] Lock "e8552d26-6d8a-4391-8fc9-787044d7e90b" acquired by "nova.context.set_target_cell..get_or_set_cached_cell_and_set_connections" :: waited 0.000s {{(pid=102793) inner /usr/local/lib/python3.8/dist-packages/oslo_concurrency/lockutils.py:386}}
Mar 02 15:29:19.999285 dv-cinder-795785-4-iscsi devstack@n-api.service[102793]: DEBUG oslo_concurrency.lockutils [None req-a94fda8c-0b5e-4fb5-a585-9ef8970ce91b None None] Lock "e8552d26-6d8a-4391-8fc9-787044d7e90b" "released" by "nova.context.set_target_cell..get_or_set_cached_cell_and_set_connections" :: held 0.002s {{(pid=102793) inner /usr/local/lib/python3.8/dist-packages/oslo_concurrency/lockutils.py:400}}
Mar 02 15:29:20.014096 dv-cinder-795785-4-iscsi devstack@n-api.service[102793]: DEBUG oslo_db.sqlalchemy.engines [None req-a94fda8c-0b5e-4fb5-a585-9ef8970ce91b None None] MySQL server mode set to STRICT_TRANS_TABLES,STRICT_ALL_TABLES,NO_ZERO_IN_DATE,NO_ZERO_DATE,ERROR_FOR_DIVISION_BY_ZERO,TRADITIONAL,NO_ENGINE_SUBSTITUTION {{(pid=102793) _check_effective_sql_mode /usr/local/lib/python3.8/dist-packages/oslo_db/sqlalchemy/engines.py:314}}
Mar 02 15:29:20.018860 dv-cinder-795785-4-iscsi devstack@n-api.service[102793]: DEBUG oslo_db.sqlalchemy.engines [None req-a94fda8c-0b5e-4fb5-a585-9ef8970ce91b None None] MySQL server mode set to STRICT_TRANS_TABLES,STRICT_ALL_TABLES,NO_ZERO_IN_DATE,NO_ZERO_DATE,ERROR_FOR_DIVISION_BY_ZERO,TRADITIONAL,NO_ENGINE_SUBSTITUTION {{(pid=102793) _check_effective_sql_mode /usr/local/lib/python3.8/dist-packages/oslo_db/sqlalchemy/engines.py:314}}
Mar 02 15:29:20.124672 dv-cinder-795785-4-iscsi devstack@n-api.service[102794]: DEBUG oslo_db.sqlalchemy.engines [None req-a3a8f4d3-0422-4d18-9bff-afbabf15de61 None None] MySQL server mode set to STRICT_TRANS_TABLES,STRICT_ALL_TABLES,NO_ZERO_IN_DATE,NO_ZERO_DATE,ERROR_FOR_DIVISION_BY_ZERO,TRADITIONAL,NO_ENGINE_SUBSTITUTION {{(pid=102794) _check_effective_sql_mode /usr/local/lib/python3.8/dist-packages/oslo_db/sqlalchemy/engines.py:314}}
Mar 02 15:29:20.175096 dv-cinder-795785-4-iscsi devstack@n-api.service[102793]: DEBUG oslo_db.sqlalchemy.engines [None req-a94fda8c-0b5e-4fb5-a585-9ef8970ce91b None None] MySQL server mode set to STRICT_TRANS_TABLES,STRICT_ALL_TABLES,NO_ZERO_IN_DATE,NO_ZERO_DATE,ERROR_FOR_DIVISION_BY_ZERO,TRADITIONAL,NO_ENGINE_SUBSTITUTION {{(pid=102793) _check_effective_sql_mode /usr/local/lib/python3.8/dist-packages/oslo_db/sqlalchemy/engines.py:314}}
Mar 02 15:29:20.529833 dv-cinder-795785-4-iscsi devstack@n-api.service[102794]: WARNING keystonemiddleware.auth_token [None req-a3a8f4d3-0422-4d18-9bff-afbabf15de61 None None] AuthToken middleware is set with keystone_authtoken.service_token_roles_required set to False. This is backwards compatible but deprecated behaviour. Please set this to True.
Mar 02 15:29:20.536435 dv-cinder-795785-4-iscsi devstack@n-api.service[102794]: WARNING keystonemiddleware.auth_token [None req-a3a8f4d3-0422-4d18-9bff-afbabf15de61 None None] Configuring www_authenticate_uri to point to the public identity endpoint is required; clients may not be able to authenticate against an admin endpoint
Mar 02 15:29:20.565839 dv-cinder-795785-4-iscsi devstack@n-api.service[102793]: WARNING keystonemiddleware.auth_token [None req-a94fda8c-0b5e-4fb5-a585-9ef8970ce91b None None] AuthToken middleware is set with keystone_authtoken.service_token_roles_required set to False. This is backwards compatible but deprecated behaviour. Please set this to True.
Mar 02 15:29:20.573534 dv-cinder-795785-4-iscsi devstack@n-api.service[102793]: WARNING keystonemiddleware.auth_token [None req-a94fda8c-0b5e-4fb5-a585-9ef8970ce91b None None] Configuring www_authenticate_uri to point to the public identity endpoint is required; clients may not be able to authenticate against an admin endpoint
Mar 02 15:29:20.871993 dv-cinder-795785-4-iscsi devstack@n-api.service[102794]: WARNING keystonemiddleware.auth_token [None req-a3a8f4d3-0422-4d18-9bff-afbabf15de61 None None] AuthToken middleware is set with keystone_authtoken.service_token_roles_required set to False. This is backwards compatible but deprecated behaviour. Please set this to True.
Mar 02 15:29:20.876997 dv-cinder-795785-4-iscsi devstack@n-api.service[102794]: WARNING keystonemiddleware.auth_token [None req-a3a8f4d3-0422-4d18-9bff-afbabf15de61 None None] Configuring www_authenticate_uri to point to the public identity endpoint is required; clients may not be able to authenticate against an admin endpoint
Mar 02 15:29:20.882239 dv-cinder-795785-4-iscsi devstack@n-api.service[102794]: WSGI app 0 (mountpoint='') ready in 5 seconds on interpreter 0x564c1c2579c0 pid: 102794 (default app)
Mar 02 15:29:20.884303 dv-cinder-795785-4-iscsi devstack@n-api.service[102794]: DEBUG nova.api.openstack.wsgi [None req-a3a8f4d3-0422-4d18-9bff-afbabf15de61 None None] Calling method '>' {{(pid=102794) _process_stack /opt/stack/nova/nova/api/openstack/wsgi.py:513}}
Mar 02 15:29:20.885528 dv-cinder-795785-4-iscsi devstack@n-api.service[102794]: INFO nova.api.openstack.requestlog [None req-a3a8f4d3-0422-4d18-9bff-afbabf15de61 None None] 10.222.0.21 "GET /compute/v2.1/" status: 200 len: 388 microversion: 2.1 time: 0.001762
Mar 02 15:29:20.885935 dv-cinder-795785-4-iscsi devstack@n-api.service[102794]: [pid: 102794|app: 0|req: 1/1] 10.222.0.21 () {50 vars in 788 bytes} [Wed Mar 2 15:29:20 2022] GET /compute/v2.1/ => generated 388 bytes in 3 msecs (HTTP/1.1 200) 9 headers in 357 bytes (1 switches on core 0)
Mar 02 15:29:20.913302 dv-cinder-795785-4-iscsi devstack@n-api.service[102793]: WARNING keystonemiddleware.auth_token [None req-a94fda8c-0b5e-4fb5-a585-9ef8970ce91b None None] AuthToken middleware is set with keystone_authtoken.service_token_roles_required set to False. This is backwards compatible but deprecated behaviour. Please set this to True.
Mar 02 15:29:20.919301 dv-cinder-795785-4-iscsi devstack@n-api.service[102793]: WARNING keystonemiddleware.auth_token [None req-a94fda8c-0b5e-4fb5-a585-9ef8970ce91b None None] Configuring www_authenticate_uri to point to the public identity endpoint is required; clients may not be able to authenticate against an admin endpoint
Mar 02 15:29:20.924388 dv-cinder-795785-4-iscsi devstack@n-api.service[102793]: WSGI app 0 (mountpoint='') ready in 5 seconds on interpreter 0x564c1c2579c0 pid: 102793 (default app)
Mar 02 15:30:46.626056 dv-cinder-795785-4-iscsi devstack@n-api.service[102794]: DEBUG nova.api.openstack.wsgi [None req-a3a8f4d3-0422-4d18-9bff-afbabf15de61 None None] Calling method '>' {{(pid=102794) _process_stack /opt/stack/nova/nova/api/openstack/wsgi.py:513}}
Mar 02 15:30:46.627158 dv-cinder-795785-4-iscsi devstack@n-api.service[102794]: INFO nova.api.openstack.requestlog [None req-a3a8f4d3-0422-4d18-9bff-afbabf15de61 None None] 10.222.0.21 "GET /compute/v2.1" status: 200 len: 388 microversion: 2.1 time: 0.001535
Mar 02 15:30:46.627560 dv-cinder-795785-4-iscsi devstack@n-api.service[102794]: [pid: 102794|app: 0|req: 2/2] 10.222.0.21 () {54 vars in 930 bytes} [Wed Mar 2 15:30:46 2022] GET /compute/v2.1 => generated 388 bytes in 2 msecs (HTTP/1.1 200) 9 headers in 357 bytes (1 switches on core 0)
Mar 02 15:30:47.055397 dv-cinder-795785-4-iscsi devstack@n-api.service[102793]: DEBUG nova.api.openstack.wsgi [None req-7f1c0e61-9bea-4415-85a6-5cd4f29a46b4 admin admin] Calling method '>' {{(pid=102793) _process_stack /opt/stack/nova/nova/api/openstack/wsgi.py:513}}
Mar 02 15:30:47.086589 dv-cinder-795785-4-iscsi devstack@n-api.service[102793]: INFO nova.api.openstack.requestlog [None req-7f1c0e61-9bea-4415-85a6-5cd4f29a46b4 admin admin] 10.222.0.21 "GET /compute/v2.1/flavors/detail?is_public=True" status: 200 len: 15 microversion: 2.61 time: 0.451690
Mar 02 15:30:47.087479 dv-cinder-795785-4-iscsi devstack@n-api.service[102793]: [pid: 102793|app: 0|req: 1/3] 10.222.0.21 () {60 vars in 1291 bytes} [Wed Mar 2 15:30:46 2022] GET /compute/v2.1/flavors/detail?is_public=True => generated 15 bytes in 454 msecs (HTTP/1.1 200) 9 headers in 358 bytes (1 switches on core 0)
Mar 02 15:30:49.496128 dv-cinder-795785-4-iscsi devstack@n-api.service[102794]: DEBUG nova.api.openstack.wsgi [None req-a3a8f4d3-0422-4d18-9bff-afbabf15de61 None None] Calling method '>' {{(pid=102794) _process_stack /opt/stack/nova/nova/api/openstack/wsgi.py:513}}
Mar 02 15:30:49.497208 dv-cinder-795785-4-iscsi devstack@n-api.service[102794]: INFO nova.api.openstack.requestlog [None req-a3a8f4d3-0422-4d18-9bff-afbabf15de61 None None] 10.222.0.21 "GET /compute/v2.1" status: 200 len: 388 microversion: 2.1 time: 0.001510
Mar 02 15:30:49.498228 dv-cinder-795785-4-iscsi devstack@n-api.service[102794]: [pid: 102794|app: 0|req: 3/4] 10.222.0.21 () {54 vars in 930 bytes} [Wed Mar 2 15:30:49 2022] GET /compute/v2.1 => generated 388 bytes in 3 msecs (HTTP/1.1 200) 9 headers in 357 bytes (1 switches on core 0)
Mar 02 15:30:49.560172 dv-cinder-795785-4-iscsi devstack@n-api.service[102793]: DEBUG nova.api.openstack.wsgi [None req-6e6df56a-66c0-4e5a-a6ff-7d358aaef52c admin admin] Action: 'create', calling method: >, body: {"flavor": {"rxtx_factor": 1.0, "os-flavor-access:is_public": true, "ram": 256, "id": "c1", "name": "cirros256", "vcpus": 1, "disk": 1, "swap": 0, "OS-FLV-EXT-DATA:ephemeral": 0}} {{(pid=102793) _process_stack /opt/stack/nova/nova/api/openstack/wsgi.py:511}}
Mar 02 15:30:49.578851 dv-cinder-795785-4-iscsi devstack@n-api.service[102793]: /usr/local/lib/python3.8/dist-packages/oslo_policy/policy.py:1119: UserWarning: Policy "os_compute_api:os-flavor-manage:create": "rule:context_is_admin" failed scope check. The token used to make the request was project scoped but the policy requires ['system'] scope. This behavior may change in the future where using the intended scope is required
Mar 02 15:30:49.578851 dv-cinder-795785-4-iscsi devstack@n-api.service[102793]: warnings.warn(msg)
Mar 02 15:30:49.681627 dv-cinder-795785-4-iscsi devstack@n-api.service[102793]: INFO nova.api.openstack.requestlog [None req-6e6df56a-66c0-4e5a-a6ff-7d358aaef52c admin admin] 10.222.0.21 "POST /compute/v2.1/flavors" status: 200 len: 407 microversion: 2.61 time: 0.177980
Mar 02 15:30:49.682355 dv-cinder-795785-4-iscsi devstack@n-api.service[102793]: [pid: 102793|app: 0|req: 2/5] 10.222.0.21 () {64 vars in 1282 bytes} [Wed Mar 2 15:30:49 2022] POST /compute/v2.1/flavors => generated 407 bytes in 179 msecs (HTTP/1.1 200) 9 headers in 359 bytes (1 switches on core 0)
Mar 02 15:30:49.903848 dv-cinder-795785-4-iscsi devstack@n-api.service[102794]: DEBUG nova.api.openstack.wsgi [None req-a63f9582-f4e8-497b-a640-bfce9416d8cd admin admin] Action: 'create', calling method: >, body: {"extra_specs": {"hw_rng:allowed": "True"}} {{(pid=102794) _process_stack /opt/stack/nova/nova/api/openstack/wsgi.py:511}}
Mar 02 15:30:49.906240 dv-cinder-795785-4-iscsi devstack@n-api.service[102794]: /usr/local/lib/python3.8/dist-packages/oslo_policy/policy.py:1119: UserWarning: Policy "os_compute_api:os-flavor-extra-specs:create": "rule:context_is_admin" failed scope check. The token used to make the request was project scoped but the policy requires ['system'] scope. This behavior may change in the future where using the intended scope is required
Mar 02 15:30:49.906240 dv-cinder-795785-4-iscsi devstack@n-api.service[102794]: warnings.warn(msg)
Mar 02 15:30:50.010754 dv-cinder-795785-4-iscsi devstack@n-api.service[102794]: INFO nova.api.openstack.requestlog [None req-a63f9582-f4e8-497b-a640-bfce9416d8cd admin admin] 10.222.0.21 "POST /compute/v2.1/flavors/c1/os-extra_specs" status: 200 len: 43 microversion: 2.61 time: 0.320418
Mar 02 15:30:50.011530 dv-cinder-795785-4-iscsi devstack@n-api.service[102794]: [pid: 102794|app: 0|req: 4/6] 10.222.0.21 () {64 vars in 1335 bytes} [Wed Mar 2 15:30:49 2022] POST /compute/v2.1/flavors/c1/os-extra_specs => generated 43 bytes in 322 msecs (HTTP/1.1 200) 9 headers in 358 bytes (1 switches on core 0)
Mar 02 15:30:52.384890 dv-cinder-795785-4-iscsi devstack@n-api.service[102793]: DEBUG nova.api.openstack.wsgi [None req-6e6df56a-66c0-4e5a-a6ff-7d358aaef52c admin admin] Calling method '>' {{(pid=102793) _process_stack /opt/stack/nova/nova/api/openstack/wsgi.py:513}}
Mar 02 15:30:52.385893 dv-cinder-795785-4-iscsi devstack@n-api.service[102793]: INFO nova.api.openstack.requestlog [None req-6e6df56a-66c0-4e5a-a6ff-7d358aaef52c admin admin] 10.222.0.21 "GET /compute/v2.1" status: 200 len: 388 microversion: 2.1 time: 0.001459
Mar 02 15:30:52.386301 dv-cinder-795785-4-iscsi devstack@n-api.service[102793]: [pid: 102793|app: 0|req: 3/7] 10.222.0.21 () {54 vars in 930 bytes} [Wed Mar 2 15:30:52 2022] GET /compute/v2.1 => generated 388 bytes in 2 msecs (HTTP/1.1 200) 9 headers in 357 bytes (1 switches on core 0)
Mar 02 15:30:52.523869 dv-cinder-795785-4-iscsi devstack@n-api.service[102794]: DEBUG nova.api.openstack.wsgi [None req-a785b108-bee0-4469-aba1-6e2fefd8a3ae admin admin] Action: 'create', calling method: >, body: {"flavor": {"name": "ds512M", "disk": 5, "ram": 512, "OS-FLV-EXT-DATA:ephemeral": 0, "vcpus": 1, "swap": 0, "id": "d1", "os-flavor-access:is_public": true, "rxtx_factor": 1.0}} {{(pid=102794) _process_stack /opt/stack/nova/nova/api/openstack/wsgi.py:511}}
Mar 02 15:30:52.541938 dv-cinder-795785-4-iscsi devstack@n-api.service[102794]: /usr/local/lib/python3.8/dist-packages/oslo_policy/policy.py:1119: UserWarning: Policy "os_compute_api:os-flavor-manage:create": "rule:context_is_admin" failed scope check. The token used to make the request was project scoped but the policy requires ['system'] scope. This behavior may change in the future where using the intended scope is required
Mar 02 15:30:52.541938 dv-cinder-795785-4-iscsi devstack@n-api.service[102794]: warnings.warn(msg)
Mar 02 15:30:52.624809 dv-cinder-795785-4-iscsi devstack@n-api.service[102794]: INFO nova.api.openstack.requestlog [None req-a785b108-bee0-4469-aba1-6e2fefd8a3ae admin admin] 10.222.0.21 "POST /compute/v2.1/flavors" status: 200 len: 404 microversion: 2.61 time: 0.232370
Mar 02 15:30:52.625399 dv-cinder-795785-4-iscsi devstack@n-api.service[102794]: [pid: 102794|app: 0|req: 5/8] 10.222.0.21 () {64 vars in 1282 bytes} [Wed Mar 2 15:30:52 2022] POST /compute/v2.1/flavors => generated 404 bytes in 234 msecs (HTTP/1.1 200) 9 headers in 359 bytes (2 switches on core 0)
Mar 02 15:30:52.638055 dv-cinder-795785-4-iscsi devstack@n-api.service[102793]: DEBUG nova.api.openstack.wsgi [None req-99ff919b-d54a-417e-b47f-a5a3f69121ef admin admin] Action: 'create', calling method: >, body: {"extra_specs": {"hw_rng:allowed": "True"}} {{(pid=102793) _process_stack /opt/stack/nova/nova/api/openstack/wsgi.py:511}}
Mar 02 15:30:52.639744 dv-cinder-795785-4-iscsi devstack@n-api.service[102793]: /usr/local/lib/python3.8/dist-packages/oslo_policy/policy.py:1119: UserWarning: Policy "os_compute_api:os-flavor-extra-specs:create": "rule:context_is_admin" failed scope check. The token used to make the request was project scoped but the policy requires ['system'] scope. This behavior may change in the future where using the intended scope is required
Mar 02 15:30:52.639744 dv-cinder-795785-4-iscsi devstack@n-api.service[102793]: warnings.warn(msg)
Mar 02 15:30:52.725794 dv-cinder-795785-4-iscsi devstack@n-api.service[102793]: INFO nova.api.openstack.requestlog [None req-99ff919b-d54a-417e-b47f-a5a3f69121ef admin admin] 10.222.0.21 "POST /compute/v2.1/flavors/d1/os-extra_specs" status: 200 len: 43 microversion: 2.61 time: 0.090893
Mar 02 15:30:52.726338 dv-cinder-795785-4-iscsi devstack@n-api.service[102793]: [pid: 102793|app: 0|req: 4/9] 10.222.0.21 () {64 vars in 1335 bytes} [Wed Mar 2 15:30:52 2022] POST /compute/v2.1/flavors/d1/os-extra_specs => generated 43 bytes in 93 msecs (HTTP/1.1 200) 9 headers in 358 bytes (2 switches on core 0)
Mar 02 15:30:55.089107 dv-cinder-795785-4-iscsi devstack@n-api.service[102794]: DEBUG nova.api.openstack.wsgi [None req-a785b108-bee0-4469-aba1-6e2fefd8a3ae admin admin] Calling method '>' {{(pid=102794) _process_stack /opt/stack/nova/nova/api/openstack/wsgi.py:513}}
Mar 02 15:30:55.090108 dv-cinder-795785-4-iscsi devstack@n-api.service[102794]: INFO nova.api.openstack.requestlog [None req-a785b108-bee0-4469-aba1-6e2fefd8a3ae admin admin] 10.222.0.21 "GET /compute/v2.1" status: 200 len: 388 microversion: 2.1 time: 0.001457
Mar 02 15:30:55.090801 dv-cinder-795785-4-iscsi devstack@n-api.service[102794]: [pid: 102794|app: 0|req: 6/10] 10.222.0.21 () {54 vars in 930 bytes} [Wed Mar 2 15:30:55 2022] GET /compute/v2.1 => generated 388 bytes in 3 msecs (HTTP/1.1 200) 9 headers in 357 bytes (1 switches on core 0)
Mar 02 15:30:55.160396 dv-cinder-795785-4-iscsi devstack@n-api.service[102793]: DEBUG nova.api.openstack.wsgi [None req-fa07d9b9-5977-4480-9234-f978be140cc4 admin admin] Action: 'create', calling method: >, body: {"flavor": {"os-flavor-access:is_public": true, "rxtx_factor": 1.0, "swap": 0, "vcpus": 1, "name": "ds1G", "OS-FLV-EXT-DATA:ephemeral": 0, "ram": 1024, "id": "d2", "disk": 10}} {{(pid=102793) _process_stack /opt/stack/nova/nova/api/openstack/wsgi.py:511}}
Mar 02 15:30:55.265551 dv-cinder-795785-4-iscsi devstack@n-api.service[102793]: INFO nova.api.openstack.requestlog [None req-fa07d9b9-5977-4480-9234-f978be140cc4 admin admin] 10.222.0.21 "POST /compute/v2.1/flavors" status: 200 len: 404 microversion: 2.61 time: 0.168956
Mar 02 15:30:55.266216 dv-cinder-795785-4-iscsi devstack@n-api.service[102793]: [pid: 102793|app: 0|req: 5/11] 10.222.0.21 () {64 vars in 1282 bytes} [Wed Mar 2 15:30:55 2022] POST /compute/v2.1/flavors => generated 404 bytes in 170 msecs (HTTP/1.1 200) 9 headers in 359 bytes (2 switches on core 0)
Mar 02 15:30:55.278462 dv-cinder-795785-4-iscsi devstack@n-api.service[102794]: DEBUG nova.api.openstack.wsgi [None req-bd7e8b31-84e1-4235-9f90-6f0a1b92e576 admin admin] Action: 'create', calling method: >, body: {"extra_specs": {"hw_rng:allowed": "True"}} {{(pid=102794) _process_stack /opt/stack/nova/nova/api/openstack/wsgi.py:511}}
Mar 02 15:30:55.359752 dv-cinder-795785-4-iscsi devstack@n-api.service[102794]: INFO nova.api.openstack.requestlog [None req-bd7e8b31-84e1-4235-9f90-6f0a1b92e576 admin admin] 10.222.0.21 "POST /compute/v2.1/flavors/d2/os-extra_specs" status: 200 len: 43 microversion: 2.61 time: 0.085293
Mar 02 15:30:55.369015 dv-cinder-795785-4-iscsi devstack@n-api.service[102794]: [pid: 102794|app: 0|req: 7/12] 10.222.0.21 () {64 vars in 1335 bytes} [Wed Mar 2 15:30:55 2022] POST /compute/v2.1/flavors/d2/os-extra_specs => generated 43 bytes in 87 msecs (HTTP/1.1 200) 9 headers in 358 bytes (2 switches on core 0)
Mar 02 15:30:57.718614 dv-cinder-795785-4-iscsi devstack@n-api.service[102793]: DEBUG nova.api.openstack.wsgi [None req-fa07d9b9-5977-4480-9234-f978be140cc4 admin admin] Calling method '>' {{(pid=102793) _process_stack /opt/stack/nova/nova/api/openstack/wsgi.py:513}}
Mar 02 15:30:57.719630 dv-cinder-795785-4-iscsi devstack@n-api.service[102793]: INFO nova.api.openstack.requestlog [None req-fa07d9b9-5977-4480-9234-f978be140cc4 admin admin] 10.222.0.21 "GET /compute/v2.1" status: 200 len: 388 microversion: 2.1 time: 0.001504
Mar 02 15:30:57.720037 dv-cinder-795785-4-iscsi devstack@n-api.service[102793]: [pid: 102793|app: 0|req: 6/13] 10.222.0.21 () {54 vars in 930 bytes} [Wed Mar 2 15:30:57 2022] GET /compute/v2.1 => generated 388 bytes in 2 msecs (HTTP/1.1 200) 9 headers in 357 bytes (1 switches on core 0)
Mar 02 15:30:57.781612 dv-cinder-795785-4-iscsi devstack@n-api.service[102794]: DEBUG nova.api.openstack.wsgi [None req-6e793601-2bca-4267-9bf7-b9cb08323da9 admin admin] Action: 'create', calling method: >, body: {"flavor": {"rxtx_factor": 1.0, "name": "ds2G", "vcpus": 2, "OS-FLV-EXT-DATA:ephemeral": 0, "id": "d3", "swap": 0, "ram": 2048, "disk": 10, "os-flavor-access:is_public": true}} {{(pid=102794) _process_stack /opt/stack/nova/nova/api/openstack/wsgi.py:511}}
Mar 02 15:30:57.854096 dv-cinder-795785-4-iscsi devstack@n-api.service[102794]: INFO nova.api.openstack.requestlog [None req-6e793601-2bca-4267-9bf7-b9cb08323da9 admin admin] 10.222.0.21 "POST /compute/v2.1/flavors" status: 200 len: 404 microversion: 2.61 time: 0.127434
Mar 02 15:30:57.854621 dv-cinder-795785-4-iscsi devstack@n-api.service[102794]: [pid: 102794|app: 0|req: 8/14] 10.222.0.21 () {64 vars in 1282 bytes} [Wed Mar 2 15:30:57 2022] POST /compute/v2.1/flavors => generated 404 bytes in 129 msecs (HTTP/1.1 200) 9 headers in 359 bytes (2 switches on core 0)
Mar 02 15:30:57.866847 dv-cinder-795785-4-iscsi devstack@n-api.service[102793]: DEBUG nova.api.openstack.wsgi [None req-226bc08c-d72e-48e4-a68a-70ea03ae921a admin admin] Action: 'create', calling method: >, body: {"extra_specs": {"hw_rng:allowed": "True"}} {{(pid=102793) _process_stack /opt/stack/nova/nova/api/openstack/wsgi.py:511}}
Mar 02 15:30:57.971083 dv-cinder-795785-4-iscsi devstack@n-api.service[102793]: INFO nova.api.openstack.requestlog [None req-226bc08c-d72e-48e4-a68a-70ea03ae921a admin admin] 10.222.0.21 "POST /compute/v2.1/flavors/d3/os-extra_specs" status: 200 len: 43 microversion: 2.61 time: 0.108650
Mar 02 15:30:57.971675 dv-cinder-795785-4-iscsi devstack@n-api.service[102793]: [pid: 102793|app: 0|req: 7/15] 10.222.0.21 () {64 vars in 1335 bytes} [Wed Mar 2 15:30:57 2022] POST /compute/v2.1/flavors/d3/os-extra_specs => generated 43 bytes in 110 msecs (HTTP/1.1 200) 9 headers in 358 bytes (1 switches on core 0)
Mar 02 15:31:00.349318 dv-cinder-795785-4-iscsi devstack@n-api.service[102794]: DEBUG nova.api.openstack.wsgi [None req-6e793601-2bca-4267-9bf7-b9cb08323da9 admin admin] Calling method '>' {{(pid=102794) _process_stack /opt/stack/nova/nova/api/openstack/wsgi.py:513}}
Mar 02 15:31:00.351265 dv-cinder-795785-4-iscsi devstack@n-api.service[102794]: INFO nova.api.openstack.requestlog [None req-6e793601-2bca-4267-9bf7-b9cb08323da9 admin admin] 10.222.0.21 "GET /compute/v2.1" status: 200 len: 388 microversion: 2.1 time: 0.002374
Mar 02 15:31:00.352110 dv-cinder-795785-4-iscsi devstack@n-api.service[102794]: [pid: 102794|app: 0|req: 9/16] 10.222.0.21 () {54 vars in 930 bytes} [Wed Mar 2 15:31:00 2022] GET /compute/v2.1 => generated 388 bytes in 4 msecs (HTTP/1.1 200) 9 headers in 357 bytes (1 switches on core 0)
Mar 02 15:31:00.413012 dv-cinder-795785-4-iscsi devstack@n-api.service[102793]: DEBUG nova.api.openstack.wsgi [None req-cd5bb86d-b88e-479a-807a-48fc95c77b4b admin admin] Action: 'create', calling method: >, body: {"flavor": {"disk": 20, "os-flavor-access:is_public": true, "ram": 4096, "name": "ds4G", "vcpus": 4, "OS-FLV-EXT-DATA:ephemeral": 0, "id": "d4", "swap": 0, "rxtx_factor": 1.0}} {{(pid=102793) _process_stack /opt/stack/nova/nova/api/openstack/wsgi.py:511}}
Mar 02 15:31:00.493150 dv-cinder-795785-4-iscsi devstack@n-api.service[102793]: INFO nova.api.openstack.requestlog [None req-cd5bb86d-b88e-479a-807a-48fc95c77b4b admin admin] 10.222.0.21 "POST /compute/v2.1/flavors" status: 200 len: 404 microversion: 2.61 time: 0.135653
Mar 02 15:31:00.493692 dv-cinder-795785-4-iscsi devstack@n-api.service[102793]: [pid: 102793|app: 0|req: 8/17] 10.222.0.21 () {64 vars in 1282 bytes} [Wed Mar 2 15:31:00 2022] POST /compute/v2.1/flavors => generated 404 bytes in 137 msecs (HTTP/1.1 200) 9 headers in 359 bytes (1 switches on core 0)
Mar 02 15:31:00.505447 dv-cinder-795785-4-iscsi devstack@n-api.service[102794]: DEBUG nova.api.openstack.wsgi [None req-06919815-1e46-4ba2-891a-9028015a4d7b admin admin] Action: 'create', calling method: >, body: {"extra_specs": {"hw_rng:allowed": "True"}} {{(pid=102794) _process_stack /opt/stack/nova/nova/api/openstack/wsgi.py:511}}
Mar 02 15:31:00.581424 dv-cinder-795785-4-iscsi devstack@n-api.service[102794]: INFO nova.api.openstack.requestlog [None req-06919815-1e46-4ba2-891a-9028015a4d7b admin admin] 10.222.0.21 "POST /compute/v2.1/flavors/d4/os-extra_specs" status: 200 len: 43 microversion: 2.61 time: 0.079401
Mar 02 15:31:00.582002 dv-cinder-795785-4-iscsi devstack@n-api.service[102794]: [pid: 102794|app: 0|req: 10/18] 10.222.0.21 () {64 vars in 1335 bytes} [Wed Mar 2 15:31:00 2022] POST /compute/v2.1/flavors/d4/os-extra_specs => generated 43 bytes in 81 msecs (HTTP/1.1 200) 9 headers in 358 bytes (2 switches on core 0)
Mar 02 15:31:02.963650 dv-cinder-795785-4-iscsi devstack@n-api.service[102793]: DEBUG nova.api.openstack.wsgi [None req-cd5bb86d-b88e-479a-807a-48fc95c77b4b admin admin] Calling method '>' {{(pid=102793) _process_stack /opt/stack/nova/nova/api/openstack/wsgi.py:513}}
Mar 02 15:31:02.964652 dv-cinder-795785-4-iscsi devstack@n-api.service[102793]: INFO nova.api.openstack.requestlog [None req-cd5bb86d-b88e-479a-807a-48fc95c77b4b admin admin] 10.222.0.21 "GET /compute/v2.1" status: 200 len: 388 microversion: 2.1 time: 0.001425
Mar 02 15:31:02.965069 dv-cinder-795785-4-iscsi devstack@n-api.service[102793]: [pid: 102793|app: 0|req: 9/19] 10.222.0.21 () {54 vars in 930 bytes} [Wed Mar 2 15:31:02 2022] GET /compute/v2.1 => generated 388 bytes in 2 msecs (HTTP/1.1 200) 9 headers in 357 bytes (1 switches on core 0)
Mar 02 15:31:03.030911 dv-cinder-795785-4-iscsi devstack@n-api.service[102794]: DEBUG nova.api.openstack.wsgi [None req-037d0a1d-28a8-4a32-b5f8-cea90a781894 admin admin] Calling method '>' {{(pid=102794) _process_stack /opt/stack/nova/nova/api/openstack/wsgi.py:513}}
Mar 02 15:31:03.052847 dv-cinder-795785-4-iscsi devstack@n-api.service[102794]: INFO nova.api.openstack.requestlog [None req-037d0a1d-28a8-4a32-b5f8-cea90a781894 admin admin] 10.222.0.21 "GET /compute/v2.1/flavors/detail?is_public=True" status: 200 len: 2106 microversion: 2.61 time: 0.081914
Mar 02 15:31:03.058569 dv-cinder-795785-4-iscsi devstack@n-api.service[102794]: [pid: 102794|app: 0|req: 11/20] 10.222.0.21 () {60 vars in 1291 bytes} [Wed Mar 2 15:31:02 2022] GET /compute/v2.1/flavors/detail?is_public=True => generated 2106 bytes in 83 msecs (HTTP/1.1 200) 9 headers in 360 bytes (1 switches on core 0)
Mar 02 15:31:05.455582 dv-cinder-795785-4-iscsi devstack@n-api.service[102793]: DEBUG nova.api.openstack.wsgi [None req-cd5bb86d-b88e-479a-807a-48fc95c77b4b admin admin] Calling method '>' {{(pid=102793) _process_stack /opt/stack/nova/nova/api/openstack/wsgi.py:513}}
Mar 02 15:31:05.456593 dv-cinder-795785-4-iscsi devstack@n-api.service[102793]: INFO nova.api.openstack.requestlog [None req-cd5bb86d-b88e-479a-807a-48fc95c77b4b admin admin] 10.222.0.21 "GET /compute/v2.1" status: 200 len: 388 microversion: 2.1 time: 0.001444
Mar 02 15:31:05.457003 dv-cinder-795785-4-iscsi devstack@n-api.service[102793]: [pid: 102793|app: 0|req: 10/21] 10.222.0.21 () {54 vars in 930 bytes} [Wed Mar 2 15:31:05 2022] GET /compute/v2.1 => generated 388 bytes in 2 msecs (HTTP/1.1 200) 9 headers in 357 bytes (1 switches on core 0)
Mar 02 15:31:05.521078 dv-cinder-795785-4-iscsi devstack@n-api.service[102794]: DEBUG nova.api.openstack.wsgi [None req-1d44ef13-a130-40ee-a7b3-a2b491e2f8da admin admin] Action: 'create', calling method: >, body: {"flavor": {"vcpus": 1, "swap": 0, "OS-FLV-EXT-DATA:ephemeral": 0, "ram": 512, "disk": 1, "id": "1", "rxtx_factor": 1.0, "os-flavor-access:is_public": true, "name": "m1.tiny"}} {{(pid=102794) _process_stack /opt/stack/nova/nova/api/openstack/wsgi.py:511}}
Mar 02 15:31:05.590630 dv-cinder-795785-4-iscsi devstack@n-api.service[102794]: INFO nova.api.openstack.requestlog [None req-1d44ef13-a130-40ee-a7b3-a2b491e2f8da admin admin] 10.222.0.21 "POST /compute/v2.1/flavors" status: 200 len: 402 microversion: 2.61 time: 0.126477
Mar 02 15:31:05.591191 dv-cinder-795785-4-iscsi devstack@n-api.service[102794]: [pid: 102794|app: 0|req: 12/22] 10.222.0.21 () {64 vars in 1282 bytes} [Wed Mar 2 15:31:05 2022] POST /compute/v2.1/flavors => generated 402 bytes in 128 msecs (HTTP/1.1 200) 9 headers in 359 bytes (1 switches on core 0)
Mar 02 15:31:05.603513 dv-cinder-795785-4-iscsi devstack@n-api.service[102793]: DEBUG nova.api.openstack.wsgi [None req-33475772-a4d0-4c40-b0fc-2d7f4ff09674 admin admin] Action: 'create', calling method: >, body: {"extra_specs": {"hw_rng:allowed": "True"}} {{(pid=102793) _process_stack /opt/stack/nova/nova/api/openstack/wsgi.py:511}}
Mar 02 15:31:05.675496 dv-cinder-795785-4-iscsi devstack@n-api.service[102793]: INFO nova.api.openstack.requestlog [None req-33475772-a4d0-4c40-b0fc-2d7f4ff09674 admin admin] 10.222.0.21 "POST /compute/v2.1/flavors/1/os-extra_specs" status: 200 len: 43 microversion: 2.61 time: 0.075738
Mar 02 15:31:05.676327 dv-cinder-795785-4-iscsi devstack@n-api.service[102793]: [pid: 102793|app: 0|req: 11/23] 10.222.0.21 () {64 vars in 1332 bytes} [Wed Mar 2 15:31:05 2022] POST /compute/v2.1/flavors/1/os-extra_specs => generated 43 bytes in 77 msecs (HTTP/1.1 200) 9 headers in 358 bytes (1 switches on core 0)
Mar 02 15:31:08.099841 dv-cinder-795785-4-iscsi devstack@n-api.service[102794]: DEBUG nova.api.openstack.wsgi [None req-1d44ef13-a130-40ee-a7b3-a2b491e2f8da admin admin] Calling method '>' {{(pid=102794) _process_stack /opt/stack/nova/nova/api/openstack/wsgi.py:513}}
Mar 02 15:31:08.100942 dv-cinder-795785-4-iscsi devstack@n-api.service[102794]: INFO nova.api.openstack.requestlog [None req-1d44ef13-a130-40ee-a7b3-a2b491e2f8da admin admin] 10.222.0.21 "GET /compute/v2.1" status: 200 len: 388 microversion: 2.1 time: 0.001557
Mar 02 15:31:08.101323 dv-cinder-795785-4-iscsi devstack@n-api.service[102794]: [pid: 102794|app: 0|req: 13/24] 10.222.0.21 () {54 vars in 930 bytes} [Wed Mar 2 15:31:08 2022] GET /compute/v2.1 => generated 388 bytes in 3 msecs (HTTP/1.1 200) 9 headers in 357 bytes (1 switches on core 0)
Mar 02 15:31:08.163274 dv-cinder-795785-4-iscsi devstack@n-api.service[102793]: DEBUG nova.api.openstack.wsgi [None req-daac515d-cd89-4073-8eb3-3b815c1a3ab4 admin admin] Action: 'create', calling method: >, body: {"flavor": {"os-flavor-access:is_public": true, "rxtx_factor": 1.0, "vcpus": 1, "OS-FLV-EXT-DATA:ephemeral": 0, "disk": 20, "name": "m1.small", "ram": 2048, "swap": 0, "id": "2"}} {{(pid=102793) _process_stack /opt/stack/nova/nova/api/openstack/wsgi.py:511}}
