Feb 18 18:27:55.010304 dv-cinder-795785-3-smb devstack@c-api.service[109574]: /usr/local/lib/python3.8/dist-packages/oslo_context/context.py:105: DeprecationWarning: Policy enforcement is depending on the value of is_admin. This key is deprecated. Please update your policy file to use the standard policy values.
Feb 18 18:27:55.010304 dv-cinder-795785-3-smb devstack@c-api.service[109574]: warnings.warn('Policy enforcement is depending on the value of '
Feb 18 18:27:55.016700 dv-cinder-795785-3-smb devstack@c-api.service[109574]: INFO cinder.volume.api [None req-e886d4c0-670c-476b-8690-60bc070fbc11 tempest-SnapshotsActionsTest-205677178 tempest-SnapshotsActionsTest-205677178-project] Snapshot retrieved successfully.
Feb 18 18:27:55.028193 dv-cinder-795785-3-smb devstack@c-api.service[109574]: INFO cinder.api.openstack.wsgi [None req-e886d4c0-670c-476b-8690-60bc070fbc11 tempest-SnapshotsActionsTest-205677178 tempest-SnapshotsActionsTest-205677178-project] http://10.222.0.37/volume/v3/40e3e1616ae94de283e19c49cff9082d/snapshots/383600c1-5479-402d-b83a-86ac76f1e252 returned with HTTP 200
Feb 18 18:27:55.033263 dv-cinder-795785-3-smb devstack@c-api.service[109574]: [pid: 109574|app: 0|req: 45/84] 10.222.0.37 () {58 vars in 1330 bytes} [Fri Feb 18 18:27:54 2022] GET /volume/v3/40e3e1616ae94de283e19c49cff9082d/snapshots/383600c1-5479-402d-b83a-86ac76f1e252 => generated 532 bytes in 45 msecs (HTTP/1.1 200) 7 headers in 285 bytes (1 switches on core 0)
Feb 18 18:27:55.066254 dv-cinder-795785-3-smb devstack@c-api.service[109575]: INFO cinder.api.openstack.wsgi [None req-b1d2204d-e5df-4fee-b4c1-9176a2ee04e7 tempest-GroupSnapshotsTest-6100428 tempest-GroupSnapshotsTest-6100428-project] http://10.222.0.37/volume/v3/16c6c4731c4742309f3ffcb99e7ec3e7/group_snapshots/074d45f7-fd42-40dd-a617-0f44520c969b returned with HTTP 202
Feb 18 18:27:55.071362 dv-cinder-795785-3-smb devstack@c-api.service[109575]: [pid: 109575|app: 0|req: 40/85] 10.222.0.37 () {60 vars in 1392 bytes} [Fri Feb 18 18:27:54 2022] DELETE /volume/v3/16c6c4731c4742309f3ffcb99e7ec3e7/group_snapshots/074d45f7-fd42-40dd-a617-0f44520c969b => generated 0 bytes in 131 msecs (HTTP/1.1 202) 6 headers in 234 bytes (1 switches on core 0)
Feb 18 18:27:55.077994 dv-cinder-795785-3-smb devstack@c-api.service[109575]: INFO cinder.api.openstack.wsgi [None req-e0807835-e043-4705-adaf-aa8929cddb4c tempest-GroupSnapshotsTest-6100428 tempest-GroupSnapshotsTest-6100428-project] GET http://10.222.0.37/volume/v3/16c6c4731c4742309f3ffcb99e7ec3e7/volumes/detail
Feb 18 18:27:55.078503 dv-cinder-795785-3-smb devstack@c-api.service[109575]: DEBUG cinder.api.openstack.wsgi [None req-e0807835-e043-4705-adaf-aa8929cddb4c tempest-GroupSnapshotsTest-6100428 tempest-GroupSnapshotsTest-6100428-project] Empty body provided in request {{(pid=109575) get_body /opt/stack/cinder/cinder/api/openstack/wsgi.py:715}}
Feb 18 18:27:55.081469 dv-cinder-795785-3-smb devstack@c-api.service[109575]: DEBUG cinder.api.openstack.wsgi [None req-e0807835-e043-4705-adaf-aa8929cddb4c tempest-GroupSnapshotsTest-6100428 tempest-GroupSnapshotsTest-6100428-project] Calling method 'detail' {{(pid=109575) _process_stack /opt/stack/cinder/cinder/api/openstack/wsgi.py:868}}
Feb 18 18:27:55.082223 dv-cinder-795785-3-smb devstack@c-api.service[109575]: DEBUG cinder.api.api_utils [None req-e0807835-e043-4705-adaf-aa8929cddb4c tempest-GroupSnapshotsTest-6100428 tempest-GroupSnapshotsTest-6100428-project] Removing options '' from query. {{(pid=109575) remove_invalid_filter_options /opt/stack/cinder/cinder/api/api_utils.py:73}}
Feb 18 18:27:55.083073 dv-cinder-795785-3-smb devstack@c-api.service[109575]: /usr/local/lib/python3.8/dist-packages/oslo_context/context.py:105: DeprecationWarning: Policy enforcement is depending on the value of is_admin. This key is deprecated. Please update your policy file to use the standard policy values.
Feb 18 18:27:55.083073 dv-cinder-795785-3-smb devstack@c-api.service[109575]: warnings.warn('Policy enforcement is depending on the value of '
Feb 18 18:27:55.086220 dv-cinder-795785-3-smb devstack@c-api.service[109575]: DEBUG cinder.volume.api [None req-e0807835-e043-4705-adaf-aa8929cddb4c tempest-GroupSnapshotsTest-6100428 tempest-GroupSnapshotsTest-6100428-project] Searching by: MultiDict([('no_migration_targets', True)]). {{(pid=109575) get_all /opt/stack/cinder/cinder/volume/api.py:661}}
Feb 18 18:27:55.218975 dv-cinder-795785-3-smb devstack@c-api.service[109575]: INFO cinder.volume.api [None req-e0807835-e043-4705-adaf-aa8929cddb4c tempest-GroupSnapshotsTest-6100428 tempest-GroupSnapshotsTest-6100428-project] Get all volumes completed successfully.
Feb 18 18:27:55.220593 dv-cinder-795785-3-smb devstack@c-api.service[109575]: WARNING stevedore.named [None req-e0807835-e043-4705-adaf-aa8929cddb4c tempest-GroupSnapshotsTest-6100428 tempest-GroupSnapshotsTest-6100428-project] Could not load cinder.keymgr.conf_key_mgr.ConfKeyManager
Feb 18 18:27:55.221008 dv-cinder-795785-3-smb devstack@c-api.service[109575]: WARNING castellan.key_manager [None req-e0807835-e043-4705-adaf-aa8929cddb4c tempest-GroupSnapshotsTest-6100428 tempest-GroupSnapshotsTest-6100428-project] Deprecation Warning : cinder.keymgr.conf_key_mgr.ConfKeyManager is not a stevedore based driver, trying to load it as a class: stevedore.exception.NoMatches: No 'castellan.drivers' driver found, looking for 'cinder.keymgr.conf_key_mgr.ConfKeyManager'
Feb 18 18:27:55.250514 dv-cinder-795785-3-smb devstack@c-api.service[109575]: DEBUG oslo_db.sqlalchemy.engines [None req-e0807835-e043-4705-adaf-aa8929cddb4c tempest-GroupSnapshotsTest-6100428 tempest-GroupSnapshotsTest-6100428-project] MySQL server mode set to STRICT_TRANS_TABLES,STRICT_ALL_TABLES,NO_ZERO_IN_DATE,NO_ZERO_DATE,ERROR_FOR_DIVISION_BY_ZERO,TRADITIONAL,NO_ENGINE_SUBSTITUTION {{(pid=109575) _check_effective_sql_mode /usr/local/lib/python3.8/dist-packages/oslo_db/sqlalchemy/engines.py:314}}
Feb 18 18:27:55.263494 dv-cinder-795785-3-smb devstack@c-api.service[109575]: /usr/local/lib/python3.8/dist-packages/oslo_context/context.py:105: DeprecationWarning: Policy enforcement is depending on the value of is_admin. This key is deprecated. Please update your policy file to use the standard policy values.
Feb 18 18:27:55.263494 dv-cinder-795785-3-smb devstack@c-api.service[109575]: warnings.warn('Policy enforcement is depending on the value of '
Feb 18 18:27:55.316347 dv-cinder-795785-3-smb devstack@c-api.service[109575]: INFO cinder.api.openstack.wsgi [None req-e0807835-e043-4705-adaf-aa8929cddb4c tempest-GroupSnapshotsTest-6100428 tempest-GroupSnapshotsTest-6100428-project] http://10.222.0.37/volume/v3/16c6c4731c4742309f3ffcb99e7ec3e7/volumes/detail returned with HTTP 200
Feb 18 18:27:55.320068 dv-cinder-795785-3-smb devstack@c-api.service[109575]: [pid: 109575|app: 0|req: 41/86] 10.222.0.37 () {60 vars in 1275 bytes} [Fri Feb 18 18:27:55 2022] GET /volume/v3/16c6c4731c4742309f3ffcb99e7ec3e7/volumes/detail => generated 1003 bytes in 246 msecs (HTTP/1.1 200) 7 headers in 287 bytes (1 switches on core 0)
Feb 18 18:27:55.334327 dv-cinder-795785-3-smb devstack@c-api.service[109575]: INFO cinder.api.openstack.wsgi [None req-e28dfee1-456c-47c1-9d0a-be72ac4ab933 tempest-GroupSnapshotsTest-6100428 tempest-GroupSnapshotsTest-6100428-project] GET http://10.222.0.37/volume/v3/16c6c4731c4742309f3ffcb99e7ec3e7/snapshots/detail
Feb 18 18:27:55.334790 dv-cinder-795785-3-smb devstack@c-api.service[109575]: DEBUG cinder.api.openstack.wsgi [None req-e28dfee1-456c-47c1-9d0a-be72ac4ab933 tempest-GroupSnapshotsTest-6100428 tempest-GroupSnapshotsTest-6100428-project] Empty body provided in request {{(pid=109575) get_body /opt/stack/cinder/cinder/api/openstack/wsgi.py:715}}
Feb 18 18:27:55.335574 dv-cinder-795785-3-smb devstack@c-api.service[109575]: DEBUG cinder.api.openstack.wsgi [None req-e28dfee1-456c-47c1-9d0a-be72ac4ab933 tempest-GroupSnapshotsTest-6100428 tempest-GroupSnapshotsTest-6100428-project] Calling method 'detail' {{(pid=109575) _process_stack /opt/stack/cinder/cinder/api/openstack/wsgi.py:868}}
Feb 18 18:27:55.335907 dv-cinder-795785-3-smb devstack@c-api.service[109575]: DEBUG cinder.api.api_utils [None req-e28dfee1-456c-47c1-9d0a-be72ac4ab933 tempest-GroupSnapshotsTest-6100428 tempest-GroupSnapshotsTest-6100428-project] Removing options '' from query. {{(pid=109575) remove_invalid_filter_options /opt/stack/cinder/cinder/api/api_utils.py:73}}
Feb 18 18:27:55.338478 dv-cinder-795785-3-smb devstack@c-api.service[109575]: DEBUG cinder.db.sqlalchemy.api [None req-e28dfee1-456c-47c1-9d0a-be72ac4ab933 tempest-GroupSnapshotsTest-6100428 tempest-GroupSnapshotsTest-6100428-project] Building query based on filter {{(pid=109575) _process_snaps_filters /opt/stack/cinder/cinder/db/sqlalchemy/api.py:3156}}
Feb 18 18:27:55.379428 dv-cinder-795785-3-smb devstack@c-api.service[109575]: INFO cinder.volume.api [None req-e28dfee1-456c-47c1-9d0a-be72ac4ab933 tempest-GroupSnapshotsTest-6100428 tempest-GroupSnapshotsTest-6100428-project] Get all snapshots completed successfully.
Feb 18 18:27:55.385571 dv-cinder-795785-3-smb devstack@c-api.service[109575]: INFO cinder.api.openstack.wsgi [None req-e28dfee1-456c-47c1-9d0a-be72ac4ab933 tempest-GroupSnapshotsTest-6100428 tempest-GroupSnapshotsTest-6100428-project] http://10.222.0.37/volume/v3/16c6c4731c4742309f3ffcb99e7ec3e7/snapshots/detail returned with HTTP 200
Feb 18 18:27:55.389626 dv-cinder-795785-3-smb devstack@c-api.service[109575]: [pid: 109575|app: 0|req: 42/87] 10.222.0.37 () {58 vars in 1240 bytes} [Fri Feb 18 18:27:55 2022] GET /volume/v3/16c6c4731c4742309f3ffcb99e7ec3e7/snapshots/detail => generated 17 bytes in 60 msecs (HTTP/1.1 200) 7 headers in 284 bytes (2 switches on core 0)
Feb 18 18:27:55.400449 dv-cinder-795785-3-smb devstack@c-api.service[109575]: INFO cinder.api.openstack.wsgi [None req-f5d23244-a47b-4407-864b-2519c880301e tempest-GroupSnapshotsTest-6100428 tempest-GroupSnapshotsTest-6100428-project] GET http://10.222.0.37/volume/v3/16c6c4731c4742309f3ffcb99e7ec3e7/group_snapshots/074d45f7-fd42-40dd-a617-0f44520c969b
Feb 18 18:27:55.400775 dv-cinder-795785-3-smb devstack@c-api.service[109575]: DEBUG cinder.api.openstack.wsgi [None req-f5d23244-a47b-4407-864b-2519c880301e tempest-GroupSnapshotsTest-6100428 tempest-GroupSnapshotsTest-6100428-project] Empty body provided in request {{(pid=109575) get_body /opt/stack/cinder/cinder/api/openstack/wsgi.py:715}}
Feb 18 18:27:55.401364 dv-cinder-795785-3-smb devstack@c-api.service[109575]: DEBUG cinder.api.openstack.wsgi [None req-f5d23244-a47b-4407-864b-2519c880301e tempest-GroupSnapshotsTest-6100428 tempest-GroupSnapshotsTest-6100428-project] Calling method 'version_select' {{(pid=109575) _process_stack /opt/stack/cinder/cinder/api/openstack/wsgi.py:868}}
Feb 18 18:27:55.413623 dv-cinder-795785-3-smb devstack@c-api.service[109575]: DEBUG cinder.api.v3.group_snapshots [None req-f5d23244-a47b-4407-864b-2519c880301e tempest-GroupSnapshotsTest-6100428 tempest-GroupSnapshotsTest-6100428-project] show called for member 074d45f7-fd42-40dd-a617-0f44520c969b {{(pid=109575) show /opt/stack/cinder/cinder/api/v3/group_snapshots.py:58}}
Feb 18 18:27:55.431304 dv-cinder-795785-3-smb devstack@c-api.service[109575]: INFO cinder.api.openstack.wsgi [None req-f5d23244-a47b-4407-864b-2519c880301e tempest-GroupSnapshotsTest-6100428 tempest-GroupSnapshotsTest-6100428-project] http://10.222.0.37/volume/v3/16c6c4731c4742309f3ffcb99e7ec3e7/group_snapshots/074d45f7-fd42-40dd-a617-0f44520c969b returned with HTTP 404
Feb 18 18:27:55.441214 dv-cinder-795785-3-smb devstack@c-api.service[109575]: [pid: 109575|app: 0|req: 43/88] 10.222.0.37 () {60 vars in 1389 bytes} [Fri Feb 18 18:27:55 2022] GET /volume/v3/16c6c4731c4742309f3ffcb99e7ec3e7/group_snapshots/074d45f7-fd42-40dd-a617-0f44520c969b => generated 116 bytes in 45 msecs (HTTP/1.1 404) 7 headers in 293 bytes (1 switches on core 0)
Feb 18 18:27:55.463505 dv-cinder-795785-3-smb devstack@c-api.service[109575]: INFO cinder.api.openstack.wsgi [None req-a5f5fc46-1ead-4fd7-8577-8e0145a6b33d tempest-GroupSnapshotsTest-6100428 tempest-GroupSnapshotsTest-6100428-project] GET http://10.222.0.37/volume/v3/16c6c4731c4742309f3ffcb99e7ec3e7/volumes/detail
Feb 18 18:27:55.463682 dv-cinder-795785-3-smb devstack@c-api.service[109574]: INFO cinder.api.openstack.wsgi [None req-0458fb57-3265-4d8e-9d54-8c1dc71c3a0a tempest-SnapshotsActionsTest-1196320977 tempest-SnapshotsActionsTest-1196320977-project-admin] POST http://10.222.0.37/volume/v3/2dc2ba9a0f994bb7a8ba730c27bfd524/snapshots/383600c1-5479-402d-b83a-86ac76f1e252/action
Feb 18 18:27:55.464379 dv-cinder-795785-3-smb devstack@c-api.service[109575]: DEBUG cinder.api.openstack.wsgi [None req-a5f5fc46-1ead-4fd7-8577-8e0145a6b33d tempest-GroupSnapshotsTest-6100428 tempest-GroupSnapshotsTest-6100428-project] Empty body provided in request {{(pid=109575) get_body /opt/stack/cinder/cinder/api/openstack/wsgi.py:715}}
Feb 18 18:27:55.464491 dv-cinder-795785-3-smb devstack@c-api.service[109574]: DEBUG cinder.api.openstack.wsgi [None req-0458fb57-3265-4d8e-9d54-8c1dc71c3a0a tempest-SnapshotsActionsTest-1196320977 tempest-SnapshotsActionsTest-1196320977-project-admin] Action body: b'{"os-reset_status": {"status": "creating"}}' {{(pid=109574) get_method /opt/stack/cinder/cinder/api/openstack/wsgi.py:983}}
Feb 18 18:27:55.464874 dv-cinder-795785-3-smb devstack@c-api.service[109574]: DEBUG cinder.api.openstack.wsgi [None req-0458fb57-3265-4d8e-9d54-8c1dc71c3a0a tempest-SnapshotsActionsTest-1196320977 tempest-SnapshotsActionsTest-1196320977-project-admin] Action: 'action', calling method: _reset_status, body: {"os-reset_status": {"status": "creating"}} {{(pid=109574) _process_stack /opt/stack/cinder/cinder/api/openstack/wsgi.py:866}}
Feb 18 18:27:55.465510 dv-cinder-795785-3-smb devstack@c-api.service[109575]: DEBUG cinder.api.openstack.wsgi [None req-a5f5fc46-1ead-4fd7-8577-8e0145a6b33d tempest-GroupSnapshotsTest-6100428 tempest-GroupSnapshotsTest-6100428-project] Calling method 'detail' {{(pid=109575) _process_stack /opt/stack/cinder/cinder/api/openstack/wsgi.py:868}}
Feb 18 18:27:55.465823 dv-cinder-795785-3-smb devstack@c-api.service[109574]: DEBUG cinder.api.contrib.admin_actions [None req-0458fb57-3265-4d8e-9d54-8c1dc71c3a0a tempest-SnapshotsActionsTest-1196320977 tempest-SnapshotsActionsTest-1196320977-project-admin] Updating snapshot '383600c1-5479-402d-b83a-86ac76f1e252' with '{'status': 'creating'}' {{(pid=109574) _reset_status /opt/stack/cinder/cinder/api/contrib/admin_actions.py:100}}
Feb 18 18:27:55.466140 dv-cinder-795785-3-smb devstack@c-api.service[109575]: DEBUG cinder.api.api_utils [None req-a5f5fc46-1ead-4fd7-8577-8e0145a6b33d tempest-GroupSnapshotsTest-6100428 tempest-GroupSnapshotsTest-6100428-project] Removing options '' from query. {{(pid=109575) remove_invalid_filter_options /opt/stack/cinder/cinder/api/api_utils.py:73}}
Feb 18 18:27:55.469190 dv-cinder-795785-3-smb devstack@c-api.service[109575]: DEBUG cinder.volume.api [None req-a5f5fc46-1ead-4fd7-8577-8e0145a6b33d tempest-GroupSnapshotsTest-6100428 tempest-GroupSnapshotsTest-6100428-project] Searching by: MultiDict([('no_migration_targets', True)]). {{(pid=109575) get_all /opt/stack/cinder/cinder/volume/api.py:661}}
Feb 18 18:27:55.555320 dv-cinder-795785-3-smb devstack@c-api.service[109574]: /usr/local/lib/python3.8/dist-packages/oslo_context/context.py:105: DeprecationWarning: Policy enforcement is depending on the value of is_admin. This key is deprecated. Please update your policy file to use the standard policy values.
Feb 18 18:27:55.555320 dv-cinder-795785-3-smb devstack@c-api.service[109574]: warnings.warn('Policy enforcement is depending on the value of '
Feb 18 18:27:55.604268 dv-cinder-795785-3-smb devstack@c-api.service[109574]: INFO cinder.api.openstack.wsgi [None req-0458fb57-3265-4d8e-9d54-8c1dc71c3a0a tempest-SnapshotsActionsTest-1196320977 tempest-SnapshotsActionsTest-1196320977-project-admin] http://10.222.0.37/volume/v3/2dc2ba9a0f994bb7a8ba730c27bfd524/snapshots/383600c1-5479-402d-b83a-86ac76f1e252/action returned with HTTP 202
Feb 18 18:27:55.605506 dv-cinder-795785-3-smb devstack@c-api.service[109575]: INFO cinder.volume.api [None req-a5f5fc46-1ead-4fd7-8577-8e0145a6b33d tempest-GroupSnapshotsTest-6100428 tempest-GroupSnapshotsTest-6100428-project] Get all volumes completed successfully.
Feb 18 18:27:55.606522 dv-cinder-795785-3-smb devstack@c-api.service[109574]: [pid: 109574|app: 0|req: 46/89] 10.222.0.37 () {60 vars in 1372 bytes} [Fri Feb 18 18:27:55 2022] POST /volume/v3/2dc2ba9a0f994bb7a8ba730c27bfd524/snapshots/383600c1-5479-402d-b83a-86ac76f1e252/action => generated 0 bytes in 568 msecs (HTTP/1.1 202) 7 headers in 289 bytes (1 switches on core 0)
Feb 18 18:27:55.609071 dv-cinder-795785-3-smb devstack@c-api.service[109575]: WARNING stevedore.named [None req-a5f5fc46-1ead-4fd7-8577-8e0145a6b33d tempest-GroupSnapshotsTest-6100428 tempest-GroupSnapshotsTest-6100428-project] Could not load cinder.keymgr.conf_key_mgr.ConfKeyManager
Feb 18 18:27:55.609636 dv-cinder-795785-3-smb devstack@c-api.service[109575]: WARNING castellan.key_manager [None req-a5f5fc46-1ead-4fd7-8577-8e0145a6b33d tempest-GroupSnapshotsTest-6100428 tempest-GroupSnapshotsTest-6100428-project] Deprecation Warning : cinder.keymgr.conf_key_mgr.ConfKeyManager is not a stevedore based driver, trying to load it as a class: stevedore.exception.NoMatches: No 'castellan.drivers' driver found, looking for 'cinder.keymgr.conf_key_mgr.ConfKeyManager'
Feb 18 18:27:55.622084 dv-cinder-795785-3-smb devstack@c-api.service[109575]: DEBUG oslo_db.sqlalchemy.engines [None req-a5f5fc46-1ead-4fd7-8577-8e0145a6b33d tempest-GroupSnapshotsTest-6100428 tempest-GroupSnapshotsTest-6100428-project] MySQL server mode set to STRICT_TRANS_TABLES,STRICT_ALL_TABLES,NO_ZERO_IN_DATE,NO_ZERO_DATE,ERROR_FOR_DIVISION_BY_ZERO,TRADITIONAL,NO_ENGINE_SUBSTITUTION {{(pid=109575) _check_effective_sql_mode /usr/local/lib/python3.8/dist-packages/oslo_db/sqlalchemy/engines.py:314}}
Feb 18 18:27:55.638882 dv-cinder-795785-3-smb devstack@c-api.service[109574]: INFO cinder.api.openstack.wsgi [None req-79403a79-0671-4946-b9f1-13eccf0f9044 tempest-SnapshotsActionsTest-205677178 tempest-SnapshotsActionsTest-205677178-project] GET http://10.222.0.37/volume/v3/40e3e1616ae94de283e19c49cff9082d/snapshots/383600c1-5479-402d-b83a-86ac76f1e252
Feb 18 18:27:55.639511 dv-cinder-795785-3-smb devstack@c-api.service[109574]: DEBUG cinder.api.openstack.wsgi [None req-79403a79-0671-4946-b9f1-13eccf0f9044 tempest-SnapshotsActionsTest-205677178 tempest-SnapshotsActionsTest-205677178-project] Empty body provided in request {{(pid=109574) get_body /opt/stack/cinder/cinder/api/openstack/wsgi.py:715}}
Feb 18 18:27:55.640295 dv-cinder-795785-3-smb devstack@c-api.service[109574]: DEBUG cinder.api.openstack.wsgi [None req-79403a79-0671-4946-b9f1-13eccf0f9044 tempest-SnapshotsActionsTest-205677178 tempest-SnapshotsActionsTest-205677178-project] Calling method 'show' {{(pid=109574) _process_stack /opt/stack/cinder/cinder/api/openstack/wsgi.py:868}}
Feb 18 18:27:55.649086 dv-cinder-795785-3-smb devstack@c-api.service[109575]: /usr/local/lib/python3.8/dist-packages/oslo_context/context.py:105: DeprecationWarning: Policy enforcement is depending on the value of is_admin. This key is deprecated. Please update your policy file to use the standard policy values.
Feb 18 18:27:55.649086 dv-cinder-795785-3-smb devstack@c-api.service[109575]: warnings.warn('Policy enforcement is depending on the value of '
Feb 18 18:27:55.679203 dv-cinder-795785-3-smb devstack@c-api.service[109574]: /usr/local/lib/python3.8/dist-packages/oslo_context/context.py:105: DeprecationWarning: Policy enforcement is depending on the value of is_admin. This key is deprecated. Please update your policy file to use the standard policy values.
Feb 18 18:27:55.679203 dv-cinder-795785-3-smb devstack@c-api.service[109574]: warnings.warn('Policy enforcement is depending on the value of '
Feb 18 18:27:55.680342 dv-cinder-795785-3-smb devstack@c-api.service[109574]: INFO cinder.volume.api [None req-79403a79-0671-4946-b9f1-13eccf0f9044 tempest-SnapshotsActionsTest-205677178 tempest-SnapshotsActionsTest-205677178-project] Snapshot retrieved successfully.
Feb 18 18:27:55.693216 dv-cinder-795785-3-smb devstack@c-api.service[109574]: INFO cinder.api.openstack.wsgi [None req-79403a79-0671-4946-b9f1-13eccf0f9044 tempest-SnapshotsActionsTest-205677178 tempest-SnapshotsActionsTest-205677178-project] http://10.222.0.37/volume/v3/40e3e1616ae94de283e19c49cff9082d/snapshots/383600c1-5479-402d-b83a-86ac76f1e252 returned with HTTP 200
Feb 18 18:27:55.696547 dv-cinder-795785-3-smb devstack@c-api.service[109574]: [pid: 109574|app: 0|req: 47/90] 10.222.0.37 () {58 vars in 1330 bytes} [Fri Feb 18 18:27:55 2022] GET /volume/v3/40e3e1616ae94de283e19c49cff9082d/snapshots/383600c1-5479-402d-b83a-86ac76f1e252 => generated 531 bytes in 86 msecs (HTTP/1.1 200) 7 headers in 285 bytes (1 switches on core 0)
Feb 18 18:27:55.706579 dv-cinder-795785-3-smb devstack@c-api.service[109574]: INFO cinder.api.openstack.wsgi [None req-66553b64-4f75-4e40-91f6-049843aa3668 tempest-SnapshotsActionsTest-1196320977 tempest-SnapshotsActionsTest-1196320977-project-admin] POST http://10.222.0.37/volume/v3/2dc2ba9a0f994bb7a8ba730c27bfd524/snapshots/383600c1-5479-402d-b83a-86ac76f1e252/action
Feb 18 18:27:55.714943 dv-cinder-795785-3-smb devstack@c-api.service[109574]: DEBUG cinder.api.openstack.wsgi [None req-66553b64-4f75-4e40-91f6-049843aa3668 tempest-SnapshotsActionsTest-1196320977 tempest-SnapshotsActionsTest-1196320977-project-admin] Action body: b'{"os-reset_status": {"status": "available"}}' {{(pid=109574) get_method /opt/stack/cinder/cinder/api/openstack/wsgi.py:983}}
Feb 18 18:27:55.717309 dv-cinder-795785-3-smb devstack@c-api.service[109574]: DEBUG cinder.api.openstack.wsgi [None req-66553b64-4f75-4e40-91f6-049843aa3668 tempest-SnapshotsActionsTest-1196320977 tempest-SnapshotsActionsTest-1196320977-project-admin] Action: 'action', calling method: _reset_status, body: {"os-reset_status": {"status": "available"}} {{(pid=109574) _process_stack /opt/stack/cinder/cinder/api/openstack/wsgi.py:866}}
Feb 18 18:27:55.720173 dv-cinder-795785-3-smb devstack@c-api.service[109574]: DEBUG cinder.api.contrib.admin_actions [None req-66553b64-4f75-4e40-91f6-049843aa3668 tempest-SnapshotsActionsTest-1196320977 tempest-SnapshotsActionsTest-1196320977-project-admin] Updating snapshot '383600c1-5479-402d-b83a-86ac76f1e252' with '{'status': 'available'}' {{(pid=109574) _reset_status /opt/stack/cinder/cinder/api/contrib/admin_actions.py:100}}
Feb 18 18:27:55.728393 dv-cinder-795785-3-smb devstack@c-api.service[109575]: INFO cinder.api.openstack.wsgi [None req-a5f5fc46-1ead-4fd7-8577-8e0145a6b33d tempest-GroupSnapshotsTest-6100428 tempest-GroupSnapshotsTest-6100428-project] http://10.222.0.37/volume/v3/16c6c4731c4742309f3ffcb99e7ec3e7/volumes/detail returned with HTTP 200
Feb 18 18:27:55.739336 dv-cinder-795785-3-smb devstack@c-api.service[109575]: [pid: 109575|app: 0|req: 44/91] 10.222.0.37 () {60 vars in 1275 bytes} [Fri Feb 18 18:27:55 2022] GET /volume/v3/16c6c4731c4742309f3ffcb99e7ec3e7/volumes/detail => generated 1003 bytes in 284 msecs (HTTP/1.1 200) 7 headers in 287 bytes (1 switches on core 0)
Feb 18 18:27:55.745546 dv-cinder-795785-3-smb devstack@c-api.service[109575]: INFO cinder.api.openstack.wsgi [None req-fa7a4d98-3ec8-4848-bfa7-775bd9d1f900 tempest-GroupSnapshotsTest-6100428 tempest-GroupSnapshotsTest-6100428-project] POST http://10.222.0.37/volume/v3/16c6c4731c4742309f3ffcb99e7ec3e7/groups/639606a1-f188-43b9-8ebe-0e4a36ca6c47/action
Feb 18 18:27:55.746319 dv-cinder-795785-3-smb devstack@c-api.service[109575]: DEBUG cinder.api.openstack.wsgi [None req-fa7a4d98-3ec8-4848-bfa7-775bd9d1f900 tempest-GroupSnapshotsTest-6100428 tempest-GroupSnapshotsTest-6100428-project] Action body: b'{"delete": {"delete-volumes": true}}' {{(pid=109575) get_method /opt/stack/cinder/cinder/api/openstack/wsgi.py:983}}
Feb 18 18:27:55.746820 dv-cinder-795785-3-smb devstack@c-api.service[109575]: DEBUG cinder.api.openstack.wsgi [None req-fa7a4d98-3ec8-4848-bfa7-775bd9d1f900 tempest-GroupSnapshotsTest-6100428 tempest-GroupSnapshotsTest-6100428-project] Action: 'action', calling method: version_select, body: {"delete": {"delete-volumes": true}} {{(pid=109575) _process_stack /opt/stack/cinder/cinder/api/openstack/wsgi.py:866}}
Feb 18 18:27:55.747586 dv-cinder-795785-3-smb devstack@c-api.service[109575]: DEBUG cinder.api.v3.groups [None req-fa7a4d98-3ec8-4848-bfa7-775bd9d1f900 tempest-GroupSnapshotsTest-6100428 tempest-GroupSnapshotsTest-6100428-project] delete called for group 639606a1-f188-43b9-8ebe-0e4a36ca6c47 {{(pid=109575) _delete /opt/stack/cinder/cinder/api/v3/groups.py:117}}
Feb 18 18:27:55.747908 dv-cinder-795785-3-smb devstack@c-api.service[109575]: INFO cinder.api.v3.groups [None req-fa7a4d98-3ec8-4848-bfa7-775bd9d1f900 tempest-GroupSnapshotsTest-6100428 tempest-GroupSnapshotsTest-6100428-project] Delete group with id: 639606a1-f188-43b9-8ebe-0e4a36ca6c47
Feb 18 18:27:55.762890 dv-cinder-795785-3-smb devstack@c-api.service[109575]: /usr/local/lib/python3.8/dist-packages/oslo_context/context.py:105: DeprecationWarning: Policy enforcement is depending on the value of is_admin. This key is deprecated. Please update your policy file to use the standard policy values.
Feb 18 18:27:55.762890 dv-cinder-795785-3-smb devstack@c-api.service[109575]: warnings.warn('Policy enforcement is depending on the value of '
Feb 18 18:27:55.797762 dv-cinder-795785-3-smb devstack@c-api.service[109574]: /usr/local/lib/python3.8/dist-packages/oslo_context/context.py:105: DeprecationWarning: Policy enforcement is depending on the value of is_admin. This key is deprecated. Please update your policy file to use the standard policy values.
Feb 18 18:27:55.797762 dv-cinder-795785-3-smb devstack@c-api.service[109574]: warnings.warn('Policy enforcement is depending on the value of '
Feb 18 18:27:55.862265 dv-cinder-795785-3-smb devstack@c-api.service[109574]: INFO cinder.api.openstack.wsgi [None req-66553b64-4f75-4e40-91f6-049843aa3668 tempest-SnapshotsActionsTest-1196320977 tempest-SnapshotsActionsTest-1196320977-project-admin] http://10.222.0.37/volume/v3/2dc2ba9a0f994bb7a8ba730c27bfd524/snapshots/383600c1-5479-402d-b83a-86ac76f1e252/action returned with HTTP 202
Feb 18 18:27:55.866505 dv-cinder-795785-3-smb devstack@c-api.service[109574]: [pid: 109574|app: 0|req: 48/92] 10.222.0.37 () {60 vars in 1372 bytes} [Fri Feb 18 18:27:55 2022] POST /volume/v3/2dc2ba9a0f994bb7a8ba730c27bfd524/snapshots/383600c1-5479-402d-b83a-86ac76f1e252/action => generated 0 bytes in 164 msecs (HTTP/1.1 202) 7 headers in 289 bytes (1 switches on core 0)
Feb 18 18:27:55.882168 dv-cinder-795785-3-smb devstack@c-api.service[109574]: INFO cinder.api.openstack.wsgi [None req-eaff7aa6-9113-49ad-92ba-d35b6c9990d5 tempest-SnapshotsActionsTest-205677178 tempest-SnapshotsActionsTest-205677178-project] GET http://10.222.0.37/volume/v3/40e3e1616ae94de283e19c49cff9082d/snapshots/383600c1-5479-402d-b83a-86ac76f1e252
Feb 18 18:27:55.889610 dv-cinder-795785-3-smb devstack@c-api.service[109574]: DEBUG cinder.api.openstack.wsgi [None req-eaff7aa6-9113-49ad-92ba-d35b6c9990d5 tempest-SnapshotsActionsTest-205677178 tempest-SnapshotsActionsTest-205677178-project] Empty body provided in request {{(pid=109574) get_body /opt/stack/cinder/cinder/api/openstack/wsgi.py:715}}
Feb 18 18:27:55.892553 dv-cinder-795785-3-smb devstack@c-api.service[109574]: DEBUG cinder.api.openstack.wsgi [None req-eaff7aa6-9113-49ad-92ba-d35b6c9990d5 tempest-SnapshotsActionsTest-205677178 tempest-SnapshotsActionsTest-205677178-project] Calling method 'show' {{(pid=109574) _process_stack /opt/stack/cinder/cinder/api/openstack/wsgi.py:868}}
Feb 18 18:27:55.916840 dv-cinder-795785-3-smb devstack@c-api.service[109574]: /usr/local/lib/python3.8/dist-packages/oslo_context/context.py:105: DeprecationWarning: Policy enforcement is depending on the value of is_admin. This key is deprecated. Please update your policy file to use the standard policy values.
Feb 18 18:27:55.916840 dv-cinder-795785-3-smb devstack@c-api.service[109574]: warnings.warn('Policy enforcement is depending on the value of '
Feb 18 18:27:55.923337 dv-cinder-795785-3-smb devstack@c-api.service[109574]: INFO cinder.volume.api [None req-eaff7aa6-9113-49ad-92ba-d35b6c9990d5 tempest-SnapshotsActionsTest-205677178 tempest-SnapshotsActionsTest-205677178-project] Snapshot retrieved successfully.
Feb 18 18:27:55.933166 dv-cinder-795785-3-smb devstack@c-api.service[109574]: INFO cinder.api.openstack.wsgi [None req-eaff7aa6-9113-49ad-92ba-d35b6c9990d5 tempest-SnapshotsActionsTest-205677178 tempest-SnapshotsActionsTest-205677178-project] http://10.222.0.37/volume/v3/40e3e1616ae94de283e19c49cff9082d/snapshots/383600c1-5479-402d-b83a-86ac76f1e252 returned with HTTP 200
Feb 18 18:27:55.934732 dv-cinder-795785-3-smb devstack@c-api.service[109574]: [pid: 109574|app: 0|req: 49/93] 10.222.0.37 () {58 vars in 1330 bytes} [Fri Feb 18 18:27:55 2022] GET /volume/v3/40e3e1616ae94de283e19c49cff9082d/snapshots/383600c1-5479-402d-b83a-86ac76f1e252 => generated 532 bytes in 66 msecs (HTTP/1.1 200) 7 headers in 285 bytes (1 switches on core 0)
Feb 18 18:27:55.946404 dv-cinder-795785-3-smb devstack@c-api.service[109574]: INFO cinder.api.openstack.wsgi [None req-f7f22561-973e-4130-b36d-6e750862a73a tempest-SnapshotsActionsTest-205677178 tempest-SnapshotsActionsTest-205677178-project] POST http://10.222.0.37/volume/v3/40e3e1616ae94de283e19c49cff9082d/snapshots
Feb 18 18:27:55.964959 dv-cinder-795785-3-smb devstack@c-api.service[109574]: DEBUG cinder.api.openstack.wsgi [None req-f7f22561-973e-4130-b36d-6e750862a73a tempest-SnapshotsActionsTest-205677178 tempest-SnapshotsActionsTest-205677178-project] Action: 'create', calling method: create, body: {"snapshot": {"volume_id": "4a0383e3-77a0-4c19-9bc0-a79c43342e54", "name": "tempest-SnapshotsActionsTest-Snapshot-698139221"}} {{(pid=109574) _process_stack /opt/stack/cinder/cinder/api/openstack/wsgi.py:866}}
Feb 18 18:27:56.025611 dv-cinder-795785-3-smb devstack@c-api.service[109574]: /usr/local/lib/python3.8/dist-packages/oslo_context/context.py:105: DeprecationWarning: Policy enforcement is depending on the value of is_admin. This key is deprecated. Please update your policy file to use the standard policy values.
Feb 18 18:27:56.025611 dv-cinder-795785-3-smb devstack@c-api.service[109574]: warnings.warn('Policy enforcement is depending on the value of '
Feb 18 18:27:56.026802 dv-cinder-795785-3-smb devstack@c-api.service[109574]: INFO cinder.volume.api [None req-f7f22561-973e-4130-b36d-6e750862a73a tempest-SnapshotsActionsTest-205677178 tempest-SnapshotsActionsTest-205677178-project] Volume info retrieved successfully.
Feb 18 18:27:56.027120 dv-cinder-795785-3-smb devstack@c-api.service[109574]: INFO cinder.api.v3.snapshots [None req-f7f22561-973e-4130-b36d-6e750862a73a tempest-SnapshotsActionsTest-205677178 tempest-SnapshotsActionsTest-205677178-project] Create snapshot from volume 4a0383e3-77a0-4c19-9bc0-a79c43342e54
Feb 18 18:27:56.032484 dv-cinder-795785-3-smb devstack@c-api.service[109575]: INFO cinder.api.openstack.wsgi [None req-fa7a4d98-3ec8-4848-bfa7-775bd9d1f900 tempest-GroupSnapshotsTest-6100428 tempest-GroupSnapshotsTest-6100428-project] http://10.222.0.37/volume/v3/16c6c4731c4742309f3ffcb99e7ec3e7/groups/639606a1-f188-43b9-8ebe-0e4a36ca6c47/action returned with HTTP 202
Feb 18 18:27:56.038888 dv-cinder-795785-3-smb devstack@c-api.service[109575]: [pid: 109575|app: 0|req: 45/94] 10.222.0.37 () {62 vars in 1404 bytes} [Fri Feb 18 18:27:55 2022] POST /volume/v3/16c6c4731c4742309f3ffcb99e7ec3e7/groups/639606a1-f188-43b9-8ebe-0e4a36ca6c47/action => generated 0 bytes in 299 msecs (HTTP/1.1 202) 6 headers in 234 bytes (2 switches on core 0)
Feb 18 18:27:56.046600 dv-cinder-795785-3-smb devstack@c-api.service[109575]: INFO cinder.api.openstack.wsgi [None req-5b4df35e-b431-4f13-ae74-9d3e81a7c2c6 tempest-GroupSnapshotsTest-6100428 tempest-GroupSnapshotsTest-6100428-project] GET http://10.222.0.37/volume/v3/16c6c4731c4742309f3ffcb99e7ec3e7/volumes/7d571c36-cb0b-4548-b6b1-8087731793c7
Feb 18 18:27:56.048397 dv-cinder-795785-3-smb devstack@c-api.service[109575]: DEBUG cinder.api.openstack.wsgi [None req-5b4df35e-b431-4f13-ae74-9d3e81a7c2c6 tempest-GroupSnapshotsTest-6100428 tempest-GroupSnapshotsTest-6100428-project] Empty body provided in request {{(pid=109575) get_body /opt/stack/cinder/cinder/api/openstack/wsgi.py:715}}
Feb 18 18:27:56.054296 dv-cinder-795785-3-smb devstack@c-api.service[109575]: DEBUG cinder.api.openstack.wsgi [None req-5b4df35e-b431-4f13-ae74-9d3e81a7c2c6 tempest-GroupSnapshotsTest-6100428 tempest-GroupSnapshotsTest-6100428-project] Calling method 'show' {{(pid=109575) _process_stack /opt/stack/cinder/cinder/api/openstack/wsgi.py:868}}
Feb 18 18:27:56.096190 dv-cinder-795785-3-smb devstack@c-api.service[109575]: /usr/local/lib/python3.8/dist-packages/oslo_context/context.py:105: DeprecationWarning: Policy enforcement is depending on the value of is_admin. This key is deprecated. Please update your policy file to use the standard policy values.
Feb 18 18:27:56.096190 dv-cinder-795785-3-smb devstack@c-api.service[109575]: warnings.warn('Policy enforcement is depending on the value of '
Feb 18 18:27:56.126838 dv-cinder-795785-3-smb devstack@c-api.service[109575]: INFO cinder.volume.api [None req-5b4df35e-b431-4f13-ae74-9d3e81a7c2c6 tempest-GroupSnapshotsTest-6100428 tempest-GroupSnapshotsTest-6100428-project] Volume info retrieved successfully.
Feb 18 18:27:56.130623 dv-cinder-795785-3-smb devstack@c-api.service[109575]: WARNING stevedore.named [None req-5b4df35e-b431-4f13-ae74-9d3e81a7c2c6 tempest-GroupSnapshotsTest-6100428 tempest-GroupSnapshotsTest-6100428-project] Could not load cinder.keymgr.conf_key_mgr.ConfKeyManager
Feb 18 18:27:56.130884 dv-cinder-795785-3-smb devstack@c-api.service[109574]: WARNING cinder.quota [None req-f7f22561-973e-4130-b36d-6e750862a73a tempest-SnapshotsActionsTest-205677178 tempest-SnapshotsActionsTest-205677178-project] Deprecated: Default quota for resource: gigabytes___DEFAULT__ is set by the default quota flag: quota_gigabytes___DEFAULT__, it is now deprecated. Please use the default quota class for default quota.
Feb 18 18:27:56.132406 dv-cinder-795785-3-smb devstack@c-api.service[109574]: WARNING cinder.quota [None req-f7f22561-973e-4130-b36d-6e750862a73a tempest-SnapshotsActionsTest-205677178 tempest-SnapshotsActionsTest-205677178-project] Deprecated: Default quota for resource: snapshots___DEFAULT__ is set by the default quota flag: quota_snapshots___DEFAULT__, it is now deprecated. Please use the default quota class for default quota.
Feb 18 18:27:56.132921 dv-cinder-795785-3-smb devstack@c-api.service[109575]: WARNING castellan.key_manager [None req-5b4df35e-b431-4f13-ae74-9d3e81a7c2c6 tempest-GroupSnapshotsTest-6100428 tempest-GroupSnapshotsTest-6100428-project] Deprecation Warning : cinder.keymgr.conf_key_mgr.ConfKeyManager is not a stevedore based driver, trying to load it as a class: stevedore.exception.NoMatches: No 'castellan.drivers' driver found, looking for 'cinder.keymgr.conf_key_mgr.ConfKeyManager'
Feb 18 18:27:56.159110 dv-cinder-795785-3-smb devstack@c-api.service[109575]: DEBUG oslo_db.sqlalchemy.engines [None req-5b4df35e-b431-4f13-ae74-9d3e81a7c2c6 tempest-GroupSnapshotsTest-6100428 tempest-GroupSnapshotsTest-6100428-project] MySQL server mode set to STRICT_TRANS_TABLES,STRICT_ALL_TABLES,NO_ZERO_IN_DATE,NO_ZERO_DATE,ERROR_FOR_DIVISION_BY_ZERO,TRADITIONAL,NO_ENGINE_SUBSTITUTION {{(pid=109575) _check_effective_sql_mode /usr/local/lib/python3.8/dist-packages/oslo_db/sqlalchemy/engines.py:314}}
Feb 18 18:27:56.169640 dv-cinder-795785-3-smb devstack@c-api.service[109575]: /usr/local/lib/python3.8/dist-packages/oslo_context/context.py:105: DeprecationWarning: Policy enforcement is depending on the value of is_admin. This key is deprecated. Please update your policy file to use the standard policy values.
Feb 18 18:27:56.169640 dv-cinder-795785-3-smb devstack@c-api.service[109575]: warnings.warn('Policy enforcement is depending on the value of '
Feb 18 18:27:56.193484 dv-cinder-795785-3-smb devstack@c-api.service[109574]: DEBUG cinder.quota [None req-f7f22561-973e-4130-b36d-6e750862a73a tempest-SnapshotsActionsTest-205677178 tempest-SnapshotsActionsTest-205677178-project] Created reservations ['dd200a46-da2e-4e96-9e99-b78e0b0d055a', '132c9f25-599e-45d3-92dd-cf6ef0a107c0', 'd826f187-9e06-429b-b840-e4e88b4f401a', 'e558bfb7-9704-4874-8d9d-88122c714dde'] {{(pid=109574) reserve /opt/stack/cinder/cinder/quota.py:755}}
Feb 18 18:27:56.223313 dv-cinder-795785-3-smb devstack@c-api.service[109575]: INFO cinder.api.openstack.wsgi [None req-5b4df35e-b431-4f13-ae74-9d3e81a7c2c6 tempest-GroupSnapshotsTest-6100428 tempest-GroupSnapshotsTest-6100428-project] http://10.222.0.37/volume/v3/16c6c4731c4742309f3ffcb99e7ec3e7/volumes/7d571c36-cb0b-4548-b6b1-8087731793c7 returned with HTTP 200
Feb 18 18:27:56.237662 dv-cinder-795785-3-smb devstack@c-api.service[109575]: [pid: 109575|app: 0|req: 46/95] 10.222.0.37 () {60 vars in 1365 bytes} [Fri Feb 18 18:27:56 2022] GET /volume/v3/16c6c4731c4742309f3ffcb99e7ec3e7/volumes/7d571c36-cb0b-4548-b6b1-8087731793c7 => generated 999 bytes in 188 msecs (HTTP/1.1 200) 7 headers in 286 bytes (1 switches on core 0)
Feb 18 18:27:56.322176 dv-cinder-795785-3-smb devstack@c-api.service[109574]: INFO cinder.volume.api [None req-f7f22561-973e-4130-b36d-6e750862a73a tempest-SnapshotsActionsTest-205677178 tempest-SnapshotsActionsTest-205677178-project] Snapshot create request issued successfully.
Feb 18 18:27:56.323124 dv-cinder-795785-3-smb devstack@c-api.service[109574]: INFO cinder.api.openstack.wsgi [None req-f7f22561-973e-4130-b36d-6e750862a73a tempest-SnapshotsActionsTest-205677178 tempest-SnapshotsActionsTest-205677178-project] http://10.222.0.37/volume/v3/40e3e1616ae94de283e19c49cff9082d/snapshots returned with HTTP 202
Feb 18 18:27:56.324232 dv-cinder-795785-3-smb devstack@c-api.service[109574]: [pid: 109574|app: 0|req: 50/96] 10.222.0.37 () {60 vars in 1241 bytes} [Fri Feb 18 18:27:55 2022] POST /volume/v3/40e3e1616ae94de283e19c49cff9082d/snapshots => generated 306 bytes in 382 msecs (HTTP/1.1 202) 7 headers in 291 bytes (1 switches on core 0)
Feb 18 18:27:56.335013 dv-cinder-795785-3-smb devstack@c-api.service[109575]: INFO cinder.api.openstack.wsgi [None req-a0efda2c-5eee-4e52-b7fc-302c13aa8c25 tempest-SnapshotsActionsTest-205677178 tempest-SnapshotsActionsTest-205677178-project] GET http://10.222.0.37/volume/v3/40e3e1616ae94de283e19c49cff9082d/snapshots/f3c15cf5-30e8-4514-86f8-c89e789bbde5
Feb 18 18:27:56.335872 dv-cinder-795785-3-smb devstack@c-api.service[109575]: DEBUG cinder.api.openstack.wsgi [None req-a0efda2c-5eee-4e52-b7fc-302c13aa8c25 tempest-SnapshotsActionsTest-205677178 tempest-SnapshotsActionsTest-205677178-project] Empty body provided in request {{(pid=109575) get_body /opt/stack/cinder/cinder/api/openstack/wsgi.py:715}}
Feb 18 18:27:56.336566 dv-cinder-795785-3-smb devstack@c-api.service[109575]: DEBUG cinder.api.openstack.wsgi [None req-a0efda2c-5eee-4e52-b7fc-302c13aa8c25 tempest-SnapshotsActionsTest-205677178 tempest-SnapshotsActionsTest-205677178-project] Calling method 'show' {{(pid=109575) _process_stack /opt/stack/cinder/cinder/api/openstack/wsgi.py:868}}
Feb 18 18:27:56.360240 dv-cinder-795785-3-smb devstack@c-api.service[109575]: /usr/local/lib/python3.8/dist-packages/oslo_context/context.py:105: DeprecationWarning: Policy enforcement is depending on the value of is_admin. This key is deprecated. Please update your policy file to use the standard policy values.
Feb 18 18:27:56.360240 dv-cinder-795785-3-smb devstack@c-api.service[109575]: warnings.warn('Policy enforcement is depending on the value of '
Feb 18 18:27:56.361942 dv-cinder-795785-3-smb devstack@c-api.service[109575]: INFO cinder.volume.api [None req-a0efda2c-5eee-4e52-b7fc-302c13aa8c25 tempest-SnapshotsActionsTest-205677178 tempest-SnapshotsActionsTest-205677178-project] Snapshot retrieved successfully.
Feb 18 18:27:56.369567 dv-cinder-795785-3-smb devstack@c-api.service[109575]: INFO cinder.api.openstack.wsgi [None req-a0efda2c-5eee-4e52-b7fc-302c13aa8c25 tempest-SnapshotsActionsTest-205677178 tempest-SnapshotsActionsTest-205677178-project] http://10.222.0.37/volume/v3/40e3e1616ae94de283e19c49cff9082d/snapshots/f3c15cf5-30e8-4514-86f8-c89e789bbde5 returned with HTTP 200
Feb 18 18:27:56.370897 dv-cinder-795785-3-smb devstack@c-api.service[109575]: [pid: 109575|app: 0|req: 47/97] 10.222.0.37 () {58 vars in 1330 bytes} [Fri Feb 18 18:27:56 2022] GET /volume/v3/40e3e1616ae94de283e19c49cff9082d/snapshots/f3c15cf5-30e8-4514-86f8-c89e789bbde5 => generated 438 bytes in 41 msecs (HTTP/1.1 200) 7 headers in 285 bytes (1 switches on core 0)
Feb 18 18:27:57.245328 dv-cinder-795785-3-smb devstack@c-api.service[109574]: INFO cinder.api.openstack.wsgi [None req-75442566-bd4d-4dd2-8d04-dd3ee12aaddb tempest-GroupSnapshotsTest-6100428 tempest-GroupSnapshotsTest-6100428-project] GET http://10.222.0.37/volume/v3/16c6c4731c4742309f3ffcb99e7ec3e7/volumes/7d571c36-cb0b-4548-b6b1-8087731793c7
Feb 18 18:27:57.246560 dv-cinder-795785-3-smb devstack@c-api.service[109574]: DEBUG cinder.api.openstack.wsgi [None req-75442566-bd4d-4dd2-8d04-dd3ee12aaddb tempest-GroupSnapshotsTest-6100428 tempest-GroupSnapshotsTest-6100428-project] Empty body provided in request {{(pid=109574) get_body /opt/stack/cinder/cinder/api/openstack/wsgi.py:715}}
Feb 18 18:27:57.247294 dv-cinder-795785-3-smb devstack@c-api.service[109574]: DEBUG cinder.api.openstack.wsgi [None req-75442566-bd4d-4dd2-8d04-dd3ee12aaddb tempest-GroupSnapshotsTest-6100428 tempest-GroupSnapshotsTest-6100428-project] Calling method 'show' {{(pid=109574) _process_stack /opt/stack/cinder/cinder/api/openstack/wsgi.py:868}}
Feb 18 18:27:57.269065 dv-cinder-795785-3-smb devstack@c-api.service[109574]: INFO cinder.api.openstack.wsgi [None req-75442566-bd4d-4dd2-8d04-dd3ee12aaddb tempest-GroupSnapshotsTest-6100428 tempest-GroupSnapshotsTest-6100428-project] http://10.222.0.37/volume/v3/16c6c4731c4742309f3ffcb99e7ec3e7/volumes/7d571c36-cb0b-4548-b6b1-8087731793c7 returned with HTTP 404
Feb 18 18:27:57.275798 dv-cinder-795785-3-smb devstack@c-api.service[109574]: [pid: 109574|app: 0|req: 51/98] 10.222.0.37 () {60 vars in 1365 bytes} [Fri Feb 18 18:27:57 2022] GET /volume/v3/16c6c4731c4742309f3ffcb99e7ec3e7/volumes/7d571c36-cb0b-4548-b6b1-8087731793c7 => generated 109 bytes in 35 msecs (HTTP/1.1 404) 7 headers in 293 bytes (1 switches on core 0)
Feb 18 18:27:57.306226 dv-cinder-795785-3-smb devstack@c-api.service[109575]: INFO cinder.api.openstack.wsgi [None req-1732a28a-f76e-4af4-90b5-4ba8405edcf6 tempest-GroupSnapshotsTest-6100428 tempest-GroupSnapshotsTest-6100428-project] GET http://10.222.0.37/volume/v3/16c6c4731c4742309f3ffcb99e7ec3e7/groups/639606a1-f188-43b9-8ebe-0e4a36ca6c47
Feb 18 18:27:57.306804 dv-cinder-795785-3-smb devstack@c-api.service[109575]: DEBUG cinder.api.openstack.wsgi [None req-1732a28a-f76e-4af4-90b5-4ba8405edcf6 tempest-GroupSnapshotsTest-6100428 tempest-GroupSnapshotsTest-6100428-project] Empty body provided in request {{(pid=109575) get_body /opt/stack/cinder/cinder/api/openstack/wsgi.py:715}}
Feb 18 18:27:57.309074 dv-cinder-795785-3-smb devstack@c-api.service[109575]: DEBUG cinder.api.openstack.wsgi [None req-1732a28a-f76e-4af4-90b5-4ba8405edcf6 tempest-GroupSnapshotsTest-6100428 tempest-GroupSnapshotsTest-6100428-project] Calling method 'version_select' {{(pid=109575) _process_stack /opt/stack/cinder/cinder/api/openstack/wsgi.py:868}}
Feb 18 18:27:57.309461 dv-cinder-795785-3-smb devstack@c-api.service[109575]: DEBUG cinder.api.v3.groups [None req-1732a28a-f76e-4af4-90b5-4ba8405edcf6 tempest-GroupSnapshotsTest-6100428 tempest-GroupSnapshotsTest-6100428-project] show called for member 639606a1-f188-43b9-8ebe-0e4a36ca6c47 {{(pid=109575) show /opt/stack/cinder/cinder/api/v3/groups.py:58}}
Feb 18 18:27:57.336701 dv-cinder-795785-3-smb devstack@c-api.service[109575]: INFO cinder.api.openstack.wsgi [None req-1732a28a-f76e-4af4-90b5-4ba8405edcf6 tempest-GroupSnapshotsTest-6100428 tempest-GroupSnapshotsTest-6100428-project] http://10.222.0.37/volume/v3/16c6c4731c4742309f3ffcb99e7ec3e7/groups/639606a1-f188-43b9-8ebe-0e4a36ca6c47 returned with HTTP 404
Feb 18 18:27:57.340855 dv-cinder-795785-3-smb devstack@c-api.service[109575]: [pid: 109575|app: 0|req: 48/99] 10.222.0.37 () {60 vars in 1362 bytes} [Fri Feb 18 18:27:57 2022] GET /volume/v3/16c6c4731c4742309f3ffcb99e7ec3e7/groups/639606a1-f188-43b9-8ebe-0e4a36ca6c47 => generated 108 bytes in 57 msecs (HTTP/1.1 404) 7 headers in 293 bytes (1 switches on core 0)
Feb 18 18:27:57.346303 dv-cinder-795785-3-smb devstack@c-api.service[109574]: INFO cinder.api.openstack.wsgi [None req-cc46bf64-570b-4114-a44c-80fec5ddca6d tempest-GroupSnapshotsTest-789434310 tempest-GroupSnapshotsTest-789434310-project-admin] DELETE http://10.222.0.37/volume/v3/65a694a5d114460ab490c31287d9d40b/group_types/1bc3cf71-7d47-44b1-80a2-68f11795c1d5
Feb 18 18:27:57.347092 dv-cinder-795785-3-smb devstack@c-api.service[109574]: DEBUG cinder.api.openstack.wsgi [None req-cc46bf64-570b-4114-a44c-80fec5ddca6d tempest-GroupSnapshotsTest-789434310 tempest-GroupSnapshotsTest-789434310-project-admin] Empty body provided in request {{(pid=109574) get_body /opt/stack/cinder/cinder/api/openstack/wsgi.py:715}}
Feb 18 18:27:57.347959 dv-cinder-795785-3-smb devstack@c-api.service[109574]: DEBUG cinder.api.openstack.wsgi [None req-cc46bf64-570b-4114-a44c-80fec5ddca6d tempest-GroupSnapshotsTest-789434310 tempest-GroupSnapshotsTest-789434310-project-admin] Calling method 'version_select' {{(pid=109574) _process_stack /opt/stack/cinder/cinder/api/openstack/wsgi.py:868}}
Feb 18 18:27:57.348884 dv-cinder-795785-3-smb devstack@c-api.service[109574]: /usr/local/lib/python3.8/dist-packages/oslo_context/context.py:105: DeprecationWarning: Policy enforcement is depending on the value of is_admin. This key is deprecated. Please update your policy file to use the standard policy values.
Feb 18 18:27:57.348884 dv-cinder-795785-3-smb devstack@c-api.service[109574]: warnings.warn('Policy enforcement is depending on the value of '
Feb 18 18:27:57.385084 dv-cinder-795785-3-smb devstack@c-api.service[109575]: INFO cinder.api.openstack.wsgi [None req-eb18d3ac-0bd2-45c2-b67d-6618080857bf tempest-SnapshotsActionsTest-205677178 tempest-SnapshotsActionsTest-205677178-project] GET http://10.222.0.37/volume/v3/40e3e1616ae94de283e19c49cff9082d/snapshots/f3c15cf5-30e8-4514-86f8-c89e789bbde5
Feb 18 18:27:57.385929 dv-cinder-795785-3-smb devstack@c-api.service[109575]: DEBUG cinder.api.openstack.wsgi [None req-eb18d3ac-0bd2-45c2-b67d-6618080857bf tempest-SnapshotsActionsTest-205677178 tempest-SnapshotsActionsTest-205677178-project] Empty body provided in request {{(pid=109575) get_body /opt/stack/cinder/cinder/api/openstack/wsgi.py:715}}
Feb 18 18:27:57.386553 dv-cinder-795785-3-smb devstack@c-api.service[109575]: DEBUG cinder.api.openstack.wsgi [None req-eb18d3ac-0bd2-45c2-b67d-6618080857bf tempest-SnapshotsActionsTest-205677178 tempest-SnapshotsActionsTest-205677178-project] Calling method 'show' {{(pid=109575) _process_stack /opt/stack/cinder/cinder/api/openstack/wsgi.py:868}}
Feb 18 18:27:57.409209 dv-cinder-795785-3-smb devstack@c-api.service[109574]: INFO cinder.api.openstack.wsgi [None req-cc46bf64-570b-4114-a44c-80fec5ddca6d tempest-GroupSnapshotsTest-789434310 tempest-GroupSnapshotsTest-789434310-project-admin] http://10.222.0.37/volume/v3/65a694a5d114460ab490c31287d9d40b/group_types/1bc3cf71-7d47-44b1-80a2-68f11795c1d5 returned with HTTP 202
Feb 18 18:27:57.410839 dv-cinder-795785-3-smb devstack@c-api.service[109575]: /usr/local/lib/python3.8/dist-packages/oslo_context/context.py:105: DeprecationWarning: Policy enforcement is depending on the value of is_admin. This key is deprecated. Please update your policy file to use the standard policy values.
Feb 18 18:27:57.410839 dv-cinder-795785-3-smb devstack@c-api.service[109575]: warnings.warn('Policy enforcement is depending on the value of '
Feb 18 18:27:57.413729 dv-cinder-795785-3-smb devstack@c-api.service[109575]: INFO cinder.volume.api [None req-eb18d3ac-0bd2-45c2-b67d-6618080857bf tempest-SnapshotsActionsTest-205677178 tempest-SnapshotsActionsTest-205677178-project] Snapshot retrieved successfully.
Feb 18 18:27:57.419468 dv-cinder-795785-3-smb devstack@c-api.service[109574]: [pid: 109574|app: 0|req: 52/100] 10.222.0.37 () {60 vars in 1380 bytes} [Fri Feb 18 18:27:57 2022] DELETE /volume/v3/65a694a5d114460ab490c31287d9d40b/group_types/1bc3cf71-7d47-44b1-80a2-68f11795c1d5 => generated 0 bytes in 72 msecs (HTTP/1.1 202) 6 headers in 234 bytes (1 switches on core 0)
Feb 18 18:27:57.421925 dv-cinder-795785-3-smb devstack@c-api.service[109575]: INFO cinder.api.openstack.wsgi [None req-eb18d3ac-0bd2-45c2-b67d-6618080857bf tempest-SnapshotsActionsTest-205677178 tempest-SnapshotsActionsTest-205677178-project] http://10.222.0.37/volume/v3/40e3e1616ae94de283e19c49cff9082d/snapshots/f3c15cf5-30e8-4514-86f8-c89e789bbde5 returned with HTTP 200
Feb 18 18:27:57.423552 dv-cinder-795785-3-smb devstack@c-api.service[109575]: [pid: 109575|app: 0|req: 49/101] 10.222.0.37 () {58 vars in 1330 bytes} [Fri Feb 18 18:27:57 2022] GET /volume/v3/40e3e1616ae94de283e19c49cff9082d/snapshots/f3c15cf5-30e8-4514-86f8-c89e789bbde5 => generated 568 bytes in 44 msecs (HTTP/1.1 200) 7 headers in 285 bytes (1 switches on core 0)
Feb 18 18:27:57.436549 dv-cinder-795785-3-smb devstack@c-api.service[109574]: INFO cinder.api.openstack.wsgi [None req-55c3d309-9c60-4282-891a-0f5cb2ab838c tempest-GroupSnapshotsTest-789434310 tempest-GroupSnapshotsTest-789434310-project-admin] POST http://10.222.0.37/volume/v3/65a694a5d114460ab490c31287d9d40b/types
