Aug 31 10:53:27.448827 dv-cinder-795785-12-smb neutron-server[106281]: DEBUG neutron_lib.callbacks.manager [req-875043a3-7c69-4b73-ae5e-c3c63992595e req-3017f1e7-9f95-47a1-8ecc-811eeada795d service neutron] Publish callbacks ['neutron.plugins.ml2.plugin.SecurityGroupServerNotifierRpcMixin._notify_sg_on_port_change-33053560', 'neutron.plugins.ml2.ovo_rpc._ObjectChangeHandler.handle_event-441676', 'neutron.api.rpc.agentnotifiers.dhcp_rpc_agent_api.DhcpAgentNotifyAPI._native_event_send_dhcp_notification-539500', 'neutron.db.l3_db.L3RpcNotifierMixin._notify_gateway_port_ip_changed-8755508656002', 'neutron.db.l3_dvrscheduler_db._notify_l3_agent_port_update-8755508278047', 'neutron.db.l3_hascheduler_db._notify_l3_agent_ha_port_update-8755508278065'] for port (06225b66-fb48-4045-895f-9dc1c6d0f2e6), after_update {{(pid=106281) _notify_loop /usr/local/lib/python3.8/dist-packages/neutron_lib/callbacks/manager.py:176}}
Aug 31 10:53:27.477678 dv-cinder-795785-12-smb neutron-server[106281]: DEBUG neutron.pecan_wsgi.hooks.policy_enforcement [req-875043a3-7c69-4b73-ae5e-c3c63992595e req-3017f1e7-9f95-47a1-8ecc-811eeada795d service neutron] Attributes excluded by policy engine: ['standard_attr_id'] {{(pid=106281) _exclude_attributes_by_policy /opt/stack/neutron/neutron/pecan_wsgi/hooks/policy_enforcement.py:259}}
Aug 31 10:53:27.480633 dv-cinder-795785-12-smb neutron-server[106281]: DEBUG neutron_lib.callbacks.manager [req-875043a3-7c69-4b73-ae5e-c3c63992595e req-3017f1e7-9f95-47a1-8ecc-811eeada795d service neutron] Publish callbacks ['neutron.notifiers.nova.Notifier._send_nova_notification-511990', 'neutron.api.rpc.agentnotifiers.dhcp_rpc_agent_api.DhcpAgentNotifyAPI._send_dhcp_notification-539518'] for port (None), before_response {{(pid=106281) _notify_loop /usr/local/lib/python3.8/dist-packages/neutron_lib/callbacks/manager.py:176}}
Aug 31 10:53:27.482229 dv-cinder-795785-12-smb neutron-server[106281]: INFO neutron.wsgi [req-875043a3-7c69-4b73-ae5e-c3c63992595e req-3017f1e7-9f95-47a1-8ecc-811eeada795d service neutron] 10.222.0.27 "PUT /networking/v2.0/ports/06225b66-fb48-4045-895f-9dc1c6d0f2e6 HTTP/1.1" status: 200 len: 1093 time: 2.1385128
Aug 31 10:53:27.482793 dv-cinder-795785-12-smb neutron-server[106281]: DEBUG neutron.notifiers.nova [-] Sending events: [{'name': 'network-changed', 'server_uuid': '2481a7c1-e005-4b36-9ef9-ccf260db457e', 'tag': '06225b66-fb48-4045-895f-9dc1c6d0f2e6'}] {{(pid=106281) send_events /opt/stack/neutron/neutron/notifiers/nova.py:271}}
Aug 31 10:53:27.490562 dv-cinder-795785-12-smb neutron-server[106281]: DEBUG novaclient.v2.client [-] REQ: curl -g -i --cacert "/opt/stack/data/ca-bundle.pem" -X POST http://10.222.0.47/compute/v2.1/os-server-external-events -H "Accept: application/json" -H "Content-Type: application/json" -H "User-Agent: python-novaclient" -H "X-Auth-Token: {SHA256}ccde58c88ab3a5e8275fdcae8b37dfce369de5e32aee531821722f506aa786df" -H "X-OpenStack-Nova-API-Version: 2.1" -H "X-OpenStack-Request-ID: req-b27966a4-5853-4ab7-a6b0-c23cfc73d71b" -d '{"events": [{"name": "network-changed", "server_uuid": "2481a7c1-e005-4b36-9ef9-ccf260db457e", "tag": "06225b66-fb48-4045-895f-9dc1c6d0f2e6"}]}' {{(pid=106281) _http_log_request /usr/local/lib/python3.8/dist-packages/keystoneauth1/session.py:519}}
Aug 31 10:53:27.505953 dv-cinder-795785-12-smb neutron-server[106280]: DEBUG neutron.pecan_wsgi.hooks.policy_enforcement [req-869c2f11-6ee9-4afc-955e-3d93c8cd59e1 req-bafab119-8413-4b35-9673-c90123dcfce0 service neutron] Attributes excluded by policy engine: ['standard_attr_id'] {{(pid=106280) _exclude_attributes_by_policy /opt/stack/neutron/neutron/pecan_wsgi/hooks/policy_enforcement.py:259}}
Aug 31 10:53:27.508161 dv-cinder-795785-12-smb neutron-server[106280]: INFO neutron.wsgi [req-869c2f11-6ee9-4afc-955e-3d93c8cd59e1 req-bafab119-8413-4b35-9673-c90123dcfce0 service neutron] 10.222.0.27 "GET /networking/v2.0/ports?tenant_id=9575ffb8b97c4246bc6f4e8699cfa68d&device_id=a4a33b5c-bb5d-44d7-a5e1-bcac09239a02 HTTP/1.1" status: 200 len: 1128 time: 0.2729053
Aug 31 10:53:27.607561 dv-cinder-795785-12-smb neutron-server[106280]: DEBUG neutron.pecan_wsgi.hooks.policy_enforcement [req-703665bc-90ac-474e-86e9-00eb36ef671e req-e4d3179b-de5f-46f3-b8f9-cf5c9ec03373 tempest-AttachVolumeTestJSON-1376473962 tempest-AttachVolumeTestJSON-1376473962-project] Attributes excluded by policy engine: ['standard_attr_id', 'binding:profile', 'binding:host_id', 'binding:vif_type', 'binding:vif_details'] {{(pid=106280) _exclude_attributes_by_policy /opt/stack/neutron/neutron/pecan_wsgi/hooks/policy_enforcement.py:259}}
Aug 31 10:53:27.622371 dv-cinder-795785-12-smb neutron-server[106280]: INFO neutron.wsgi [req-703665bc-90ac-474e-86e9-00eb36ef671e req-e4d3179b-de5f-46f3-b8f9-cf5c9ec03373 tempest-AttachVolumeTestJSON-1376473962 tempest-AttachVolumeTestJSON-1376473962-project] 10.222.0.47 "GET /networking/v2.0/ports?device_id=65c371d2-9941-4cd6-86db-74ba84cf35c5 HTTP/1.1" status: 200 len: 943 time: 0.2498474
Aug 31 10:53:27.646540 dv-cinder-795785-12-smb neutron-server[106281]: DEBUG novaclient.v2.client [-] RESP: [200] Connection: close Content-Length: 179 Content-Type: application/json Date: Wed, 31 Aug 2022 10:53:27 GMT OpenStack-API-Version: compute 2.1 Server: Apache/2.4.41 (Ubuntu) Vary: OpenStack-API-Version,X-OpenStack-Nova-API-Version X-OpenStack-Nova-API-Version: 2.1 x-compute-request-id: req-7a6ec824-aa24-413c-b138-1dda7b3c969e x-openstack-request-id: req-7a6ec824-aa24-413c-b138-1dda7b3c969e {{(pid=106281) _http_log_response /usr/local/lib/python3.8/dist-packages/keystoneauth1/session.py:550}}
Aug 31 10:53:27.647377 dv-cinder-795785-12-smb neutron-server[106281]: DEBUG novaclient.v2.client [-] RESP BODY: {"events": [{"name": "network-changed", "server_uuid": "2481a7c1-e005-4b36-9ef9-ccf260db457e", "tag": "06225b66-fb48-4045-895f-9dc1c6d0f2e6", "status": "completed", "code": 200}]} {{(pid=106281) _http_log_response /usr/local/lib/python3.8/dist-packages/keystoneauth1/session.py:582}}
Aug 31 10:53:27.649628 dv-cinder-795785-12-smb neutron-server[106281]: DEBUG novaclient.v2.client [-] POST call to compute for http://10.222.0.47/compute/v2.1/os-server-external-events used request id req-7a6ec824-aa24-413c-b138-1dda7b3c969e {{(pid=106281) request /usr/local/lib/python3.8/dist-packages/keystoneauth1/session.py:954}}
Aug 31 10:53:27.650560 dv-cinder-795785-12-smb neutron-server[106281]: INFO neutron.notifiers.nova [-] Nova event matching ['req-7a6ec824-aa24-413c-b138-1dda7b3c969e'] response: {'name': 'network-changed', 'server_uuid': '2481a7c1-e005-4b36-9ef9-ccf260db457e', 'tag': '06225b66-fb48-4045-895f-9dc1c6d0f2e6', 'status': 'completed', 'code': 200}
Aug 31 10:53:27.716723 dv-cinder-795785-12-smb neutron-server[106280]: DEBUG dbcounter [-] [106280] Writing DB stats neutron:SELECT=98,neutron:DELETE=2 {{(pid=106280) stat_writer /usr/local/lib/python3.8/dist-packages/dbcounter.py:114}}
Aug 31 10:53:27.727850 dv-cinder-795785-12-smb neutron-server[106281]: DEBUG neutron.pecan_wsgi.hooks.policy_enforcement [req-875043a3-7c69-4b73-ae5e-c3c63992595e req-533047f3-cb82-43b3-8ece-e584d5566071 service neutron] Attributes excluded by policy engine: ['standard_attr_id'] {{(pid=106281) _exclude_attributes_by_policy /opt/stack/neutron/neutron/pecan_wsgi/hooks/policy_enforcement.py:259}}
Aug 31 10:53:27.730022 dv-cinder-795785-12-smb neutron-server[106281]: INFO neutron.wsgi [req-875043a3-7c69-4b73-ae5e-c3c63992595e req-533047f3-cb82-43b3-8ece-e584d5566071 service neutron] 10.222.0.27 "GET /networking/v2.0/ports?tenant_id=c20bcbef719641a8aa209228cff9214c&device_id=2481a7c1-e005-4b36-9ef9-ccf260db457e HTTP/1.1" status: 200 len: 1127 time: 0.1795118
Aug 31 10:53:27.733164 dv-cinder-795785-12-smb neutron-server[106281]: DEBUG neutron.api.rpc.handlers.resources_rpc [None req-3017f1e7-9f95-47a1-8ecc-811eeada795d service neutron] Pushing event updated for resources: {'Port': ['ID=06225b66-fb48-4045-895f-9dc1c6d0f2e6,revision_number=3']} {{(pid=106281) push /opt/stack/neutron/neutron/api/rpc/handlers/resources_rpc.py:237}}
Aug 31 10:53:27.808386 dv-cinder-795785-12-smb neutron-server[106280]: INFO neutron.wsgi [req-703665bc-90ac-474e-86e9-00eb36ef671e req-501d8df6-1213-429e-a812-ebd1f4ca296d tempest-AttachVolumeTestJSON-1376473962 tempest-AttachVolumeTestJSON-1376473962-project] 10.222.0.47 "GET /networking/v2.0/security-groups?id=0a68925f-b91d-4c4e-9d68-65260a1eacbd&fields=id&fields=name HTTP/1.1" status: 200 len: 313 time: 0.1825931
Aug 31 10:53:27.830688 dv-cinder-795785-12-smb neutron-server[106280]: DEBUG neutron.pecan_wsgi.hooks.policy_enforcement [req-ea46eb0c-cba3-4d42-8db5-9467b4d8f463 req-29f1e63e-d775-4c6c-8f0b-b206ae162b53 service neutron] Attributes excluded by policy engine: ['standard_attr_id'] {{(pid=106280) _exclude_attributes_by_policy /opt/stack/neutron/neutron/pecan_wsgi/hooks/policy_enforcement.py:259}}
Aug 31 10:53:27.832631 dv-cinder-795785-12-smb neutron-server[106280]: INFO neutron.wsgi [req-ea46eb0c-cba3-4d42-8db5-9467b4d8f463 req-29f1e63e-d775-4c6c-8f0b-b206ae162b53 service neutron] 10.222.0.27 "GET /networking/v2.0/ports?tenant_id=19297d676db141c08d8a410373404c25&device_id=65c371d2-9941-4cd6-86db-74ba84cf35c5 HTTP/1.1" status: 200 len: 1127 time: 0.3746378
Aug 31 10:53:27.883163 dv-cinder-795785-12-smb neutron-server[106281]: INFO neutron.wsgi [req-875043a3-7c69-4b73-ae5e-c3c63992595e req-730245d8-e0c6-4166-9f29-0b48b0340f48 service neutron] 10.222.0.27 "GET /networking/v2.0/floatingips?fixed_ip_address=172.20.0.7&port_id=06225b66-fb48-4045-895f-9dc1c6d0f2e6 HTTP/1.1" status: 200 len: 217 time: 0.1181543
Aug 31 10:53:27.888018 dv-cinder-795785-12-smb neutron-server[106280]: DEBUG neutron.api.v2.base [None req-8bfd200f-5cb9-4df8-8342-f41216776aae admin admin] Request body: {'network': {'name': 'tempest-VolumesSnapshotTestJSON-1342256051-network', 'tenant_id': 'd62a0e3636b74df7b4296c4db64c1b87'}} {{(pid=106280) prepare_request_body /opt/stack/neutron/neutron/api/v2/base.py:730}}
Aug 31 10:53:28.008434 dv-cinder-795785-12-smb neutron-server[106281]: DEBUG neutron.pecan_wsgi.hooks.policy_enforcement [req-8c42bc64-64d5-4926-a2ba-8012ade3a714 req-564725c4-a511-4667-ab18-5d06a8731726 tempest-DeleteServersTestJSON-1471936596 tempest-DeleteServersTestJSON-1471936596-project] Attributes excluded by policy engine: ['standard_attr_id', 'binding:profile', 'binding:host_id', 'binding:vif_type', 'binding:vif_details'] {{(pid=106281) _exclude_attributes_by_policy /opt/stack/neutron/neutron/pecan_wsgi/hooks/policy_enforcement.py:259}}
Aug 31 10:53:28.013509 dv-cinder-795785-12-smb neutron-server[106281]: INFO neutron.wsgi [req-8c42bc64-64d5-4926-a2ba-8012ade3a714 req-564725c4-a511-4667-ab18-5d06a8731726 tempest-DeleteServersTestJSON-1471936596 tempest-DeleteServersTestJSON-1471936596-project] 10.222.0.47 "GET /networking/v2.0/ports?device_id=aad7c5b2-5756-404a-8f89-70399b679d46 HTTP/1.1" status: 200 len: 944 time: 0.1444907
Aug 31 10:53:28.134476 dv-cinder-795785-12-smb neutron-server[106280]: DEBUG neutron.pecan_wsgi.hooks.quota_enforcement [None req-8bfd200f-5cb9-4df8-8342-f41216776aae admin admin] Made reservation on behalf of d62a0e3636b74df7b4296c4db64c1b87 for: {'network': 1} {{(pid=106280) before /opt/stack/neutron/neutron/pecan_wsgi/hooks/quota_enforcement.py:53}}
Aug 31 10:53:28.137137 dv-cinder-795785-12-smb neutron-server[106280]: DEBUG neutron_lib.callbacks.manager [None req-8bfd200f-5cb9-4df8-8342-f41216776aae admin admin] Publish callbacks ['neutron.plugins.ml2.plugin.SecurityGroupDbMixin._ensure_default_security_group_handler-33053499'] for network (None), before_create {{(pid=106280) _notify_loop /usr/local/lib/python3.8/dist-packages/neutron_lib/callbacks/manager.py:176}}
Aug 31 10:53:28.194229 dv-cinder-795785-12-smb neutron-server[106280]: DEBUG neutron_lib.callbacks.manager [None req-8bfd200f-5cb9-4df8-8342-f41216776aae admin admin] Publish callbacks [] for security_group (None), before_create {{(pid=106280) _notify_loop /usr/local/lib/python3.8/dist-packages/neutron_lib/callbacks/manager.py:176}}
Aug 31 10:53:28.231929 dv-cinder-795785-12-smb neutron-server[106281]: DEBUG neutron.pecan_wsgi.hooks.policy_enforcement [req-875043a3-7c69-4b73-ae5e-c3c63992595e req-77e0904e-eede-4ae2-bd34-3c460e1ed609 service neutron] Attributes excluded by policy engine: ['standard_attr_id', 'shared'] {{(pid=106281) _exclude_attributes_by_policy /opt/stack/neutron/neutron/pecan_wsgi/hooks/policy_enforcement.py:259}}
Aug 31 10:53:28.233413 dv-cinder-795785-12-smb neutron-server[106281]: INFO neutron.wsgi [req-875043a3-7c69-4b73-ae5e-c3c63992595e req-77e0904e-eede-4ae2-bd34-3c460e1ed609 service neutron] 10.222.0.27 "GET /networking/v2.0/subnets?id=d1497cd5-8a02-4f8f-9b27-ea1ed00879c1 HTTP/1.1" status: 200 len: 854 time: 0.2186620
Aug 31 10:53:28.280705 dv-cinder-795785-12-smb neutron-server[106281]: INFO neutron.wsgi [req-8c42bc64-64d5-4926-a2ba-8012ade3a714 req-d8a73660-9354-4e80-8bac-63a0238c62f0 tempest-DeleteServersTestJSON-1471936596 tempest-DeleteServersTestJSON-1471936596-project] 10.222.0.47 "GET /networking/v2.0/security-groups?id=e8af52a2-133d-4d3a-bbbb-b68a0ec161a5&fields=id&fields=name HTTP/1.1" status: 200 len: 286 time: 0.2353652
Aug 31 10:53:28.283182 dv-cinder-795785-12-smb neutron-server[106283]: DEBUG neutron.db.agents_db [None req-ef7af2d8-9b97-4755-81de-6bf3bd1b01e5 None None] Agent healthcheck: found 6 active agents {{(pid=106283) agent_health_check /opt/stack/neutron/neutron/db/agents_db.py:317}}
Aug 31 10:53:28.318005 dv-cinder-795785-12-smb neutron-server[106280]: DEBUG neutron.pecan_wsgi.hooks.policy_enforcement [req-869c2f11-6ee9-4afc-955e-3d93c8cd59e1 req-e94a9c18-d092-4eec-81c9-e0c99c2e8623 service neutron] Attributes excluded by policy engine: ['standard_attr_id', 'vlan_transparent'] {{(pid=106280) _exclude_attributes_by_policy /opt/stack/neutron/neutron/pecan_wsgi/hooks/policy_enforcement.py:259}}
Aug 31 10:53:28.327099 dv-cinder-795785-12-smb neutron-server[106280]: INFO neutron.wsgi [req-869c2f11-6ee9-4afc-955e-3d93c8cd59e1 req-e94a9c18-d092-4eec-81c9-e0c99c2e8623 service neutron] 10.222.0.27 "GET /networking/v2.0/networks?id=d4a86f69-30f9-4051-b7c9-a8e9b93dc8a4 HTTP/1.1" status: 200 len: 918 time: 0.7780921
Aug 31 10:53:28.416097 dv-cinder-795785-12-smb neutron-server[106281]: DEBUG neutron.pecan_wsgi.hooks.policy_enforcement [req-875043a3-7c69-4b73-ae5e-c3c63992595e req-1736a893-85a4-4ee0-aef6-2d678b8ec3de service neutron] Attributes excluded by policy engine: ['standard_attr_id'] {{(pid=106281) _exclude_attributes_by_policy /opt/stack/neutron/neutron/pecan_wsgi/hooks/policy_enforcement.py:259}}
Aug 31 10:53:28.423065 dv-cinder-795785-12-smb neutron-server[106281]: INFO neutron.wsgi [req-875043a3-7c69-4b73-ae5e-c3c63992595e req-1736a893-85a4-4ee0-aef6-2d678b8ec3de service neutron] 10.222.0.27 "GET /networking/v2.0/ports?network_id=4f5beebf-99b0-4933-af43-8e18a6492b90&device_owner=network%3Adhcp HTTP/1.1" status: 200 len: 1211 time: 0.1727509
Aug 31 10:53:28.582536 dv-cinder-795785-12-smb neutron-server[106280]: DEBUG neutron.pecan_wsgi.hooks.policy_enforcement [req-91f0362d-d372-4739-894f-04579e1b573e req-2ed000e4-2eb2-443e-8b84-6fde500cc3cd tempest-AttachVolumeShelveTestJSON-448676757 tempest-AttachVolumeShelveTestJSON-448676757-project] Attributes excluded by policy engine: ['standard_attr_id', 'binding:profile', 'binding:host_id', 'binding:vif_type', 'binding:vif_details'] {{(pid=106280) _exclude_attributes_by_policy /opt/stack/neutron/neutron/pecan_wsgi/hooks/policy_enforcement.py:259}}
Aug 31 10:53:28.591571 dv-cinder-795785-12-smb neutron-server[106280]: INFO neutron.wsgi [req-91f0362d-d372-4739-894f-04579e1b573e req-2ed000e4-2eb2-443e-8b84-6fde500cc3cd tempest-AttachVolumeShelveTestJSON-448676757 tempest-AttachVolumeShelveTestJSON-448676757-project] 10.222.0.47 "GET /networking/v2.0/ports?device_id=a4a33b5c-bb5d-44d7-a5e1-bcac09239a02 HTTP/1.1" status: 200 len: 944 time: 0.1775837
Aug 31 10:53:28.600757 dv-cinder-795785-12-smb neutron-server[106280]: DEBUG neutron.pecan_wsgi.hooks.policy_enforcement [req-ea46eb0c-cba3-4d42-8db5-9467b4d8f463 req-7f9bc149-80a0-4ed8-b5ff-fd94845a0e2a service neutron] Attributes excluded by policy engine: ['standard_attr_id', 'vlan_transparent'] {{(pid=106280) _exclude_attributes_by_policy /opt/stack/neutron/neutron/pecan_wsgi/hooks/policy_enforcement.py:259}}
Aug 31 10:53:28.602507 dv-cinder-795785-12-smb neutron-server[106280]: INFO neutron.wsgi [req-ea46eb0c-cba3-4d42-8db5-9467b4d8f463 req-7f9bc149-80a0-4ed8-b5ff-fd94845a0e2a service neutron] 10.222.0.27 "GET /networking/v2.0/networks?id=abdccdf3-ba10-4f3a-bc7e-a7270395bd0b HTTP/1.1" status: 200 len: 911 time: 0.6566932
Aug 31 10:53:28.695670 dv-cinder-795785-12-smb neutron-server[106281]: DEBUG neutron.pecan_wsgi.hooks.policy_enforcement [req-508f1fe8-41d9-4cb5-a2d0-b101050130e1 req-4b8dc5c2-6f59-4d57-ac88-99f5cff05cbf tempest-AttachVolumeNegativeTest-979079435 tempest-AttachVolumeNegativeTest-979079435-project] Attributes excluded by policy engine: ['standard_attr_id', 'binding:profile', 'binding:host_id', 'binding:vif_type', 'binding:vif_details'] {{(pid=106281) _exclude_attributes_by_policy /opt/stack/neutron/neutron/pecan_wsgi/hooks/policy_enforcement.py:259}}
Aug 31 10:53:28.708203 dv-cinder-795785-12-smb neutron-server[106281]: INFO neutron.wsgi [req-508f1fe8-41d9-4cb5-a2d0-b101050130e1 req-4b8dc5c2-6f59-4d57-ac88-99f5cff05cbf tempest-AttachVolumeNegativeTest-979079435 tempest-AttachVolumeNegativeTest-979079435-project] 10.222.0.47 "GET /networking/v2.0/ports?device_id=2481a7c1-e005-4b36-9ef9-ccf260db457e HTTP/1.1" status: 200 len: 943 time: 0.1870565
Aug 31 10:53:28.726014 dv-cinder-795785-12-smb neutron-server[106280]: INFO neutron.wsgi [req-91f0362d-d372-4739-894f-04579e1b573e req-4ada63fe-e8ef-457c-bad5-1634a198e4d0 tempest-AttachVolumeShelveTestJSON-448676757 tempest-AttachVolumeShelveTestJSON-448676757-project] 10.222.0.47 "GET /networking/v2.0/security-groups?id=a477a9e0-fddb-4864-91f3-c728b6672d6d&fields=id&fields=name HTTP/1.1" status: 200 len: 313 time: 0.1332812
Aug 31 10:53:28.753336 dv-cinder-795785-12-smb neutron-server[106281]: DEBUG dbcounter [-] [106281] Writing DB stats neutron:SELECT=97,neutron:UPDATE=3 {{(pid=106281) stat_writer /usr/local/lib/python3.8/dist-packages/dbcounter.py:114}}
Aug 31 10:53:28.888431 dv-cinder-795785-12-smb neutron-server[106281]: INFO neutron.wsgi [req-508f1fe8-41d9-4cb5-a2d0-b101050130e1 req-edfe377c-e0ed-405d-81a9-3c92d8cae9a2 tempest-AttachVolumeNegativeTest-979079435 tempest-AttachVolumeNegativeTest-979079435-project] 10.222.0.47 "GET /networking/v2.0/security-groups?id=d4b000c2-b0ba-4748-be2a-322267c0513d&fields=id&fields=name HTTP/1.1" status: 200 len: 312 time: 0.1731932
Aug 31 10:53:28.928750 dv-cinder-795785-12-smb neutron-server[106280]: INFO neutron.wsgi [req-ea46eb0c-cba3-4d42-8db5-9467b4d8f463 req-76fecf22-dab0-4fe4-86df-6cde13ec9d78 service neutron] 10.222.0.27 "GET /networking/v2.0/floatingips?fixed_ip_address=172.20.0.8&port_id=22220dd9-441c-476a-a181-393447035fde HTTP/1.1" status: 200 len: 217 time: 0.1581743
Aug 31 10:53:28.936529 dv-cinder-795785-12-smb neutron-server[106280]: INFO neutron.wsgi [req-869c2f11-6ee9-4afc-955e-3d93c8cd59e1 req-75c0db68-059d-4f34-9c6a-58df96fa8ba0 service neutron] 10.222.0.27 "GET /networking/v2.0/floatingips?fixed_ip_address=172.20.0.10&port_id=1da98344-f645-4588-a39c-778eac67004f HTTP/1.1" status: 200 len: 217 time: 0.1649401
Aug 31 10:53:28.944255 dv-cinder-795785-12-smb neutron-server[106280]: DEBUG neutron_lib.callbacks.manager [None req-8bfd200f-5cb9-4df8-8342-f41216776aae admin admin] Publish callbacks [] for security_group (932eea2e-bee5-4499-bb75-e022e85fd029), precommit_create {{(pid=106280) _notify_loop /usr/local/lib/python3.8/dist-packages/neutron_lib/callbacks/manager.py:176}}
Aug 31 10:53:28.957953 dv-cinder-795785-12-smb neutron-server[106281]: INFO neutron.wsgi [req-875043a3-7c69-4b73-ae5e-c3c63992595e req-a88118c0-1b6b-48de-bd02-72fb7eafbbeb service neutron] 10.222.0.27 "GET /networking/v2.0/networks/4f5beebf-99b0-4933-af43-8e18a6492b90?fields=segments HTTP/1.1" status: 200 len: 212 time: 0.1890068
Aug 31 10:53:28.977684 dv-cinder-795785-12-smb neutron-server[106280]: DEBUG neutron_lib.callbacks.manager [None req-8bfd200f-5cb9-4df8-8342-f41216776aae admin admin] Publish callbacks ['neutron.plugins.ml2.ovo_rpc._ObjectChangeHandler.handle_event-783614'] for security_group (932eea2e-bee5-4499-bb75-e022e85fd029), after_create {{(pid=106280) _notify_loop /usr/local/lib/python3.8/dist-packages/neutron_lib/callbacks/manager.py:176}}
Aug 31 10:53:29.016188 dv-cinder-795785-12-smb neutron-server[106280]: DEBUG neutron.plugins.ml2.drivers.helpers [None req-8bfd200f-5cb9-4df8-8342-f41216776aae admin admin] vlan segment allocate from pool success with {'physical_network': 'physnet1', 'vlan_id': 940} {{(pid=106280) allocate_partially_specified_segment /opt/stack/neutron/neutron/plugins/ml2/drivers/helpers.py:153}}
Aug 31 10:53:29.028526 dv-cinder-795785-12-smb neutron-server[106280]: DEBUG neutron.pecan_wsgi.hooks.policy_enforcement [req-0f4b5453-5662-45c4-bd4b-b4bafc981c7b req-a7beaff3-9db5-46ec-868d-715bada5cf04 tempest-AttachVolumeTestJSON-1376473962 tempest-AttachVolumeTestJSON-1376473962-project] Attributes excluded by policy engine: ['standard_attr_id', 'binding:profile', 'binding:host_id', 'binding:vif_type', 'binding:vif_details'] {{(pid=106280) _exclude_attributes_by_policy /opt/stack/neutron/neutron/pecan_wsgi/hooks/policy_enforcement.py:259}}
Aug 31 10:53:29.030100 dv-cinder-795785-12-smb neutron-server[106280]: INFO neutron.wsgi [req-0f4b5453-5662-45c4-bd4b-b4bafc981c7b req-a7beaff3-9db5-46ec-868d-715bada5cf04 tempest-AttachVolumeTestJSON-1376473962 tempest-AttachVolumeTestJSON-1376473962-project] 10.222.0.47 "GET /networking/v2.0/ports?device_id=65c371d2-9941-4cd6-86db-74ba84cf35c5 HTTP/1.1" status: 200 len: 943 time: 0.0884738
Aug 31 10:53:29.036124 dv-cinder-795785-12-smb neutron-server[106280]: DEBUG neutron.api.rpc.handlers.resources_rpc [None req-8bfd200f-5cb9-4df8-8342-f41216776aae admin admin] Pushing event updated for resources: {'SecurityGroup': ['ID=932eea2e-bee5-4499-bb75-e022e85fd029,revision_number=1']} {{(pid=106280) push /opt/stack/neutron/neutron/api/rpc/handlers/resources_rpc.py:237}}
Aug 31 10:53:29.051363 dv-cinder-795785-12-smb neutron-server[106280]: DEBUG neutron_lib.callbacks.manager [None req-8bfd200f-5cb9-4df8-8342-f41216776aae admin admin] Publish callbacks ['neutron.plugins.ml2.plugin.Ml2Plugin._handle_segment_change-33368435'] for segment (f933aed1-ee3e-43f4-b34b-6f65491dc50b), precommit_create {{(pid=106280) _notify_loop /usr/local/lib/python3.8/dist-packages/neutron_lib/callbacks/manager.py:176}}
Aug 31 10:53:29.051712 dv-cinder-795785-12-smb neutron-server[106280]: INFO neutron.db.segments_db [None req-8bfd200f-5cb9-4df8-8342-f41216776aae admin admin] Added segment f933aed1-ee3e-43f4-b34b-6f65491dc50b of type vlan for network ae6e64f0-9ba4-4e4a-9285-801774bc164e
Aug 31 10:53:29.129367 dv-cinder-795785-12-smb neutron-server[106280]: DEBUG dbcounter [-] [106280] Writing DB stats neutron:SELECT=87,neutron:INSERT=10,neutron:UPDATE=3 {{(pid=106280) stat_writer /usr/local/lib/python3.8/dist-packages/dbcounter.py:114}}
Aug 31 10:53:29.135200 dv-cinder-795785-12-smb neutron-server[106280]: DEBUG neutron_lib.callbacks.manager [None req-8bfd200f-5cb9-4df8-8342-f41216776aae admin admin] Publish callbacks ['neutron.services.auto_allocate.db._ensure_external_network_default_value_callback-8755508294732'] for network (ae6e64f0-9ba4-4e4a-9285-801774bc164e), precommit_create {{(pid=106280) _notify_loop /usr/local/lib/python3.8/dist-packages/neutron_lib/callbacks/manager.py:176}}
Aug 31 10:53:29.139350 dv-cinder-795785-12-smb neutron-server[106280]: INFO neutron.wsgi [req-0f4b5453-5662-45c4-bd4b-b4bafc981c7b req-26805c87-0d44-4325-b1c5-85d08ddb498e tempest-AttachVolumeTestJSON-1376473962 tempest-AttachVolumeTestJSON-1376473962-project] 10.222.0.47 "GET /networking/v2.0/security-groups?id=0a68925f-b91d-4c4e-9d68-65260a1eacbd&fields=id&fields=name HTTP/1.1" status: 200 len: 313 time: 0.1001041
Aug 31 10:53:29.168048 dv-cinder-795785-12-smb neutron-server[106280]: DEBUG neutron_lib.callbacks.manager [None req-8bfd200f-5cb9-4df8-8342-f41216776aae admin admin] Publish callbacks ['neutron.plugins.ml2.ovo_rpc._ObjectChangeHandler.handle_event-785740', 'neutron.api.rpc.agentnotifiers.dhcp_rpc_agent_api.DhcpAgentNotifyAPI._native_event_send_dhcp_notification-539500'] for network (ae6e64f0-9ba4-4e4a-9285-801774bc164e), after_create {{(pid=106280) _notify_loop /usr/local/lib/python3.8/dist-packages/neutron_lib/callbacks/manager.py:176}}
Aug 31 10:53:29.169027 dv-cinder-795785-12-smb neutron-server[106280]: DEBUG neutron.pecan_wsgi.hooks.policy_enforcement [None req-8bfd200f-5cb9-4df8-8342-f41216776aae admin admin] Attributes excluded by policy engine: ['standard_attr_id', 'vlan_transparent'] {{(pid=106280) _exclude_attributes_by_policy /opt/stack/neutron/neutron/pecan_wsgi/hooks/policy_enforcement.py:259}}
Aug 31 10:53:29.169608 dv-cinder-795785-12-smb neutron-server[106280]: DEBUG neutron_lib.callbacks.manager [None req-8bfd200f-5cb9-4df8-8342-f41216776aae admin admin] Publish callbacks ['neutron.api.rpc.agentnotifiers.dhcp_rpc_agent_api.DhcpAgentNotifyAPI._send_dhcp_notification-539518'] for network (None), before_response {{(pid=106280) _notify_loop /usr/local/lib/python3.8/dist-packages/neutron_lib/callbacks/manager.py:176}}
Aug 31 10:53:29.246808 dv-cinder-795785-12-smb neutron-server[106280]: INFO neutron.wsgi [None req-8bfd200f-5cb9-4df8-8342-f41216776aae admin admin] 10.222.0.47 "POST /networking/v2.0/networks HTTP/1.1" status: 201 len: 887 time: 1.8489370
Aug 31 10:53:29.261369 dv-cinder-795785-12-smb neutron-server[106281]: DEBUG neutron.wsgi [-] (106281) accepted ('10.222.0.47', 33240) {{(pid=106281) server /usr/local/lib/python3.8/dist-packages/eventlet/wsgi.py:1004}}
Aug 31 10:53:29.270058 dv-cinder-795785-12-smb neutron-server[106281]: DEBUG neutron.api.v2.base [None req-0285aeb1-0be0-4e17-82ea-02fc1571a863 admin admin] Request body: {'subnet': {'network_id': 'ae6e64f0-9ba4-4e4a-9285-801774bc164e', 'cidr': '172.20.0.0/28', 'name': 'tempest-VolumesSnapshotTestJSON-1342256051-subnet', 'tenant_id': 'd62a0e3636b74df7b4296c4db64c1b87', 'enable_dhcp': False, 'ip_version': 4}} {{(pid=106281) prepare_request_body /opt/stack/neutron/neutron/api/v2/base.py:730}}
Aug 31 10:53:29.283525 dv-cinder-795785-12-smb neutron-server[106280]: DEBUG neutron.api.rpc.handlers.resources_rpc [None req-8bfd200f-5cb9-4df8-8342-f41216776aae admin admin] Pushing event updated for resources: {'Network': ['ID=ae6e64f0-9ba4-4e4a-9285-801774bc164e,revision_number=1']} {{(pid=106280) push /opt/stack/neutron/neutron/api/rpc/handlers/resources_rpc.py:237}}
Aug 31 10:53:29.295232 dv-cinder-795785-12-smb neutron-server[106282]: DEBUG neutron.plugins.ml2.rpc [None req-dc6b51fc-7a2d-42d9-a675-f1de54510ad3 None None] Network ae6e64f0-9ba4-4e4a-9285-801774bc164e details requested by agent ovs-agent-dv-cinder-795785-12-smb with host dv-cinder-795785-12-smb {{(pid=106282) get_network_details /opt/stack/neutron/neutron/plugins/ml2/rpc.py:248}}
Aug 31 10:53:29.333355 dv-cinder-795785-12-smb neutron-server[106280]: DEBUG neutron.pecan_wsgi.hooks.policy_enforcement [req-869c2f11-6ee9-4afc-955e-3d93c8cd59e1 req-5b599ff6-1734-4c43-8cf3-5e1639a4a1a6 service neutron] Attributes excluded by policy engine: ['standard_attr_id', 'shared'] {{(pid=106280) _exclude_attributes_by_policy /opt/stack/neutron/neutron/pecan_wsgi/hooks/policy_enforcement.py:259}}
Aug 31 10:53:29.334870 dv-cinder-795785-12-smb neutron-server[106280]: INFO neutron.wsgi [req-869c2f11-6ee9-4afc-955e-3d93c8cd59e1 req-5b599ff6-1734-4c43-8cf3-5e1639a4a1a6 service neutron] 10.222.0.27 "GET /networking/v2.0/subnets?id=26bfd23f-ec4c-4451-99c1-ae2f9e18a471 HTTP/1.1" status: 200 len: 856 time: 0.1057711
Aug 31 10:53:29.343012 dv-cinder-795785-12-smb neutron-server[106280]: DEBUG neutron.pecan_wsgi.hooks.policy_enforcement [req-ea46eb0c-cba3-4d42-8db5-9467b4d8f463 req-575ed68e-7375-4516-ac33-fc2098abd74c service neutron] Attributes excluded by policy engine: ['standard_attr_id', 'shared'] {{(pid=106280) _exclude_attributes_by_policy /opt/stack/neutron/neutron/pecan_wsgi/hooks/policy_enforcement.py:259}}
Aug 31 10:53:29.344586 dv-cinder-795785-12-smb neutron-server[106280]: INFO neutron.wsgi [req-ea46eb0c-cba3-4d42-8db5-9467b4d8f463 req-575ed68e-7375-4516-ac33-fc2098abd74c service neutron] 10.222.0.27 "GET /networking/v2.0/subnets?id=9401e098-0305-4aa2-9a17-28f98724ce32 HTTP/1.1" status: 200 len: 849 time: 0.1047447
Aug 31 10:53:29.375306 dv-cinder-795785-12-smb neutron-server[106281]: DEBUG neutron.pecan_wsgi.hooks.quota_enforcement [None req-0285aeb1-0be0-4e17-82ea-02fc1571a863 admin admin] Made reservation on behalf of d62a0e3636b74df7b4296c4db64c1b87 for: {'subnet': 1} {{(pid=106281) before /opt/stack/neutron/neutron/pecan_wsgi/hooks/quota_enforcement.py:53}}
Aug 31 10:53:29.377834 dv-cinder-795785-12-smb neutron-server[106281]: DEBUG neutron_lib.callbacks.manager [None req-0285aeb1-0be0-4e17-82ea-02fc1571a863 admin admin] Publish callbacks [] for subnet (None), before_create {{(pid=106281) _notify_loop /usr/local/lib/python3.8/dist-packages/neutron_lib/callbacks/manager.py:176}}
Aug 31 10:53:29.485303 dv-cinder-795785-12-smb neutron-server[106281]: INFO neutron.wsgi [req-875043a3-7c69-4b73-ae5e-c3c63992595e req-98101e48-7742-431b-8dd3-ad8b274f03db service neutron] 10.222.0.27 "GET /networking/v2.0/networks/4f5beebf-99b0-4933-af43-8e18a6492b90?fields=provider%3Aphysical_network&fields=provider%3Anetwork_type HTTP/1.1" status: 200 len: 281 time: 0.2543623
Aug 31 10:53:29.503399 dv-cinder-795785-12-smb neutron-server[106281]: DEBUG neutron.pecan_wsgi.hooks.policy_enforcement [req-dd266ae9-ce29-4820-813e-0268bc2dc8c3 req-5b8836be-f47c-4d89-b060-933106a3947d tempest-DeleteServersTestJSON-1471936596 tempest-DeleteServersTestJSON-1471936596-project] Attributes excluded by policy engine: ['standard_attr_id', 'binding:profile', 'binding:host_id', 'binding:vif_type', 'binding:vif_details'] {{(pid=106281) _exclude_attributes_by_policy /opt/stack/neutron/neutron/pecan_wsgi/hooks/policy_enforcement.py:259}}
Aug 31 10:53:29.504884 dv-cinder-795785-12-smb neutron-server[106281]: INFO neutron.wsgi [req-dd266ae9-ce29-4820-813e-0268bc2dc8c3 req-5b8836be-f47c-4d89-b060-933106a3947d tempest-DeleteServersTestJSON-1471936596 tempest-DeleteServersTestJSON-1471936596-project] 10.222.0.47 "GET /networking/v2.0/ports?device_id=aad7c5b2-5756-404a-8f89-70399b679d46 HTTP/1.1" status: 200 len: 944 time: 0.1103990
Aug 31 10:53:29.528997 dv-cinder-795785-12-smb neutron-server[106281]: DEBUG dbcounter [-] [106281] Writing DB stats neutron:SELECT=93,neutron:UPDATE=1,neutron:INSERT=6 {{(pid=106281) stat_writer /usr/local/lib/python3.8/dist-packages/dbcounter.py:114}}
Aug 31 10:53:29.603026 dv-cinder-795785-12-smb neutron-server[106281]: INFO neutron.wsgi [req-dd266ae9-ce29-4820-813e-0268bc2dc8c3 req-b64e1a86-a2c5-458e-a776-738d57723477 tempest-DeleteServersTestJSON-1471936596 tempest-DeleteServersTestJSON-1471936596-project] 10.222.0.47 "GET /networking/v2.0/security-groups?id=e8af52a2-133d-4d3a-bbbb-b68a0ec161a5&fields=id&fields=name HTTP/1.1" status: 200 len: 286 time: 0.0902677
Aug 31 10:53:29.671208 dv-cinder-795785-12-smb neutron-server[106281]: DEBUG neutron_lib.callbacks.manager [None req-0285aeb1-0be0-4e17-82ea-02fc1571a863 admin admin] Publish callbacks ['neutron.plugins.ml2.ovo_rpc._ObjectChangeHandler.handle_event-426323', 'neutron.api.rpc.agentnotifiers.dhcp_rpc_agent_api.DhcpAgentNotifyAPI._native_event_send_dhcp_notification-539500'] for subnet (f7c7f114-3ff5-4e53-8aae-668d870677ff), after_create {{(pid=106281) _notify_loop /usr/local/lib/python3.8/dist-packages/neutron_lib/callbacks/manager.py:176}}
Aug 31 10:53:29.728241 dv-cinder-795785-12-smb neutron-server[106281]: DEBUG neutron.api.rpc.handlers.resources_rpc [None req-0285aeb1-0be0-4e17-82ea-02fc1571a863 admin admin] Pushing event updated for resources: {'Subnet': ['ID=f7c7f114-3ff5-4e53-8aae-668d870677ff,revision_number=0']} {{(pid=106281) push /opt/stack/neutron/neutron/api/rpc/handlers/resources_rpc.py:237}}
Aug 31 10:53:29.738675 dv-cinder-795785-12-smb neutron-server[106281]: DEBUG neutron.plugins.ml2.drivers.mech_agent [None req-0285aeb1-0be0-4e17-82ea-02fc1571a863 admin admin] Checking segment: {'id': 'f933aed1-ee3e-43f4-b34b-6f65491dc50b', 'network_type': 'vlan', 'physical_network': 'physnet1', 'segmentation_id': 940, 'network_id': 'ae6e64f0-9ba4-4e4a-9285-801774bc164e'} for mappings: {'physnet1': 'br-data'} with network types: ['local', 'flat', 'vlan'] {{(pid=106281) check_segment_for_agent /opt/stack/neutron/neutron/plugins/ml2/drivers/mech_agent.py:373}}
Aug 31 10:53:29.739032 dv-cinder-795785-12-smb neutron-server[106281]: DEBUG neutron.scheduler.dhcp_agent_scheduler [None req-0285aeb1-0be0-4e17-82ea-02fc1571a863 admin admin] Network hostable DHCP agents. Network: ae6e64f0-9ba4-4e4a-9285-801774bc164e, hostable agents: ['f7c9815f-0314-4f5e-a34b-93be258bc6ef'], hosted agents: [] {{(pid=106281) _get_network_hostable_dhcp_agents /opt/stack/neutron/neutron/scheduler/dhcp_agent_scheduler.py:329}}
Aug 31 10:53:29.758035 dv-cinder-795785-12-smb neutron-server[106281]: DEBUG neutron.scheduler.dhcp_agent_scheduler [None req-0285aeb1-0be0-4e17-82ea-02fc1571a863 admin admin] Network ae6e64f0-9ba4-4e4a-9285-801774bc164e is scheduled to be hosted by DHCP agent f7c9815f-0314-4f5e-a34b-93be258bc6ef with binding_index 1 {{(pid=106281) bind /opt/stack/neutron/neutron/scheduler/dhcp_agent_scheduler.py:227}}
Aug 31 10:53:29.768569 dv-cinder-795785-12-smb neutron-server[106281]: DEBUG neutron.scheduler.base_scheduler [None req-0285aeb1-0be0-4e17-82ea-02fc1571a863 admin admin] Resources bound (agent type, host, resource id): (DHCP agent, dv-cinder-795785-12-smb, ae6e64f0-9ba4-4e4a-9285-801774bc164e) {{(pid=106281) schedule /opt/stack/neutron/neutron/scheduler/base_scheduler.py:57}}
Aug 31 10:53:29.773926 dv-cinder-795785-12-smb neutron-server[106281]: DEBUG neutron.pecan_wsgi.hooks.policy_enforcement [None req-0285aeb1-0be0-4e17-82ea-02fc1571a863 admin admin] Attributes excluded by policy engine: ['standard_attr_id', 'shared', 'network'] {{(pid=106281) _exclude_attributes_by_policy /opt/stack/neutron/neutron/pecan_wsgi/hooks/policy_enforcement.py:259}}
Aug 31 10:53:29.774618 dv-cinder-795785-12-smb neutron-server[106281]: DEBUG neutron_lib.callbacks.manager [None req-0285aeb1-0be0-4e17-82ea-02fc1571a863 admin admin] Publish callbacks ['neutron.api.rpc.agentnotifiers.dhcp_rpc_agent_api.DhcpAgentNotifyAPI._send_dhcp_notification-539518'] for subnet (None), before_response {{(pid=106281) _notify_loop /usr/local/lib/python3.8/dist-packages/neutron_lib/callbacks/manager.py:176}}
Aug 31 10:53:29.778414 dv-cinder-795785-12-smb neutron-server[106282]: DEBUG neutron.api.rpc.handlers.dhcp_rpc [None req-ba174677-da19-4080-bd17-66918636d43b None None] Network ae6e64f0-9ba4-4e4a-9285-801774bc164e requested from dv-cinder-795785-12-smb {{(pid=106282) get_network_info /opt/stack/neutron/neutron/api/rpc/handlers/dhcp_rpc.py:191}}
Aug 31 10:53:29.802235 dv-cinder-795785-12-smb neutron-server[106281]: INFO neutron.wsgi [None req-0285aeb1-0be0-4e17-82ea-02fc1571a863 admin admin] 10.222.0.47 "POST /networking/v2.0/subnets HTTP/1.1" status: 201 len: 851 time: 0.5386717
Aug 31 10:53:29.845357 dv-cinder-795785-12-smb neutron-server[106282]: DEBUG dbcounter [-] [106282] Writing DB stats neutron:SELECT=99,neutron:UPDATE=1 {{(pid=106282) stat_writer /usr/local/lib/python3.8/dist-packages/dbcounter.py:114}}
Aug 31 10:53:29.921725 dv-cinder-795785-12-smb neutron-server[106280]: DEBUG neutron.pecan_wsgi.hooks.policy_enforcement [req-fcff9bae-6104-4d7a-b7c8-8d8850f5ca63 req-38407561-714d-4a79-b028-759e9377c49e tempest-AttachVolumeShelveTestJSON-448676757 tempest-AttachVolumeShelveTestJSON-448676757-project] Attributes excluded by policy engine: ['standard_attr_id', 'binding:profile', 'binding:host_id', 'binding:vif_type', 'binding:vif_details'] {{(pid=106280) _exclude_attributes_by_policy /opt/stack/neutron/neutron/pecan_wsgi/hooks/policy_enforcement.py:259}}
Aug 31 10:53:29.932962 dv-cinder-795785-12-smb neutron-server[106280]: INFO neutron.wsgi [req-fcff9bae-6104-4d7a-b7c8-8d8850f5ca63 req-38407561-714d-4a79-b028-759e9377c49e tempest-AttachVolumeShelveTestJSON-448676757 tempest-AttachVolumeShelveTestJSON-448676757-project] 10.222.0.47 "GET /networking/v2.0/ports?device_id=a4a33b5c-bb5d-44d7-a5e1-bcac09239a02 HTTP/1.1" status: 200 len: 944 time: 0.0920947
Aug 31 10:53:29.946120 dv-cinder-795785-12-smb neutron-server[106282]: DEBUG neutron.api.rpc.handlers.dhcp_rpc [None req-6a0952d5-438a-4d85-8950-b3770528fc95 None None] Network ae6e64f0-9ba4-4e4a-9285-801774bc164e requested from dv-cinder-795785-12-smb {{(pid=106282) get_network_info /opt/stack/neutron/neutron/api/rpc/handlers/dhcp_rpc.py:191}}
Aug 31 10:53:30.023002 dv-cinder-795785-12-smb neutron-server[106280]: DEBUG dbcounter [-] [106280] Writing DB stats neutron:SELECT=90,neutron:INSERT=8,neutron:UPDATE=1,neutron:DELETE=1 {{(pid=106280) stat_writer /usr/local/lib/python3.8/dist-packages/dbcounter.py:114}}
Aug 31 10:53:30.043552 dv-cinder-795785-12-smb neutron-server[106280]: INFO neutron.wsgi [req-fcff9bae-6104-4d7a-b7c8-8d8850f5ca63 req-42dd168f-0526-4d40-9fd5-eb05cf7485f2 tempest-AttachVolumeShelveTestJSON-448676757 tempest-AttachVolumeShelveTestJSON-448676757-project] 10.222.0.47 "GET /networking/v2.0/security-groups?id=a477a9e0-fddb-4864-91f3-c728b6672d6d&fields=id&fields=name HTTP/1.1" status: 200 len: 313 time: 0.1093211
Aug 31 10:53:30.109067 dv-cinder-795785-12-smb neutron-server[106281]: DEBUG neutron.pecan_wsgi.hooks.policy_enforcement [req-3e09f832-ab43-477d-bca9-d66092a2e6f7 req-b94b71fb-256f-4b64-bd2b-c362d336bb75 tempest-AttachVolumeNegativeTest-979079435 tempest-AttachVolumeNegativeTest-979079435-project] Attributes excluded by policy engine: ['standard_attr_id', 'binding:profile', 'binding:host_id', 'binding:vif_type', 'binding:vif_details'] {{(pid=106281) _exclude_attributes_by_policy /opt/stack/neutron/neutron/pecan_wsgi/hooks/policy_enforcement.py:259}}
Aug 31 10:53:30.110617 dv-cinder-795785-12-smb neutron-server[106281]: INFO neutron.wsgi [req-3e09f832-ab43-477d-bca9-d66092a2e6f7 req-b94b71fb-256f-4b64-bd2b-c362d336bb75 tempest-AttachVolumeNegativeTest-979079435 tempest-AttachVolumeNegativeTest-979079435-project] 10.222.0.47 "GET /networking/v2.0/ports?device_id=2481a7c1-e005-4b36-9ef9-ccf260db457e HTTP/1.1" status: 200 len: 943 time: 0.0762565
Aug 31 10:53:30.167060 dv-cinder-795785-12-smb neutron-server[106281]: INFO neutron.wsgi [req-3e09f832-ab43-477d-bca9-d66092a2e6f7 req-d04955cb-e7c5-42da-8c38-02a7bf906c51 tempest-AttachVolumeNegativeTest-979079435 tempest-AttachVolumeNegativeTest-979079435-project] 10.222.0.47 "GET /networking/v2.0/security-groups?id=d4b000c2-b0ba-4748-be2a-322267c0513d&fields=id&fields=name HTTP/1.1" status: 200 len: 312 time: 0.0495808
Aug 31 10:53:30.287152 dv-cinder-795785-12-smb neutron-server[106280]: DEBUG neutron.pecan_wsgi.hooks.policy_enforcement [req-f595404f-82b4-4a49-9b50-2afefad6b33f req-87dd1f7e-c17c-4bf7-8867-3e33022bd73c tempest-AttachVolumeTestJSON-1376473962 tempest-AttachVolumeTestJSON-1376473962-project] Attributes excluded by policy engine: ['standard_attr_id', 'binding:profile', 'binding:host_id', 'binding:vif_type', 'binding:vif_details'] {{(pid=106280) _exclude_attributes_by_policy /opt/stack/neutron/neutron/pecan_wsgi/hooks/policy_enforcement.py:259}}
Aug 31 10:53:30.288663 dv-cinder-795785-12-smb neutron-server[106280]: INFO neutron.wsgi [req-f595404f-82b4-4a49-9b50-2afefad6b33f req-87dd1f7e-c17c-4bf7-8867-3e33022bd73c tempest-AttachVolumeTestJSON-1376473962 tempest-AttachVolumeTestJSON-1376473962-project] 10.222.0.47 "GET /networking/v2.0/ports?device_id=65c371d2-9941-4cd6-86db-74ba84cf35c5 HTTP/1.1" status: 200 len: 943 time: 0.0495257
Aug 31 10:53:30.354862 dv-cinder-795785-12-smb neutron-server[106280]: INFO neutron.wsgi [req-f595404f-82b4-4a49-9b50-2afefad6b33f req-d321ab3a-c0b0-445c-8a69-d00cffa2cbe0 tempest-AttachVolumeTestJSON-1376473962 tempest-AttachVolumeTestJSON-1376473962-project] 10.222.0.47 "GET /networking/v2.0/security-groups?id=0a68925f-b91d-4c4e-9d68-65260a1eacbd&fields=id&fields=name HTTP/1.1" status: 200 len: 313 time: 0.0603440
Aug 31 10:53:30.784132 dv-cinder-795785-12-smb neutron-server[106281]: DEBUG neutron.pecan_wsgi.hooks.policy_enforcement [req-5eff052f-d9ea-4595-840b-c769f115bcd1 req-b94ad7d7-fdb1-4322-ac0b-60cd511184fb tempest-DeleteServersTestJSON-1471936596 tempest-DeleteServersTestJSON-1471936596-project] Attributes excluded by policy engine: ['standard_attr_id', 'binding:profile', 'binding:host_id', 'binding:vif_type', 'binding:vif_details'] {{(pid=106281) _exclude_attributes_by_policy /opt/stack/neutron/neutron/pecan_wsgi/hooks/policy_enforcement.py:259}}
Aug 31 10:53:30.790533 dv-cinder-795785-12-smb neutron-server[106281]: INFO neutron.wsgi [req-5eff052f-d9ea-4595-840b-c769f115bcd1 req-b94ad7d7-fdb1-4322-ac0b-60cd511184fb tempest-DeleteServersTestJSON-1471936596 tempest-DeleteServersTestJSON-1471936596-project] 10.222.0.47 "GET /networking/v2.0/ports?device_id=aad7c5b2-5756-404a-8f89-70399b679d46 HTTP/1.1" status: 200 len: 944 time: 0.0853453
Aug 31 10:53:30.854899 dv-cinder-795785-12-smb neutron-server[106281]: DEBUG dbcounter [-] [106281] Writing DB stats neutron:SELECT=95,neutron:INSERT=2,neutron:UPDATE=1,neutron:DELETE=2 {{(pid=106281) stat_writer /usr/local/lib/python3.8/dist-packages/dbcounter.py:114}}
Aug 31 10:53:30.867847 dv-cinder-795785-12-smb neutron-server[106281]: INFO neutron.wsgi [req-5eff052f-d9ea-4595-840b-c769f115bcd1 req-5ce91c5e-4800-47f3-b608-435e0330e701 tempest-DeleteServersTestJSON-1471936596 tempest-DeleteServersTestJSON-1471936596-project] 10.222.0.47 "GET /networking/v2.0/security-groups?id=e8af52a2-133d-4d3a-bbbb-b68a0ec161a5&fields=id&fields=name HTTP/1.1" status: 200 len: 286 time: 0.0587776
Aug 31 10:53:30.992882 dv-cinder-795785-12-smb neutron-server[106280]: DEBUG neutron.pecan_wsgi.hooks.policy_enforcement [req-ea46eb0c-cba3-4d42-8db5-9467b4d8f463 req-21159cc8-fe9c-4c41-80a9-a290f025a056 service neutron] Attributes excluded by policy engine: ['standard_attr_id'] {{(pid=106280) _exclude_attributes_by_policy /opt/stack/neutron/neutron/pecan_wsgi/hooks/policy_enforcement.py:259}}
Aug 31 10:53:30.994404 dv-cinder-795785-12-smb neutron-server[106280]: INFO neutron.wsgi [req-ea46eb0c-cba3-4d42-8db5-9467b4d8f463 req-21159cc8-fe9c-4c41-80a9-a290f025a056 service neutron] 10.222.0.27 "GET /networking/v2.0/ports?network_id=abdccdf3-ba10-4f3a-bc7e-a7270395bd0b&device_owner=network%3Adhcp HTTP/1.1" status: 200 len: 1211 time: 0.0843320
Aug 31 10:53:30.996014 dv-cinder-795785-12-smb neutron-server[106280]: DEBUG neutron.pecan_wsgi.hooks.policy_enforcement [req-869c2f11-6ee9-4afc-955e-3d93c8cd59e1 req-ae3faa90-9acc-4821-8582-6c8a79431491 service neutron] Attributes excluded by policy engine: ['standard_attr_id'] {{(pid=106280) _exclude_attributes_by_policy /opt/stack/neutron/neutron/pecan_wsgi/hooks/policy_enforcement.py:259}}
Aug 31 10:53:30.997318 dv-cinder-795785-12-smb neutron-server[106280]: INFO neutron.wsgi [req-869c2f11-6ee9-4afc-955e-3d93c8cd59e1 req-ae3faa90-9acc-4821-8582-6c8a79431491 service neutron] 10.222.0.27 "GET /networking/v2.0/ports?network_id=d4a86f69-30f9-4051-b7c9-a8e9b93dc8a4&device_owner=network%3Adhcp HTTP/1.1" status: 200 len: 1211 time: 0.0773714
Aug 31 10:53:31.174099 dv-cinder-795785-12-smb neutron-server[106280]: DEBUG neutron.pecan_wsgi.hooks.policy_enforcement [req-5e135299-e229-4233-bb84-e54e8c3fce95 req-4043c3b2-dafb-4271-af47-08d97e755723 tempest-AttachVolumeShelveTestJSON-448676757 tempest-AttachVolumeShelveTestJSON-448676757-project] Attributes excluded by policy engine: ['standard_attr_id', 'binding:profile', 'binding:host_id', 'binding:vif_type', 'binding:vif_details'] {{(pid=106280) _exclude_attributes_by_policy /opt/stack/neutron/neutron/pecan_wsgi/hooks/policy_enforcement.py:259}}
Aug 31 10:53:31.176214 dv-cinder-795785-12-smb neutron-server[106280]: INFO neutron.wsgi [req-5e135299-e229-4233-bb84-e54e8c3fce95 req-4043c3b2-dafb-4271-af47-08d97e755723 tempest-AttachVolumeShelveTestJSON-448676757 tempest-AttachVolumeShelveTestJSON-448676757-project] 10.222.0.47 "GET /networking/v2.0/ports?device_id=a4a33b5c-bb5d-44d7-a5e1-bcac09239a02 HTTP/1.1" status: 200 len: 944 time: 0.0617104
Aug 31 10:53:31.228596 dv-cinder-795785-12-smb neutron-server[106280]: INFO neutron.wsgi [req-5e135299-e229-4233-bb84-e54e8c3fce95 req-5092e2fe-a21b-4231-a5e4-851ebf453759 tempest-AttachVolumeShelveTestJSON-448676757 tempest-AttachVolumeShelveTestJSON-448676757-project] 10.222.0.47 "GET /networking/v2.0/security-groups?id=a477a9e0-fddb-4864-91f3-c728b6672d6d&fields=id&fields=name HTTP/1.1" status: 200 len: 313 time: 0.0459552
Aug 31 10:53:31.308696 dv-cinder-795785-12-smb neutron-server[106281]: DEBUG neutron.pecan_wsgi.hooks.policy_enforcement [req-bc0588e1-3cd9-4573-9cfa-f224514c853e req-b51d854c-019b-49a0-b018-24515dc513e3 tempest-AttachVolumeNegativeTest-979079435 tempest-AttachVolumeNegativeTest-979079435-project] Attributes excluded by policy engine: ['standard_attr_id', 'binding:profile', 'binding:host_id', 'binding:vif_type', 'binding:vif_details'] {{(pid=106281) _exclude_attributes_by_policy /opt/stack/neutron/neutron/pecan_wsgi/hooks/policy_enforcement.py:259}}
Aug 31 10:53:31.310207 dv-cinder-795785-12-smb neutron-server[106281]: INFO neutron.wsgi [req-bc0588e1-3cd9-4573-9cfa-f224514c853e req-b51d854c-019b-49a0-b018-24515dc513e3 tempest-AttachVolumeNegativeTest-979079435 tempest-AttachVolumeNegativeTest-979079435-project] 10.222.0.47 "GET /networking/v2.0/ports?device_id=2481a7c1-e005-4b36-9ef9-ccf260db457e HTTP/1.1" status: 200 len: 943 time: 0.0465231
Aug 31 10:53:31.360808 dv-cinder-795785-12-smb neutron-server[106281]: INFO neutron.wsgi [req-bc0588e1-3cd9-4573-9cfa-f224514c853e req-feb05530-d093-4209-9b7e-4920dc8e777e tempest-AttachVolumeNegativeTest-979079435 tempest-AttachVolumeNegativeTest-979079435-project] 10.222.0.47 "GET /networking/v2.0/security-groups?id=d4b000c2-b0ba-4748-be2a-322267c0513d&fields=id&fields=name HTTP/1.1" status: 200 len: 312 time: 0.0448475
Aug 31 10:53:31.470121 dv-cinder-795785-12-smb neutron-server[106280]: DEBUG neutron.pecan_wsgi.hooks.policy_enforcement [req-b757631a-9a47-4d07-a617-6ebdf2d521a5 req-c2cee027-37ff-4d8e-9f99-68c2a508d07f tempest-AttachVolumeTestJSON-1376473962 tempest-AttachVolumeTestJSON-1376473962-project] Attributes excluded by policy engine: ['standard_attr_id', 'binding:profile', 'binding:host_id', 'binding:vif_type', 'binding:vif_details'] {{(pid=106280) _exclude_attributes_by_policy /opt/stack/neutron/neutron/pecan_wsgi/hooks/policy_enforcement.py:259}}
Aug 31 10:53:31.471412 dv-cinder-795785-12-smb neutron-server[106280]: INFO neutron.wsgi [req-b757631a-9a47-4d07-a617-6ebdf2d521a5 req-c2cee027-37ff-4d8e-9f99-68c2a508d07f tempest-AttachVolumeTestJSON-1376473962 tempest-AttachVolumeTestJSON-1376473962-project] 10.222.0.47 "GET /networking/v2.0/ports?device_id=65c371d2-9941-4cd6-86db-74ba84cf35c5 HTTP/1.1" status: 200 len: 943 time: 0.0491903
Aug 31 10:53:31.522718 dv-cinder-795785-12-smb neutron-server[106280]: INFO neutron.wsgi [req-b757631a-9a47-4d07-a617-6ebdf2d521a5 req-06f0518c-9ce2-4e2f-8d60-16fdad0b10f0 tempest-AttachVolumeTestJSON-1376473962 tempest-AttachVolumeTestJSON-1376473962-project] 10.222.0.47 "GET /networking/v2.0/security-groups?id=0a68925f-b91d-4c4e-9d68-65260a1eacbd&fields=id&fields=name HTTP/1.1" status: 200 len: 313 time: 0.0452046
Aug 31 10:53:31.791517 dv-cinder-795785-12-smb neutron-server[106280]: INFO neutron.wsgi [req-869c2f11-6ee9-4afc-955e-3d93c8cd59e1 req-32bc8782-db8a-47aa-9bc1-d81e2cfd1138 service neutron] 10.222.0.27 "GET /networking/v2.0/networks/d4a86f69-30f9-4051-b7c9-a8e9b93dc8a4?fields=segments HTTP/1.1" status: 200 len: 212 time: 0.1848967
Aug 31 10:53:31.796872 dv-cinder-795785-12-smb neutron-server[106280]: INFO neutron.wsgi [req-ea46eb0c-cba3-4d42-8db5-9467b4d8f463 req-67ad8deb-f169-4010-99a4-4cd2c58b0574 service neutron] 10.222.0.27 "GET /networking/v2.0/networks/abdccdf3-ba10-4f3a-bc7e-a7270395bd0b?fields=segments HTTP/1.1" status: 200 len: 212 time: 0.1882341
Aug 31 10:53:31.807923 dv-cinder-795785-12-smb neutron-server[106281]: DEBUG neutron.pecan_wsgi.hooks.policy_enforcement [req-090764a0-3b9b-4a61-8c91-70afe19ce7f3 req-6039b3ec-e0ef-4ffb-8cd1-b6f1ab320c71 tempest-VolumesSnapshotTestJSON-1004818123 tempest-VolumesSnapshotTestJSON-1004818123-project] Attributes excluded by policy engine: ['standard_attr_id', 'vlan_transparent', 'provider:network_type', 'provider:physical_network', 'provider:segmentation_id'] {{(pid=106281) _exclude_attributes_by_policy /opt/stack/neutron/neutron/pecan_wsgi/hooks/policy_enforcement.py:259}}
Aug 31 10:53:31.809378 dv-cinder-795785-12-smb neutron-server[106281]: INFO neutron.wsgi [req-090764a0-3b9b-4a61-8c91-70afe19ce7f3 req-6039b3ec-e0ef-4ffb-8cd1-b6f1ab320c71 tempest-VolumesSnapshotTestJSON-1004818123 tempest-VolumesSnapshotTestJSON-1004818123-project] 10.222.0.47 "GET /networking/v2.0/networks?id=ae6e64f0-9ba4-4e4a-9285-801774bc164e HTTP/1.1" status: 200 len: 814 time: 0.1265881
Aug 31 10:53:31.824494 dv-cinder-795785-12-smb neutron-server[106281]: INFO neutron.wsgi [req-090764a0-3b9b-4a61-8c91-70afe19ce7f3 req-213f9164-e884-4538-a066-1848afc1f14e tempest-VolumesSnapshotTestJSON-1004818123 tempest-VolumesSnapshotTestJSON-1004818123-project] 10.222.0.47 "GET /networking/v2.0/quotas/d62a0e3636b74df7b4296c4db64c1b87 HTTP/1.1" status: 200 len: 375 time: 0.0097778
