Aug 31 10:52:47.334833 dv-cinder-795785-12-smb neutron-server[106282]: DEBUG neutron.api.rpc.handlers.dhcp_rpc [None req-a4b62e9f-1a92-4e6f-be69-7bd318e2fdfe None None] Network d4a86f69-30f9-4051-b7c9-a8e9b93dc8a4 requested from dv-cinder-795785-12-smb {{(pid=106282) get_network_info /opt/stack/neutron/neutron/api/rpc/handlers/dhcp_rpc.py:191}}
Aug 31 10:52:47.343835 dv-cinder-795785-12-smb neutron-server[106280]: DEBUG neutron_lib.callbacks.manager [None req-242dc217-f0dd-427d-a6dd-45623c010520 admin admin] Publish callbacks [] for router_gateway (baefd5ff-a96e-4009-9df1-57dd2163486f), after_create {{(pid=106280) _notify_loop /usr/local/lib/python3.8/dist-packages/neutron_lib/callbacks/manager.py:176}}
Aug 31 10:52:47.348250 dv-cinder-795785-12-smb neutron-server[106282]: DEBUG neutron.api.rpc.handlers.resources_rpc [None req-c53cd414-101d-4813-9f70-fab3204e9591 None None] Pushing event updated for resources: {'Port': ['ID=0fc1198c-1d0c-4816-8a0c-bcfc6f445e2e,revision_number=1']} {{(pid=106282) push /opt/stack/neutron/neutron/api/rpc/handlers/resources_rpc.py:237}}
Aug 31 10:52:47.417234 dv-cinder-795785-12-smb neutron-server[106282]: DEBUG neutron.plugins.ml2.rpc [None req-dc6b51fc-7a2d-42d9-a675-f1de54510ad3 None None] Network 4f5beebf-99b0-4933-af43-8e18a6492b90 details requested by agent ovs-agent-dv-cinder-795785-12-smb with host dv-cinder-795785-12-smb {{(pid=106282) get_network_details /opt/stack/neutron/neutron/plugins/ml2/rpc.py:248}}
Aug 31 10:52:47.435811 dv-cinder-795785-12-smb neutron-server[106281]: DEBUG dbcounter [-] [106281] Writing DB stats neutron:UPDATE=3,neutron:INSERT=14,neutron:SELECT=82,neutron:DELETE=1 {{(pid=106281) stat_writer /usr/local/lib/python3.8/dist-packages/dbcounter.py:114}}
Aug 31 10:52:47.484256 dv-cinder-795785-12-smb neutron-server[106282]: DEBUG neutron.db.provisioning_blocks [None req-216efea5-307d-437f-bc90-75404a5cba24 None None] Provisioning complete for port 939b0737-ab51-4a80-832d-018e6cc283ce triggered by entity DHCP. {{(pid=106282) provisioning_complete /opt/stack/neutron/neutron/db/provisioning_blocks.py:144}}
Aug 31 10:52:47.487210 dv-cinder-795785-12-smb neutron-server[106282]: DEBUG neutron_lib.callbacks.manager [None req-216efea5-307d-437f-bc90-75404a5cba24 None None] Publish callbacks ['neutron.plugins.ml2.plugin.Ml2Plugin._port_provisioned-33373802'] for port (939b0737-ab51-4a80-832d-018e6cc283ce), provisioning_complete {{(pid=106282) _notify_loop /usr/local/lib/python3.8/dist-packages/neutron_lib/callbacks/manager.py:176}}
Aug 31 10:52:47.585828 dv-cinder-795785-12-smb neutron-server[106282]: DEBUG neutron.plugins.ml2.db [None req-c53cd414-101d-4813-9f70-fab3204e9591 None None] For port 0fc1198c-1d0c-4816-8a0c-bcfc6f445e2e, host dv-cinder-795785-12-smb, cleared binding levels {{(pid=106282) clear_binding_levels /opt/stack/neutron/neutron/plugins/ml2/db.py:87}}
Aug 31 10:52:47.622469 dv-cinder-795785-12-smb neutron-server[106281]: DEBUG dbcounter [-] [106281] Writing DB stats neutron:SELECT=79,neutron:INSERT=16,neutron:UPDATE=4,neutron:DELETE=1 {{(pid=106281) stat_writer /usr/local/lib/python3.8/dist-packages/dbcounter.py:114}}
Aug 31 10:52:47.628524 dv-cinder-795785-12-smb neutron-server[106282]: DEBUG dbcounter [-] [106282] Writing DB stats neutron:SELECT=92,neutron:INSERT=4,neutron:UPDATE=4 {{(pid=106282) stat_writer /usr/local/lib/python3.8/dist-packages/dbcounter.py:114}}
Aug 31 10:52:47.651173 dv-cinder-795785-12-smb neutron-server[106282]: DEBUG dbcounter [-] [106282] Writing DB stats neutron:SELECT=93,neutron:INSERT=3,neutron:UPDATE=4 {{(pid=106282) stat_writer /usr/local/lib/python3.8/dist-packages/dbcounter.py:114}}
Aug 31 10:52:47.669065 dv-cinder-795785-12-smb neutron-server[106281]: DEBUG neutron_lib.callbacks.manager [None req-c3827981-5764-41bf-8534-0e38c7c554cc admin admin] Publish callbacks ['neutron.plugins.ml2.ovo_rpc._ObjectChangeHandler.handle_event-426323', 'neutron.api.rpc.agentnotifiers.dhcp_rpc_agent_api.DhcpAgentNotifyAPI._native_event_send_dhcp_notification-539500'] for subnet (40437752-3a49-48f7-b60f-c7c6301e62da), after_create {{(pid=106281) _notify_loop /usr/local/lib/python3.8/dist-packages/neutron_lib/callbacks/manager.py:176}}
Aug 31 10:52:47.694251 dv-cinder-795785-12-smb neutron-server[106280]: DEBUG neutron.pecan_wsgi.hooks.quota_enforcement [None req-bd0e4ad6-08e1-4f5d-9ed2-c81cf4559e11 admin admin] Made reservation on behalf of c20bcbef719641a8aa209228cff9214c for: {'subnet': 1} {{(pid=106280) before /opt/stack/neutron/neutron/pecan_wsgi/hooks/quota_enforcement.py:53}}
Aug 31 10:52:47.707363 dv-cinder-795785-12-smb neutron-server[106282]: DEBUG neutron.plugins.ml2.plugin [None req-dc6b51fc-7a2d-42d9-a675-f1de54510ad3 None None] Current status of the port 939b0737-ab51-4a80-832d-018e6cc283ce is: DOWN; New status is: ACTIVE {{(pid=106282) _update_individual_port_db_status /opt/stack/neutron/neutron/plugins/ml2/plugin.py:2302}}
Aug 31 10:52:47.707864 dv-cinder-795785-12-smb neutron-server[106282]: DEBUG neutron_lib.callbacks.manager [None req-dc6b51fc-7a2d-42d9-a675-f1de54510ad3 None None] Publish callbacks ['neutron.plugins.ml2.plugin.SecurityGroupDbMixin._ensure_default_security_group_handler-33053499'] for port (939b0737-ab51-4a80-832d-018e6cc283ce), before_update {{(pid=106282) _notify_loop /usr/local/lib/python3.8/dist-packages/neutron_lib/callbacks/manager.py:176}}
Aug 31 10:52:47.713392 dv-cinder-795785-12-smb neutron-server[106280]: DEBUG neutron_lib.callbacks.manager [None req-bd0e4ad6-08e1-4f5d-9ed2-c81cf4559e11 admin admin] Publish callbacks [] for subnet (None), before_create {{(pid=106280) _notify_loop /usr/local/lib/python3.8/dist-packages/neutron_lib/callbacks/manager.py:176}}
Aug 31 10:52:47.756736 dv-cinder-795785-12-smb neutron-server[106282]: DEBUG neutron.plugins.ml2.db [None req-dc6b51fc-7a2d-42d9-a675-f1de54510ad3 None None] For port 939b0737-ab51-4a80-832d-018e6cc283ce, host dv-cinder-795785-12-smb, got binding levels [PortBindingLevel(driver='openvswitch',host='dv-cinder-795785-12-smb',level=0,port_id=939b0737-ab51-4a80-832d-018e6cc283ce,segment=NetworkSegment(d4fd3e2f-fd93-4ab4-8377-e0a7aaf437d9),segment_id=d4fd3e2f-fd93-4ab4-8377-e0a7aaf437d9)] {{(pid=106282) get_binding_level_objs /opt/stack/neutron/neutron/plugins/ml2/db.py:74}}
Aug 31 10:52:47.762827 dv-cinder-795785-12-smb neutron-server[106282]: DEBUG neutron.plugins.ml2.db [None req-c53cd414-101d-4813-9f70-fab3204e9591 None None] For port 0fc1198c-1d0c-4816-8a0c-bcfc6f445e2e, host dv-cinder-795785-12-smb, set binding levels [PortBindingLevel(driver='openvswitch',host='dv-cinder-795785-12-smb',level=0,port_id=0fc1198c-1d0c-4816-8a0c-bcfc6f445e2e,segment=NetworkSegment(12db2b79-b1fe-4078-a6b8-01252828ea63),segment_id=12db2b79-b1fe-4078-a6b8-01252828ea63)] {{(pid=106282) set_binding_levels /opt/stack/neutron/neutron/plugins/ml2/db.py:59}}
Aug 31 10:52:47.846129 dv-cinder-795785-12-smb neutron-server[106281]: DEBUG neutron.api.rpc.handlers.resources_rpc [None req-c3827981-5764-41bf-8534-0e38c7c554cc admin admin] Pushing event updated for resources: {'Subnet': ['ID=40437752-3a49-48f7-b60f-c7c6301e62da,revision_number=0']} {{(pid=106281) push /opt/stack/neutron/neutron/api/rpc/handlers/resources_rpc.py:237}}
Aug 31 10:52:47.859365 dv-cinder-795785-12-smb neutron-server[106281]: DEBUG neutron_lib.callbacks.manager [None req-262b2c88-b370-4302-ac91-28b3826c4a94 admin admin] Publish callbacks [] for router_gateway (03b9da4e-2734-4086-aa63-ee925add8171), before_create {{(pid=106281) _notify_loop /usr/local/lib/python3.8/dist-packages/neutron_lib/callbacks/manager.py:176}}
Aug 31 10:52:47.892974 dv-cinder-795785-12-smb neutron-server[106282]: DEBUG neutron_lib.callbacks.manager [None req-dc6b51fc-7a2d-42d9-a675-f1de54510ad3 None None] Publish callbacks ['neutron.plugins.ml2.plugin.SecurityGroupServerNotifierRpcMixin._notify_sg_on_port_change-33053560', 'neutron.plugins.ml2.ovo_rpc._ObjectChangeHandler.handle_event-441676', 'neutron.api.rpc.agentnotifiers.dhcp_rpc_agent_api.DhcpAgentNotifyAPI._native_event_send_dhcp_notification-539500', 'neutron.db.l3_db.L3RpcNotifierMixin._notify_gateway_port_ip_changed-8755508656002', 'neutron.db.l3_dvrscheduler_db._notify_l3_agent_port_update-8755508278047', 'neutron.db.l3_hascheduler_db._notify_l3_agent_ha_port_update-8755508278065'] for port (939b0737-ab51-4a80-832d-018e6cc283ce), after_update {{(pid=106282) _notify_loop /usr/local/lib/python3.8/dist-packages/neutron_lib/callbacks/manager.py:176}}
Aug 31 10:52:47.954677 dv-cinder-795785-12-smb neutron-server[106281]: DEBUG neutron_lib.callbacks.manager [None req-262b2c88-b370-4302-ac91-28b3826c4a94 admin admin] Publish callbacks ['neutron.plugins.ml2.plugin.SecurityGroupDbMixin._ensure_default_security_group_handler-33053499'] for port (None), before_create {{(pid=106281) _notify_loop /usr/local/lib/python3.8/dist-packages/neutron_lib/callbacks/manager.py:176}}
Aug 31 10:52:48.124978 dv-cinder-795785-12-smb neutron-server[106280]: DEBUG neutron_lib.callbacks.manager [None req-242dc217-f0dd-427d-a6dd-45623c010520 admin admin] Publish callbacks ['neutron.services.l3_router.l3_router_plugin.L3_HA_NAT_db_mixin._after_router_create-762335', 'neutron.services.l3_router.l3_router_plugin.DVRResourceOperationHandler._create_snat_interfaces_after_change-762698'] for router (baefd5ff-a96e-4009-9df1-57dd2163486f), after_create {{(pid=106280) _notify_loop /usr/local/lib/python3.8/dist-packages/neutron_lib/callbacks/manager.py:176}}
Aug 31 10:52:48.124978 dv-cinder-795785-12-smb neutron-server[106280]: DEBUG dbcounter [-] [106280] Writing DB stats neutron:SELECT=94,neutron:DELETE=2,neutron:INSERT=3,neutron:UPDATE=1 {{(pid=106280) stat_writer /usr/local/lib/python3.8/dist-packages/dbcounter.py:114}}
Aug 31 10:52:48.132955 dv-cinder-795785-12-smb neutron-server[106282]: DEBUG neutron_lib.callbacks.manager [None req-c53cd414-101d-4813-9f70-fab3204e9591 None None] Publish callbacks ['neutron.plugins.ml2.plugin.SecurityGroupServerNotifierRpcMixin._notify_sg_on_port_change-33053560', 'neutron.plugins.ml2.ovo_rpc._ObjectChangeHandler.handle_event-441676', 'neutron.api.rpc.agentnotifiers.dhcp_rpc_agent_api.DhcpAgentNotifyAPI._native_event_send_dhcp_notification-539500', 'neutron.db.l3_db.L3RpcNotifierMixin._notify_gateway_port_ip_changed-8755508656002', 'neutron.db.l3_dvrscheduler_db._notify_l3_agent_port_update-8755508278047', 'neutron.db.l3_hascheduler_db._notify_l3_agent_ha_port_update-8755508278065'] for port (0fc1198c-1d0c-4816-8a0c-bcfc6f445e2e), after_update {{(pid=106282) _notify_loop /usr/local/lib/python3.8/dist-packages/neutron_lib/callbacks/manager.py:176}}
Aug 31 10:52:48.141160 dv-cinder-795785-12-smb neutron-server[106282]: DEBUG neutron.api.rpc.handlers.resources_rpc [None req-dc6b51fc-7a2d-42d9-a675-f1de54510ad3 None None] Pushing event updated for resources: {'Port': ['ID=939b0737-ab51-4a80-832d-018e6cc283ce,revision_number=3']} {{(pid=106282) push /opt/stack/neutron/neutron/api/rpc/handlers/resources_rpc.py:237}}
Aug 31 10:52:48.420323 dv-cinder-795785-12-smb neutron-server[106280]: DEBUG neutron_lib.callbacks.manager [None req-bd0e4ad6-08e1-4f5d-9ed2-c81cf4559e11 admin admin] Publish callbacks ['neutron.plugins.ml2.ovo_rpc._ObjectChangeHandler.handle_event-426323', 'neutron.api.rpc.agentnotifiers.dhcp_rpc_agent_api.DhcpAgentNotifyAPI._native_event_send_dhcp_notification-539500'] for subnet (d1497cd5-8a02-4f8f-9b27-ea1ed00879c1), after_create {{(pid=106280) _notify_loop /usr/local/lib/python3.8/dist-packages/neutron_lib/callbacks/manager.py:176}}
Aug 31 10:52:48.443070 dv-cinder-795785-12-smb neutron-server[106281]: DEBUG neutron.db.db_base_plugin_common [None req-262b2c88-b370-4302-ac91-28b3826c4a94 admin admin] Allocated IP 172.28.2.219 (17dd603a-123f-403a-b47b-c6a1cdf67fd1/721d2f26-0642-44fd-8190-f4a6012a7aef/5655bb0e-eb1c-4103-bb65-a47de60d058f) {{(pid=106281) _store_ip_allocation /opt/stack/neutron/neutron/db/db_base_plugin_common.py:131}}
Aug 31 10:52:48.473156 dv-cinder-795785-12-smb neutron-server[106281]: DEBUG neutron.plugins.ml2.drivers.mech_agent [None req-c3827981-5764-41bf-8534-0e38c7c554cc admin admin] Checking segment: {'id': '542b60ed-61ac-45d1-b347-6b7d20ba0eb7', 'network_type': 'vlan', 'physical_network': 'physnet1', 'segmentation_id': 920, 'network_id': '76d629ee-68c6-45e8-993b-2b3ebafb2ed5'} for mappings: {'physnet1': 'br-data'} with network types: ['local', 'flat', 'vlan'] {{(pid=106281) check_segment_for_agent /opt/stack/neutron/neutron/plugins/ml2/drivers/mech_agent.py:373}}
Aug 31 10:52:48.474028 dv-cinder-795785-12-smb neutron-server[106281]: DEBUG neutron.scheduler.dhcp_agent_scheduler [None req-c3827981-5764-41bf-8534-0e38c7c554cc admin admin] Network hostable DHCP agents. Network: 76d629ee-68c6-45e8-993b-2b3ebafb2ed5, hostable agents: ['f7c9815f-0314-4f5e-a34b-93be258bc6ef'], hosted agents: [] {{(pid=106281) _get_network_hostable_dhcp_agents /opt/stack/neutron/neutron/scheduler/dhcp_agent_scheduler.py:329}}
Aug 31 10:52:48.474634 dv-cinder-795785-12-smb neutron-server[106282]: DEBUG neutron.plugins.ml2.plugin [None req-216efea5-307d-437f-bc90-75404a5cba24 None None] Current status of the port 939b0737-ab51-4a80-832d-018e6cc283ce is: ACTIVE; New status is: ACTIVE {{(pid=106282) _update_individual_port_db_status /opt/stack/neutron/neutron/plugins/ml2/plugin.py:2302}}
Aug 31 10:52:48.531018 dv-cinder-795785-12-smb neutron-server[106280]: DEBUG neutron.api.rpc.handlers.resources_rpc [None req-bd0e4ad6-08e1-4f5d-9ed2-c81cf4559e11 admin admin] Pushing event updated for resources: {'Subnet': ['ID=d1497cd5-8a02-4f8f-9b27-ea1ed00879c1,revision_number=0']} {{(pid=106280) push /opt/stack/neutron/neutron/api/rpc/handlers/resources_rpc.py:237}}
Aug 31 10:52:48.546439 dv-cinder-795785-12-smb neutron-server[106282]: DEBUG neutron.api.rpc.handlers.resources_rpc [None req-c53cd414-101d-4813-9f70-fab3204e9591 None None] Pushing event updated for resources: {'Port': ['ID=0fc1198c-1d0c-4816-8a0c-bcfc6f445e2e,revision_number=2']} {{(pid=106282) push /opt/stack/neutron/neutron/api/rpc/handlers/resources_rpc.py:237}}
Aug 31 10:52:48.585287 dv-cinder-795785-12-smb neutron-server[106280]: DEBUG neutron.wsgi [-] (106280) accepted ('10.222.0.47', 60084) {{(pid=106280) server /usr/local/lib/python3.8/dist-packages/eventlet/wsgi.py:1004}}
Aug 31 10:52:48.603614 dv-cinder-795785-12-smb neutron-server[106280]: DEBUG neutron.scheduler.l3_agent_scheduler [None req-242dc217-f0dd-427d-a6dd-45623c010520 admin admin] Router baefd5ff-a96e-4009-9df1-57dd2163486f is scheduled to L3 agent 989c0ca7-25ed-43db-8822-c306ddca3541 with binding_index 1 {{(pid=106280) bind_router /opt/stack/neutron/neutron/scheduler/l3_agent_scheduler.py:209}}
Aug 31 10:52:48.621410 dv-cinder-795785-12-smb neutron-server[106280]: DEBUG neutron.plugins.ml2.drivers.mech_agent [None req-bd0e4ad6-08e1-4f5d-9ed2-c81cf4559e11 admin admin] Checking segment: {'id': 'c3b9db8f-2fe3-4e86-899f-4279d64302d9', 'network_type': 'vlan', 'physical_network': 'physnet1', 'segmentation_id': 933, 'network_id': '4f5beebf-99b0-4933-af43-8e18a6492b90'} for mappings: {'physnet1': 'br-data'} with network types: ['local', 'flat', 'vlan'] {{(pid=106280) check_segment_for_agent /opt/stack/neutron/neutron/plugins/ml2/drivers/mech_agent.py:373}}
Aug 31 10:52:48.621847 dv-cinder-795785-12-smb neutron-server[106280]: DEBUG neutron.scheduler.dhcp_agent_scheduler [None req-bd0e4ad6-08e1-4f5d-9ed2-c81cf4559e11 admin admin] Network hostable DHCP agents. Network: 4f5beebf-99b0-4933-af43-8e18a6492b90, hostable agents: ['f7c9815f-0314-4f5e-a34b-93be258bc6ef'], hosted agents: [] {{(pid=106280) _get_network_hostable_dhcp_agents /opt/stack/neutron/neutron/scheduler/dhcp_agent_scheduler.py:329}}
Aug 31 10:52:48.678460 dv-cinder-795785-12-smb neutron-server[106280]: DEBUG dbcounter [-] [106280] Writing DB stats neutron:SELECT=92,neutron:UPDATE=2,neutron:INSERT=6 {{(pid=106280) stat_writer /usr/local/lib/python3.8/dist-packages/dbcounter.py:114}}
Aug 31 10:52:48.699048 dv-cinder-795785-12-smb neutron-server[106281]: DEBUG neutron.scheduler.dhcp_agent_scheduler [None req-c3827981-5764-41bf-8534-0e38c7c554cc admin admin] Network 76d629ee-68c6-45e8-993b-2b3ebafb2ed5 is scheduled to be hosted by DHCP agent f7c9815f-0314-4f5e-a34b-93be258bc6ef with binding_index 1 {{(pid=106281) bind /opt/stack/neutron/neutron/scheduler/dhcp_agent_scheduler.py:227}}
Aug 31 10:52:48.762596 dv-cinder-795785-12-smb neutron-server[106282]: DEBUG neutron.plugins.ml2.rpc [None req-dc6b51fc-7a2d-42d9-a675-f1de54510ad3 None None] Device 939b0737-ab51-4a80-832d-018e6cc283ce up at agent ovs-agent-dv-cinder-795785-12-smb {{(pid=106282) update_device_up /opt/stack/neutron/neutron/plugins/ml2/rpc.py:296}}
Aug 31 10:52:48.769694 dv-cinder-795785-12-smb neutron-server[106281]: DEBUG neutron.scheduler.base_scheduler [None req-c3827981-5764-41bf-8534-0e38c7c554cc admin admin] Resources bound (agent type, host, resource id): (DHCP agent, dv-cinder-795785-12-smb, 76d629ee-68c6-45e8-993b-2b3ebafb2ed5) {{(pid=106281) schedule /opt/stack/neutron/neutron/scheduler/base_scheduler.py:57}}
Aug 31 10:52:48.779143 dv-cinder-795785-12-smb neutron-server[106280]: DEBUG neutron.scheduler.dhcp_agent_scheduler [None req-bd0e4ad6-08e1-4f5d-9ed2-c81cf4559e11 admin admin] Network 4f5beebf-99b0-4933-af43-8e18a6492b90 is scheduled to be hosted by DHCP agent f7c9815f-0314-4f5e-a34b-93be258bc6ef with binding_index 1 {{(pid=106280) bind /opt/stack/neutron/neutron/scheduler/dhcp_agent_scheduler.py:227}}
Aug 31 10:52:48.785029 dv-cinder-795785-12-smb neutron-server[106281]: DEBUG neutron.pecan_wsgi.hooks.policy_enforcement [None req-c3827981-5764-41bf-8534-0e38c7c554cc admin admin] Attributes excluded by policy engine: ['standard_attr_id', 'shared', 'network'] {{(pid=106281) _exclude_attributes_by_policy /opt/stack/neutron/neutron/pecan_wsgi/hooks/policy_enforcement.py:259}}
Aug 31 10:52:48.786832 dv-cinder-795785-12-smb neutron-server[106281]: DEBUG neutron_lib.callbacks.manager [None req-c3827981-5764-41bf-8534-0e38c7c554cc admin admin] Publish callbacks ['neutron.api.rpc.agentnotifiers.dhcp_rpc_agent_api.DhcpAgentNotifyAPI._send_dhcp_notification-539518'] for subnet (None), before_response {{(pid=106281) _notify_loop /usr/local/lib/python3.8/dist-packages/neutron_lib/callbacks/manager.py:176}}
Aug 31 10:52:48.847257 dv-cinder-795785-12-smb neutron-server[106280]: DEBUG neutron.scheduler.base_scheduler [None req-bd0e4ad6-08e1-4f5d-9ed2-c81cf4559e11 admin admin] Resources bound (agent type, host, resource id): (DHCP agent, dv-cinder-795785-12-smb, 4f5beebf-99b0-4933-af43-8e18a6492b90) {{(pid=106280) schedule /opt/stack/neutron/neutron/scheduler/base_scheduler.py:57}}
Aug 31 10:52:48.850875 dv-cinder-795785-12-smb neutron-server[106280]: DEBUG neutron.api.rpc.agentnotifiers.l3_rpc_agent_api [None req-242dc217-f0dd-427d-a6dd-45623c010520 admin admin] Notify agent at l3_agent.dv-cinder-795785-12-smb the message routers_updated {{(pid=106280) _agent_notification /opt/stack/neutron/neutron/api/rpc/agentnotifiers/l3_rpc_agent_api.py:65}}
Aug 31 10:52:48.851639 dv-cinder-795785-12-smb neutron-server[106282]: DEBUG neutron.api.rpc.handlers.dhcp_rpc [None req-b07d67b0-e9fa-43fd-a20e-13c833aba0a7 None None] Network 76d629ee-68c6-45e8-993b-2b3ebafb2ed5 requested from dv-cinder-795785-12-smb {{(pid=106282) get_network_info /opt/stack/neutron/neutron/api/rpc/handlers/dhcp_rpc.py:191}}
Aug 31 10:52:48.865235 dv-cinder-795785-12-smb neutron-server[106283]: DEBUG neutron.api.rpc.handlers.l3_rpc [None req-a2fd7e16-4215-4d43-8b34-d8ab9bc9f3ad None None] Sync routers for ids ['baefd5ff-a96e-4009-9df1-57dd2163486f'] in dv-cinder-795785-12-smb {{(pid=106283) sync_routers /opt/stack/neutron/neutron/api/rpc/handlers/l3_rpc.py:125}}
Aug 31 10:52:48.868976 dv-cinder-795785-12-smb neutron-server[106280]: DEBUG neutron.pecan_wsgi.hooks.policy_enforcement [None req-bd0e4ad6-08e1-4f5d-9ed2-c81cf4559e11 admin admin] Attributes excluded by policy engine: ['standard_attr_id', 'shared', 'network'] {{(pid=106280) _exclude_attributes_by_policy /opt/stack/neutron/neutron/pecan_wsgi/hooks/policy_enforcement.py:259}}
Aug 31 10:52:48.869653 dv-cinder-795785-12-smb neutron-server[106280]: DEBUG neutron_lib.callbacks.manager [None req-bd0e4ad6-08e1-4f5d-9ed2-c81cf4559e11 admin admin] Publish callbacks ['neutron.api.rpc.agentnotifiers.dhcp_rpc_agent_api.DhcpAgentNotifyAPI._send_dhcp_notification-539518'] for subnet (None), before_response {{(pid=106280) _notify_loop /usr/local/lib/python3.8/dist-packages/neutron_lib/callbacks/manager.py:176}}
Aug 31 10:52:48.878678 dv-cinder-795785-12-smb neutron-server[106281]: INFO neutron.wsgi [None req-c3827981-5764-41bf-8534-0e38c7c554cc admin admin] 10.222.0.47 "POST /networking/v2.0/subnets HTTP/1.1" status: 201 len: 847 time: 2.5936725
Aug 31 10:52:48.879401 dv-cinder-795785-12-smb neutron-server[106281]: DEBUG neutron.wsgi [-] (106281) accepted ('10.222.0.47', 60092) {{(pid=106281) server /usr/local/lib/python3.8/dist-packages/eventlet/wsgi.py:1004}}
Aug 31 10:52:48.887248 dv-cinder-795785-12-smb neutron-server[106283]: DEBUG neutron.db.l3_dvrscheduler_db [None req-a2fd7e16-4215-4d43-8b34-d8ab9bc9f3ad None None] Routers {'baefd5ff-a96e-4009-9df1-57dd2163486f'} bound to L3 agent in host dv-cinder-795785-12-smb {{(pid=106283) _get_router_ids_for_agent /opt/stack/neutron/neutron/db/l3_dvrscheduler_db.py:422}}
Aug 31 10:52:48.887902 dv-cinder-795785-12-smb neutron-server[106283]: DEBUG neutron.db.l3_hamode_db [None req-a2fd7e16-4215-4d43-8b34-d8ab9bc9f3ad None None] neutron.services.l3_router.l3_router_plugin.L3RouterPlugin method get_ha_sync_data_for_host called with arguments (, 'dv-cinder-795785-12-smb', Agent(admin_state_up=True,agent_type='L3 agent',availability_zone='nova',binary='neutron-l3-agent',configurations={"agent_mode": "legacy", "ex_gw_ports": 1, "extensions": [], "floating_ips": 0, "handle_internal_only_routers": true, "interface_driver": "openvswitch", "interfaces": 1, "log_agent_heartbeats": false, "routers": 1},created_at=2022-08-31T10:44:42Z,description=,heartbeat_timestamp=2022-08-31T10:52:42Z,host='dv-cinder-795785-12-smb',id=989c0ca7-25ed-43db-8822-c306ddca3541,load=0,resource_versions=,resources_synced=,started_at=2022-08-31T10:44:42Z,topic='l3_agent')) {'router_ids': ['baefd5ff-a96e-4009-9df1-57dd2163486f'], 'active': True} {{(pid=106283) wrapper /usr/local/lib/python3.8/dist-packages/oslo_log/helpers.py:65}}
Aug 31 10:52:48.933696 dv-cinder-795785-12-smb neutron-server[106281]: DEBUG neutron.api.v2.base [None req-8842c8e4-bdcb-465f-baf8-d17d0addad07 admin admin] Request body: {'router': {'name': 'tempest-DeleteServersTestJSON-696232615-router', 'tenant_id': 'c1feab8659614efc9f5a7787654412f3', 'external_gateway_info': {'network_id': '17dd603a-123f-403a-b47b-c6a1cdf67fd1'}}} {{(pid=106281) prepare_request_body /opt/stack/neutron/neutron/api/v2/base.py:730}}
Aug 31 10:52:48.933810 dv-cinder-795785-12-smb neutron-server[106282]: DEBUG neutron.api.rpc.handlers.dhcp_rpc [None req-ba819e09-84fe-4e79-835e-c99136ee9579 None None] Network 4f5beebf-99b0-4933-af43-8e18a6492b90 requested from dv-cinder-795785-12-smb {{(pid=106282) get_network_info /opt/stack/neutron/neutron/api/rpc/handlers/dhcp_rpc.py:191}}
Aug 31 10:52:48.947973 dv-cinder-795785-12-smb neutron-server[106281]: DEBUG neutron_lib.callbacks.manager [None req-262b2c88-b370-4302-ac91-28b3826c4a94 admin admin] Publish callbacks [] for port (5655bb0e-eb1c-4103-bb65-a47de60d058f), precommit_create {{(pid=106281) _notify_loop /usr/local/lib/python3.8/dist-packages/neutron_lib/callbacks/manager.py:176}}
Aug 31 10:52:48.952153 dv-cinder-795785-12-smb neutron-server[106280]: DEBUG neutron_lib.callbacks.manager [None req-242dc217-f0dd-427d-a6dd-45623c010520 admin admin] Publish callbacks [] for router (None), before_response {{(pid=106280) _notify_loop /usr/local/lib/python3.8/dist-packages/neutron_lib/callbacks/manager.py:176}}
Aug 31 10:52:48.956730 dv-cinder-795785-12-smb neutron-server[106280]: INFO neutron.wsgi [None req-242dc217-f0dd-427d-a6dd-45623c010520 admin admin] 10.222.0.47 "POST /networking/v2.0/routers HTTP/1.1" status: 201 len: 928 time: 4.4935544
Aug 31 10:52:48.961128 dv-cinder-795785-12-smb neutron-server[106280]: INFO neutron.wsgi [None req-bd0e4ad6-08e1-4f5d-9ed2-c81cf4559e11 admin admin] 10.222.0.47 "POST /networking/v2.0/subnets HTTP/1.1" status: 201 len: 851 time: 1.6631260
Aug 31 10:52:48.975695 dv-cinder-795785-12-smb neutron-server[106281]: DEBUG neutron.wsgi [-] (106281) accepted ('10.222.0.47', 60096) {{(pid=106281) server /usr/local/lib/python3.8/dist-packages/eventlet/wsgi.py:1004}}
Aug 31 10:52:48.976030 dv-cinder-795785-12-smb neutron-server[106281]: DEBUG neutron.wsgi [-] (106281) accepted ('10.222.0.47', 60098) {{(pid=106281) server /usr/local/lib/python3.8/dist-packages/eventlet/wsgi.py:1004}}
Aug 31 10:52:48.991651 dv-cinder-795785-12-smb neutron-server[106280]: DEBUG neutron_lib.callbacks.manager [None req-ec24e2d6-e55f-476f-a048-ae3376b49a18 admin admin] Publish callbacks [] for security_group (None), before_create {{(pid=106280) _notify_loop /usr/local/lib/python3.8/dist-packages/neutron_lib/callbacks/manager.py:176}}
Aug 31 10:52:49.001238 dv-cinder-795785-12-smb neutron-server[106281]: DEBUG neutron.api.v2.base [None req-c2a9ffc7-5301-4a39-9c28-3776858a3944 admin admin] Request body: {'router': {'name': 'tempest-AttachVolumeNegativeTest-1976380998-router', 'tenant_id': 'c20bcbef719641a8aa209228cff9214c', 'external_gateway_info': {'network_id': '17dd603a-123f-403a-b47b-c6a1cdf67fd1'}}} {{(pid=106281) prepare_request_body /opt/stack/neutron/neutron/api/v2/base.py:730}}
Aug 31 10:52:49.091970 dv-cinder-795785-12-smb neutron-server[106283]: DEBUG neutron.db.l3_dvr_db [None req-a2fd7e16-4215-4d43-8b34-d8ab9bc9f3ad None None] Set router baefd5ff-a96e-4009-9df1-57dd2163486f gateway port host: dv-cinder-795785-12-smb {{(pid=106283) _build_routers_list /opt/stack/neutron/neutron/db/l3_dvr_db.py:907}}
Aug 31 10:52:49.128040 dv-cinder-795785-12-smb neutron-server[106280]: DEBUG neutron_lib.callbacks.manager [None req-ec24e2d6-e55f-476f-a048-ae3376b49a18 admin admin] Publish callbacks [] for security_group (7e855b74-e14f-4d4b-ae49-79a71220f732), precommit_create {{(pid=106280) _notify_loop /usr/local/lib/python3.8/dist-packages/neutron_lib/callbacks/manager.py:176}}
Aug 31 10:52:49.129213 dv-cinder-795785-12-smb neutron-server[106280]: DEBUG dbcounter [-] [106280] Writing DB stats neutron:SELECT=82,neutron:INSERT=14,neutron:DELETE=3,neutron:UPDATE=1 {{(pid=106280) stat_writer /usr/local/lib/python3.8/dist-packages/dbcounter.py:114}}
Aug 31 10:52:49.134455 dv-cinder-795785-12-smb neutron-server[106280]: DEBUG neutron_lib.callbacks.manager [None req-ec24e2d6-e55f-476f-a048-ae3376b49a18 admin admin] Publish callbacks ['neutron.plugins.ml2.ovo_rpc._ObjectChangeHandler.handle_event-783614'] for security_group (7e855b74-e14f-4d4b-ae49-79a71220f732), after_create {{(pid=106280) _notify_loop /usr/local/lib/python3.8/dist-packages/neutron_lib/callbacks/manager.py:176}}
Aug 31 10:52:49.145326 dv-cinder-795785-12-smb neutron-server[106282]: DEBUG dbcounter [-] [106282] Writing DB stats neutron:SELECT=98,neutron:UPDATE=2 {{(pid=106282) stat_writer /usr/local/lib/python3.8/dist-packages/dbcounter.py:114}}
Aug 31 10:52:49.146900 dv-cinder-795785-12-smb neutron-server[106282]: DEBUG neutron.db.provisioning_blocks [None req-3fce3c31-d81a-430f-9186-a276e84019b9 None None] Provisioning complete for port 939b0737-ab51-4a80-832d-018e6cc283ce triggered by entity DHCP. {{(pid=106282) provisioning_complete /opt/stack/neutron/neutron/db/provisioning_blocks.py:144}}
Aug 31 10:52:49.147414 dv-cinder-795785-12-smb neutron-server[106282]: DEBUG neutron_lib.callbacks.manager [None req-3fce3c31-d81a-430f-9186-a276e84019b9 None None] Publish callbacks ['neutron.plugins.ml2.plugin.Ml2Plugin._port_provisioned-33373802'] for port (939b0737-ab51-4a80-832d-018e6cc283ce), provisioning_complete {{(pid=106282) _notify_loop /usr/local/lib/python3.8/dist-packages/neutron_lib/callbacks/manager.py:176}}
Aug 31 10:52:49.161966 dv-cinder-795785-12-smb neutron-server[106281]: DEBUG neutron_lib.callbacks.manager [None req-8842c8e4-bdcb-465f-baf8-d17d0addad07 admin admin] Publish callbacks ['neutron.services.l3_router.l3_router_plugin.L3_HA_NAT_db_mixin._before_router_create_handler-763066', 'neutron.services.l3_router.service_providers.driver_controller.DriverController._check_router_request-9593'] for router (5d9af30b-e912-457d-bc9c-a60e66c3064b), before_create {{(pid=106281) _notify_loop /usr/local/lib/python3.8/dist-packages/neutron_lib/callbacks/manager.py:176}}
Aug 31 10:52:49.163027 dv-cinder-795785-12-smb neutron-server[106281]: DEBUG neutron_lib.callbacks.manager [None req-8842c8e4-bdcb-465f-baf8-d17d0addad07 admin admin] Publish callbacks ['neutron.services.l3_router.l3_router_plugin.L3_HA_NAT_db_mixin._precommit_router_create-762247', 'neutron.services.l3_router.l3_router_plugin.DVRResourceOperationHandler._set_distributed_flag-904867', 'neutron.services.l3_router.l3_router_plugin.RouterAvailabilityZoneMixin._process_az_request-709683', 'neutron.services.l3_router.service_providers.driver_controller.DriverController._set_router_provider-9472'] for router (5d9af30b-e912-457d-bc9c-a60e66c3064b), precommit_create {{(pid=106281) _notify_loop /usr/local/lib/python3.8/dist-packages/neutron_lib/callbacks/manager.py:176}}
Aug 31 10:52:49.205604 dv-cinder-795785-12-smb neutron-server[106280]: INFO neutron.wsgi [None req-ec24e2d6-e55f-476f-a048-ae3376b49a18 admin admin] 10.222.0.47 "GET /networking/v2.0/security-groups?tenant_id=a02a045294e4407ca2cc4999e0b06232&name=default HTTP/1.1" status: 200 len: 2992 time: 0.6188302
Aug 31 10:52:49.208968 dv-cinder-795785-12-smb neutron-server[106280]: DEBUG neutron.api.rpc.handlers.resources_rpc [None req-ec24e2d6-e55f-476f-a048-ae3376b49a18 admin admin] Pushing event updated for resources: {'SecurityGroup': ['ID=7e855b74-e14f-4d4b-ae49-79a71220f732,revision_number=1']} {{(pid=106280) push /opt/stack/neutron/neutron/api/rpc/handlers/resources_rpc.py:237}}
Aug 31 10:52:49.212530 dv-cinder-795785-12-smb neutron-server[106282]: DEBUG neutron.db.provisioning_blocks [None req-dc6b51fc-7a2d-42d9-a675-f1de54510ad3 None None] Provisioning complete for port 939b0737-ab51-4a80-832d-018e6cc283ce triggered by entity L2. {{(pid=106282) provisioning_complete /opt/stack/neutron/neutron/db/provisioning_blocks.py:144}}
Aug 31 10:52:49.213050 dv-cinder-795785-12-smb neutron-server[106282]: DEBUG neutron_lib.callbacks.manager [None req-dc6b51fc-7a2d-42d9-a675-f1de54510ad3 None None] Publish callbacks ['neutron.plugins.ml2.plugin.Ml2Plugin._port_provisioned-33373802'] for port (939b0737-ab51-4a80-832d-018e6cc283ce), provisioning_complete {{(pid=106282) _notify_loop /usr/local/lib/python3.8/dist-packages/neutron_lib/callbacks/manager.py:176}}
Aug 31 10:52:49.214765 dv-cinder-795785-12-smb neutron-server[106280]: DEBUG neutron.wsgi [-] (106280) accepted ('10.222.0.47', 60104) {{(pid=106280) server /usr/local/lib/python3.8/dist-packages/eventlet/wsgi.py:1004}}
Aug 31 10:52:49.292236 dv-cinder-795785-12-smb neutron-server[106281]: DEBUG neutron_lib.callbacks.manager [None req-c2a9ffc7-5301-4a39-9c28-3776858a3944 admin admin] Publish callbacks ['neutron.services.l3_router.l3_router_plugin.L3_HA_NAT_db_mixin._before_router_create_handler-763066', 'neutron.services.l3_router.service_providers.driver_controller.DriverController._check_router_request-9593'] for router (8ea2c1ed-8372-4c5f-bc0c-e4e594576fe6), before_create {{(pid=106281) _notify_loop /usr/local/lib/python3.8/dist-packages/neutron_lib/callbacks/manager.py:176}}
Aug 31 10:52:49.297453 dv-cinder-795785-12-smb neutron-server[106281]: DEBUG neutron_lib.callbacks.manager [None req-c2a9ffc7-5301-4a39-9c28-3776858a3944 admin admin] Publish callbacks ['neutron.services.l3_router.l3_router_plugin.L3_HA_NAT_db_mixin._precommit_router_create-762247', 'neutron.services.l3_router.l3_router_plugin.DVRResourceOperationHandler._set_distributed_flag-904867', 'neutron.services.l3_router.l3_router_plugin.RouterAvailabilityZoneMixin._process_az_request-709683', 'neutron.services.l3_router.service_providers.driver_controller.DriverController._set_router_provider-9472'] for router (8ea2c1ed-8372-4c5f-bc0c-e4e594576fe6), precommit_create {{(pid=106281) _notify_loop /usr/local/lib/python3.8/dist-packages/neutron_lib/callbacks/manager.py:176}}
Aug 31 10:52:49.304303 dv-cinder-795785-12-smb neutron-server[106280]: DEBUG neutron_lib.callbacks.manager [None req-eff8cccf-6e89-4e23-bba2-d6782c579e0a admin admin] Publish callbacks [] for security_group (7e855b74-e14f-4d4b-ae49-79a71220f732), before_delete {{(pid=106280) _notify_loop /usr/local/lib/python3.8/dist-packages/neutron_lib/callbacks/manager.py:176}}
Aug 31 10:52:49.310816 dv-cinder-795785-12-smb neutron-server[106282]: DEBUG neutron.api.rpc.handlers.dhcp_rpc [None req-3d3bb8cd-654c-458b-a2a3-e8c6a8b7f6bf None None] Create dhcp port {'port': {'name': '', 'admin_state_up': True, 'device_id': 'dhcpfceafac5-e5e8-5a57-80db-96787ba5d217-4f5beebf-99b0-4933-af43-8e18a6492b90', 'network_id': '4f5beebf-99b0-4933-af43-8e18a6492b90', 'project_id': 'c20bcbef719641a8aa209228cff9214c', 'fixed_ips': [{'subnet_id': 'd1497cd5-8a02-4f8f-9b27-ea1ed00879c1'}]}} from dv-cinder-795785-12-smb. {{(pid=106282) create_dhcp_port /opt/stack/neutron/neutron/api/rpc/handlers/dhcp_rpc.py:268}}
Aug 31 10:52:49.312075 dv-cinder-795785-12-smb neutron-server[106282]: DEBUG neutron_lib.callbacks.manager [None req-3d3bb8cd-654c-458b-a2a3-e8c6a8b7f6bf None None] Publish callbacks ['neutron.plugins.ml2.plugin.SecurityGroupDbMixin._ensure_default_security_group_handler-33053499'] for port (None), before_create {{(pid=106282) _notify_loop /usr/local/lib/python3.8/dist-packages/neutron_lib/callbacks/manager.py:176}}
Aug 31 10:52:49.336680 dv-cinder-795785-12-smb neutron-server[106280]: DEBUG neutron_lib.callbacks.manager [None req-eff8cccf-6e89-4e23-bba2-d6782c579e0a admin admin] Publish callbacks [] for security_group (7e855b74-e14f-4d4b-ae49-79a71220f732), precommit_delete {{(pid=106280) _notify_loop /usr/local/lib/python3.8/dist-packages/neutron_lib/callbacks/manager.py:176}}
Aug 31 10:52:49.426533 dv-cinder-795785-12-smb neutron-server[106283]: DEBUG neutron.db.l3_hamode_db [None req-a2fd7e16-4215-4d43-8b34-d8ab9bc9f3ad None None] neutron.services.l3_router.l3_router_plugin.L3RouterPlugin method _process_sync_ha_data called with arguments (, [{'id': 'baefd5ff-a96e-4009-9df1-57dd2163486f', 'name': 'tempest-AttachVolumeShelveTestJSON-1184562424-router', 'tenant_id': '9575ffb8b97c4246bc6f4e8699cfa68d', 'admin_state_up': True, 'status': 'ACTIVE', 'external_gateway_info': {'network_id': '17dd603a-123f-403a-b47b-c6a1cdf67fd1', 'external_fixed_ips': [{'subnet_id': '721d2f26-0642-44fd-8190-f4a6012a7aef', 'ip_address': '172.28.2.68'}], 'enable_snat': True}, 'gw_port_id': 'bd09aa2c-14af-4439-87e2-f17f79d817c1', 'description': '', 'availability_zones': ['nova'], 'distributed': False, 'ha': False, 'ha_vr_id': 0, 'availability_zone_hints': [], 'routes': [], 'flavor_id': None, 'tags': [], 'created_at': '2022-08-31T10:52:44Z', 'updated_at': '2022-08-31T10:52:47Z', 'revision_number': 3, 'project_id': '9575ffb8b97c4246bc6f4e8699cfa68d', 'gw_port': {'id': 'bd09aa2c-14af-4439-87e2-f17f79d817c1', 'name': '', 'network_id': '17dd603a-123f-403a-b47b-c6a1cdf67fd1', 'tenant_id': '', 'mac_address': 'fa:16:3e:10:70:8f', 'admin_state_up': True, 'status': 'DOWN', 'device_id': 'baefd5ff-a96e-4009-9df1-57dd2163486f', 'device_owner': 'network:router_gateway', 'standard_attr_id': 57, 'fixed_ips': [{'subnet_id': '721d2f26-0642-44fd-8190-f4a6012a7aef', 'ip_address': '172.28.2.68', 'prefixlen': 24}], 'allowed_address_pairs': [], 'extra_dhcp_opts': [], 'security_groups': [], 'description': '', 'binding:vnic_type': 'normal', 'binding:profile': {}, 'binding:host_id': '', 'binding:vif_type': 'unbound', 'binding:vif_details': {}, 'port_security_enabled': False, 'tags': [], 'created_at': '2022-08-31T10:52:45Z', 'updated_at': '2022-08-31T10:52:45Z', 'revision_number': 1, 'project_id': '', 'subnets': [{'id': '721d2f26-0642-44fd-8190-f4a6012a7aef', 'cidr': '172.28.2.0/24', 'gateway_ip': '172.28.2.1', 'dns_nameservers': [], 'ipv6_ra_mode': None, 'subnetpool_id': None}], 'extra_subnets': [], 'address_scopes': {4: None, 6: None}, 'mtu': 1500}, 'enable_snat': True, 'gw_port_host': 'dv-cinder-795785-12-smb'}], 'dv-cinder-795785-12-smb', False) {} {{(pid=106283) wrapper /usr/local/lib/python3.8/dist-packages/oslo_log/helpers.py:65}}
Aug 31 10:52:49.443136 dv-cinder-795785-12-smb neutron-server[106280]: DEBUG neutron_lib.callbacks.manager [None req-eff8cccf-6e89-4e23-bba2-d6782c579e0a admin admin] Publish callbacks ['neutron.plugins.ml2.ovo_rpc._ObjectChangeHandler.handle_event-783614'] for security_group (7e855b74-e14f-4d4b-ae49-79a71220f732), after_delete {{(pid=106280) _notify_loop /usr/local/lib/python3.8/dist-packages/neutron_lib/callbacks/manager.py:176}}
Aug 31 10:52:49.447471 dv-cinder-795785-12-smb neutron-server[106280]: DEBUG neutron_lib.callbacks.manager [None req-eff8cccf-6e89-4e23-bba2-d6782c579e0a admin admin] Publish callbacks [] for security_group (None), before_response {{(pid=106280) _notify_loop /usr/local/lib/python3.8/dist-packages/neutron_lib/callbacks/manager.py:176}}
Aug 31 10:52:49.448874 dv-cinder-795785-12-smb neutron-server[106280]: INFO neutron.wsgi [None req-eff8cccf-6e89-4e23-bba2-d6782c579e0a admin admin] 10.222.0.47 "DELETE /networking/v2.0/security-groups/7e855b74-e14f-4d4b-ae49-79a71220f732 HTTP/1.1" status: 204 len: 168 time: 0.2328522
Aug 31 10:52:49.458508 dv-cinder-795785-12-smb neutron-server[106280]: DEBUG neutron.api.rpc.handlers.resources_rpc [None req-eff8cccf-6e89-4e23-bba2-d6782c579e0a admin admin] Pushing event deleted for resources: {'SecurityGroup': ['ID=7e855b74-e14f-4d4b-ae49-79a71220f732,revision_number=None']} {{(pid=106280) push /opt/stack/neutron/neutron/api/rpc/handlers/resources_rpc.py:237}}
Aug 31 10:52:49.465676 dv-cinder-795785-12-smb neutron-server[106283]: DEBUG neutron.api.rpc.handlers.l3_rpc [None req-a2fd7e16-4215-4d43-8b34-d8ab9bc9f3ad None None] Checking router: baefd5ff-a96e-4009-9df1-57dd2163486f for host: dv-cinder-795785-12-smb {{(pid=106283) _ensure_host_set_on_ports /opt/stack/neutron/neutron/api/rpc/handlers/l3_rpc.py:155}}
Aug 31 10:52:49.466075 dv-cinder-795785-12-smb neutron-server[106283]: DEBUG neutron.api.rpc.handlers.l3_rpc [None req-a2fd7e16-4215-4d43-8b34-d8ab9bc9f3ad None None] Updating router baefd5ff-a96e-4009-9df1-57dd2163486f port bd09aa2c-14af-4439-87e2-f17f79d817c1 binding host dv-cinder-795785-12-smb {{(pid=106283) _ensure_host_set_on_port /opt/stack/neutron/neutron/api/rpc/handlers/l3_rpc.py:205}}
Aug 31 10:52:49.477265 dv-cinder-795785-12-smb neutron-server[106281]: DEBUG neutron_lib.callbacks.manager [None req-262b2c88-b370-4302-ac91-28b3826c4a94 admin admin] Publish callbacks ['neutron.plugins.ml2.plugin.SecurityGroupServerNotifierRpcMixin._notify_sg_on_port_change-33053560', 'neutron.plugins.ml2.ovo_rpc._ObjectChangeHandler.handle_event-441676', 'neutron.api.rpc.agentnotifiers.dhcp_rpc_agent_api.DhcpAgentNotifyAPI._native_event_send_dhcp_notification-539500', 'neutron.db.l3_dvrscheduler_db._notify_l3_agent_new_port-8755508278029'] for port (5655bb0e-eb1c-4103-bb65-a47de60d058f), after_create {{(pid=106281) _notify_loop /usr/local/lib/python3.8/dist-packages/neutron_lib/callbacks/manager.py:176}}
Aug 31 10:52:49.497791 dv-cinder-795785-12-smb neutron-server[106282]: DEBUG neutron_lib.callbacks.manager [None req-a8d6b24d-3efc-45b7-ad40-575c1425ac2f None None] Publish callbacks ['neutron.services.segments.db._update_segment_host_mapping_for_agent-8755508777265', 'neutron.plugins.ml2.plugin.Ml2Plugin._retry_binding_revived_agents-33372616'] for agent (957bcd1f-b899-4077-a0f8-20ee2145e521), after_update {{(pid=106282) _notify_loop /usr/local/lib/python3.8/dist-packages/neutron_lib/callbacks/manager.py:176}}
Aug 31 10:52:49.500883 dv-cinder-795785-12-smb neutron-server[106283]: DEBUG neutron_lib.callbacks.manager [None req-a2fd7e16-4215-4d43-8b34-d8ab9bc9f3ad None None] Publish callbacks ['neutron.plugins.ml2.plugin.SecurityGroupDbMixin._ensure_default_security_group_handler-33053499'] for port (bd09aa2c-14af-4439-87e2-f17f79d817c1), before_update {{(pid=106283) _notify_loop /usr/local/lib/python3.8/dist-packages/neutron_lib/callbacks/manager.py:176}}
Aug 31 10:52:49.516266 dv-cinder-795785-12-smb neutron-server[106281]: DEBUG dbcounter [-] [106281] Writing DB stats neutron:SELECT=84,neutron:INSERT=11,neutron:UPDATE=4,neutron:DELETE=1 {{(pid=106281) stat_writer /usr/local/lib/python3.8/dist-packages/dbcounter.py:114}}
Aug 31 10:52:49.726675 dv-cinder-795785-12-smb neutron-server[106281]: DEBUG neutron_lib.callbacks.manager [None req-8842c8e4-bdcb-465f-baf8-d17d0addad07 admin admin] Publish callbacks [] for router_controller (5d9af30b-e912-457d-bc9c-a60e66c3064b), precommit_add_association {{(pid=106281) _notify_loop /usr/local/lib/python3.8/dist-packages/neutron_lib/callbacks/manager.py:176}}
Aug 31 10:52:49.755092 dv-cinder-795785-12-smb neutron-server[106282]: DEBUG neutron.db.db_base_plugin_common [None req-3d3bb8cd-654c-458b-a2a3-e8c6a8b7f6bf None None] Allocated IP 172.20.0.2 (4f5beebf-99b0-4933-af43-8e18a6492b90/d1497cd5-8a02-4f8f-9b27-ea1ed00879c1/c66bff80-c5e2-4dc6-a846-7b99a9b2de03) {{(pid=106282) _store_ip_allocation /opt/stack/neutron/neutron/db/db_base_plugin_common.py:131}}
Aug 31 10:52:49.847467 dv-cinder-795785-12-smb neutron-server[106282]: DEBUG neutron.plugins.ml2.plugin [None req-3fce3c31-d81a-430f-9186-a276e84019b9 None None] Current status of the port 939b0737-ab51-4a80-832d-018e6cc283ce is: ACTIVE; New status is: ACTIVE {{(pid=106282) _update_individual_port_db_status /opt/stack/neutron/neutron/plugins/ml2/plugin.py:2302}}
Aug 31 10:52:49.925157 dv-cinder-795785-12-smb neutron-server[106281]: DEBUG neutron.scheduler.dhcp_agent_scheduler [None req-262b2c88-b370-4302-ac91-28b3826c4a94 admin admin] Network 17dd603a-123f-403a-b47b-c6a1cdf67fd1 is already hosted by enough agents. {{(pid=106281) _get_dhcp_agents_hosting_network /opt/stack/neutron/neutron/scheduler/dhcp_agent_scheduler.py:275}}
Aug 31 10:52:49.948012 dv-cinder-795785-12-smb neutron-server[106281]: DEBUG dbcounter [-] [106281] Writing DB stats neutron:SELECT=88,neutron:INSERT=8,neutron:UPDATE=3,neutron:DELETE=1 {{(pid=106281) stat_writer /usr/local/lib/python3.8/dist-packages/dbcounter.py:114}}
Aug 31 10:52:50.011314 dv-cinder-795785-12-smb neutron-server[106283]: DEBUG neutron_lib.callbacks.manager [None req-a2fd7e16-4215-4d43-8b34-d8ab9bc9f3ad None None] Publish callbacks [] for port (bd09aa2c-14af-4439-87e2-f17f79d817c1), precommit_update {{(pid=106283) _notify_loop /usr/local/lib/python3.8/dist-packages/neutron_lib/callbacks/manager.py:176}}
Aug 31 10:52:50.027176 dv-cinder-795785-12-smb neutron-server[106283]: DEBUG neutron_lib.callbacks.manager [None req-a2fd7e16-4215-4d43-8b34-d8ab9bc9f3ad None None] Publish callbacks ['neutron.plugins.ml2.plugin.SecurityGroupServerNotifierRpcMixin._notify_sg_on_port_change-33053560', 'neutron.plugins.ml2.ovo_rpc._ObjectChangeHandler.handle_event-441676', 'neutron.api.rpc.agentnotifiers.dhcp_rpc_agent_api.DhcpAgentNotifyAPI._native_event_send_dhcp_notification-539500', 'neutron.db.l3_db.L3RpcNotifierMixin._notify_gateway_port_ip_changed-8755508656002', 'neutron.db.l3_dvrscheduler_db._notify_l3_agent_port_update-8755508278047', 'neutron.db.l3_hascheduler_db._notify_l3_agent_ha_port_update-8755508278065'] for port (bd09aa2c-14af-4439-87e2-f17f79d817c1), after_update {{(pid=106283) _notify_loop /usr/local/lib/python3.8/dist-packages/neutron_lib/callbacks/manager.py:176}}
Aug 31 10:52:50.064387 dv-cinder-795785-12-smb neutron-server[106282]: DEBUG neutron_lib.callbacks.manager [None req-3d3bb8cd-654c-458b-a2a3-e8c6a8b7f6bf None None] Publish callbacks [] for port (c66bff80-c5e2-4dc6-a846-7b99a9b2de03), precommit_create {{(pid=106282) _notify_loop /usr/local/lib/python3.8/dist-packages/neutron_lib/callbacks/manager.py:176}}
Aug 31 10:52:50.119727 dv-cinder-795785-12-smb neutron-server[106280]: DEBUG neutron.wsgi [-] (106280) accepted ('10.222.0.47', 60146) {{(pid=106280) server /usr/local/lib/python3.8/dist-packages/eventlet/wsgi.py:1004}}
Aug 31 10:52:50.137964 dv-cinder-795785-12-smb neutron-server[106280]: DEBUG neutron_lib.callbacks.manager [None req-93757b03-505f-4c6e-b0a8-fced5c4b769a admin admin] Publish callbacks [] for security_group (None), before_create {{(pid=106280) _notify_loop /usr/local/lib/python3.8/dist-packages/neutron_lib/callbacks/manager.py:176}}
Aug 31 10:52:50.178888 dv-cinder-795785-12-smb neutron-server[106282]: DEBUG neutron.plugins.ml2.plugin [None req-dc6b51fc-7a2d-42d9-a675-f1de54510ad3 None None] Current status of the port 939b0737-ab51-4a80-832d-018e6cc283ce is: ACTIVE; New status is: ACTIVE {{(pid=106282) _update_individual_port_db_status /opt/stack/neutron/neutron/plugins/ml2/plugin.py:2302}}
Aug 31 10:52:50.183681 dv-cinder-795785-12-smb neutron-server[106283]: DEBUG neutron.plugins.ml2.managers [None req-a2fd7e16-4215-4d43-8b34-d8ab9bc9f3ad None None] Attempting to bind port bd09aa2c-14af-4439-87e2-f17f79d817c1 on host dv-cinder-795785-12-smb for vnic_type normal with profile {{(pid=106283) bind_port /opt/stack/neutron/neutron/plugins/ml2/managers.py:810}}
Aug 31 10:52:50.185307 dv-cinder-795785-12-smb neutron-server[106283]: DEBUG neutron.plugins.ml2.managers [None req-a2fd7e16-4215-4d43-8b34-d8ab9bc9f3ad None None] Attempting to bind port bd09aa2c-14af-4439-87e2-f17f79d817c1 by drivers openvswitch,hyperv on host dv-cinder-795785-12-smb at level 0 using segments [{'id': '79a14fca-8f3e-4990-b7c9-0ac4f2d3a3bc', 'network_type': 'flat', 'physical_network': 'physnet1', 'segmentation_id': None, 'network_id': '17dd603a-123f-403a-b47b-c6a1cdf67fd1'}] {{(pid=106283) _bind_port_level /opt/stack/neutron/neutron/plugins/ml2/managers.py:835}}
Aug 31 10:52:50.186598 dv-cinder-795785-12-smb neutron-server[106283]: DEBUG neutron.plugins.ml2.drivers.mech_agent [None req-a2fd7e16-4215-4d43-8b34-d8ab9bc9f3ad None None] Attempting to bind port bd09aa2c-14af-4439-87e2-f17f79d817c1 on network 17dd603a-123f-403a-b47b-c6a1cdf67fd1 {{(pid=106283) bind_port /opt/stack/neutron/neutron/plugins/ml2/drivers/mech_agent.py:91}}
Aug 31 10:52:50.202650 dv-cinder-795785-12-smb neutron-server[106283]: DEBUG neutron.api.rpc.handlers.resources_rpc [None req-0c0b0761-cb9a-4c97-aa6e-aceca5badcd1 None None] Pushing event updated for resources: {'Port': ['ID=bd09aa2c-14af-4439-87e2-f17f79d817c1,revision_number=2']} {{(pid=106283) push /opt/stack/neutron/neutron/api/rpc/handlers/resources_rpc.py:237}}
Aug 31 10:52:50.206462 dv-cinder-795785-12-smb neutron-server[106282]: DEBUG neutron.api.rpc.handlers.dhcp_rpc [None req-679e72f0-a811-4b7c-8b2f-c0873963ec52 None None] Network abdccdf3-ba10-4f3a-bc7e-a7270395bd0b requested from dv-cinder-795785-12-smb {{(pid=106282) get_network_info /opt/stack/neutron/neutron/api/rpc/handlers/dhcp_rpc.py:191}}
Aug 31 10:52:50.219239 dv-cinder-795785-12-smb neutron-server[106283]: DEBUG dbcounter [-] [106283] Writing DB stats neutron:SELECT=97,neutron:UPDATE=3 {{(pid=106283) stat_writer /usr/local/lib/python3.8/dist-packages/dbcounter.py:114}}
Aug 31 10:52:50.219639 dv-cinder-795785-12-smb neutron-server[106282]: DEBUG neutron_lib.callbacks.manager [None req-3d3bb8cd-654c-458b-a2a3-e8c6a8b7f6bf None None] Publish callbacks ['neutron.plugins.ml2.plugin.SecurityGroupServerNotifierRpcMixin._notify_sg_on_port_change-33053560', 'neutron.plugins.ml2.ovo_rpc._ObjectChangeHandler.handle_event-441676', 'neutron.api.rpc.agentnotifiers.dhcp_rpc_agent_api.DhcpAgentNotifyAPI._native_event_send_dhcp_notification-539500', 'neutron.db.l3_dvrscheduler_db._notify_l3_agent_new_port-8755508278029'] for port (c66bff80-c5e2-4dc6-a846-7b99a9b2de03), after_create {{(pid=106282) _notify_loop /usr/local/lib/python3.8/dist-packages/neutron_lib/callbacks/manager.py:176}}
