Aug 31 10:58:14.345749 dv-cinder-795785-12-smb devstack@placement-api.service[106805]: DEBUG placement.requestlog [req-7fc3d31e-3514-4d27-8b92-d7ca5ceb71d4 req-01e68c9d-dc33-4f25-8061-829368879b3d None None] Starting request: 10.222.0.27 "GET /placement/allocations/0fba18bd-c6ea-4317-9ef6-e2d8209f5020" {{(pid=106805) __call__ /opt/stack/placement/placement/requestlog.py:55}}
Aug 31 10:58:14.362831 dv-cinder-795785-12-smb devstack@placement-api.service[106805]: INFO placement.requestlog [req-7fc3d31e-3514-4d27-8b92-d7ca5ceb71d4 req-01e68c9d-dc33-4f25-8061-829368879b3d service placement] 10.222.0.27 "GET /placement/allocations/0fba18bd-c6ea-4317-9ef6-e2d8209f5020" status: 200 len: 259 microversion: 1.28
Aug 31 10:58:14.363209 dv-cinder-795785-12-smb devstack@placement-api.service[106805]: [pid: 106805|app: 0|req: 205/398] 10.222.0.27 () {60 vars in 1377 bytes} [Wed Aug 31 10:58:14 2022] GET /placement/allocations/0fba18bd-c6ea-4317-9ef6-e2d8209f5020 => generated 259 bytes in 18 msecs (HTTP/1.1 200) 8 headers in 296 bytes (1 switches on core 0)
Aug 31 10:58:14.370231 dv-cinder-795785-12-smb devstack@placement-api.service[106806]: DEBUG placement.requestlog [req-7fc3d31e-3514-4d27-8b92-d7ca5ceb71d4 req-06be3535-dd7b-4625-88ac-9cbe5d975397 None None] Starting request: 10.222.0.27 "GET /placement/allocations/e70ff71f-627f-4322-98dd-5dda34dacae0" {{(pid=106806) __call__ /opt/stack/placement/placement/requestlog.py:55}}
Aug 31 10:58:14.392012 dv-cinder-795785-12-smb devstack@placement-api.service[106806]: INFO placement.requestlog [req-7fc3d31e-3514-4d27-8b92-d7ca5ceb71d4 req-06be3535-dd7b-4625-88ac-9cbe5d975397 service placement] 10.222.0.27 "GET /placement/allocations/e70ff71f-627f-4322-98dd-5dda34dacae0" status: 200 len: 259 microversion: 1.28
Aug 31 10:58:14.392502 dv-cinder-795785-12-smb devstack@placement-api.service[106806]: [pid: 106806|app: 0|req: 194/399] 10.222.0.27 () {60 vars in 1377 bytes} [Wed Aug 31 10:58:14 2022] GET /placement/allocations/e70ff71f-627f-4322-98dd-5dda34dacae0 => generated 259 bytes in 23 msecs (HTTP/1.1 200) 8 headers in 296 bytes (1 switches on core 0)
Aug 31 10:58:14.399776 dv-cinder-795785-12-smb devstack@placement-api.service[106805]: DEBUG placement.requestlog [req-7fc3d31e-3514-4d27-8b92-d7ca5ceb71d4 req-06cb7c1c-d0f8-42b2-8a40-2cc1b0941086 None None] Starting request: 10.222.0.27 "GET /placement/allocations/2437addb-8be9-462c-b18f-98ec8fef987e" {{(pid=106805) __call__ /opt/stack/placement/placement/requestlog.py:55}}
Aug 31 10:58:14.414903 dv-cinder-795785-12-smb devstack@placement-api.service[106805]: INFO placement.requestlog [req-7fc3d31e-3514-4d27-8b92-d7ca5ceb71d4 req-06cb7c1c-d0f8-42b2-8a40-2cc1b0941086 service placement] 10.222.0.27 "GET /placement/allocations/2437addb-8be9-462c-b18f-98ec8fef987e" status: 200 len: 259 microversion: 1.28
Aug 31 10:58:14.415269 dv-cinder-795785-12-smb devstack@placement-api.service[106805]: [pid: 106805|app: 0|req: 206/400] 10.222.0.27 () {60 vars in 1377 bytes} [Wed Aug 31 10:58:14 2022] GET /placement/allocations/2437addb-8be9-462c-b18f-98ec8fef987e => generated 259 bytes in 16 msecs (HTTP/1.1 200) 8 headers in 296 bytes (1 switches on core 0)
Aug 31 10:58:14.421862 dv-cinder-795785-12-smb devstack@placement-api.service[106806]: DEBUG placement.requestlog [req-7fc3d31e-3514-4d27-8b92-d7ca5ceb71d4 req-5086e592-7047-4316-b15d-95bfe16526f8 None None] Starting request: 10.222.0.27 "GET /placement/allocations/0ef36594-4107-4658-bac7-cbc1efd13230" {{(pid=106806) __call__ /opt/stack/placement/placement/requestlog.py:55}}
Aug 31 10:58:14.442812 dv-cinder-795785-12-smb devstack@placement-api.service[106806]: INFO placement.requestlog [req-7fc3d31e-3514-4d27-8b92-d7ca5ceb71d4 req-5086e592-7047-4316-b15d-95bfe16526f8 service placement] 10.222.0.27 "GET /placement/allocations/0ef36594-4107-4658-bac7-cbc1efd13230" status: 200 len: 259 microversion: 1.28
Aug 31 10:58:14.443382 dv-cinder-795785-12-smb devstack@placement-api.service[106806]: [pid: 106806|app: 0|req: 195/401] 10.222.0.27 () {60 vars in 1377 bytes} [Wed Aug 31 10:58:14 2022] GET /placement/allocations/0ef36594-4107-4658-bac7-cbc1efd13230 => generated 259 bytes in 22 msecs (HTTP/1.1 200) 8 headers in 296 bytes (2 switches on core 0)
Aug 31 10:58:14.463890 dv-cinder-795785-12-smb devstack@placement-api.service[106805]: DEBUG placement.requestlog [req-7fc3d31e-3514-4d27-8b92-d7ca5ceb71d4 req-c2703503-10de-4e90-8ad7-3855e6138a5d None None] Starting request: 10.222.0.27 "GET /placement/allocations/dd6dfb8c-074e-4936-9157-a92389604cf8" {{(pid=106805) __call__ /opt/stack/placement/placement/requestlog.py:55}}
Aug 31 10:58:14.479807 dv-cinder-795785-12-smb devstack@placement-api.service[106805]: INFO placement.requestlog [req-7fc3d31e-3514-4d27-8b92-d7ca5ceb71d4 req-c2703503-10de-4e90-8ad7-3855e6138a5d service placement] 10.222.0.27 "GET /placement/allocations/dd6dfb8c-074e-4936-9157-a92389604cf8" status: 200 len: 259 microversion: 1.28
Aug 31 10:58:14.480175 dv-cinder-795785-12-smb devstack@placement-api.service[106805]: [pid: 106805|app: 0|req: 207/402] 10.222.0.27 () {60 vars in 1377 bytes} [Wed Aug 31 10:58:14 2022] GET /placement/allocations/dd6dfb8c-074e-4936-9157-a92389604cf8 => generated 259 bytes in 25 msecs (HTTP/1.1 200) 8 headers in 296 bytes (2 switches on core 0)
Aug 31 10:58:14.488612 dv-cinder-795785-12-smb devstack@placement-api.service[106806]: DEBUG placement.requestlog [req-7fc3d31e-3514-4d27-8b92-d7ca5ceb71d4 req-adfee557-f4c2-4ca3-bbf3-5e76e79431cc None None] Starting request: 10.222.0.27 "GET /placement/allocations/f35f43ff-ee2d-4736-93ac-42e218c847d9" {{(pid=106806) __call__ /opt/stack/placement/placement/requestlog.py:55}}
Aug 31 10:58:14.507318 dv-cinder-795785-12-smb devstack@placement-api.service[106806]: INFO placement.requestlog [req-7fc3d31e-3514-4d27-8b92-d7ca5ceb71d4 req-adfee557-f4c2-4ca3-bbf3-5e76e79431cc service placement] 10.222.0.27 "GET /placement/allocations/f35f43ff-ee2d-4736-93ac-42e218c847d9" status: 200 len: 259 microversion: 1.28
Aug 31 10:58:14.507679 dv-cinder-795785-12-smb devstack@placement-api.service[106806]: [pid: 106806|app: 0|req: 196/403] 10.222.0.27 () {60 vars in 1377 bytes} [Wed Aug 31 10:58:14 2022] GET /placement/allocations/f35f43ff-ee2d-4736-93ac-42e218c847d9 => generated 259 bytes in 20 msecs (HTTP/1.1 200) 8 headers in 296 bytes (1 switches on core 0)
Aug 31 10:58:14.531172 dv-cinder-795785-12-smb devstack@placement-api.service[106805]: DEBUG placement.requestlog [req-7fc3d31e-3514-4d27-8b92-d7ca5ceb71d4 req-9d362f46-d828-4e82-a96a-d57eafcce126 None None] Starting request: 10.222.0.27 "GET /placement/allocations/ed85c27d-1e55-4add-b0cc-ddd17e7830c0" {{(pid=106805) __call__ /opt/stack/placement/placement/requestlog.py:55}}
Aug 31 10:58:14.546454 dv-cinder-795785-12-smb devstack@placement-api.service[106805]: INFO placement.requestlog [req-7fc3d31e-3514-4d27-8b92-d7ca5ceb71d4 req-9d362f46-d828-4e82-a96a-d57eafcce126 service placement] 10.222.0.27 "GET /placement/allocations/ed85c27d-1e55-4add-b0cc-ddd17e7830c0" status: 200 len: 259 microversion: 1.28
Aug 31 10:58:14.546827 dv-cinder-795785-12-smb devstack@placement-api.service[106805]: [pid: 106805|app: 0|req: 208/404] 10.222.0.27 () {60 vars in 1377 bytes} [Wed Aug 31 10:58:14 2022] GET /placement/allocations/ed85c27d-1e55-4add-b0cc-ddd17e7830c0 => generated 259 bytes in 16 msecs (HTTP/1.1 200) 8 headers in 296 bytes (1 switches on core 0)
Aug 31 10:58:24.504534 dv-cinder-795785-12-smb devstack@placement-api.service[106806]: DEBUG dbcounter [-] [106806] Writing DB stats placement:SELECT=62,placement:DELETE=4,placement:INSERT=4,placement:UPDATE=2 {{(pid=106806) stat_writer /usr/local/lib/python3.8/dist-packages/dbcounter.py:114}}
Aug 31 10:58:24.550423 dv-cinder-795785-12-smb devstack@placement-api.service[106805]: DEBUG dbcounter [-] [106805] Writing DB stats placement:SELECT=40 {{(pid=106805) stat_writer /usr/local/lib/python3.8/dist-packages/dbcounter.py:114}}
Aug 31 10:58:31.128744 dv-cinder-795785-12-smb devstack@placement-api.service[106806]: DEBUG placement.requestlog [req-5dbafb82-2ca6-495e-bee6-c4d90e2e9785 req-f75e010c-646f-4c8f-b909-d64a25fd8ee3 None None] Starting request: 10.222.0.27 "GET /placement/resource_providers/741f7951-7479-4796-a380-78dc0a543a7d/allocations" {{(pid=106806) __call__ /opt/stack/placement/placement/requestlog.py:55}}
Aug 31 10:58:31.155914 dv-cinder-795785-12-smb devstack@placement-api.service[106806]: INFO placement.requestlog [req-5dbafb82-2ca6-495e-bee6-c4d90e2e9785 req-f75e010c-646f-4c8f-b909-d64a25fd8ee3 service placement] 10.222.0.27 "GET /placement/resource_providers/741f7951-7479-4796-a380-78dc0a543a7d/allocations" status: 200 len: 760 microversion: 1.0
Aug 31 10:58:31.156703 dv-cinder-795785-12-smb devstack@placement-api.service[106806]: [pid: 106806|app: 0|req: 197/405] 10.222.0.27 () {58 vars in 1390 bytes} [Wed Aug 31 10:58:31 2022] GET /placement/resource_providers/741f7951-7479-4796-a380-78dc0a543a7d/allocations => generated 760 bytes in 29 msecs (HTTP/1.1 200) 6 headers in 224 bytes (1 switches on core 0)
Aug 31 10:58:31.443069 dv-cinder-795785-12-smb devstack@placement-api.service[106805]: DEBUG placement.requestlog [req-5dbafb82-2ca6-495e-bee6-c4d90e2e9785 req-32e11164-919c-4d39-a8f6-e6d00d391218 None None] Starting request: 10.222.0.27 "GET /placement/allocations/0fba18bd-c6ea-4317-9ef6-e2d8209f5020" {{(pid=106805) __call__ /opt/stack/placement/placement/requestlog.py:55}}
Aug 31 10:58:31.471142 dv-cinder-795785-12-smb devstack@placement-api.service[106805]: INFO placement.requestlog [req-5dbafb82-2ca6-495e-bee6-c4d90e2e9785 req-32e11164-919c-4d39-a8f6-e6d00d391218 service placement] 10.222.0.27 "GET /placement/allocations/0fba18bd-c6ea-4317-9ef6-e2d8209f5020" status: 200 len: 259 microversion: 1.28
Aug 31 10:58:31.472074 dv-cinder-795785-12-smb devstack@placement-api.service[106805]: [pid: 106805|app: 0|req: 209/406] 10.222.0.27 () {60 vars in 1377 bytes} [Wed Aug 31 10:58:31 2022] GET /placement/allocations/0fba18bd-c6ea-4317-9ef6-e2d8209f5020 => generated 259 bytes in 29 msecs (HTTP/1.1 200) 8 headers in 296 bytes (1 switches on core 0)
Aug 31 10:58:31.479492 dv-cinder-795785-12-smb devstack@placement-api.service[106806]: DEBUG placement.requestlog [req-5dbafb82-2ca6-495e-bee6-c4d90e2e9785 req-475fae7e-931c-4f89-9a70-ba0fc54ecaf8 None None] Starting request: 10.222.0.27 "GET /placement/allocations/e70ff71f-627f-4322-98dd-5dda34dacae0" {{(pid=106806) __call__ /opt/stack/placement/placement/requestlog.py:55}}
Aug 31 10:58:31.502358 dv-cinder-795785-12-smb devstack@placement-api.service[106806]: INFO placement.requestlog [req-5dbafb82-2ca6-495e-bee6-c4d90e2e9785 req-475fae7e-931c-4f89-9a70-ba0fc54ecaf8 service placement] 10.222.0.27 "GET /placement/allocations/e70ff71f-627f-4322-98dd-5dda34dacae0" status: 200 len: 259 microversion: 1.28
Aug 31 10:58:31.503054 dv-cinder-795785-12-smb devstack@placement-api.service[106806]: [pid: 106806|app: 0|req: 198/407] 10.222.0.27 () {60 vars in 1377 bytes} [Wed Aug 31 10:58:31 2022] GET /placement/allocations/e70ff71f-627f-4322-98dd-5dda34dacae0 => generated 259 bytes in 24 msecs (HTTP/1.1 200) 8 headers in 296 bytes (1 switches on core 0)
Aug 31 10:58:31.510522 dv-cinder-795785-12-smb devstack@placement-api.service[106805]: DEBUG placement.requestlog [req-5dbafb82-2ca6-495e-bee6-c4d90e2e9785 req-d92a6a7c-6b15-4aa1-9c4c-1126f163c444 None None] Starting request: 10.222.0.27 "GET /placement/allocations/2437addb-8be9-462c-b18f-98ec8fef987e" {{(pid=106805) __call__ /opt/stack/placement/placement/requestlog.py:55}}
Aug 31 10:58:31.541090 dv-cinder-795785-12-smb devstack@placement-api.service[106805]: INFO placement.requestlog [req-5dbafb82-2ca6-495e-bee6-c4d90e2e9785 req-d92a6a7c-6b15-4aa1-9c4c-1126f163c444 service placement] 10.222.0.27 "GET /placement/allocations/2437addb-8be9-462c-b18f-98ec8fef987e" status: 200 len: 259 microversion: 1.28
Aug 31 10:58:31.541480 dv-cinder-795785-12-smb devstack@placement-api.service[106805]: [pid: 106805|app: 0|req: 210/408] 10.222.0.27 () {60 vars in 1377 bytes} [Wed Aug 31 10:58:31 2022] GET /placement/allocations/2437addb-8be9-462c-b18f-98ec8fef987e => generated 259 bytes in 31 msecs (HTTP/1.1 200) 8 headers in 296 bytes (1 switches on core 0)
Aug 31 10:58:31.549346 dv-cinder-795785-12-smb devstack@placement-api.service[106806]: DEBUG placement.requestlog [req-5dbafb82-2ca6-495e-bee6-c4d90e2e9785 req-091c3e00-a9fc-40dd-82a8-1607ce0f042a None None] Starting request: 10.222.0.27 "GET /placement/allocations/0ef36594-4107-4658-bac7-cbc1efd13230" {{(pid=106806) __call__ /opt/stack/placement/placement/requestlog.py:55}}
Aug 31 10:58:31.584714 dv-cinder-795785-12-smb devstack@placement-api.service[106806]: INFO placement.requestlog [req-5dbafb82-2ca6-495e-bee6-c4d90e2e9785 req-091c3e00-a9fc-40dd-82a8-1607ce0f042a service placement] 10.222.0.27 "GET /placement/allocations/0ef36594-4107-4658-bac7-cbc1efd13230" status: 200 len: 259 microversion: 1.28
Aug 31 10:58:31.585211 dv-cinder-795785-12-smb devstack@placement-api.service[106806]: [pid: 106806|app: 0|req: 199/409] 10.222.0.27 () {60 vars in 1377 bytes} [Wed Aug 31 10:58:31 2022] GET /placement/allocations/0ef36594-4107-4658-bac7-cbc1efd13230 => generated 259 bytes in 36 msecs (HTTP/1.1 200) 8 headers in 296 bytes (1 switches on core 0)
Aug 31 10:58:31.593580 dv-cinder-795785-12-smb devstack@placement-api.service[106805]: DEBUG placement.requestlog [req-5dbafb82-2ca6-495e-bee6-c4d90e2e9785 req-2aba8b64-8923-4171-b070-37324118f47e None None] Starting request: 10.222.0.27 "GET /placement/allocations/dd6dfb8c-074e-4936-9157-a92389604cf8" {{(pid=106805) __call__ /opt/stack/placement/placement/requestlog.py:55}}
Aug 31 10:58:31.633370 dv-cinder-795785-12-smb devstack@placement-api.service[106805]: INFO placement.requestlog [req-5dbafb82-2ca6-495e-bee6-c4d90e2e9785 req-2aba8b64-8923-4171-b070-37324118f47e service placement] 10.222.0.27 "GET /placement/allocations/dd6dfb8c-074e-4936-9157-a92389604cf8" status: 200 len: 259 microversion: 1.28
Aug 31 10:58:31.634569 dv-cinder-795785-12-smb devstack@placement-api.service[106805]: [pid: 106805|app: 0|req: 211/410] 10.222.0.27 () {60 vars in 1377 bytes} [Wed Aug 31 10:58:31 2022] GET /placement/allocations/dd6dfb8c-074e-4936-9157-a92389604cf8 => generated 259 bytes in 41 msecs (HTTP/1.1 200) 8 headers in 296 bytes (1 switches on core 0)
Aug 31 10:58:31.641316 dv-cinder-795785-12-smb devstack@placement-api.service[106806]: DEBUG placement.requestlog [req-5dbafb82-2ca6-495e-bee6-c4d90e2e9785 req-ea0610cf-f631-45ea-b44f-e52ae40c8878 None None] Starting request: 10.222.0.27 "GET /placement/allocations/f35f43ff-ee2d-4736-93ac-42e218c847d9" {{(pid=106806) __call__ /opt/stack/placement/placement/requestlog.py:55}}
Aug 31 10:58:31.667341 dv-cinder-795785-12-smb devstack@placement-api.service[106806]: INFO placement.requestlog [req-5dbafb82-2ca6-495e-bee6-c4d90e2e9785 req-ea0610cf-f631-45ea-b44f-e52ae40c8878 service placement] 10.222.0.27 "GET /placement/allocations/f35f43ff-ee2d-4736-93ac-42e218c847d9" status: 200 len: 259 microversion: 1.28
Aug 31 10:58:31.668430 dv-cinder-795785-12-smb devstack@placement-api.service[106806]: [pid: 106806|app: 0|req: 200/411] 10.222.0.27 () {60 vars in 1377 bytes} [Wed Aug 31 10:58:31 2022] GET /placement/allocations/f35f43ff-ee2d-4736-93ac-42e218c847d9 => generated 259 bytes in 28 msecs (HTTP/1.1 200) 8 headers in 296 bytes (1 switches on core 0)
Aug 31 10:58:31.676417 dv-cinder-795785-12-smb devstack@placement-api.service[106805]: DEBUG placement.requestlog [req-5dbafb82-2ca6-495e-bee6-c4d90e2e9785 req-c9d72383-a05c-46d6-a40f-fa8d3456e4cc None None] Starting request: 10.222.0.27 "GET /placement/allocations/ed85c27d-1e55-4add-b0cc-ddd17e7830c0" {{(pid=106805) __call__ /opt/stack/placement/placement/requestlog.py:55}}
Aug 31 10:58:31.700017 dv-cinder-795785-12-smb devstack@placement-api.service[106805]: INFO placement.requestlog [req-5dbafb82-2ca6-495e-bee6-c4d90e2e9785 req-c9d72383-a05c-46d6-a40f-fa8d3456e4cc service placement] 10.222.0.27 "GET /placement/allocations/ed85c27d-1e55-4add-b0cc-ddd17e7830c0" status: 200 len: 259 microversion: 1.28
Aug 31 10:58:31.701043 dv-cinder-795785-12-smb devstack@placement-api.service[106805]: [pid: 106805|app: 0|req: 212/412] 10.222.0.27 () {60 vars in 1377 bytes} [Wed Aug 31 10:58:31 2022] GET /placement/allocations/ed85c27d-1e55-4add-b0cc-ddd17e7830c0 => generated 259 bytes in 25 msecs (HTTP/1.1 200) 8 headers in 296 bytes (1 switches on core 0)
Aug 31 10:58:31.922854 dv-cinder-795785-12-smb devstack@placement-api.service[106806]: DEBUG placement.requestlog [req-5dbafb82-2ca6-495e-bee6-c4d90e2e9785 req-0798dd65-9cb9-4d77-8ec4-5c8fbe8926ca None None] Starting request: 10.222.0.27 "DELETE /placement/allocations/e70ff71f-627f-4322-98dd-5dda34dacae0" {{(pid=106806) __call__ /opt/stack/placement/placement/requestlog.py:55}}
Aug 31 10:58:31.954115 dv-cinder-795785-12-smb devstack@placement-api.service[106806]: DEBUG placement.handlers.allocation [req-5dbafb82-2ca6-495e-bee6-c4d90e2e9785 req-0798dd65-9cb9-4d77-8ec4-5c8fbe8926ca service placement] Successfully deleted allocations [, , ] {{(pid=106806) delete_allocations /opt/stack/placement/placement/handlers/allocation.py:627}}
Aug 31 10:58:31.954700 dv-cinder-795785-12-smb devstack@placement-api.service[106806]: INFO placement.requestlog [req-5dbafb82-2ca6-495e-bee6-c4d90e2e9785 req-0798dd65-9cb9-4d77-8ec4-5c8fbe8926ca service placement] 10.222.0.27 "DELETE /placement/allocations/e70ff71f-627f-4322-98dd-5dda34dacae0" status: 204 len: 0 microversion: 1.0
Aug 31 10:58:31.955295 dv-cinder-795785-12-smb devstack@placement-api.service[106806]: [pid: 106806|app: 0|req: 201/413] 10.222.0.27 () {60 vars in 1355 bytes} [Wed Aug 31 10:58:31 2022] DELETE /placement/allocations/e70ff71f-627f-4322-98dd-5dda34dacae0 => generated 0 bytes in 33 msecs (HTTP/1.1 204) 5 headers in 198 bytes (1 switches on core 0)
Aug 31 10:58:40.210937 dv-cinder-795785-12-smb devstack@placement-api.service[106805]: DEBUG placement.requestlog [req-136e9ec7-32e0-44d1-bdbc-cbbea445050a req-7f15e283-75b5-4c0e-95aa-e402e950a643 None None] Starting request: 10.222.0.27 "GET /placement/resource_providers/741f7951-7479-4796-a380-78dc0a543a7d/allocations" {{(pid=106805) __call__ /opt/stack/placement/placement/requestlog.py:55}}
Aug 31 10:58:40.248401 dv-cinder-795785-12-smb devstack@placement-api.service[106805]: INFO placement.requestlog [req-136e9ec7-32e0-44d1-bdbc-cbbea445050a req-7f15e283-75b5-4c0e-95aa-e402e950a643 service placement] 10.222.0.27 "GET /placement/resource_providers/741f7951-7479-4796-a380-78dc0a543a7d/allocations" status: 200 len: 659 microversion: 1.0
Aug 31 10:58:40.248872 dv-cinder-795785-12-smb devstack@placement-api.service[106805]: [pid: 106805|app: 0|req: 213/414] 10.222.0.27 () {58 vars in 1390 bytes} [Wed Aug 31 10:58:40 2022] GET /placement/resource_providers/741f7951-7479-4796-a380-78dc0a543a7d/allocations => generated 659 bytes in 44 msecs (HTTP/1.1 200) 6 headers in 224 bytes (1 switches on core 0)
Aug 31 10:58:40.263753 dv-cinder-795785-12-smb devstack@placement-api.service[106806]: DEBUG placement.requestlog [req-136e9ec7-32e0-44d1-bdbc-cbbea445050a req-b61d77b9-1c4f-4abc-8770-9a4b89e6ec43 None None] Starting request: 10.222.0.27 "GET /placement/allocations/0fba18bd-c6ea-4317-9ef6-e2d8209f5020" {{(pid=106806) __call__ /opt/stack/placement/placement/requestlog.py:55}}
Aug 31 10:58:40.274638 dv-cinder-795785-12-smb devstack@placement-api.service[106805]: DEBUG placement.requestlog [req-38513a14-4d99-4ca6-b4bc-b81c27ed55f5 req-69c4712e-0e23-46f0-b2fe-cf399811e39f None None] Starting request: 10.222.0.27 "GET /placement/resource_providers/741f7951-7479-4796-a380-78dc0a543a7d/allocations" {{(pid=106805) __call__ /opt/stack/placement/placement/requestlog.py:55}}
Aug 31 10:58:40.300137 dv-cinder-795785-12-smb devstack@placement-api.service[106806]: INFO placement.requestlog [req-136e9ec7-32e0-44d1-bdbc-cbbea445050a req-b61d77b9-1c4f-4abc-8770-9a4b89e6ec43 service placement] 10.222.0.27 "GET /placement/allocations/0fba18bd-c6ea-4317-9ef6-e2d8209f5020" status: 200 len: 259 microversion: 1.28
Aug 31 10:58:40.300842 dv-cinder-795785-12-smb devstack@placement-api.service[106806]: [pid: 106806|app: 0|req: 202/415] 10.222.0.27 () {60 vars in 1377 bytes} [Wed Aug 31 10:58:40 2022] GET /placement/allocations/0fba18bd-c6ea-4317-9ef6-e2d8209f5020 => generated 259 bytes in 37 msecs (HTTP/1.1 200) 8 headers in 296 bytes (1 switches on core 0)
Aug 31 10:58:40.307828 dv-cinder-795785-12-smb devstack@placement-api.service[106806]: DEBUG placement.requestlog [req-136e9ec7-32e0-44d1-bdbc-cbbea445050a req-bdfd9f20-2f80-4a74-a2f7-50d4670c16a0 None None] Starting request: 10.222.0.27 "GET /placement/allocations/2437addb-8be9-462c-b18f-98ec8fef987e" {{(pid=106806) __call__ /opt/stack/placement/placement/requestlog.py:55}}
Aug 31 10:58:40.327179 dv-cinder-795785-12-smb devstack@placement-api.service[106805]: INFO placement.requestlog [req-38513a14-4d99-4ca6-b4bc-b81c27ed55f5 req-69c4712e-0e23-46f0-b2fe-cf399811e39f service placement] 10.222.0.27 "GET /placement/resource_providers/741f7951-7479-4796-a380-78dc0a543a7d/allocations" status: 200 len: 659 microversion: 1.0
Aug 31 10:58:40.329319 dv-cinder-795785-12-smb devstack@placement-api.service[106805]: [pid: 106805|app: 0|req: 214/416] 10.222.0.27 () {58 vars in 1390 bytes} [Wed Aug 31 10:58:40 2022] GET /placement/resource_providers/741f7951-7479-4796-a380-78dc0a543a7d/allocations => generated 659 bytes in 55 msecs (HTTP/1.1 200) 6 headers in 224 bytes (1 switches on core 0)
Aug 31 10:58:40.344252 dv-cinder-795785-12-smb devstack@placement-api.service[106805]: DEBUG placement.requestlog [req-38513a14-4d99-4ca6-b4bc-b81c27ed55f5 req-3f49fa27-e59d-4fa5-a710-3e1ce96cdce9 None None] Starting request: 10.222.0.27 "GET /placement/allocations/0fba18bd-c6ea-4317-9ef6-e2d8209f5020" {{(pid=106805) __call__ /opt/stack/placement/placement/requestlog.py:55}}
Aug 31 10:58:40.350584 dv-cinder-795785-12-smb devstack@placement-api.service[106806]: INFO placement.requestlog [req-136e9ec7-32e0-44d1-bdbc-cbbea445050a req-bdfd9f20-2f80-4a74-a2f7-50d4670c16a0 service placement] 10.222.0.27 "GET /placement/allocations/2437addb-8be9-462c-b18f-98ec8fef987e" status: 200 len: 259 microversion: 1.28
Aug 31 10:58:40.352490 dv-cinder-795785-12-smb devstack@placement-api.service[106806]: [pid: 106806|app: 0|req: 203/417] 10.222.0.27 () {60 vars in 1377 bytes} [Wed Aug 31 10:58:40 2022] GET /placement/allocations/2437addb-8be9-462c-b18f-98ec8fef987e => generated 259 bytes in 45 msecs (HTTP/1.1 200) 8 headers in 296 bytes (2 switches on core 0)
Aug 31 10:58:40.359062 dv-cinder-795785-12-smb devstack@placement-api.service[106806]: DEBUG placement.requestlog [req-136e9ec7-32e0-44d1-bdbc-cbbea445050a req-8c2b43b8-f14b-49cb-a007-8900f5708619 None None] Starting request: 10.222.0.27 "GET /placement/allocations/0ef36594-4107-4658-bac7-cbc1efd13230" {{(pid=106806) __call__ /opt/stack/placement/placement/requestlog.py:55}}
Aug 31 10:58:40.384982 dv-cinder-795785-12-smb devstack@placement-api.service[106806]: INFO placement.requestlog [req-136e9ec7-32e0-44d1-bdbc-cbbea445050a req-8c2b43b8-f14b-49cb-a007-8900f5708619 service placement] 10.222.0.27 "GET /placement/allocations/0ef36594-4107-4658-bac7-cbc1efd13230" status: 200 len: 259 microversion: 1.28
Aug 31 10:58:40.386138 dv-cinder-795785-12-smb devstack@placement-api.service[106806]: [pid: 106806|app: 0|req: 204/418] 10.222.0.27 () {60 vars in 1377 bytes} [Wed Aug 31 10:58:40 2022] GET /placement/allocations/0ef36594-4107-4658-bac7-cbc1efd13230 => generated 259 bytes in 27 msecs (HTTP/1.1 200) 8 headers in 296 bytes (1 switches on core 0)
Aug 31 10:58:40.387097 dv-cinder-795785-12-smb devstack@placement-api.service[106805]: INFO placement.requestlog [req-38513a14-4d99-4ca6-b4bc-b81c27ed55f5 req-3f49fa27-e59d-4fa5-a710-3e1ce96cdce9 service placement] 10.222.0.27 "GET /placement/allocations/0fba18bd-c6ea-4317-9ef6-e2d8209f5020" status: 200 len: 259 microversion: 1.28
Aug 31 10:58:40.387681 dv-cinder-795785-12-smb devstack@placement-api.service[106805]: [pid: 106805|app: 0|req: 215/419] 10.222.0.27 () {60 vars in 1377 bytes} [Wed Aug 31 10:58:40 2022] GET /placement/allocations/0fba18bd-c6ea-4317-9ef6-e2d8209f5020 => generated 259 bytes in 44 msecs (HTTP/1.1 200) 8 headers in 296 bytes (1 switches on core 0)
Aug 31 10:58:40.457609 dv-cinder-795785-12-smb devstack@placement-api.service[106805]: DEBUG placement.requestlog [req-136e9ec7-32e0-44d1-bdbc-cbbea445050a req-4226c0ca-9447-4e73-b585-e454a181ab1d None None] Starting request: 10.222.0.27 "GET /placement/allocations/dd6dfb8c-074e-4936-9157-a92389604cf8" {{(pid=106805) __call__ /opt/stack/placement/placement/requestlog.py:55}}
Aug 31 10:58:40.457875 dv-cinder-795785-12-smb devstack@placement-api.service[106806]: DEBUG placement.requestlog [req-38513a14-4d99-4ca6-b4bc-b81c27ed55f5 req-f11315e4-1ac3-43c6-ba51-34c603bee33d None None] Starting request: 10.222.0.27 "GET /placement/allocations/2437addb-8be9-462c-b18f-98ec8fef987e" {{(pid=106806) __call__ /opt/stack/placement/placement/requestlog.py:55}}
Aug 31 10:58:40.501540 dv-cinder-795785-12-smb devstack@placement-api.service[106806]: INFO placement.requestlog [req-38513a14-4d99-4ca6-b4bc-b81c27ed55f5 req-f11315e4-1ac3-43c6-ba51-34c603bee33d service placement] 10.222.0.27 "GET /placement/allocations/2437addb-8be9-462c-b18f-98ec8fef987e" status: 200 len: 259 microversion: 1.28
Aug 31 10:58:40.503480 dv-cinder-795785-12-smb devstack@placement-api.service[106805]: INFO placement.requestlog [req-136e9ec7-32e0-44d1-bdbc-cbbea445050a req-4226c0ca-9447-4e73-b585-e454a181ab1d service placement] 10.222.0.27 "GET /placement/allocations/dd6dfb8c-074e-4936-9157-a92389604cf8" status: 200 len: 259 microversion: 1.28
Aug 31 10:58:40.505133 dv-cinder-795785-12-smb devstack@placement-api.service[106806]: [pid: 106806|app: 0|req: 205/421] 10.222.0.27 () {60 vars in 1377 bytes} [Wed Aug 31 10:58:40 2022] GET /placement/allocations/2437addb-8be9-462c-b18f-98ec8fef987e => generated 259 bytes in 51 msecs (HTTP/1.1 200) 8 headers in 296 bytes (1 switches on core 0)
Aug 31 10:58:40.505294 dv-cinder-795785-12-smb devstack@placement-api.service[106805]: [pid: 106805|app: 0|req: 216/421] 10.222.0.27 () {60 vars in 1377 bytes} [Wed Aug 31 10:58:40 2022] GET /placement/allocations/dd6dfb8c-074e-4936-9157-a92389604cf8 => generated 259 bytes in 50 msecs (HTTP/1.1 200) 8 headers in 296 bytes (1 switches on core 0)
Aug 31 10:58:40.514289 dv-cinder-795785-12-smb devstack@placement-api.service[106805]: DEBUG placement.requestlog [req-38513a14-4d99-4ca6-b4bc-b81c27ed55f5 req-e8e68053-faee-4752-bff0-8827ff3b7751 None None] Starting request: 10.222.0.27 "GET /placement/allocations/0ef36594-4107-4658-bac7-cbc1efd13230" {{(pid=106805) __call__ /opt/stack/placement/placement/requestlog.py:55}}
Aug 31 10:58:40.515976 dv-cinder-795785-12-smb devstack@placement-api.service[106806]: DEBUG placement.requestlog [req-136e9ec7-32e0-44d1-bdbc-cbbea445050a req-246e7677-d83d-4c7e-9272-8fec11d4ffee None None] Starting request: 10.222.0.27 "GET /placement/allocations/f35f43ff-ee2d-4736-93ac-42e218c847d9" {{(pid=106806) __call__ /opt/stack/placement/placement/requestlog.py:55}}
Aug 31 10:58:40.551581 dv-cinder-795785-12-smb devstack@placement-api.service[106805]: INFO placement.requestlog [req-38513a14-4d99-4ca6-b4bc-b81c27ed55f5 req-e8e68053-faee-4752-bff0-8827ff3b7751 service placement] 10.222.0.27 "GET /placement/allocations/0ef36594-4107-4658-bac7-cbc1efd13230" status: 200 len: 259 microversion: 1.28
Aug 31 10:58:40.553606 dv-cinder-795785-12-smb devstack@placement-api.service[106806]: INFO placement.requestlog [req-136e9ec7-32e0-44d1-bdbc-cbbea445050a req-246e7677-d83d-4c7e-9272-8fec11d4ffee service placement] 10.222.0.27 "GET /placement/allocations/f35f43ff-ee2d-4736-93ac-42e218c847d9" status: 200 len: 259 microversion: 1.28
Aug 31 10:58:40.554076 dv-cinder-795785-12-smb devstack@placement-api.service[106805]: [pid: 106805|app: 0|req: 217/422] 10.222.0.27 () {60 vars in 1377 bytes} [Wed Aug 31 10:58:40 2022] GET /placement/allocations/0ef36594-4107-4658-bac7-cbc1efd13230 => generated 259 bytes in 40 msecs (HTTP/1.1 200) 8 headers in 296 bytes (1 switches on core 0)
Aug 31 10:58:40.554944 dv-cinder-795785-12-smb devstack@placement-api.service[106806]: [pid: 106806|app: 0|req: 206/423] 10.222.0.27 () {60 vars in 1377 bytes} [Wed Aug 31 10:58:40 2022] GET /placement/allocations/f35f43ff-ee2d-4736-93ac-42e218c847d9 => generated 259 bytes in 40 msecs (HTTP/1.1 200) 8 headers in 296 bytes (1 switches on core 0)
Aug 31 10:58:40.565580 dv-cinder-795785-12-smb devstack@placement-api.service[106805]: DEBUG placement.requestlog [req-38513a14-4d99-4ca6-b4bc-b81c27ed55f5 req-8aa9ec72-3803-4002-a614-c523328e2d08 None None] Starting request: 10.222.0.27 "GET /placement/allocations/dd6dfb8c-074e-4936-9157-a92389604cf8" {{(pid=106805) __call__ /opt/stack/placement/placement/requestlog.py:55}}
Aug 31 10:58:40.568220 dv-cinder-795785-12-smb devstack@placement-api.service[106806]: DEBUG placement.requestlog [req-136e9ec7-32e0-44d1-bdbc-cbbea445050a req-a1c3835c-9483-49a1-895c-14a27166cd68 None None] Starting request: 10.222.0.27 "GET /placement/allocations/ed85c27d-1e55-4add-b0cc-ddd17e7830c0" {{(pid=106806) __call__ /opt/stack/placement/placement/requestlog.py:55}}
Aug 31 10:58:40.601810 dv-cinder-795785-12-smb devstack@placement-api.service[106806]: INFO placement.requestlog [req-136e9ec7-32e0-44d1-bdbc-cbbea445050a req-a1c3835c-9483-49a1-895c-14a27166cd68 service placement] 10.222.0.27 "GET /placement/allocations/ed85c27d-1e55-4add-b0cc-ddd17e7830c0" status: 200 len: 259 microversion: 1.28
Aug 31 10:58:40.602224 dv-cinder-795785-12-smb devstack@placement-api.service[106806]: [pid: 106806|app: 0|req: 207/424] 10.222.0.27 () {60 vars in 1377 bytes} [Wed Aug 31 10:58:40 2022] GET /placement/allocations/ed85c27d-1e55-4add-b0cc-ddd17e7830c0 => generated 259 bytes in 35 msecs (HTTP/1.1 200) 8 headers in 296 bytes (1 switches on core 0)
Aug 31 10:58:40.605007 dv-cinder-795785-12-smb devstack@placement-api.service[106805]: INFO placement.requestlog [req-38513a14-4d99-4ca6-b4bc-b81c27ed55f5 req-8aa9ec72-3803-4002-a614-c523328e2d08 service placement] 10.222.0.27 "GET /placement/allocations/dd6dfb8c-074e-4936-9157-a92389604cf8" status: 200 len: 259 microversion: 1.28
Aug 31 10:58:40.605607 dv-cinder-795785-12-smb devstack@placement-api.service[106805]: [pid: 106805|app: 0|req: 218/425] 10.222.0.27 () {60 vars in 1377 bytes} [Wed Aug 31 10:58:40 2022] GET /placement/allocations/dd6dfb8c-074e-4936-9157-a92389604cf8 => generated 259 bytes in 40 msecs (HTTP/1.1 200) 8 headers in 296 bytes (1 switches on core 0)
Aug 31 10:58:40.838813 dv-cinder-795785-12-smb devstack@placement-api.service[106806]: DEBUG placement.requestlog [req-38513a14-4d99-4ca6-b4bc-b81c27ed55f5 req-1008133c-2317-47e4-9f70-2f99e5563e77 None None] Starting request: 10.222.0.27 "GET /placement/allocations/f35f43ff-ee2d-4736-93ac-42e218c847d9" {{(pid=106806) __call__ /opt/stack/placement/placement/requestlog.py:55}}
Aug 31 10:58:40.854971 dv-cinder-795785-12-smb devstack@placement-api.service[106805]: DEBUG placement.requestlog [req-136e9ec7-32e0-44d1-bdbc-cbbea445050a req-27e214b0-f1b0-4b2b-8e70-a0eb329587c1 None None] Starting request: 10.222.0.27 "DELETE /placement/allocations/2437addb-8be9-462c-b18f-98ec8fef987e" {{(pid=106805) __call__ /opt/stack/placement/placement/requestlog.py:55}}
Aug 31 10:58:40.855905 dv-cinder-795785-12-smb devstack@placement-api.service[106806]: INFO placement.requestlog [req-38513a14-4d99-4ca6-b4bc-b81c27ed55f5 req-1008133c-2317-47e4-9f70-2f99e5563e77 service placement] 10.222.0.27 "GET /placement/allocations/f35f43ff-ee2d-4736-93ac-42e218c847d9" status: 200 len: 259 microversion: 1.28
Aug 31 10:58:40.856500 dv-cinder-795785-12-smb devstack@placement-api.service[106806]: [pid: 106806|app: 0|req: 208/426] 10.222.0.27 () {60 vars in 1377 bytes} [Wed Aug 31 10:58:40 2022] GET /placement/allocations/f35f43ff-ee2d-4736-93ac-42e218c847d9 => generated 259 bytes in 18 msecs (HTTP/1.1 200) 8 headers in 296 bytes (1 switches on core 0)
Aug 31 10:58:40.864384 dv-cinder-795785-12-smb devstack@placement-api.service[106806]: DEBUG placement.requestlog [req-38513a14-4d99-4ca6-b4bc-b81c27ed55f5 req-fc413dec-3d9d-4c78-abd6-d1f5e9d8da24 None None] Starting request: 10.222.0.27 "GET /placement/allocations/ed85c27d-1e55-4add-b0cc-ddd17e7830c0" {{(pid=106806) __call__ /opt/stack/placement/placement/requestlog.py:55}}
Aug 31 10:58:40.881441 dv-cinder-795785-12-smb devstack@placement-api.service[106806]: INFO placement.requestlog [req-38513a14-4d99-4ca6-b4bc-b81c27ed55f5 req-fc413dec-3d9d-4c78-abd6-d1f5e9d8da24 service placement] 10.222.0.27 "GET /placement/allocations/ed85c27d-1e55-4add-b0cc-ddd17e7830c0" status: 200 len: 259 microversion: 1.28
Aug 31 10:58:40.881861 dv-cinder-795785-12-smb devstack@placement-api.service[106806]: [pid: 106806|app: 0|req: 209/427] 10.222.0.27 () {60 vars in 1377 bytes} [Wed Aug 31 10:58:40 2022] GET /placement/allocations/ed85c27d-1e55-4add-b0cc-ddd17e7830c0 => generated 259 bytes in 18 msecs (HTTP/1.1 200) 8 headers in 296 bytes (2 switches on core 0)
Aug 31 10:58:40.884469 dv-cinder-795785-12-smb devstack@placement-api.service[106805]: DEBUG placement.handlers.allocation [req-136e9ec7-32e0-44d1-bdbc-cbbea445050a req-27e214b0-f1b0-4b2b-8e70-a0eb329587c1 service placement] Successfully deleted allocations [, , ] {{(pid=106805) delete_allocations /opt/stack/placement/placement/handlers/allocation.py:627}}
Aug 31 10:58:40.884969 dv-cinder-795785-12-smb devstack@placement-api.service[106805]: INFO placement.requestlog [req-136e9ec7-32e0-44d1-bdbc-cbbea445050a req-27e214b0-f1b0-4b2b-8e70-a0eb329587c1 service placement] 10.222.0.27 "DELETE /placement/allocations/2437addb-8be9-462c-b18f-98ec8fef987e" status: 204 len: 0 microversion: 1.0
Aug 31 10:58:40.885501 dv-cinder-795785-12-smb devstack@placement-api.service[106805]: [pid: 106805|app: 0|req: 219/428] 10.222.0.27 () {60 vars in 1355 bytes} [Wed Aug 31 10:58:40 2022] DELETE /placement/allocations/2437addb-8be9-462c-b18f-98ec8fef987e => generated 0 bytes in 31 msecs (HTTP/1.1 204) 5 headers in 198 bytes (2 switches on core 0)
Aug 31 10:58:41.132086 dv-cinder-795785-12-smb devstack@placement-api.service[106806]: DEBUG placement.requestlog [req-38513a14-4d99-4ca6-b4bc-b81c27ed55f5 req-e3f96f35-5717-441e-a15c-f6c11a481180 None None] Starting request: 10.222.0.27 "DELETE /placement/allocations/ed85c27d-1e55-4add-b0cc-ddd17e7830c0" {{(pid=106806) __call__ /opt/stack/placement/placement/requestlog.py:55}}
Aug 31 10:58:41.166145 dv-cinder-795785-12-smb devstack@placement-api.service[106806]: DEBUG placement.handlers.allocation [req-38513a14-4d99-4ca6-b4bc-b81c27ed55f5 req-e3f96f35-5717-441e-a15c-f6c11a481180 service placement] Successfully deleted allocations [, , ] {{(pid=106806) delete_allocations /opt/stack/placement/placement/handlers/allocation.py:627}}
Aug 31 10:58:41.166703 dv-cinder-795785-12-smb devstack@placement-api.service[106806]: INFO placement.requestlog [req-38513a14-4d99-4ca6-b4bc-b81c27ed55f5 req-e3f96f35-5717-441e-a15c-f6c11a481180 service placement] 10.222.0.27 "DELETE /placement/allocations/ed85c27d-1e55-4add-b0cc-ddd17e7830c0" status: 204 len: 0 microversion: 1.0
Aug 31 10:58:41.167106 dv-cinder-795785-12-smb devstack@placement-api.service[106806]: [pid: 106806|app: 0|req: 210/429] 10.222.0.27 () {60 vars in 1355 bytes} [Wed Aug 31 10:58:41 2022] DELETE /placement/allocations/ed85c27d-1e55-4add-b0cc-ddd17e7830c0 => generated 0 bytes in 35 msecs (HTTP/1.1 204) 5 headers in 198 bytes (2 switches on core 0)
Aug 31 10:58:48.291493 dv-cinder-795785-12-smb devstack@placement-api.service[106805]: DEBUG placement.requestlog [req-c2242081-0592-4ac2-86bd-d426d7084c92 req-e3e55733-0fd6-4685-86bf-cb566961b6e3 None None] Starting request: 10.222.0.27 "GET /placement/resource_providers/741f7951-7479-4796-a380-78dc0a543a7d/allocations" {{(pid=106805) __call__ /opt/stack/placement/placement/requestlog.py:55}}
Aug 31 10:58:48.320102 dv-cinder-795785-12-smb devstack@placement-api.service[106805]: INFO placement.requestlog [req-c2242081-0592-4ac2-86bd-d426d7084c92 req-e3e55733-0fd6-4685-86bf-cb566961b6e3 service placement] 10.222.0.27 "GET /placement/resource_providers/741f7951-7479-4796-a380-78dc0a543a7d/allocations" status: 200 len: 457 microversion: 1.0
Aug 31 10:58:48.321015 dv-cinder-795785-12-smb devstack@placement-api.service[106805]: [pid: 106805|app: 0|req: 220/430] 10.222.0.27 () {58 vars in 1390 bytes} [Wed Aug 31 10:58:48 2022] GET /placement/resource_providers/741f7951-7479-4796-a380-78dc0a543a7d/allocations => generated 457 bytes in 30 msecs (HTTP/1.1 200) 6 headers in 224 bytes (1 switches on core 0)
Aug 31 10:58:48.329946 dv-cinder-795785-12-smb devstack@placement-api.service[106806]: DEBUG placement.requestlog [req-c2242081-0592-4ac2-86bd-d426d7084c92 req-f14e9e6f-e1a3-411e-9b3d-d0f3ad42642a None None] Starting request: 10.222.0.27 "GET /placement/allocations/0ef36594-4107-4658-bac7-cbc1efd13230" {{(pid=106806) __call__ /opt/stack/placement/placement/requestlog.py:55}}
Aug 31 10:58:48.350329 dv-cinder-795785-12-smb devstack@placement-api.service[106806]: INFO placement.requestlog [req-c2242081-0592-4ac2-86bd-d426d7084c92 req-f14e9e6f-e1a3-411e-9b3d-d0f3ad42642a service placement] 10.222.0.27 "GET /placement/allocations/0ef36594-4107-4658-bac7-cbc1efd13230" status: 200 len: 259 microversion: 1.28
Aug 31 10:58:48.353080 dv-cinder-795785-12-smb devstack@placement-api.service[106806]: [pid: 106806|app: 0|req: 211/431] 10.222.0.27 () {60 vars in 1377 bytes} [Wed Aug 31 10:58:48 2022] GET /placement/allocations/0ef36594-4107-4658-bac7-cbc1efd13230 => generated 259 bytes in 23 msecs (HTTP/1.1 200) 8 headers in 296 bytes (1 switches on core 0)
Aug 31 10:58:48.360653 dv-cinder-795785-12-smb devstack@placement-api.service[106805]: DEBUG placement.requestlog [req-c2242081-0592-4ac2-86bd-d426d7084c92 req-aaa64726-dd61-4dd6-b404-b6d15e7bfd99 None None] Starting request: 10.222.0.27 "GET /placement/allocations/0fba18bd-c6ea-4317-9ef6-e2d8209f5020" {{(pid=106805) __call__ /opt/stack/placement/placement/requestlog.py:55}}
Aug 31 10:58:48.380245 dv-cinder-795785-12-smb devstack@placement-api.service[106805]: INFO placement.requestlog [req-c2242081-0592-4ac2-86bd-d426d7084c92 req-aaa64726-dd61-4dd6-b404-b6d15e7bfd99 service placement] 10.222.0.27 "GET /placement/allocations/0fba18bd-c6ea-4317-9ef6-e2d8209f5020" status: 200 len: 259 microversion: 1.28
Aug 31 10:58:48.380864 dv-cinder-795785-12-smb devstack@placement-api.service[106805]: [pid: 106805|app: 0|req: 221/432] 10.222.0.27 () {60 vars in 1377 bytes} [Wed Aug 31 10:58:48 2022] GET /placement/allocations/0fba18bd-c6ea-4317-9ef6-e2d8209f5020 => generated 259 bytes in 20 msecs (HTTP/1.1 200) 8 headers in 296 bytes (1 switches on core 0)
Aug 31 10:58:48.387816 dv-cinder-795785-12-smb devstack@placement-api.service[106806]: DEBUG placement.requestlog [req-c2242081-0592-4ac2-86bd-d426d7084c92 req-b0f85878-67b3-48a8-a604-49c42846aed9 None None] Starting request: 10.222.0.27 "GET /placement/allocations/f35f43ff-ee2d-4736-93ac-42e218c847d9" {{(pid=106806) __call__ /opt/stack/placement/placement/requestlog.py:55}}
Aug 31 10:58:48.411208 dv-cinder-795785-12-smb devstack@placement-api.service[106806]: INFO placement.requestlog [req-c2242081-0592-4ac2-86bd-d426d7084c92 req-b0f85878-67b3-48a8-a604-49c42846aed9 service placement] 10.222.0.27 "GET /placement/allocations/f35f43ff-ee2d-4736-93ac-42e218c847d9" status: 200 len: 259 microversion: 1.28
Aug 31 10:58:48.413417 dv-cinder-795785-12-smb devstack@placement-api.service[106806]: [pid: 106806|app: 0|req: 212/433] 10.222.0.27 () {60 vars in 1377 bytes} [Wed Aug 31 10:58:48 2022] GET /placement/allocations/f35f43ff-ee2d-4736-93ac-42e218c847d9 => generated 259 bytes in 26 msecs (HTTP/1.1 200) 8 headers in 296 bytes (1 switches on core 0)
Aug 31 10:58:48.420163 dv-cinder-795785-12-smb devstack@placement-api.service[106805]: DEBUG placement.requestlog [req-c2242081-0592-4ac2-86bd-d426d7084c92 req-9baf57e5-5585-473f-8914-8d9c7ded014e None None] Starting request: 10.222.0.27 "GET /placement/allocations/dd6dfb8c-074e-4936-9157-a92389604cf8" {{(pid=106805) __call__ /opt/stack/placement/placement/requestlog.py:55}}
Aug 31 10:58:48.438436 dv-cinder-795785-12-smb devstack@placement-api.service[106805]: INFO placement.requestlog [req-c2242081-0592-4ac2-86bd-d426d7084c92 req-9baf57e5-5585-473f-8914-8d9c7ded014e service placement] 10.222.0.27 "GET /placement/allocations/dd6dfb8c-074e-4936-9157-a92389604cf8" status: 200 len: 259 microversion: 1.28
Aug 31 10:58:48.438810 dv-cinder-795785-12-smb devstack@placement-api.service[106805]: [pid: 106805|app: 0|req: 222/434] 10.222.0.27 () {60 vars in 1377 bytes} [Wed Aug 31 10:58:48 2022] GET /placement/allocations/dd6dfb8c-074e-4936-9157-a92389604cf8 => generated 259 bytes in 19 msecs (HTTP/1.1 200) 8 headers in 296 bytes (2 switches on core 0)
Aug 31 10:58:48.673294 dv-cinder-795785-12-smb devstack@placement-api.service[106806]: DEBUG placement.requestlog [req-c2242081-0592-4ac2-86bd-d426d7084c92 req-8fa183e7-838b-43c6-a331-ac61d9bafcbb None None] Starting request: 10.222.0.27 "DELETE /placement/allocations/0ef36594-4107-4658-bac7-cbc1efd13230" {{(pid=106806) __call__ /opt/stack/placement/placement/requestlog.py:55}}
Aug 31 10:58:48.701784 dv-cinder-795785-12-smb devstack@placement-api.service[106806]: DEBUG placement.handlers.allocation [req-c2242081-0592-4ac2-86bd-d426d7084c92 req-8fa183e7-838b-43c6-a331-ac61d9bafcbb service placement] Successfully deleted allocations [, , ] {{(pid=106806) delete_allocations /opt/stack/placement/placement/handlers/allocation.py:627}}
Aug 31 10:58:48.702244 dv-cinder-795785-12-smb devstack@placement-api.service[106806]: INFO placement.requestlog [req-c2242081-0592-4ac2-86bd-d426d7084c92 req-8fa183e7-838b-43c6-a331-ac61d9bafcbb service placement] 10.222.0.27 "DELETE /placement/allocations/0ef36594-4107-4658-bac7-cbc1efd13230" status: 204 len: 0 microversion: 1.0
Aug 31 10:58:48.702912 dv-cinder-795785-12-smb devstack@placement-api.service[106806]: [pid: 106806|app: 0|req: 213/435] 10.222.0.27 () {60 vars in 1355 bytes} [Wed Aug 31 10:58:48 2022] DELETE /placement/allocations/0ef36594-4107-4658-bac7-cbc1efd13230 => generated 0 bytes in 30 msecs (HTTP/1.1 204) 5 headers in 198 bytes (1 switches on core 0)
Aug 31 10:58:49.044783 dv-cinder-795785-12-smb devstack@placement-api.service[106805]: DEBUG placement.requestlog [req-77cacbd3-6337-4312-88ef-5162aa1cd466 req-fc3a71dc-600c-4fbf-9470-97cfe1f9ecb6 None None] Starting request: 10.222.0.27 "GET /placement/resource_providers/741f7951-7479-4796-a380-78dc0a543a7d/allocations" {{(pid=106805) __call__ /opt/stack/placement/placement/requestlog.py:55}}
Aug 31 10:58:49.075036 dv-cinder-795785-12-smb devstack@placement-api.service[106805]: INFO placement.requestlog [req-77cacbd3-6337-4312-88ef-5162aa1cd466 req-fc3a71dc-600c-4fbf-9470-97cfe1f9ecb6 service placement] 10.222.0.27 "GET /placement/resource_providers/741f7951-7479-4796-a380-78dc0a543a7d/allocations" status: 200 len: 356 microversion: 1.0
Aug 31 10:58:49.075996 dv-cinder-795785-12-smb devstack@placement-api.service[106805]: [pid: 106805|app: 0|req: 223/436] 10.222.0.27 () {58 vars in 1390 bytes} [Wed Aug 31 10:58:49 2022] GET /placement/resource_providers/741f7951-7479-4796-a380-78dc0a543a7d/allocations => generated 356 bytes in 31 msecs (HTTP/1.1 200) 6 headers in 224 bytes (2 switches on core 0)
Aug 31 10:58:49.083883 dv-cinder-795785-12-smb devstack@placement-api.service[106806]: DEBUG placement.requestlog [req-77cacbd3-6337-4312-88ef-5162aa1cd466 req-96a57286-51e6-4ea3-b120-d78b02e4fdc9 None None] Starting request: 10.222.0.27 "GET /placement/allocations/0fba18bd-c6ea-4317-9ef6-e2d8209f5020" {{(pid=106806) __call__ /opt/stack/placement/placement/requestlog.py:55}}
Aug 31 10:58:49.102194 dv-cinder-795785-12-smb devstack@placement-api.service[106806]: INFO placement.requestlog [req-77cacbd3-6337-4312-88ef-5162aa1cd466 req-96a57286-51e6-4ea3-b120-d78b02e4fdc9 service placement] 10.222.0.27 "GET /placement/allocations/0fba18bd-c6ea-4317-9ef6-e2d8209f5020" status: 200 len: 259 microversion: 1.28
Aug 31 10:58:49.103196 dv-cinder-795785-12-smb devstack@placement-api.service[106806]: [pid: 106806|app: 0|req: 214/437] 10.222.0.27 () {60 vars in 1377 bytes} [Wed Aug 31 10:58:49 2022] GET /placement/allocations/0fba18bd-c6ea-4317-9ef6-e2d8209f5020 => generated 259 bytes in 19 msecs (HTTP/1.1 200) 8 headers in 296 bytes (1 switches on core 0)
Aug 31 10:58:49.112213 dv-cinder-795785-12-smb devstack@placement-api.service[106805]: DEBUG placement.requestlog [req-77cacbd3-6337-4312-88ef-5162aa1cd466 req-90c37044-c624-47d5-8633-3723cfbaf0cc None None] Starting request: 10.222.0.27 "GET /placement/allocations/f35f43ff-ee2d-4736-93ac-42e218c847d9" {{(pid=106805) __call__ /opt/stack/placement/placement/requestlog.py:55}}
Aug 31 10:58:49.140887 dv-cinder-795785-12-smb devstack@placement-api.service[106805]: INFO placement.requestlog [req-77cacbd3-6337-4312-88ef-5162aa1cd466 req-90c37044-c624-47d5-8633-3723cfbaf0cc service placement] 10.222.0.27 "GET /placement/allocations/f35f43ff-ee2d-4736-93ac-42e218c847d9" status: 200 len: 259 microversion: 1.28
Aug 31 10:58:49.142134 dv-cinder-795785-12-smb devstack@placement-api.service[106805]: [pid: 106805|app: 0|req: 224/438] 10.222.0.27 () {60 vars in 1377 bytes} [Wed Aug 31 10:58:49 2022] GET /placement/allocations/f35f43ff-ee2d-4736-93ac-42e218c847d9 => generated 259 bytes in 31 msecs (HTTP/1.1 200) 8 headers in 296 bytes (1 switches on core 0)
Aug 31 10:58:49.149309 dv-cinder-795785-12-smb devstack@placement-api.service[106806]: DEBUG placement.requestlog [req-77cacbd3-6337-4312-88ef-5162aa1cd466 req-3fd4adfb-5a2e-4d58-b791-8e5c6fb3e6e6 None None] Starting request: 10.222.0.27 "GET /placement/allocations/dd6dfb8c-074e-4936-9157-a92389604cf8" {{(pid=106806) __call__ /opt/stack/placement/placement/requestlog.py:55}}
Aug 31 10:58:49.167607 dv-cinder-795785-12-smb devstack@placement-api.service[106806]: INFO placement.requestlog [req-77cacbd3-6337-4312-88ef-5162aa1cd466 req-3fd4adfb-5a2e-4d58-b791-8e5c6fb3e6e6 service placement] 10.222.0.27 "GET /placement/allocations/dd6dfb8c-074e-4936-9157-a92389604cf8" status: 200 len: 259 microversion: 1.28
Aug 31 10:58:49.168398 dv-cinder-795785-12-smb devstack@placement-api.service[106806]: [pid: 106806|app: 0|req: 215/439] 10.222.0.27 () {60 vars in 1377 bytes} [Wed Aug 31 10:58:49 2022] GET /placement/allocations/dd6dfb8c-074e-4936-9157-a92389604cf8 => generated 259 bytes in 20 msecs (HTTP/1.1 200) 8 headers in 296 bytes (1 switches on core 0)
Aug 31 10:58:49.392536 dv-cinder-795785-12-smb devstack@placement-api.service[106805]: DEBUG placement.requestlog [req-77cacbd3-6337-4312-88ef-5162aa1cd466 req-afdf6fe4-8539-4cb6-99a8-3203128ba83b None None] Starting request: 10.222.0.27 "DELETE /placement/allocations/dd6dfb8c-074e-4936-9157-a92389604cf8" {{(pid=106805) __call__ /opt/stack/placement/placement/requestlog.py:55}}
Aug 31 10:58:49.438387 dv-cinder-795785-12-smb devstack@placement-api.service[106805]: DEBUG placement.handlers.allocation [req-77cacbd3-6337-4312-88ef-5162aa1cd466 req-afdf6fe4-8539-4cb6-99a8-3203128ba83b service placement] Successfully deleted allocations [, , ] {{(pid=106805) delete_allocations /opt/stack/placement/placement/handlers/allocation.py:627}}
Aug 31 10:58:49.440073 dv-cinder-795785-12-smb devstack@placement-api.service[106805]: INFO placement.requestlog [req-77cacbd3-6337-4312-88ef-5162aa1cd466 req-afdf6fe4-8539-4cb6-99a8-3203128ba83b service placement] 10.222.0.27 "DELETE /placement/allocations/dd6dfb8c-074e-4936-9157-a92389604cf8" status: 204 len: 0 microversion: 1.0
Aug 31 10:58:49.441174 dv-cinder-795785-12-smb devstack@placement-api.service[106805]: [pid: 106805|app: 0|req: 225/440] 10.222.0.27 () {60 vars in 1355 bytes} [Wed Aug 31 10:58:49 2022] DELETE /placement/allocations/dd6dfb8c-074e-4936-9157-a92389604cf8 => generated 0 bytes in 49 msecs (HTTP/1.1 204) 5 headers in 198 bytes (1 switches on core 0)
Aug 31 10:58:52.051565 dv-cinder-795785-12-smb devstack@placement-api.service[106806]: DEBUG placement.requestlog [None req-3a71d904-ae66-42b2-a47d-e812d3a73bf3 None None] Starting request: 10.222.0.47 "GET /placement/resource_providers/c3b9db8f-2fe3-4e86-899f-4279d64302d9/aggregates" {{(pid=106806) __call__ /opt/stack/placement/placement/requestlog.py:55}}
Aug 31 10:58:52.062062 dv-cinder-795785-12-smb devstack@placement-api.service[106806]: INFO placement.requestlog [None req-3a71d904-ae66-42b2-a47d-e812d3a73bf3 service placement] 10.222.0.47 "GET /placement/resource_providers/c3b9db8f-2fe3-4e86-899f-4279d64302d9/aggregates" status: 404 len: 235 microversion: 1.1
Aug 31 10:58:52.062539 dv-cinder-795785-12-smb devstack@placement-api.service[106806]: [pid: 106806|app: 0|req: 216/441] 10.222.0.47 () {58 vars in 1362 bytes} [Wed Aug 31 10:58:52 2022] GET /placement/resource_providers/c3b9db8f-2fe3-4e86-899f-4279d64302d9/aggregates => generated 235 bytes in 11 msecs (HTTP/1.1 404) 5 headers in 202 bytes (1 switches on core 0)
Aug 31 10:58:52.091285 dv-cinder-795785-12-smb devstack@placement-api.service[106805]: DEBUG placement.requestlog [None req-368bded5-0560-4afa-b7d9-12b974232868 None None] Starting request: 10.222.0.47 "DELETE /placement/resource_providers/c3b9db8f-2fe3-4e86-899f-4279d64302d9" {{(pid=106805) __call__ /opt/stack/placement/placement/requestlog.py:55}}
Aug 31 10:58:52.103124 dv-cinder-795785-12-smb devstack@placement-api.service[106805]: DEBUG placement.wsgi_wrapper [None req-368bded5-0560-4afa-b7d9-12b974232868 service placement] Placement API returning an error response: No resource provider with uuid c3b9db8f-2fe3-4e86-899f-4279d64302d9 found for delete {{(pid=106805) call_func /opt/stack/placement/placement/wsgi_wrapper.py:31}}
