Jun 09 20:10:12.830456 dv-cinder-795669-1-smb neutron-server[92523]: DEBUG neutron.db.db_base_plugin_common [None req-02f802c4-c035-425c-a8ad-b175bead8c7d admin admin] Allocated IP 172.28.2.213 (cdcc00ba-b73f-4255-8474-a84bc9f15259/358edae6-2a30-46d4-aa71-233455c07f5c/871f7d0c-82a0-4180-b878-75151a948bdd) {{(pid=92523) _store_ip_allocation /opt/stack/neutron/neutron/db/db_base_plugin_common.py:131}}
Jun 09 20:10:12.832986 dv-cinder-795669-1-smb neutron-server[92522]: DEBUG neutron_lib.callbacks.manager [None req-c43d45f4-e3d8-429c-b904-c2ae51b3f894 admin admin] Notify callbacks [] for security_group, precommit_create {{(pid=92522) _notify_loop /usr/local/lib/python3.8/dist-packages/neutron_lib/callbacks/manager.py:192}}
Jun 09 20:10:12.870462 dv-cinder-795669-1-smb neutron-server[92522]: INFO neutron.wsgi [req-7a38da01-b7ba-469a-bb18-b2ac0515172f req-b971c0d3-6665-48c7-8264-297a7a8ce416 service neutron] 10.222.0.10 "GET /v2.0/networks/5ce6f6bd-3d40-4cea-bb1b-41a4f7527679?fields=segments HTTP/1.1" status: 200 len: 212 time: 0.2525392
Jun 09 20:10:12.964566 dv-cinder-795669-1-smb neutron-server[92522]: DEBUG neutron_lib.callbacks.manager [None req-c43d45f4-e3d8-429c-b904-c2ae51b3f894 admin admin] Notify callbacks ['neutron.plugins.ml2.ovo_rpc._ObjectChangeHandler.handle_event-2048023'] for security_group, after_create {{(pid=92522) _notify_loop /usr/local/lib/python3.8/dist-packages/neutron_lib/callbacks/manager.py:192}}
Jun 09 20:10:12.983047 dv-cinder-795669-1-smb neutron-server[92522]: DEBUG oslo_concurrency.lockutils [None req-5d84e537-44d3-4652-9dd3-e7f4911e859e admin admin] Lock "event-dispatch" acquired by "neutron.plugins.ml2.ovo_rpc._ObjectChangeHandler.dispatch_events" :: waited 0.000s {{(pid=92522) inner /usr/local/lib/python3.8/dist-packages/oslo_concurrency/lockutils.py:355}}
Jun 09 20:10:13.035941 dv-cinder-795669-1-smb neutron-server[92523]: DEBUG neutron_lib.callbacks.manager [None req-02f802c4-c035-425c-a8ad-b175bead8c7d admin admin] Notify callbacks [] for port, precommit_create {{(pid=92523) _notify_loop /usr/local/lib/python3.8/dist-packages/neutron_lib/callbacks/manager.py:192}}
Jun 09 20:10:13.038441 dv-cinder-795669-1-smb neutron-server[92522]: INFO neutron.wsgi [None req-c43d45f4-e3d8-429c-b904-c2ae51b3f894 admin admin] 10.222.0.13 "GET /v2.0/security-groups?tenant_id=c8feffb9f09040bc962a44da62a13f1c&name=default HTTP/1.1" status: 200 len: 2979 time: 0.6637716
Jun 09 20:10:13.040590 dv-cinder-795669-1-smb neutron-server[92522]: DEBUG neutron.api.rpc.handlers.resources_rpc [None req-c43d45f4-e3d8-429c-b904-c2ae51b3f894 admin admin] Pushing event updated for resources: {'SecurityGroup': ['ID=b3d7b644-63b4-4e76-a5c4-4eccc549624b,revision_number=1']} {{(pid=92522) push /opt/stack/neutron/neutron/api/rpc/handlers/resources_rpc.py:237}}
Jun 09 20:10:13.044623 dv-cinder-795669-1-smb neutron-server[92523]: DEBUG neutron.wsgi [-] (92523) accepted ('10.222.0.13', 47030) {{(pid=92523) server /usr/local/lib/python3.8/dist-packages/eventlet/wsgi.py:992}}
Jun 09 20:10:13.046233 dv-cinder-795669-1-smb neutron-server[92522]: DEBUG oslo_concurrency.lockutils [None req-c43d45f4-e3d8-429c-b904-c2ae51b3f894 admin admin] Lock "event-dispatch" released by "neutron.plugins.ml2.ovo_rpc._ObjectChangeHandler.dispatch_events" :: held 0.063s {{(pid=92522) inner /usr/local/lib/python3.8/dist-packages/oslo_concurrency/lockutils.py:367}}
Jun 09 20:10:13.095706 dv-cinder-795669-1-smb neutron-server[92522]: INFO neutron.wsgi [req-7a38da01-b7ba-469a-bb18-b2ac0515172f req-855edb01-dede-4781-8127-81a3df062c10 service neutron] 10.222.0.10 "GET /v2.0/networks/5ce6f6bd-3d40-4cea-bb1b-41a4f7527679?fields=provider%3Aphysical_network&fields=provider%3Anetwork_type HTTP/1.1" status: 200 len: 281 time: 0.2175477
Jun 09 20:10:13.125931 dv-cinder-795669-1-smb neutron-server[92523]: DEBUG neutron_lib.callbacks.manager [None req-4872911b-510c-46cf-90db-b4784b747269 admin admin] Notify callbacks [] for security_group, before_delete {{(pid=92523) _notify_loop /usr/local/lib/python3.8/dist-packages/neutron_lib/callbacks/manager.py:192}}
Jun 09 20:10:13.153927 dv-cinder-795669-1-smb neutron-server[92523]: DEBUG neutron_lib.callbacks.manager [None req-4872911b-510c-46cf-90db-b4784b747269 admin admin] Notify callbacks [] for security_group, precommit_delete {{(pid=92523) _notify_loop /usr/local/lib/python3.8/dist-packages/neutron_lib/callbacks/manager.py:192}}
Jun 09 20:10:13.225635 dv-cinder-795669-1-smb neutron-server[92523]: DEBUG neutron_lib.callbacks.manager [None req-02f802c4-c035-425c-a8ad-b175bead8c7d admin admin] Notify callbacks ['neutron.plugins.ml2.plugin.SecurityGroupServerNotifierRpcMixin._notify_sg_on_port_after_update-621233', 'neutron.plugins.ml2.ovo_rpc._ObjectChangeHandler.handle_payload_event-102692', 'neutron.api.rpc.agentnotifiers.dhcp_rpc_agent_api.DhcpAgentNotifyAPI._native_event_send_dhcp_notification_payload-1617144', 'neutron.db.l3_dvrscheduler_db._notify_l3_agent_new_port-8783487900016', 'neutron.services.segments.plugin.NovaSegmentNotifier._notify_port_created-2254846'] for port, after_create {{(pid=92523) _notify_loop /usr/local/lib/python3.8/dist-packages/neutron_lib/callbacks/manager.py:192}}
Jun 09 20:10:13.231398 dv-cinder-795669-1-smb neutron-server[92523]: DEBUG oslo_concurrency.lockutils [None req-ecb04a54-5e38-43c8-a8af-bd0784d8d571 admin admin] Lock "event-dispatch" acquired by "neutron.plugins.ml2.ovo_rpc._ObjectChangeHandler.dispatch_events" :: waited 0.000s {{(pid=92523) inner /usr/local/lib/python3.8/dist-packages/oslo_concurrency/lockutils.py:355}}
Jun 09 20:10:13.343593 dv-cinder-795669-1-smb neutron-server[92523]: DEBUG neutron_lib.callbacks.manager [None req-4872911b-510c-46cf-90db-b4784b747269 admin admin] Notify callbacks ['neutron.plugins.ml2.ovo_rpc._ObjectChangeHandler.handle_event-2048023'] for security_group, after_delete {{(pid=92523) _notify_loop /usr/local/lib/python3.8/dist-packages/neutron_lib/callbacks/manager.py:192}}
Jun 09 20:10:13.346019 dv-cinder-795669-1-smb neutron-server[92523]: DEBUG neutron_lib.callbacks.manager [None req-4872911b-510c-46cf-90db-b4784b747269 admin admin] Notify callbacks [] for security_group, before_response {{(pid=92523) _notify_loop /usr/local/lib/python3.8/dist-packages/neutron_lib/callbacks/manager.py:192}}
Jun 09 20:10:13.350304 dv-cinder-795669-1-smb neutron-server[92523]: INFO neutron.wsgi [None req-4872911b-510c-46cf-90db-b4784b747269 admin admin] 10.222.0.13 "DELETE /v2.0/security-groups/b3d7b644-63b4-4e76-a5c4-4eccc549624b HTTP/1.1" status: 204 len: 168 time: 0.3011398
Jun 09 20:10:13.369926 dv-cinder-795669-1-smb neutron-server[92523]: DEBUG neutron.scheduler.dhcp_agent_scheduler [None req-02f802c4-c035-425c-a8ad-b175bead8c7d admin admin] Network cdcc00ba-b73f-4255-8474-a84bc9f15259 is already hosted by enough agents. {{(pid=92523) _get_dhcp_agents_hosting_network /opt/stack/neutron/neutron/scheduler/dhcp_agent_scheduler.py:275}}
Jun 09 20:10:13.372799 dv-cinder-795669-1-smb neutron-server[92523]: DEBUG neutron.scheduler.base_scheduler [None req-02f802c4-c035-425c-a8ad-b175bead8c7d admin admin] Resources bound (agent type, host, resource id): {{(pid=92523) schedule /opt/stack/neutron/neutron/scheduler/base_scheduler.py:57}}
Jun 09 20:10:13.376443 dv-cinder-795669-1-smb neutron-server[92523]: DEBUG neutron.db.l3_dvrscheduler_db [None req-02f802c4-c035-425c-a8ad-b175bead8c7d admin admin] Received port after_create {{(pid=92523) _notify_l3_agent_new_port /opt/stack/neutron/neutron/db/l3_dvrscheduler_db.py:537}}
Jun 09 20:10:13.408838 dv-cinder-795669-1-smb neutron-server[92523]: DEBUG neutron.api.rpc.handlers.resources_rpc [None req-02f802c4-c035-425c-a8ad-b175bead8c7d admin admin] Pushing event updated for resources: {'Port': ['ID=871f7d0c-82a0-4180-b878-75151a948bdd,revision_number=1']} {{(pid=92523) push /opt/stack/neutron/neutron/api/rpc/handlers/resources_rpc.py:237}}
Jun 09 20:10:13.413647 dv-cinder-795669-1-smb neutron-server[92523]: DEBUG oslo_concurrency.lockutils [None req-02f802c4-c035-425c-a8ad-b175bead8c7d admin admin] Lock "event-dispatch" released by "neutron.plugins.ml2.ovo_rpc._ObjectChangeHandler.dispatch_events" :: held 0.182s {{(pid=92523) inner /usr/local/lib/python3.8/dist-packages/oslo_concurrency/lockutils.py:367}}
Jun 09 20:10:13.414126 dv-cinder-795669-1-smb neutron-server[92523]: DEBUG oslo_concurrency.lockutils [None req-f6dc5f37-b68e-4e75-a6d1-64a92c81d345 admin admin] Lock "event-dispatch" acquired by "neutron.plugins.ml2.ovo_rpc._ObjectChangeHandler.dispatch_events" :: waited 0.062s {{(pid=92523) inner /usr/local/lib/python3.8/dist-packages/oslo_concurrency/lockutils.py:355}}
Jun 09 20:10:13.433438 dv-cinder-795669-1-smb neutron-server[92523]: DEBUG neutron.api.rpc.handlers.resources_rpc [None req-4872911b-510c-46cf-90db-b4784b747269 admin admin] Pushing event deleted for resources: {'SecurityGroup': ['ID=b3d7b644-63b4-4e76-a5c4-4eccc549624b,revision_number=None']} {{(pid=92523) push /opt/stack/neutron/neutron/api/rpc/handlers/resources_rpc.py:237}}
Jun 09 20:10:13.437993 dv-cinder-795669-1-smb neutron-server[92523]: DEBUG oslo_concurrency.lockutils [None req-4872911b-510c-46cf-90db-b4784b747269 admin admin] Lock "event-dispatch" released by "neutron.plugins.ml2.ovo_rpc._ObjectChangeHandler.dispatch_events" :: held 0.023s {{(pid=92523) inner /usr/local/lib/python3.8/dist-packages/oslo_concurrency/lockutils.py:367}}
Jun 09 20:10:13.554149 dv-cinder-795669-1-smb neutron-server[92522]: DEBUG neutron.pecan_wsgi.hooks.policy_enforcement [req-ddff7d51-d362-4eaa-a3b5-3765ef16bea4 req-bfd0e31c-4c65-45bd-a85e-26f0d74257e7 tempest-VolumesActionsTest-1193291638 tempest-VolumesActionsTest-1193291638-project] Attributes excluded by policy engine: ['standard_attr_id', 'binding:profile', 'binding:host_id', 'binding:vif_type', 'binding:vif_details'] {{(pid=92522) _exclude_attributes_by_policy /opt/stack/neutron/neutron/pecan_wsgi/hooks/policy_enforcement.py:255}}
Jun 09 20:10:13.556029 dv-cinder-795669-1-smb neutron-server[92522]: INFO neutron.wsgi [req-ddff7d51-d362-4eaa-a3b5-3765ef16bea4 req-bfd0e31c-4c65-45bd-a85e-26f0d74257e7 tempest-VolumesActionsTest-1193291638 tempest-VolumesActionsTest-1193291638-project] 10.222.0.13 "GET /v2.0/ports?device_id=2180f966-4efd-4816-807d-48a03c61f2d8 HTTP/1.1" status: 200 len: 943 time: 0.1079302
Jun 09 20:10:13.595450 dv-cinder-795669-1-smb neutron-server[92522]: DEBUG neutron.wsgi [-] (92522) accepted ('10.222.0.13', 47048) {{(pid=92522) server /usr/local/lib/python3.8/dist-packages/eventlet/wsgi.py:992}}
Jun 09 20:10:13.621584 dv-cinder-795669-1-smb neutron-server[92522]: DEBUG neutron_lib.callbacks.manager [None req-f8909ab6-2770-4e9c-a9e4-592cfc16f12a admin admin] Notify callbacks [] for security_group, before_create {{(pid=92522) _notify_loop /usr/local/lib/python3.8/dist-packages/neutron_lib/callbacks/manager.py:192}}
Jun 09 20:10:13.653438 dv-cinder-795669-1-smb neutron-server[92522]: INFO neutron.wsgi [req-ddff7d51-d362-4eaa-a3b5-3765ef16bea4 req-dfe83eb8-7e0c-49c2-ba4c-9abb86ffaab3 tempest-VolumesActionsTest-1193291638 tempest-VolumesActionsTest-1193291638-project] 10.222.0.13 "GET /v2.0/security-groups?id=eafa97bc-b1ff-4a2e-8436-687a15ccc2b0&fields=id&fields=name HTTP/1.1" status: 200 len: 286 time: 0.0915277
Jun 09 20:10:13.694454 dv-cinder-795669-1-smb neutron-server[92524]: DEBUG neutron_lib.callbacks.manager [None req-60f1e178-3cc7-40fe-a618-6ccbe8c87de5 None None] Notify callbacks ['neutron.services.segments.db._update_segment_host_mapping_for_agent-8783488395686', 'neutron.plugins.ml2.plugin.Ml2Plugin._retry_binding_revived_agents-953121'] for agent, after_update {{(pid=92524) _notify_loop /usr/local/lib/python3.8/dist-packages/neutron_lib/callbacks/manager.py:192}}
Jun 09 20:10:13.729982 dv-cinder-795669-1-smb neutron-server[92524]: DEBUG neutron_lib.callbacks.manager [None req-5aa03acb-15d4-4a2b-a7be-8a59c00b32e7 None None] Notify callbacks ['neutron.services.segments.db._update_segment_host_mapping_for_agent-8783488395686', 'neutron.plugins.ml2.plugin.Ml2Plugin._retry_binding_revived_agents-953121'] for agent, after_update {{(pid=92524) _notify_loop /usr/local/lib/python3.8/dist-packages/neutron_lib/callbacks/manager.py:192}}
Jun 09 20:10:13.760147 dv-cinder-795669-1-smb neutron-server[92522]: DEBUG neutron_lib.callbacks.manager [None req-f8909ab6-2770-4e9c-a9e4-592cfc16f12a admin admin] Notify callbacks [] for security_group, precommit_create {{(pid=92522) _notify_loop /usr/local/lib/python3.8/dist-packages/neutron_lib/callbacks/manager.py:192}}
Jun 09 20:10:13.882321 dv-cinder-795669-1-smb neutron-server[92522]: DEBUG neutron_lib.callbacks.manager [None req-f8909ab6-2770-4e9c-a9e4-592cfc16f12a admin admin] Notify callbacks ['neutron.plugins.ml2.ovo_rpc._ObjectChangeHandler.handle_event-2048023'] for security_group, after_create {{(pid=92522) _notify_loop /usr/local/lib/python3.8/dist-packages/neutron_lib/callbacks/manager.py:192}}
Jun 09 20:10:13.891373 dv-cinder-795669-1-smb neutron-server[92522]: DEBUG oslo_concurrency.lockutils [None req-abb5e25e-4e19-452f-bc03-baa5d489c5fb admin admin] Lock "event-dispatch" acquired by "neutron.plugins.ml2.ovo_rpc._ObjectChangeHandler.dispatch_events" :: waited 0.000s {{(pid=92522) inner /usr/local/lib/python3.8/dist-packages/oslo_concurrency/lockutils.py:355}}
Jun 09 20:10:13.932008 dv-cinder-795669-1-smb neutron-server[92522]: INFO neutron.wsgi [None req-f8909ab6-2770-4e9c-a9e4-592cfc16f12a admin admin] 10.222.0.13 "GET /v2.0/security-groups?tenant_id=388e12766f724b5e937c5e2cc6d962d1&name=default HTTP/1.1" status: 200 len: 2979 time: 0.3352678
Jun 09 20:10:13.933732 dv-cinder-795669-1-smb neutron-server[92522]: DEBUG neutron.api.rpc.handlers.resources_rpc [None req-f8909ab6-2770-4e9c-a9e4-592cfc16f12a admin admin] Pushing event updated for resources: {'SecurityGroup': ['ID=8aaad800-fa51-4255-b383-71a528e1fe5c,revision_number=1']} {{(pid=92522) push /opt/stack/neutron/neutron/api/rpc/handlers/resources_rpc.py:237}}
Jun 09 20:10:13.941803 dv-cinder-795669-1-smb neutron-server[92523]: DEBUG neutron.wsgi [-] (92523) accepted ('10.222.0.13', 47060) {{(pid=92523) server /usr/local/lib/python3.8/dist-packages/eventlet/wsgi.py:992}}
Jun 09 20:10:13.949022 dv-cinder-795669-1-smb neutron-server[92522]: DEBUG oslo_concurrency.lockutils [None req-f8909ab6-2770-4e9c-a9e4-592cfc16f12a admin admin] Lock "event-dispatch" released by "neutron.plugins.ml2.ovo_rpc._ObjectChangeHandler.dispatch_events" :: held 0.058s {{(pid=92522) inner /usr/local/lib/python3.8/dist-packages/oslo_concurrency/lockutils.py:367}}
Jun 09 20:10:14.031160 dv-cinder-795669-1-smb neutron-server[92523]: DEBUG neutron_lib.callbacks.manager [None req-02f802c4-c035-425c-a8ad-b175bead8c7d admin admin] Notify callbacks [] for router_gateway, after_create {{(pid=92523) _notify_loop /usr/local/lib/python3.8/dist-packages/neutron_lib/callbacks/manager.py:192}}
Jun 09 20:10:14.101940 dv-cinder-795669-1-smb neutron-server[92523]: DEBUG neutron_lib.callbacks.manager [None req-31607f9a-5a8d-4664-885f-d826a5fa327d admin admin] Notify callbacks [] for security_group, before_delete {{(pid=92523) _notify_loop /usr/local/lib/python3.8/dist-packages/neutron_lib/callbacks/manager.py:192}}
Jun 09 20:10:14.203058 dv-cinder-795669-1-smb neutron-server[92523]: DEBUG neutron_lib.callbacks.manager [None req-31607f9a-5a8d-4664-885f-d826a5fa327d admin admin] Notify callbacks [] for security_group, precommit_delete {{(pid=92523) _notify_loop /usr/local/lib/python3.8/dist-packages/neutron_lib/callbacks/manager.py:192}}
Jun 09 20:10:14.439784 dv-cinder-795669-1-smb neutron-server[92523]: DEBUG neutron_lib.callbacks.manager [None req-02f802c4-c035-425c-a8ad-b175bead8c7d admin admin] Notify callbacks ['neutron.services.l3_router.l3_router_plugin.L3_HA_NAT_db_mixin._after_router_create-1986682', 'neutron.services.l3_router.l3_router_plugin.DVRResourceOperationHandler._create_snat_interfaces_after_change-1975991'] for router, after_create {{(pid=92523) _notify_loop /usr/local/lib/python3.8/dist-packages/neutron_lib/callbacks/manager.py:192}}
Jun 09 20:10:14.498957 dv-cinder-795669-1-smb neutron-server[92523]: DEBUG neutron_lib.callbacks.manager [None req-31607f9a-5a8d-4664-885f-d826a5fa327d admin admin] Notify callbacks ['neutron.plugins.ml2.ovo_rpc._ObjectChangeHandler.handle_event-2048023'] for security_group, after_delete {{(pid=92523) _notify_loop /usr/local/lib/python3.8/dist-packages/neutron_lib/callbacks/manager.py:192}}
Jun 09 20:10:14.501341 dv-cinder-795669-1-smb neutron-server[92523]: DEBUG neutron_lib.callbacks.manager [None req-31607f9a-5a8d-4664-885f-d826a5fa327d admin admin] Notify callbacks [] for security_group, before_response {{(pid=92523) _notify_loop /usr/local/lib/python3.8/dist-packages/neutron_lib/callbacks/manager.py:192}}
Jun 09 20:10:14.505336 dv-cinder-795669-1-smb neutron-server[92523]: INFO neutron.wsgi [None req-31607f9a-5a8d-4664-885f-d826a5fa327d admin admin] 10.222.0.13 "DELETE /v2.0/security-groups/8aaad800-fa51-4255-b383-71a528e1fe5c HTTP/1.1" status: 204 len: 168 time: 0.5595241
Jun 09 20:10:14.510924 dv-cinder-795669-1-smb neutron-server[92523]: DEBUG oslo_concurrency.lockutils [None req-70d4e2cc-4eef-4619-8e35-025cb8349f5a admin admin] Lock "event-dispatch" acquired by "neutron.plugins.ml2.ovo_rpc._ObjectChangeHandler.dispatch_events" :: waited 0.000s {{(pid=92523) inner /usr/local/lib/python3.8/dist-packages/oslo_concurrency/lockutils.py:355}}
Jun 09 20:10:14.525899 dv-cinder-795669-1-smb neutron-server[92523]: DEBUG neutron.api.rpc.handlers.resources_rpc [None req-31607f9a-5a8d-4664-885f-d826a5fa327d admin admin] Pushing event deleted for resources: {'SecurityGroup': ['ID=8aaad800-fa51-4255-b383-71a528e1fe5c,revision_number=None']} {{(pid=92523) push /opt/stack/neutron/neutron/api/rpc/handlers/resources_rpc.py:237}}
Jun 09 20:10:14.528614 dv-cinder-795669-1-smb neutron-server[92523]: DEBUG oslo_concurrency.lockutils [None req-31607f9a-5a8d-4664-885f-d826a5fa327d admin admin] Lock "event-dispatch" released by "neutron.plugins.ml2.ovo_rpc._ObjectChangeHandler.dispatch_events" :: held 0.017s {{(pid=92523) inner /usr/local/lib/python3.8/dist-packages/oslo_concurrency/lockutils.py:367}}
Jun 09 20:10:14.659550 dv-cinder-795669-1-smb neutron-server[92524]: DEBUG neutron_lib.callbacks.manager [None req-f7f8b27b-d295-42d9-8184-25124ced1135 None None] Notify callbacks ['neutron.services.segments.db._update_segment_host_mapping_for_agent-8783488395686', 'neutron.plugins.ml2.plugin.Ml2Plugin._retry_binding_revived_agents-953121'] for agent, after_update {{(pid=92524) _notify_loop /usr/local/lib/python3.8/dist-packages/neutron_lib/callbacks/manager.py:192}}
Jun 09 20:10:14.842678 dv-cinder-795669-1-smb neutron-server[92523]: DEBUG neutron.scheduler.l3_agent_scheduler [None req-02f802c4-c035-425c-a8ad-b175bead8c7d admin admin] Router b6fec4ff-53e1-40ad-93bb-d72e18f75558 is scheduled to L3 agent 5a59c719-f99d-45b0-86f1-56ed4fcdf4b1 with binding_index 1 {{(pid=92523) bind_router /opt/stack/neutron/neutron/scheduler/l3_agent_scheduler.py:210}}
Jun 09 20:10:14.885954 dv-cinder-795669-1-smb neutron-server[92522]: DEBUG neutron.pecan_wsgi.hooks.policy_enforcement [req-7b3e59e4-4974-4fb9-bbe5-0d0b754ecb6e req-93377a92-2e99-4f94-96c7-2e629e678172 tempest-VolumesActionsTest-1193291638 tempest-VolumesActionsTest-1193291638-project] Attributes excluded by policy engine: ['standard_attr_id', 'binding:profile', 'binding:host_id', 'binding:vif_type', 'binding:vif_details'] {{(pid=92522) _exclude_attributes_by_policy /opt/stack/neutron/neutron/pecan_wsgi/hooks/policy_enforcement.py:255}}
Jun 09 20:10:14.895813 dv-cinder-795669-1-smb neutron-server[92522]: INFO neutron.wsgi [req-7b3e59e4-4974-4fb9-bbe5-0d0b754ecb6e req-93377a92-2e99-4f94-96c7-2e629e678172 tempest-VolumesActionsTest-1193291638 tempest-VolumesActionsTest-1193291638-project] 10.222.0.13 "GET /v2.0/ports?device_id=2180f966-4efd-4816-807d-48a03c61f2d8 HTTP/1.1" status: 200 len: 943 time: 0.1083598
Jun 09 20:10:14.958832 dv-cinder-795669-1-smb neutron-server[92522]: INFO neutron.wsgi [req-7b3e59e4-4974-4fb9-bbe5-0d0b754ecb6e req-a067f793-2214-4023-a150-5846da710569 tempest-VolumesActionsTest-1193291638 tempest-VolumesActionsTest-1193291638-project] 10.222.0.13 "GET /v2.0/security-groups?id=eafa97bc-b1ff-4a2e-8436-687a15ccc2b0&fields=id&fields=name HTTP/1.1" status: 200 len: 286 time: 0.0615456
Jun 09 20:10:15.042105 dv-cinder-795669-1-smb neutron-server[92523]: DEBUG neutron.api.rpc.agentnotifiers.l3_rpc_agent_api [None req-02f802c4-c035-425c-a8ad-b175bead8c7d admin admin] Notify agent at l3_agent.dv-cinder-795669-1-smb the message routers_updated {{(pid=92523) _agent_notification /opt/stack/neutron/neutron/api/rpc/agentnotifiers/l3_rpc_agent_api.py:68}}
Jun 09 20:10:15.052962 dv-cinder-795669-1-smb neutron-server[92526]: DEBUG neutron.api.rpc.handlers.l3_rpc [None req-2633da0b-56ab-4630-8d3c-528bffd8c093 None None] Sync routers for ids ['b6fec4ff-53e1-40ad-93bb-d72e18f75558'] in dv-cinder-795669-1-smb {{(pid=92526) sync_routers /opt/stack/neutron/neutron/api/rpc/handlers/l3_rpc.py:125}}
Jun 09 20:10:15.063604 dv-cinder-795669-1-smb neutron-server[92526]: DEBUG neutron.db.l3_dvrscheduler_db [None req-2633da0b-56ab-4630-8d3c-528bffd8c093 None None] Routers {'b6fec4ff-53e1-40ad-93bb-d72e18f75558'} bound to L3 agent in host dv-cinder-795669-1-smb {{(pid=92526) _get_router_ids_for_agent /opt/stack/neutron/neutron/db/l3_dvrscheduler_db.py:422}}
Jun 09 20:10:15.064371 dv-cinder-795669-1-smb neutron-server[92526]: DEBUG neutron.db.l3_hamode_db [None req-2633da0b-56ab-4630-8d3c-528bffd8c093 None None] neutron.services.l3_router.l3_router_plugin.L3RouterPlugin method get_ha_sync_data_for_host called with arguments (, 'dv-cinder-795669-1-smb', Agent(admin_state_up=True,agent_type='L3 agent',availability_zone='nova',binary='neutron-l3-agent',configurations={"agent_mode": "legacy", "ex_gw_ports": 3, "extensions": [], "floating_ips": 2, "handle_internal_only_routers": true, "interface_driver": "openvswitch", "interfaces": 3, "log_agent_heartbeats": false, "routers": 3},created_at=2021-06-09T19:59:44Z,description=,heartbeat_timestamp=2021-06-09T20:10:14Z,host='dv-cinder-795669-1-smb',id=5a59c719-f99d-45b0-86f1-56ed4fcdf4b1,load=0,resource_versions=,resources_synced=,started_at=2021-06-09T19:59:44Z,topic='l3_agent')) {'router_ids': ['b6fec4ff-53e1-40ad-93bb-d72e18f75558'], 'active': True} {{(pid=92526) wrapper /usr/local/lib/python3.8/dist-packages/oslo_log/helpers.py:65}}
Jun 09 20:10:15.139986 dv-cinder-795669-1-smb neutron-server[92523]: DEBUG neutron_lib.callbacks.manager [None req-02f802c4-c035-425c-a8ad-b175bead8c7d admin admin] Notify callbacks [] for router, before_response {{(pid=92523) _notify_loop /usr/local/lib/python3.8/dist-packages/neutron_lib/callbacks/manager.py:192}}
Jun 09 20:10:15.147976 dv-cinder-795669-1-smb neutron-server[92523]: INFO neutron.wsgi [None req-02f802c4-c035-425c-a8ad-b175bead8c7d admin admin] 10.222.0.13 "POST /v2.0/routers HTTP/1.1" status: 201 len: 931 time: 4.0187459
Jun 09 20:10:15.148210 dv-cinder-795669-1-smb neutron-server[92523]: DEBUG neutron.wsgi [-] (92523) accepted ('10.222.0.13', 47108) {{(pid=92523) server /usr/local/lib/python3.8/dist-packages/eventlet/wsgi.py:992}}
Jun 09 20:10:15.265418 dv-cinder-795669-1-smb neutron-server[92526]: DEBUG neutron.db.l3_dvr_db [None req-2633da0b-56ab-4630-8d3c-528bffd8c093 None None] Set router b6fec4ff-53e1-40ad-93bb-d72e18f75558 gateway port host: dv-cinder-795669-1-smb {{(pid=92526) _build_routers_list /opt/stack/neutron/neutron/db/l3_dvr_db.py:841}}
Jun 09 20:10:15.646720 dv-cinder-795669-1-smb neutron-server[92526]: DEBUG neutron.db.l3_hamode_db [None req-2633da0b-56ab-4630-8d3c-528bffd8c093 None None] neutron.services.l3_router.l3_router_plugin.L3RouterPlugin method _process_sync_ha_data called with arguments (, [{'id': 'b6fec4ff-53e1-40ad-93bb-d72e18f75558', 'name': 'tempest-ServerRescueNegativeTestJSON-1410677331-router', 'tenant_id': 'da1713b28f95404e87bcf943ae2e8358', 'admin_state_up': True, 'status': 'ACTIVE', 'external_gateway_info': {'network_id': 'cdcc00ba-b73f-4255-8474-a84bc9f15259', 'external_fixed_ips': [{'subnet_id': '358edae6-2a30-46d4-aa71-233455c07f5c', 'ip_address': '172.28.2.213'}], 'enable_snat': True}, 'gw_port_id': '871f7d0c-82a0-4180-b878-75151a948bdd', 'description': '', 'availability_zones': ['nova'], 'distributed': False, 'ha': False, 'ha_vr_id': 0, 'availability_zone_hints': [], 'routes': [], 'flavor_id': None, 'tags': [], 'created_at': '2021-06-09T20:10:11Z', 'updated_at': '2021-06-09T20:10:13Z', 'revision_number': 3, 'project_id': 'da1713b28f95404e87bcf943ae2e8358', 'gw_port': {'id': '871f7d0c-82a0-4180-b878-75151a948bdd', 'name': '', 'network_id': 'cdcc00ba-b73f-4255-8474-a84bc9f15259', 'tenant_id': '', 'mac_address': 'fa:16:3e:76:dc:7c', 'admin_state_up': True, 'status': 'DOWN', 'device_id': 'b6fec4ff-53e1-40ad-93bb-d72e18f75558', 'device_owner': 'network:router_gateway', 'standard_attr_id': 234, 'fixed_ips': [{'subnet_id': '358edae6-2a30-46d4-aa71-233455c07f5c', 'ip_address': '172.28.2.213', 'prefixlen': 24}], 'allowed_address_pairs': [], 'extra_dhcp_opts': [], 'security_groups': [], 'description': '', 'binding:vnic_type': 'normal', 'binding:profile': {}, 'binding:host_id': '', 'binding:vif_type': 'unbound', 'binding:vif_details': {}, 'port_security_enabled': False, 'tags': [], 'created_at': '2021-06-09T20:10:12Z', 'updated_at': '2021-06-09T20:10:12Z', 'revision_number': 1, 'project_id': '', 'subnets': [{'id': '358edae6-2a30-46d4-aa71-233455c07f5c', 'cidr': '172.28.2.0/24', 'gateway_ip': '172.28.2.1', 'dns_nameservers': [], 'ipv6_ra_mode': None, 'subnetpool_id': None}], 'extra_subnets': [], 'address_scopes': {4: None, 6: None}, 'mtu': 1500}, 'enable_snat': True, 'gw_port_host': 'dv-cinder-795669-1-smb'}], 'dv-cinder-795669-1-smb', False) {} {{(pid=92526) wrapper /usr/local/lib/python3.8/dist-packages/oslo_log/helpers.py:65}}
Jun 09 20:10:15.651895 dv-cinder-795669-1-smb neutron-server[92526]: DEBUG neutron.api.rpc.handlers.l3_rpc [None req-2633da0b-56ab-4630-8d3c-528bffd8c093 None None] Checking router: b6fec4ff-53e1-40ad-93bb-d72e18f75558 for host: dv-cinder-795669-1-smb {{(pid=92526) _ensure_host_set_on_ports /opt/stack/neutron/neutron/api/rpc/handlers/l3_rpc.py:155}}
Jun 09 20:10:15.652474 dv-cinder-795669-1-smb neutron-server[92526]: DEBUG neutron.api.rpc.handlers.l3_rpc [None req-2633da0b-56ab-4630-8d3c-528bffd8c093 None None] Updating router b6fec4ff-53e1-40ad-93bb-d72e18f75558 port 871f7d0c-82a0-4180-b878-75151a948bdd binding host dv-cinder-795669-1-smb {{(pid=92526) _ensure_host_set_on_port /opt/stack/neutron/neutron/api/rpc/handlers/l3_rpc.py:205}}
Jun 09 20:10:15.726382 dv-cinder-795669-1-smb neutron-server[92526]: DEBUG neutron_lib.callbacks.manager [None req-2633da0b-56ab-4630-8d3c-528bffd8c093 None None] Notify callbacks ['neutron.plugins.ml2.plugin.SecurityGroupDbMixin._ensure_default_security_group_handler_port-630729'] for port, before_update {{(pid=92526) _notify_loop /usr/local/lib/python3.8/dist-packages/neutron_lib/callbacks/manager.py:192}}
Jun 09 20:10:16.030971 dv-cinder-795669-1-smb neutron-server[92523]: DEBUG neutron_lib.callbacks.manager [None req-96a8ce39-bd5d-45b1-a652-42e73ae6d37a admin admin] Notify callbacks ['neutron.plugins.ml2.plugin.SecurityGroupDbMixin._ensure_default_security_group_handler_port-630729'] for port, before_create {{(pid=92523) _notify_loop /usr/local/lib/python3.8/dist-packages/neutron_lib/callbacks/manager.py:192}}
Jun 09 20:10:16.132317 dv-cinder-795669-1-smb neutron-server[92526]: DEBUG neutron_lib.callbacks.manager [None req-2633da0b-56ab-4630-8d3c-528bffd8c093 None None] Notify callbacks [] for port, precommit_update {{(pid=92526) _notify_loop /usr/local/lib/python3.8/dist-packages/neutron_lib/callbacks/manager.py:192}}
Jun 09 20:10:16.148410 dv-cinder-795669-1-smb neutron-server[92526]: DEBUG neutron.db.provisioning_blocks [None req-2633da0b-56ab-4630-8d3c-528bffd8c093 None None] Transition to ACTIVE for port object 871f7d0c-82a0-4180-b878-75151a948bdd will not be triggered until provisioned by entity L2. {{(pid=92526) add_provisioning_component /opt/stack/neutron/neutron/db/provisioning_blocks.py:73}}
Jun 09 20:10:16.176636 dv-cinder-795669-1-smb neutron-server[92522]: DEBUG neutron.pecan_wsgi.hooks.policy_enforcement [req-3baa0ca5-433e-433a-a21f-71b6c4bcf542 req-9f115783-1c25-4950-862f-e0ebdcc0234e tempest-VolumesActionsTest-1193291638 tempest-VolumesActionsTest-1193291638-project] Attributes excluded by policy engine: ['standard_attr_id', 'binding:profile', 'binding:host_id', 'binding:vif_type', 'binding:vif_details'] {{(pid=92522) _exclude_attributes_by_policy /opt/stack/neutron/neutron/pecan_wsgi/hooks/policy_enforcement.py:255}}
Jun 09 20:10:16.183577 dv-cinder-795669-1-smb neutron-server[92522]: INFO neutron.wsgi [req-3baa0ca5-433e-433a-a21f-71b6c4bcf542 req-9f115783-1c25-4950-862f-e0ebdcc0234e tempest-VolumesActionsTest-1193291638 tempest-VolumesActionsTest-1193291638-project] 10.222.0.13 "GET /v2.0/ports?device_id=2180f966-4efd-4816-807d-48a03c61f2d8 HTTP/1.1" status: 200 len: 943 time: 0.1037409
Jun 09 20:10:16.242548 dv-cinder-795669-1-smb neutron-server[92526]: DEBUG neutron_lib.callbacks.manager [None req-2633da0b-56ab-4630-8d3c-528bffd8c093 None None] Notify callbacks ['neutron.plugins.ml2.plugin.SecurityGroupServerNotifierRpcMixin.notify_sg_on_port_change-621192', 'neutron.plugins.ml2.ovo_rpc._ObjectChangeHandler.handle_event-102707', 'neutron.api.rpc.agentnotifiers.dhcp_rpc_agent_api.DhcpAgentNotifyAPI._native_event_send_dhcp_notification-1617025', 'neutron.db.l3_db.L3RpcNotifierMixin._notify_gateway_port_ip_changed-8783488335086', 'neutron.db.l3_dvrscheduler_db._notify_l3_agent_port_update-8783487900034', 'neutron.db.l3_hascheduler_db._notify_l3_agent_ha_port_update-8783487900079'] for port, after_update {{(pid=92526) _notify_loop /usr/local/lib/python3.8/dist-packages/neutron_lib/callbacks/manager.py:192}}
Jun 09 20:10:16.248300 dv-cinder-795669-1-smb neutron-server[92526]: DEBUG oslo_concurrency.lockutils [-] Lock "event-dispatch" acquired by "neutron.plugins.ml2.ovo_rpc._ObjectChangeHandler.dispatch_events" :: waited 0.000s {{(pid=92526) inner /usr/local/lib/python3.8/dist-packages/oslo_concurrency/lockutils.py:355}}
Jun 09 20:10:16.250953 dv-cinder-795669-1-smb neutron-server[92522]: INFO neutron.wsgi [req-3baa0ca5-433e-433a-a21f-71b6c4bcf542 req-2190e841-5b55-46f3-a873-75388d987bb6 tempest-VolumesActionsTest-1193291638 tempest-VolumesActionsTest-1193291638-project] 10.222.0.13 "GET /v2.0/security-groups?id=eafa97bc-b1ff-4a2e-8436-687a15ccc2b0&fields=id&fields=name HTTP/1.1" status: 200 len: 286 time: 0.0658791
Jun 09 20:10:16.327875 dv-cinder-795669-1-smb neutron-server[92526]: DEBUG neutron.api.rpc.handlers.resources_rpc [None req-24bc6c4f-9250-4f5e-9058-eeb505de59b0 None None] Pushing event updated for resources: {'Port': ['ID=871f7d0c-82a0-4180-b878-75151a948bdd,revision_number=2']} {{(pid=92526) push /opt/stack/neutron/neutron/api/rpc/handlers/resources_rpc.py:237}}
Jun 09 20:10:16.337425 dv-cinder-795669-1-smb neutron-server[92526]: DEBUG neutron.api.rpc.callbacks.version_manager [None req-24bc6c4f-9250-4f5e-9058-eeb505de59b0 None None] Version for resource type AddressGroup changed None to 1.2 on consumer Open vSwitch agent@dv-cinder-795669-1-smb {{(pid=92526) _set_version /opt/stack/neutron/neutron/api/rpc/callbacks/version_manager.py:113}}
Jun 09 20:10:16.337874 dv-cinder-795669-1-smb neutron-server[92526]: DEBUG neutron.api.rpc.callbacks.version_manager [None req-24bc6c4f-9250-4f5e-9058-eeb505de59b0 None None] Version for resource type ConntrackHelper changed None to 1.0 on consumer Open vSwitch agent@dv-cinder-795669-1-smb {{(pid=92526) _set_version /opt/stack/neutron/neutron/api/rpc/callbacks/version_manager.py:113}}
Jun 09 20:10:16.338352 dv-cinder-795669-1-smb neutron-server[92526]: DEBUG neutron.api.rpc.callbacks.version_manager [None req-24bc6c4f-9250-4f5e-9058-eeb505de59b0 None None] Version for resource type Log changed None to 1.0 on consumer Open vSwitch agent@dv-cinder-795669-1-smb {{(pid=92526) _set_version /opt/stack/neutron/neutron/api/rpc/callbacks/version_manager.py:113}}
Jun 09 20:10:16.338773 dv-cinder-795669-1-smb neutron-server[92526]: DEBUG neutron.api.rpc.callbacks.version_manager [None req-24bc6c4f-9250-4f5e-9058-eeb505de59b0 None None] Version for resource type Network changed None to 1.1 on consumer Open vSwitch agent@dv-cinder-795669-1-smb {{(pid=92526) _set_version /opt/stack/neutron/neutron/api/rpc/callbacks/version_manager.py:113}}
Jun 09 20:10:16.339037 dv-cinder-795669-1-smb neutron-server[92526]: DEBUG neutron.api.rpc.callbacks.version_manager [None req-24bc6c4f-9250-4f5e-9058-eeb505de59b0 None None] Version for resource type Port changed None to 1.7 on consumer Open vSwitch agent@dv-cinder-795669-1-smb {{(pid=92526) _set_version /opt/stack/neutron/neutron/api/rpc/callbacks/version_manager.py:113}}
Jun 09 20:10:16.339391 dv-cinder-795669-1-smb neutron-server[92526]: DEBUG neutron.api.rpc.callbacks.version_manager [None req-24bc6c4f-9250-4f5e-9058-eeb505de59b0 None None] Version for resource type PortForwarding changed None to 1.2 on consumer Open vSwitch agent@dv-cinder-795669-1-smb {{(pid=92526) _set_version /opt/stack/neutron/neutron/api/rpc/callbacks/version_manager.py:113}}
Jun 09 20:10:16.339771 dv-cinder-795669-1-smb neutron-server[92526]: DEBUG neutron.api.rpc.callbacks.version_manager [None req-24bc6c4f-9250-4f5e-9058-eeb505de59b0 None None] Version for resource type QosPolicy changed None to 1.8 on consumer Open vSwitch agent@dv-cinder-795669-1-smb {{(pid=92526) _set_version /opt/stack/neutron/neutron/api/rpc/callbacks/version_manager.py:113}}
Jun 09 20:10:16.340025 dv-cinder-795669-1-smb neutron-server[92526]: DEBUG neutron.api.rpc.callbacks.version_manager [None req-24bc6c4f-9250-4f5e-9058-eeb505de59b0 None None] Version for resource type SecurityGroup changed None to 1.4 on consumer Open vSwitch agent@dv-cinder-795669-1-smb {{(pid=92526) _set_version /opt/stack/neutron/neutron/api/rpc/callbacks/version_manager.py:113}}
Jun 09 20:10:16.340428 dv-cinder-795669-1-smb neutron-server[92526]: DEBUG neutron.api.rpc.callbacks.version_manager [None req-24bc6c4f-9250-4f5e-9058-eeb505de59b0 None None] Version for resource type SecurityGroupRule changed None to 1.2 on consumer Open vSwitch agent@dv-cinder-795669-1-smb {{(pid=92526) _set_version /opt/stack/neutron/neutron/api/rpc/callbacks/version_manager.py:113}}
Jun 09 20:10:16.340755 dv-cinder-795669-1-smb neutron-server[92526]: DEBUG neutron.api.rpc.callbacks.version_manager [None req-24bc6c4f-9250-4f5e-9058-eeb505de59b0 None None] Version for resource type SubPort changed None to 1.0 on consumer Open vSwitch agent@dv-cinder-795669-1-smb {{(pid=92526) _set_version /opt/stack/neutron/neutron/api/rpc/callbacks/version_manager.py:113}}
Jun 09 20:10:16.341184 dv-cinder-795669-1-smb neutron-server[92526]: DEBUG neutron.api.rpc.callbacks.version_manager [None req-24bc6c4f-9250-4f5e-9058-eeb505de59b0 None None] Version for resource type Subnet changed None to 1.1 on consumer Open vSwitch agent@dv-cinder-795669-1-smb {{(pid=92526) _set_version /opt/stack/neutron/neutron/api/rpc/callbacks/version_manager.py:113}}
Jun 09 20:10:16.341502 dv-cinder-795669-1-smb neutron-server[92526]: DEBUG neutron.api.rpc.callbacks.version_manager [None req-24bc6c4f-9250-4f5e-9058-eeb505de59b0 None None] Version for resource type Trunk changed None to 1.1 on consumer Open vSwitch agent@dv-cinder-795669-1-smb {{(pid=92526) _set_version /opt/stack/neutron/neutron/api/rpc/callbacks/version_manager.py:113}}
Jun 09 20:10:16.348502 dv-cinder-795669-1-smb neutron-server[92523]: DEBUG neutron.db.db_base_plugin_common [None req-96a8ce39-bd5d-45b1-a652-42e73ae6d37a admin admin] Allocated IP 172.20.0.1 (0a5bab30-d3c4-4f4e-8da6-574d954ded4a/b017fcd3-3ab7-4aa8-80b9-63d2727e2b46/4b414854-043f-476f-af88-a541ca4641e5) {{(pid=92523) _store_ip_allocation /opt/stack/neutron/neutron/db/db_base_plugin_common.py:131}}
Jun 09 20:10:16.356777 dv-cinder-795669-1-smb neutron-server[92526]: DEBUG oslo_concurrency.lockutils [None req-24bc6c4f-9250-4f5e-9058-eeb505de59b0 None None] Lock "event-dispatch" released by "neutron.plugins.ml2.ovo_rpc._ObjectChangeHandler.dispatch_events" :: held 0.109s {{(pid=92526) inner /usr/local/lib/python3.8/dist-packages/oslo_concurrency/lockutils.py:367}}
Jun 09 20:10:16.391987 dv-cinder-795669-1-smb neutron-server[92526]: DEBUG neutron.plugins.ml2.managers [None req-2633da0b-56ab-4630-8d3c-528bffd8c093 None None] Attempting to bind port 871f7d0c-82a0-4180-b878-75151a948bdd on host dv-cinder-795669-1-smb for vnic_type normal with profile {{(pid=92526) bind_port /opt/stack/neutron/neutron/plugins/ml2/managers.py:790}}
Jun 09 20:10:16.392400 dv-cinder-795669-1-smb neutron-server[92526]: DEBUG neutron.plugins.ml2.managers [None req-2633da0b-56ab-4630-8d3c-528bffd8c093 None None] Attempting to bind port 871f7d0c-82a0-4180-b878-75151a948bdd by drivers openvswitch,hyperv on host dv-cinder-795669-1-smb at level 0 using segments [{'id': 'ac1b520c-e0e7-4cdb-98ef-458817cdd070', 'network_type': 'flat', 'physical_network': 'physnet1', 'segmentation_id': None, 'network_id': 'cdcc00ba-b73f-4255-8474-a84bc9f15259'}] {{(pid=92526) _bind_port_level /opt/stack/neutron/neutron/plugins/ml2/managers.py:815}}
Jun 09 20:10:16.392825 dv-cinder-795669-1-smb neutron-server[92526]: DEBUG neutron.plugins.ml2.drivers.mech_agent [None req-2633da0b-56ab-4630-8d3c-528bffd8c093 None None] Attempting to bind port 871f7d0c-82a0-4180-b878-75151a948bdd on network cdcc00ba-b73f-4255-8474-a84bc9f15259 {{(pid=92526) bind_port /opt/stack/neutron/neutron/plugins/ml2/drivers/mech_agent.py:86}}
Jun 09 20:10:16.407917 dv-cinder-795669-1-smb neutron-server[92526]: DEBUG neutron.plugins.ml2.drivers.mech_agent [None req-2633da0b-56ab-4630-8d3c-528bffd8c093 None None] Checking agent: {'id': '9b58a7f5-df0d-48e1-9207-2a7448b49a55', 'agent_type': 'Open vSwitch agent', 'binary': 'neutron-openvswitch-agent', 'topic': 'N/A', 'host': 'dv-cinder-795669-1-smb', 'admin_state_up': True, 'created_at': datetime.datetime(2021, 6, 9, 19, 59, 44), 'started_at': datetime.datetime(2021, 6, 9, 20, 0, 14), 'heartbeat_timestamp': datetime.datetime(2021, 6, 9, 20, 10, 14), 'description': None, 'resources_synced': None, 'availability_zone': None, 'alive': True, 'configurations': {'arp_responder_enabled': False, 'baremetal_smartnic': False, 'bridge_mappings': {'physnet1': 'br-data'}, 'datapath_type': 'system', 'devices': 0, 'enable_distributed_routing': False, 'extensions': [], 'in_distributed_mode': False, 'integration_bridge': 'br-int', 'l2_population': False, 'log_agent_heartbeats': False, 'ovs_capabilities': {'datapath_types': ['netdev', 'system'], 'iface_types': ['erspan', 'geneve', 'gre', 'internal', 'ip6erspan', 'ip6gre', 'lisp', 'patch', 'stt', 'system', 'tap', 'vxlan']}, 'ovs_hybrid_plug': False, 'resource_provider_bandwidths': {}, 'resource_provider_hypervisors': {'br-data': 'dv-cinder-795669-1-smb'}, 'resource_provider_inventory_defaults': {'allocation_ratio': 1.0, 'min_unit': 1, 'step_size': 1, 'reserved': 0}, 'tunnel_types': [], 'tunneling_ip': None, 'vhostuser_socket_dir': '/var/run/openvswitch'}, 'resource_versions': {'AddressGroup': '1.2', 'ConntrackHelper': '1.0', 'Log': '1.0', 'Network': '1.1', 'Port': '1.7', 'PortForwarding': '1.2', 'QosPolicy': '1.8', 'SecurityGroup': '1.4', 'SecurityGroupRule': '1.2', 'SubPort': '1.0', 'Subnet': '1.1', 'Trunk': '1.1'}} {{(pid=92526) bind_port /opt/stack/neutron/neutron/plugins/ml2/drivers/mech_agent.py:105}}
Jun 09 20:10:16.408595 dv-cinder-795669-1-smb neutron-server[92526]: DEBUG neutron.plugins.ml2.drivers.mech_agent [None req-2633da0b-56ab-4630-8d3c-528bffd8c093 None None] Checking segment: {'id': 'ac1b520c-e0e7-4cdb-98ef-458817cdd070', 'network_type': 'flat', 'physical_network': 'physnet1', 'segmentation_id': None, 'network_id': 'cdcc00ba-b73f-4255-8474-a84bc9f15259'} for mappings: {'physnet1': 'br-data'} with network types: ['local', 'flat', 'vlan'] {{(pid=92526) check_segment_for_agent /opt/stack/neutron/neutron/plugins/ml2/drivers/mech_agent.py:341}}
Jun 09 20:10:16.409884 dv-cinder-795669-1-smb neutron-server[92526]: DEBUG neutron_lib.callbacks.manager [None req-2633da0b-56ab-4630-8d3c-528bffd8c093 None None] Notify callbacks [] for ovs_bridge_name, before_read {{(pid=92526) _notify_loop /usr/local/lib/python3.8/dist-packages/neutron_lib/callbacks/manager.py:192}}
Jun 09 20:10:16.414715 dv-cinder-795669-1-smb neutron-server[92526]: DEBUG neutron.plugins.ml2.drivers.mech_agent [None req-2633da0b-56ab-4630-8d3c-528bffd8c093 None None] Bound using segment: {'id': 'ac1b520c-e0e7-4cdb-98ef-458817cdd070', 'network_type': 'flat', 'physical_network': 'physnet1', 'segmentation_id': None, 'network_id': 'cdcc00ba-b73f-4255-8474-a84bc9f15259'} {{(pid=92526) bind_port /opt/stack/neutron/neutron/plugins/ml2/drivers/mech_agent.py:115}}
Jun 09 20:10:16.423440 dv-cinder-795669-1-smb neutron-server[92526]: DEBUG neutron.plugins.ml2.managers [None req-2633da0b-56ab-4630-8d3c-528bffd8c093 None None] Bound port: 871f7d0c-82a0-4180-b878-75151a948bdd, host: dv-cinder-795669-1-smb, vif_type: ovs, vif_details: {"connectivity": "l2", "port_filter": true, "ovs_hybrid_plug": false, "datapath_type": "system", "bridge_name": "br-int"}, binding_levels: [{'bound_driver': 'openvswitch', 'bound_segment': {'id': 'ac1b520c-e0e7-4cdb-98ef-458817cdd070', 'network_type': 'flat', 'physical_network': 'physnet1', 'segmentation_id': None, 'network_id': 'cdcc00ba-b73f-4255-8474-a84bc9f15259'}}] {{(pid=92526) _bind_port_level /opt/stack/neutron/neutron/plugins/ml2/managers.py:928}}
Jun 09 20:10:16.423440 dv-cinder-795669-1-smb neutron-server[92526]: DEBUG neutron_lib.callbacks.manager [None req-2633da0b-56ab-4630-8d3c-528bffd8c093 None None] Notify callbacks ['neutron.plugins.ml2.plugin.SecurityGroupDbMixin._ensure_default_security_group_handler_port-630729'] for port, before_update {{(pid=92526) _notify_loop /usr/local/lib/python3.8/dist-packages/neutron_lib/callbacks/manager.py:192}}
Jun 09 20:10:16.541939 dv-cinder-795669-1-smb neutron-server[92526]: DEBUG neutron.plugins.ml2.db [None req-2633da0b-56ab-4630-8d3c-528bffd8c093 None None] For port 871f7d0c-82a0-4180-b878-75151a948bdd, host dv-cinder-795669-1-smb, cleared binding levels {{(pid=92526) clear_binding_levels /opt/stack/neutron/neutron/plugins/ml2/db.py:88}}
Jun 09 20:10:16.552376 dv-cinder-795669-1-smb neutron-server[92526]: DEBUG neutron.plugins.ml2.db [None req-2633da0b-56ab-4630-8d3c-528bffd8c093 None None] For port 871f7d0c-82a0-4180-b878-75151a948bdd, host dv-cinder-795669-1-smb, set binding levels [PortBindingLevel(driver='openvswitch',host='dv-cinder-795669-1-smb',level=0,port_id=871f7d0c-82a0-4180-b878-75151a948bdd,segment=NetworkSegment(ac1b520c-e0e7-4cdb-98ef-458817cdd070),segment_id=ac1b520c-e0e7-4cdb-98ef-458817cdd070)] {{(pid=92526) set_binding_levels /opt/stack/neutron/neutron/plugins/ml2/db.py:60}}
Jun 09 20:10:16.584038 dv-cinder-795669-1-smb neutron-server[92523]: DEBUG neutron_lib.callbacks.manager [None req-96a8ce39-bd5d-45b1-a652-42e73ae6d37a admin admin] Notify callbacks [] for port, precommit_create {{(pid=92523) _notify_loop /usr/local/lib/python3.8/dist-packages/neutron_lib/callbacks/manager.py:192}}
Jun 09 20:10:16.608475 dv-cinder-795669-1-smb neutron-server[92524]: DEBUG neutron_lib.callbacks.manager [None req-c5278827-f3f4-4299-8f44-fae95daf2c2c None None] Notify callbacks ['neutron.services.segments.db._update_segment_host_mapping_for_agent-8783488395686', 'neutron.plugins.ml2.plugin.Ml2Plugin._retry_binding_revived_agents-953121'] for agent, after_update {{(pid=92524) _notify_loop /usr/local/lib/python3.8/dist-packages/neutron_lib/callbacks/manager.py:192}}
Jun 09 20:10:16.665222 dv-cinder-795669-1-smb neutron-server[92526]: DEBUG neutron_lib.callbacks.manager [None req-2633da0b-56ab-4630-8d3c-528bffd8c093 None None] Notify callbacks ['neutron.plugins.ml2.plugin.SecurityGroupServerNotifierRpcMixin.notify_sg_on_port_change-621192', 'neutron.plugins.ml2.ovo_rpc._ObjectChangeHandler.handle_event-102707', 'neutron.api.rpc.agentnotifiers.dhcp_rpc_agent_api.DhcpAgentNotifyAPI._native_event_send_dhcp_notification-1617025', 'neutron.db.l3_db.L3RpcNotifierMixin._notify_gateway_port_ip_changed-8783488335086', 'neutron.db.l3_dvrscheduler_db._notify_l3_agent_port_update-8783487900034', 'neutron.db.l3_hascheduler_db._notify_l3_agent_ha_port_update-8783487900079'] for port, after_update {{(pid=92526) _notify_loop /usr/local/lib/python3.8/dist-packages/neutron_lib/callbacks/manager.py:192}}
Jun 09 20:10:16.672051 dv-cinder-795669-1-smb neutron-server[92526]: DEBUG oslo_concurrency.lockutils [-] Lock "event-dispatch" acquired by "neutron.plugins.ml2.ovo_rpc._ObjectChangeHandler.dispatch_events" :: waited 0.000s {{(pid=92526) inner /usr/local/lib/python3.8/dist-packages/oslo_concurrency/lockutils.py:355}}
Jun 09 20:10:16.705764 dv-cinder-795669-1-smb neutron-server[92523]: DEBUG neutron_lib.callbacks.manager [None req-96a8ce39-bd5d-45b1-a652-42e73ae6d37a admin admin] Notify callbacks ['neutron.plugins.ml2.plugin.SecurityGroupServerNotifierRpcMixin._notify_sg_on_port_after_update-621233', 'neutron.plugins.ml2.ovo_rpc._ObjectChangeHandler.handle_payload_event-102692', 'neutron.api.rpc.agentnotifiers.dhcp_rpc_agent_api.DhcpAgentNotifyAPI._native_event_send_dhcp_notification_payload-1617144', 'neutron.db.l3_dvrscheduler_db._notify_l3_agent_new_port-8783487900016', 'neutron.services.segments.plugin.NovaSegmentNotifier._notify_port_created-2254846'] for port, after_create {{(pid=92523) _notify_loop /usr/local/lib/python3.8/dist-packages/neutron_lib/callbacks/manager.py:192}}
Jun 09 20:10:16.710233 dv-cinder-795669-1-smb neutron-server[92523]: DEBUG oslo_concurrency.lockutils [None req-b768a113-f83a-498f-9022-08a50ec99e2d service neutron] Lock "event-dispatch" acquired by "neutron.plugins.ml2.ovo_rpc._ObjectChangeHandler.dispatch_events" :: waited 0.000s {{(pid=92523) inner /usr/local/lib/python3.8/dist-packages/oslo_concurrency/lockutils.py:355}}
Jun 09 20:10:16.772560 dv-cinder-795669-1-smb neutron-server[92526]: DEBUG neutron.db.l3_dvrscheduler_db [None req-2633da0b-56ab-4630-8d3c-528bffd8c093 None None] Routers {'b6fec4ff-53e1-40ad-93bb-d72e18f75558'} bound to L3 agent in host dv-cinder-795669-1-smb {{(pid=92526) _get_router_ids_for_agent /opt/stack/neutron/neutron/db/l3_dvrscheduler_db.py:422}}
Jun 09 20:10:16.773376 dv-cinder-795669-1-smb neutron-server[92526]: DEBUG neutron.db.l3_hamode_db [None req-2633da0b-56ab-4630-8d3c-528bffd8c093 None None] neutron.services.l3_router.l3_router_plugin.L3RouterPlugin method get_ha_sync_data_for_host called with arguments (, 'dv-cinder-795669-1-smb', Agent(admin_state_up=True,agent_type='L3 agent',availability_zone='nova',binary='neutron-l3-agent',configurations={"agent_mode": "legacy", "ex_gw_ports": 3, "extensions": [], "floating_ips": 2, "handle_internal_only_routers": true, "interface_driver": "openvswitch", "interfaces": 3, "log_agent_heartbeats": false, "routers": 3},created_at=2021-06-09T19:59:44Z,description=,heartbeat_timestamp=2021-06-09T20:10:14Z,host='dv-cinder-795669-1-smb',id=5a59c719-f99d-45b0-86f1-56ed4fcdf4b1,load=0,resource_versions=,resources_synced=,started_at=2021-06-09T19:59:44Z,topic='l3_agent')) {'router_ids': ['b6fec4ff-53e1-40ad-93bb-d72e18f75558'], 'active': True} {{(pid=92526) wrapper /usr/local/lib/python3.8/dist-packages/oslo_log/helpers.py:65}}
Jun 09 20:10:16.774533 dv-cinder-795669-1-smb neutron-server[92523]: DEBUG neutron.scheduler.dhcp_agent_scheduler [None req-96a8ce39-bd5d-45b1-a652-42e73ae6d37a admin admin] Network 0a5bab30-d3c4-4f4e-8da6-574d954ded4a is already hosted by enough agents. {{(pid=92523) _get_dhcp_agents_hosting_network /opt/stack/neutron/neutron/scheduler/dhcp_agent_scheduler.py:275}}
Jun 09 20:10:16.777360 dv-cinder-795669-1-smb neutron-server[92523]: DEBUG neutron.scheduler.base_scheduler [None req-96a8ce39-bd5d-45b1-a652-42e73ae6d37a admin admin] Resources bound (agent type, host, resource id): {{(pid=92523) schedule /opt/stack/neutron/neutron/scheduler/base_scheduler.py:57}}
Jun 09 20:10:16.780945 dv-cinder-795669-1-smb neutron-server[92523]: DEBUG neutron.db.l3_dvrscheduler_db [None req-96a8ce39-bd5d-45b1-a652-42e73ae6d37a admin admin] Received port after_create {{(pid=92523) _notify_l3_agent_new_port /opt/stack/neutron/neutron/db/l3_dvrscheduler_db.py:537}}
Jun 09 20:10:16.818529 dv-cinder-795669-1-smb neutron-server[92523]: DEBUG neutron.api.rpc.handlers.resources_rpc [None req-96a8ce39-bd5d-45b1-a652-42e73ae6d37a admin admin] Pushing event updated for resources: {'Port': ['ID=4b414854-043f-476f-af88-a541ca4641e5,revision_number=1']} {{(pid=92523) push /opt/stack/neutron/neutron/api/rpc/handlers/resources_rpc.py:237}}
Jun 09 20:10:16.822370 dv-cinder-795669-1-smb neutron-server[92523]: DEBUG oslo_concurrency.lockutils [None req-96a8ce39-bd5d-45b1-a652-42e73ae6d37a admin admin] Lock "event-dispatch" released by "neutron.plugins.ml2.ovo_rpc._ObjectChangeHandler.dispatch_events" :: held 0.112s {{(pid=92523) inner /usr/local/lib/python3.8/dist-packages/oslo_concurrency/lockutils.py:367}}
Jun 09 20:10:16.832683 dv-cinder-795669-1-smb neutron-server[92526]: DEBUG neutron.api.rpc.handlers.resources_rpc [None req-24bc6c4f-9250-4f5e-9058-eeb505de59b0 None None] Pushing event updated for resources: {'Port': ['ID=871f7d0c-82a0-4180-b878-75151a948bdd,revision_number=3']} {{(pid=92526) push /opt/stack/neutron/neutron/api/rpc/handlers/resources_rpc.py:237}}
Jun 09 20:10:16.840651 dv-cinder-795669-1-smb neutron-server[92523]: DEBUG neutron_lib.callbacks.manager [None req-96a8ce39-bd5d-45b1-a652-42e73ae6d37a admin admin] Notify callbacks ['neutron.services.l3_router.l3_router_plugin.DVRResourceOperationHandler._add_csnat_on_interface_create-1989629'] for router_interface, before_create {{(pid=92523) _notify_loop /usr/local/lib/python3.8/dist-packages/neutron_lib/callbacks/manager.py:192}}
