Jun 16 14:52:04.551849 dv-cinder-795009-4-smb devstack@c-api.service[110339]: /usr/local/lib/python3.8/dist-packages/oslo_context/context.py:105: DeprecationWarning: Policy enforcement is depending on the value of is_admin. This key is deprecated. Please update your policy file to use the standard policy values.
Jun 16 14:52:04.551849 dv-cinder-795009-4-smb devstack@c-api.service[110339]: warnings.warn('Policy enforcement is depending on the value of '
Jun 16 14:52:04.565125 dv-cinder-795009-4-smb devstack@c-api.service[110339]: INFO cinder.volume.api [None req-e79ee675-866e-45e2-ba55-84564ead9ae5 tempest-VolumesActionsTest-1625347317 tempest-VolumesActionsTest-1625347317-project] Volume info retrieved successfully.
Jun 16 14:52:04.579262 dv-cinder-795009-4-smb devstack@c-api.service[110339]: /usr/local/lib/python3.8/dist-packages/oslo_context/context.py:105: DeprecationWarning: Policy enforcement is depending on the value of is_admin. This key is deprecated. Please update your policy file to use the standard policy values.
Jun 16 14:52:04.579262 dv-cinder-795009-4-smb devstack@c-api.service[110339]: warnings.warn('Policy enforcement is depending on the value of '
Jun 16 14:52:04.580576 dv-cinder-795009-4-smb devstack@c-api.service[110338]: DEBUG cinder.volume.api [None req-ff91f900-83e7-44ea-a55d-6da0f035d732 tempest-VolumesListAdminTestJSON-1556375041 tempest-VolumesListAdminTestJSON-1556375041-project] Task 'cinder.volume.flows.api.create_volume.QuotaCommitTask;volume:create' (f9d2ddb4-8db2-4ee5-9c2c-0d290944bff7) transitioned into state 'SUCCESS' from state 'RUNNING' with result '{'volume_properties': VolumeProperties(attach_status='detached',availability_zone='nova',cgsnapshot_id=None,consistencygroup_id=None,display_description=None,display_name='tempest-VolumesListAdminTestJSON-Volume-1080321269',encryption_key_id=None,group_id=None,group_type_id=,metadata={},multiattach=False,project_id='ea4f8a009f4f4536bca76c0ebbb1fe61',qos_specs=None,replication_status=,reservations=['4b052843-cf0d-43b1-b44e-e715f516d822','9086c5ea-8254-4d63-b834-1494a9b8e72e','a4876fb5-e4ae-4481-b7ab-d1d356afae66','c6474685-ec4c-4ab7-8784-840270aeab54'],size=1,snapshot_id=None,source_replicaid=,source_volid=None,status='creating',user_id='28af3fbdfd65462db9ecb39e3b0e735c',volume_type_id=b565cdae-8219-480f-ad70-c01415e5fcef)}' {{(pid=110338) _task_receiver /usr/local/lib/python3.8/dist-packages/taskflow/listeners/logging.py:178}}
Jun 16 14:52:04.582394 dv-cinder-795009-4-smb devstack@c-api.service[110338]: DEBUG cinder.volume.api [None req-ff91f900-83e7-44ea-a55d-6da0f035d732 tempest-VolumesListAdminTestJSON-1556375041 tempest-VolumesListAdminTestJSON-1556375041-project] Task 'cinder.volume.flows.api.create_volume.VolumeCastTask;volume:create' (a4ade543-87f4-4d2a-b6ef-6f649962c312) transitioned into state 'RUNNING' from state 'PENDING' {{(pid=110338) _task_receiver /usr/local/lib/python3.8/dist-packages/taskflow/listeners/logging.py:190}}
Jun 16 14:52:04.587415 dv-cinder-795009-4-smb devstack@c-api.service[110339]: INFO cinder.api.openstack.wsgi [None req-e79ee675-866e-45e2-ba55-84564ead9ae5 tempest-VolumesActionsTest-1625347317 tempest-VolumesActionsTest-1625347317-project] http://10.222.0.123/volume/v3/b878463452f44009ab8f14d7b51ddc7d/volumes/18f18695-cf67-4a23-8a4b-977fdcaa9997 returned with HTTP 200
Jun 16 14:52:04.588483 dv-cinder-795009-4-smb devstack@c-api.service[110339]: [pid: 110339|app: 0|req: 160/343] 10.222.0.123 () {58 vars in 1330 bytes} [Wed Jun 16 14:52:04 2021] GET /volume/v3/b878463452f44009ab8f14d7b51ddc7d/volumes/18f18695-cf67-4a23-8a4b-977fdcaa9997 => generated 1246 bytes in 70 msecs (HTTP/1.1 200) 7 headers in 286 bytes (1 switches on core 0)
Jun 16 14:52:04.593419 dv-cinder-795009-4-smb devstack@c-api.service[110339]: INFO cinder.api.openstack.wsgi [None req-9efe6056-1f81-4050-b842-ad55c7e88c2f tempest-DeleteServersTestJSON-1365776511 tempest-DeleteServersTestJSON-1365776511-project] GET http://10.222.0.123/volume/v3/8f57116156a14320a17a16c3493f1cfa/volumes/153d1401-390c-498e-b7c1-c9abb0e73544
Jun 16 14:52:04.593886 dv-cinder-795009-4-smb devstack@c-api.service[110339]: DEBUG cinder.api.openstack.wsgi [None req-9efe6056-1f81-4050-b842-ad55c7e88c2f tempest-DeleteServersTestJSON-1365776511 tempest-DeleteServersTestJSON-1365776511-project] Empty body provided in request {{(pid=110339) get_body /opt/stack/cinder/cinder/api/openstack/wsgi.py:713}}
Jun 16 14:52:04.594151 dv-cinder-795009-4-smb devstack@c-api.service[110339]: /usr/local/lib/python3.8/dist-packages/webob/acceptparse.py:1047: DeprecationWarning: The behavior of AcceptValidHeader.best_match is currently being maintained for backward compatibility, but it will be deprecated in the future, as it does not conform to the RFC.
Jun 16 14:52:04.594151 dv-cinder-795009-4-smb devstack@c-api.service[110339]: warnings.warn(
Jun 16 14:52:04.594418 dv-cinder-795009-4-smb devstack@c-api.service[110339]: DEBUG cinder.api.openstack.wsgi [None req-9efe6056-1f81-4050-b842-ad55c7e88c2f tempest-DeleteServersTestJSON-1365776511 tempest-DeleteServersTestJSON-1365776511-project] Calling method 'show' {{(pid=110339) _process_stack /opt/stack/cinder/cinder/api/openstack/wsgi.py:866}}
Jun 16 14:52:04.608130 dv-cinder-795009-4-smb devstack@c-api.service[110338]: DEBUG cinder.volume.api [None req-ff91f900-83e7-44ea-a55d-6da0f035d732 tempest-VolumesListAdminTestJSON-1556375041 tempest-VolumesListAdminTestJSON-1556375041-project] Task 'cinder.volume.flows.api.create_volume.VolumeCastTask;volume:create' (a4ade543-87f4-4d2a-b6ef-6f649962c312) transitioned into state 'SUCCESS' from state 'RUNNING' with result 'None' {{(pid=110338) _task_receiver /usr/local/lib/python3.8/dist-packages/taskflow/listeners/logging.py:178}}
Jun 16 14:52:04.613108 dv-cinder-795009-4-smb devstack@c-api.service[110338]: DEBUG cinder.volume.api [None req-ff91f900-83e7-44ea-a55d-6da0f035d732 tempest-VolumesListAdminTestJSON-1556375041 tempest-VolumesListAdminTestJSON-1556375041-project] Flow 'volume_create_api' (d4c899a5-592f-450d-a4f1-bfa91d6ac8f6) transitioned into state 'SUCCESS' from state 'RUNNING' {{(pid=110338) _flow_receiver /usr/local/lib/python3.8/dist-packages/taskflow/listeners/logging.py:141}}
Jun 16 14:52:04.613531 dv-cinder-795009-4-smb devstack@c-api.service[110339]: /usr/local/lib/python3.8/dist-packages/oslo_context/context.py:105: DeprecationWarning: Policy enforcement is depending on the value of is_admin. This key is deprecated. Please update your policy file to use the standard policy values.
Jun 16 14:52:04.613531 dv-cinder-795009-4-smb devstack@c-api.service[110339]: warnings.warn('Policy enforcement is depending on the value of '
Jun 16 14:52:04.614573 dv-cinder-795009-4-smb devstack@c-api.service[110338]: INFO cinder.volume.api [None req-ff91f900-83e7-44ea-a55d-6da0f035d732 tempest-VolumesListAdminTestJSON-1556375041 tempest-VolumesListAdminTestJSON-1556375041-project] Create volume request issued successfully.
Jun 16 14:52:04.623114 dv-cinder-795009-4-smb devstack@c-api.service[110339]: INFO cinder.volume.api [None req-9efe6056-1f81-4050-b842-ad55c7e88c2f tempest-DeleteServersTestJSON-1365776511 tempest-DeleteServersTestJSON-1365776511-project] Volume info retrieved successfully.
Jun 16 14:52:04.627734 dv-cinder-795009-4-smb devstack@c-api.service[110338]: INFO cinder.api.openstack.wsgi [None req-ff91f900-83e7-44ea-a55d-6da0f035d732 tempest-VolumesListAdminTestJSON-1556375041 tempest-VolumesListAdminTestJSON-1556375041-project] http://10.222.0.123/volume/v3/ea4f8a009f4f4536bca76c0ebbb1fe61/volumes returned with HTTP 202
Jun 16 14:52:04.628893 dv-cinder-795009-4-smb devstack@c-api.service[110338]: [pid: 110338|app: 0|req: 184/344] 10.222.0.123 () {60 vars in 1240 bytes} [Wed Jun 16 14:52:04 2021] POST /volume/v3/ea4f8a009f4f4536bca76c0ebbb1fe61/volumes => generated 826 bytes in 446 msecs (HTTP/1.1 202) 7 headers in 291 bytes (1 switches on core 0)
Jun 16 14:52:04.641891 dv-cinder-795009-4-smb devstack@c-api.service[110339]: INFO cinder.api.openstack.wsgi [None req-9efe6056-1f81-4050-b842-ad55c7e88c2f tempest-DeleteServersTestJSON-1365776511 tempest-DeleteServersTestJSON-1365776511-project] http://10.222.0.123/volume/v3/8f57116156a14320a17a16c3493f1cfa/volumes/153d1401-390c-498e-b7c1-c9abb0e73544 returned with HTTP 200
Jun 16 14:52:04.642836 dv-cinder-795009-4-smb devstack@c-api.service[110339]: [pid: 110339|app: 0|req: 161/345] 10.222.0.123 () {58 vars in 1330 bytes} [Wed Jun 16 14:52:04 2021] GET /volume/v3/8f57116156a14320a17a16c3493f1cfa/volumes/153d1401-390c-498e-b7c1-c9abb0e73544 => generated 915 bytes in 54 msecs (HTTP/1.1 200) 7 headers in 285 bytes (1 switches on core 0)
Jun 16 14:52:04.814158 dv-cinder-795009-4-smb devstack@c-api.service[110338]: INFO cinder.api.openstack.wsgi [None req-6e9dbdae-780b-4037-9215-952c310f7902 tempest-VolumeRetypeWithoutMigrationTest-662807905 tempest-VolumeRetypeWithoutMigrationTest-662807905-project-admin] POST http://10.222.0.123/volume/v3/598630384c8d4561b219779ac9b126d3/types
Jun 16 14:52:04.815197 dv-cinder-795009-4-smb devstack@c-api.service[110338]: /usr/local/lib/python3.8/dist-packages/webob/acceptparse.py:1047: DeprecationWarning: The behavior of AcceptValidHeader.best_match is currently being maintained for backward compatibility, but it will be deprecated in the future, as it does not conform to the RFC.
Jun 16 14:52:04.815197 dv-cinder-795009-4-smb devstack@c-api.service[110338]: warnings.warn(
Jun 16 14:52:04.815575 dv-cinder-795009-4-smb devstack@c-api.service[110338]: DEBUG cinder.api.openstack.wsgi [None req-6e9dbdae-780b-4037-9215-952c310f7902 tempest-VolumeRetypeWithoutMigrationTest-662807905 tempest-VolumeRetypeWithoutMigrationTest-662807905-project-admin] Action: 'create', calling method: _create, body: {"volume_type": {"name": "volume-type-1"}} {{(pid=110338) _process_stack /opt/stack/cinder/cinder/api/openstack/wsgi.py:864}}
Jun 16 14:52:04.816701 dv-cinder-795009-4-smb devstack@c-api.service[110338]: /usr/local/lib/python3.8/dist-packages/oslo_context/context.py:105: DeprecationWarning: Policy enforcement is depending on the value of is_admin. This key is deprecated. Please update your policy file to use the standard policy values.
Jun 16 14:52:04.816701 dv-cinder-795009-4-smb devstack@c-api.service[110338]: warnings.warn('Policy enforcement is depending on the value of '
Jun 16 14:52:04.863485 dv-cinder-795009-4-smb devstack@c-api.service[110338]: INFO cinder.api.openstack.wsgi [None req-6e9dbdae-780b-4037-9215-952c310f7902 tempest-VolumeRetypeWithoutMigrationTest-662807905 tempest-VolumeRetypeWithoutMigrationTest-662807905-project-admin] http://10.222.0.123/volume/v3/598630384c8d4561b219779ac9b126d3/types returned with HTTP 200
Jun 16 14:52:04.871265 dv-cinder-795009-4-smb devstack@c-api.service[110338]: [pid: 110338|app: 0|req: 185/346] 10.222.0.123 () {60 vars in 1234 bytes} [Wed Jun 16 14:52:04 2021] POST /volume/v3/598630384c8d4561b219779ac9b126d3/types => generated 188 bytes in 241 msecs (HTTP/1.1 200) 7 headers in 285 bytes (1 switches on core 0)
Jun 16 14:52:04.875487 dv-cinder-795009-4-smb devstack@c-api.service[110338]: INFO cinder.api.openstack.wsgi [None req-c5e2013a-6bc3-4021-934e-1264c165716e tempest-VolumesListAdminTestJSON-1556375041 tempest-VolumesListAdminTestJSON-1556375041-project] GET http://10.222.0.123/volume/v3/ea4f8a009f4f4536bca76c0ebbb1fe61/volumes/14fad354-ddde-4757-a577-d2972c37868a
Jun 16 14:52:04.876275 dv-cinder-795009-4-smb devstack@c-api.service[110338]: DEBUG cinder.api.openstack.wsgi [None req-c5e2013a-6bc3-4021-934e-1264c165716e tempest-VolumesListAdminTestJSON-1556375041 tempest-VolumesListAdminTestJSON-1556375041-project] Empty body provided in request {{(pid=110338) get_body /opt/stack/cinder/cinder/api/openstack/wsgi.py:713}}
Jun 16 14:52:04.876941 dv-cinder-795009-4-smb devstack@c-api.service[110338]: DEBUG cinder.api.openstack.wsgi [None req-c5e2013a-6bc3-4021-934e-1264c165716e tempest-VolumesListAdminTestJSON-1556375041 tempest-VolumesListAdminTestJSON-1556375041-project] Calling method 'show' {{(pid=110338) _process_stack /opt/stack/cinder/cinder/api/openstack/wsgi.py:866}}
Jun 16 14:52:04.902879 dv-cinder-795009-4-smb devstack@c-api.service[110338]: /usr/local/lib/python3.8/dist-packages/oslo_context/context.py:105: DeprecationWarning: Policy enforcement is depending on the value of is_admin. This key is deprecated. Please update your policy file to use the standard policy values.
Jun 16 14:52:04.902879 dv-cinder-795009-4-smb devstack@c-api.service[110338]: warnings.warn('Policy enforcement is depending on the value of '
Jun 16 14:52:04.919900 dv-cinder-795009-4-smb devstack@c-api.service[110339]: INFO cinder.api.openstack.wsgi [None req-14ecea90-66c6-4749-92f1-f359ed01f0f4 tempest-VolumesActionsTest-591207852 tempest-VolumesActionsTest-591207852-project-admin] POST http://10.222.0.123/volume/v3/e1692da9ffbb433c9aa578e2c88b066e/volumes/18f18695-cf67-4a23-8a4b-977fdcaa9997/action
Jun 16 14:52:04.920496 dv-cinder-795009-4-smb devstack@c-api.service[110339]: /usr/local/lib/python3.8/dist-packages/webob/acceptparse.py:1047: DeprecationWarning: The behavior of AcceptValidHeader.best_match is currently being maintained for backward compatibility, but it will be deprecated in the future, as it does not conform to the RFC.
Jun 16 14:52:04.920496 dv-cinder-795009-4-smb devstack@c-api.service[110339]: warnings.warn(
Jun 16 14:52:04.920929 dv-cinder-795009-4-smb devstack@c-api.service[110339]: DEBUG cinder.api.openstack.wsgi [None req-14ecea90-66c6-4749-92f1-f359ed01f0f4 tempest-VolumesActionsTest-591207852 tempest-VolumesActionsTest-591207852-project-admin] Action body: b'{"os-reset_status": {"status": "error"}}' {{(pid=110339) get_method /opt/stack/cinder/cinder/api/openstack/wsgi.py:981}}
Jun 16 14:52:04.921749 dv-cinder-795009-4-smb devstack@c-api.service[110339]: DEBUG cinder.api.openstack.wsgi [None req-14ecea90-66c6-4749-92f1-f359ed01f0f4 tempest-VolumesActionsTest-591207852 tempest-VolumesActionsTest-591207852-project-admin] Action: 'action', calling method: _reset_status, body: {"os-reset_status": {"status": "error"}} {{(pid=110339) _process_stack /opt/stack/cinder/cinder/api/openstack/wsgi.py:864}}
Jun 16 14:52:04.922662 dv-cinder-795009-4-smb devstack@c-api.service[110339]: DEBUG cinder.api.contrib.admin_actions [None req-14ecea90-66c6-4749-92f1-f359ed01f0f4 tempest-VolumesActionsTest-591207852 tempest-VolumesActionsTest-591207852-project-admin] Updating volume '18f18695-cf67-4a23-8a4b-977fdcaa9997' with '{'status': 'error'}' {{(pid=110339) _reset_status /opt/stack/cinder/cinder/api/contrib/admin_actions.py:100}}
Jun 16 14:52:04.929095 dv-cinder-795009-4-smb devstack@c-api.service[110338]: INFO cinder.volume.api [None req-c5e2013a-6bc3-4021-934e-1264c165716e tempest-VolumesListAdminTestJSON-1556375041 tempest-VolumesListAdminTestJSON-1556375041-project] Volume info retrieved successfully.
Jun 16 14:52:04.947770 dv-cinder-795009-4-smb devstack@c-api.service[110338]: INFO cinder.api.openstack.wsgi [None req-c5e2013a-6bc3-4021-934e-1264c165716e tempest-VolumesListAdminTestJSON-1556375041 tempest-VolumesListAdminTestJSON-1556375041-project] http://10.222.0.123/volume/v3/ea4f8a009f4f4536bca76c0ebbb1fe61/volumes/14fad354-ddde-4757-a577-d2972c37868a returned with HTTP 200
Jun 16 14:52:04.949298 dv-cinder-795009-4-smb devstack@c-api.service[110338]: [pid: 110338|app: 0|req: 186/347] 10.222.0.123 () {58 vars in 1330 bytes} [Wed Jun 16 14:52:04 2021] GET /volume/v3/ea4f8a009f4f4536bca76c0ebbb1fe61/volumes/14fad354-ddde-4757-a577-d2972c37868a => generated 918 bytes in 77 msecs (HTTP/1.1 200) 7 headers in 285 bytes (1 switches on core 0)
Jun 16 14:52:04.954382 dv-cinder-795009-4-smb devstack@c-api.service[110338]: INFO cinder.api.openstack.wsgi [None req-ae20e30e-4dfc-489b-84b8-c71849118088 tempest-DeleteServersTestJSON-1365776511 tempest-DeleteServersTestJSON-1365776511-project] DELETE http://10.222.0.123/volume/v3/8f57116156a14320a17a16c3493f1cfa/volumes/153d1401-390c-498e-b7c1-c9abb0e73544
Jun 16 14:52:04.954922 dv-cinder-795009-4-smb devstack@c-api.service[110338]: DEBUG cinder.api.openstack.wsgi [None req-ae20e30e-4dfc-489b-84b8-c71849118088 tempest-DeleteServersTestJSON-1365776511 tempest-DeleteServersTestJSON-1365776511-project] Empty body provided in request {{(pid=110338) get_body /opt/stack/cinder/cinder/api/openstack/wsgi.py:713}}
Jun 16 14:52:04.955316 dv-cinder-795009-4-smb devstack@c-api.service[110338]: /usr/local/lib/python3.8/dist-packages/webob/acceptparse.py:1047: DeprecationWarning: The behavior of AcceptValidHeader.best_match is currently being maintained for backward compatibility, but it will be deprecated in the future, as it does not conform to the RFC.
Jun 16 14:52:04.955316 dv-cinder-795009-4-smb devstack@c-api.service[110338]: warnings.warn(
Jun 16 14:52:04.955807 dv-cinder-795009-4-smb devstack@c-api.service[110338]: DEBUG cinder.api.openstack.wsgi [None req-ae20e30e-4dfc-489b-84b8-c71849118088 tempest-DeleteServersTestJSON-1365776511 tempest-DeleteServersTestJSON-1365776511-project] Calling method 'delete' {{(pid=110338) _process_stack /opt/stack/cinder/cinder/api/openstack/wsgi.py:866}}
Jun 16 14:52:04.956301 dv-cinder-795009-4-smb devstack@c-api.service[110338]: INFO cinder.api.v3.volumes [None req-ae20e30e-4dfc-489b-84b8-c71849118088 tempest-DeleteServersTestJSON-1365776511 tempest-DeleteServersTestJSON-1365776511-project] Delete volume with id: 153d1401-390c-498e-b7c1-c9abb0e73544
Jun 16 14:52:04.960197 dv-cinder-795009-4-smb devstack@c-api.service[110339]: /usr/local/lib/python3.8/dist-packages/oslo_context/context.py:105: DeprecationWarning: Policy enforcement is depending on the value of is_admin. This key is deprecated. Please update your policy file to use the standard policy values.
Jun 16 14:52:04.960197 dv-cinder-795009-4-smb devstack@c-api.service[110339]: warnings.warn('Policy enforcement is depending on the value of '
Jun 16 14:52:04.971821 dv-cinder-795009-4-smb devstack@c-api.service[110338]: /usr/local/lib/python3.8/dist-packages/oslo_context/context.py:105: DeprecationWarning: Policy enforcement is depending on the value of is_admin. This key is deprecated. Please update your policy file to use the standard policy values.
Jun 16 14:52:04.971821 dv-cinder-795009-4-smb devstack@c-api.service[110338]: warnings.warn('Policy enforcement is depending on the value of '
Jun 16 14:52:04.973740 dv-cinder-795009-4-smb devstack@c-api.service[110338]: INFO cinder.volume.api [None req-ae20e30e-4dfc-489b-84b8-c71849118088 tempest-DeleteServersTestJSON-1365776511 tempest-DeleteServersTestJSON-1365776511-project] Volume info retrieved successfully.
Jun 16 14:52:05.006323 dv-cinder-795009-4-smb devstack@c-api.service[110338]: INFO cinder.volume.api [None req-ae20e30e-4dfc-489b-84b8-c71849118088 tempest-DeleteServersTestJSON-1365776511 tempest-DeleteServersTestJSON-1365776511-project] Delete volume request issued successfully.
Jun 16 14:52:05.006730 dv-cinder-795009-4-smb devstack@c-api.service[110338]: INFO cinder.api.openstack.wsgi [None req-ae20e30e-4dfc-489b-84b8-c71849118088 tempest-DeleteServersTestJSON-1365776511 tempest-DeleteServersTestJSON-1365776511-project] http://10.222.0.123/volume/v3/8f57116156a14320a17a16c3493f1cfa/volumes/153d1401-390c-498e-b7c1-c9abb0e73544 returned with HTTP 202
Jun 16 14:52:05.010738 dv-cinder-795009-4-smb devstack@c-api.service[110338]: [pid: 110338|app: 0|req: 187/348] 10.222.0.123 () {58 vars in 1333 bytes} [Wed Jun 16 14:52:04 2021] DELETE /volume/v3/8f57116156a14320a17a16c3493f1cfa/volumes/153d1401-390c-498e-b7c1-c9abb0e73544 => generated 0 bytes in 57 msecs (HTTP/1.1 202) 6 headers in 233 bytes (1 switches on core 0)
Jun 16 14:52:05.010884 dv-cinder-795009-4-smb devstack@c-api.service[110339]: INFO cinder.api.openstack.wsgi [None req-14ecea90-66c6-4749-92f1-f359ed01f0f4 tempest-VolumesActionsTest-591207852 tempest-VolumesActionsTest-591207852-project-admin] http://10.222.0.123/volume/v3/e1692da9ffbb433c9aa578e2c88b066e/volumes/18f18695-cf67-4a23-8a4b-977fdcaa9997/action returned with HTTP 202
Jun 16 14:52:05.010884 dv-cinder-795009-4-smb devstack@c-api.service[110339]: [pid: 110339|app: 0|req: 162/349] 10.222.0.123 () {60 vars in 1372 bytes} [Wed Jun 16 14:52:04 2021] POST /volume/v3/e1692da9ffbb433c9aa578e2c88b066e/volumes/18f18695-cf67-4a23-8a4b-977fdcaa9997/action => generated 0 bytes in 367 msecs (HTTP/1.1 202) 7 headers in 289 bytes (1 switches on core 0)
Jun 16 14:52:05.012531 dv-cinder-795009-4-smb devstack@c-api.service[110338]: INFO cinder.api.openstack.wsgi [None req-574752cd-89b6-4672-be71-6924a9a121f5 tempest-VolumeRetypeWithoutMigrationTest-662807905 tempest-VolumeRetypeWithoutMigrationTest-662807905-project-admin] POST http://10.222.0.123/volume/v3/598630384c8d4561b219779ac9b126d3/types
Jun 16 14:52:05.012989 dv-cinder-795009-4-smb devstack@c-api.service[110338]: /usr/local/lib/python3.8/dist-packages/webob/acceptparse.py:1047: DeprecationWarning: The behavior of AcceptValidHeader.best_match is currently being maintained for backward compatibility, but it will be deprecated in the future, as it does not conform to the RFC.
Jun 16 14:52:05.012989 dv-cinder-795009-4-smb devstack@c-api.service[110338]: warnings.warn(
Jun 16 14:52:05.013413 dv-cinder-795009-4-smb devstack@c-api.service[110338]: DEBUG cinder.api.openstack.wsgi [None req-574752cd-89b6-4672-be71-6924a9a121f5 tempest-VolumeRetypeWithoutMigrationTest-662807905 tempest-VolumeRetypeWithoutMigrationTest-662807905-project-admin] Action: 'create', calling method: _create, body: {"volume_type": {"name": "volume-type-2"}} {{(pid=110338) _process_stack /opt/stack/cinder/cinder/api/openstack/wsgi.py:864}}
Jun 16 14:52:05.021220 dv-cinder-795009-4-smb devstack@c-api.service[110339]: INFO cinder.api.openstack.wsgi [None req-b98b84c5-0534-4a25-bfbe-0396899dd8fe tempest-DeleteServersTestJSON-1365776511 tempest-DeleteServersTestJSON-1365776511-project] GET http://10.222.0.123/volume/v3/8f57116156a14320a17a16c3493f1cfa/volumes/153d1401-390c-498e-b7c1-c9abb0e73544
Jun 16 14:52:05.022276 dv-cinder-795009-4-smb devstack@c-api.service[110339]: DEBUG cinder.api.openstack.wsgi [None req-b98b84c5-0534-4a25-bfbe-0396899dd8fe tempest-DeleteServersTestJSON-1365776511 tempest-DeleteServersTestJSON-1365776511-project] Empty body provided in request {{(pid=110339) get_body /opt/stack/cinder/cinder/api/openstack/wsgi.py:713}}
Jun 16 14:52:05.022546 dv-cinder-795009-4-smb devstack@c-api.service[110339]: /usr/local/lib/python3.8/dist-packages/webob/acceptparse.py:1047: DeprecationWarning: The behavior of AcceptValidHeader.best_match is currently being maintained for backward compatibility, but it will be deprecated in the future, as it does not conform to the RFC.
Jun 16 14:52:05.022546 dv-cinder-795009-4-smb devstack@c-api.service[110339]: warnings.warn(
Jun 16 14:52:05.023092 dv-cinder-795009-4-smb devstack@c-api.service[110339]: DEBUG cinder.api.openstack.wsgi [None req-b98b84c5-0534-4a25-bfbe-0396899dd8fe tempest-DeleteServersTestJSON-1365776511 tempest-DeleteServersTestJSON-1365776511-project] Calling method 'show' {{(pid=110339) _process_stack /opt/stack/cinder/cinder/api/openstack/wsgi.py:866}}
Jun 16 14:52:05.038222 dv-cinder-795009-4-smb devstack@c-api.service[110338]: INFO cinder.api.openstack.wsgi [None req-574752cd-89b6-4672-be71-6924a9a121f5 tempest-VolumeRetypeWithoutMigrationTest-662807905 tempest-VolumeRetypeWithoutMigrationTest-662807905-project-admin] http://10.222.0.123/volume/v3/598630384c8d4561b219779ac9b126d3/types returned with HTTP 200
Jun 16 14:52:05.048244 dv-cinder-795009-4-smb devstack@c-api.service[110338]: [pid: 110338|app: 0|req: 188/350] 10.222.0.123 () {60 vars in 1234 bytes} [Wed Jun 16 14:52:05 2021] POST /volume/v3/598630384c8d4561b219779ac9b126d3/types => generated 188 bytes in 31 msecs (HTTP/1.1 200) 7 headers in 285 bytes (1 switches on core 0)
Jun 16 14:52:05.048543 dv-cinder-795009-4-smb devstack@c-api.service[110339]: /usr/local/lib/python3.8/dist-packages/oslo_context/context.py:105: DeprecationWarning: Policy enforcement is depending on the value of is_admin. This key is deprecated. Please update your policy file to use the standard policy values.
Jun 16 14:52:05.048543 dv-cinder-795009-4-smb devstack@c-api.service[110339]: warnings.warn('Policy enforcement is depending on the value of '
Jun 16 14:52:05.048815 dv-cinder-795009-4-smb devstack@c-api.service[110338]: INFO cinder.api.openstack.wsgi [None req-594adddf-ddca-49a3-88f5-4cecf722d7b0 tempest-VolumesActionsTest-1625347317 tempest-VolumesActionsTest-1625347317-project] GET http://10.222.0.123/volume/v3/b878463452f44009ab8f14d7b51ddc7d/volumes/18f18695-cf67-4a23-8a4b-977fdcaa9997
Jun 16 14:52:05.048815 dv-cinder-795009-4-smb devstack@c-api.service[110338]: DEBUG cinder.api.openstack.wsgi [None req-594adddf-ddca-49a3-88f5-4cecf722d7b0 tempest-VolumesActionsTest-1625347317 tempest-VolumesActionsTest-1625347317-project] Empty body provided in request {{(pid=110338) get_body /opt/stack/cinder/cinder/api/openstack/wsgi.py:713}}
Jun 16 14:52:05.048815 dv-cinder-795009-4-smb devstack@c-api.service[110338]: DEBUG cinder.api.openstack.wsgi [None req-594adddf-ddca-49a3-88f5-4cecf722d7b0 tempest-VolumesActionsTest-1625347317 tempest-VolumesActionsTest-1625347317-project] Calling method 'show' {{(pid=110338) _process_stack /opt/stack/cinder/cinder/api/openstack/wsgi.py:866}}
Jun 16 14:52:05.050296 dv-cinder-795009-4-smb devstack@c-api.service[110339]: INFO cinder.volume.api [None req-b98b84c5-0534-4a25-bfbe-0396899dd8fe tempest-DeleteServersTestJSON-1365776511 tempest-DeleteServersTestJSON-1365776511-project] Volume info retrieved successfully.
Jun 16 14:52:05.060060 dv-cinder-795009-4-smb devstack@c-api.service[110338]: /usr/local/lib/python3.8/dist-packages/oslo_context/context.py:105: DeprecationWarning: Policy enforcement is depending on the value of is_admin. This key is deprecated. Please update your policy file to use the standard policy values.
Jun 16 14:52:05.060060 dv-cinder-795009-4-smb devstack@c-api.service[110338]: warnings.warn('Policy enforcement is depending on the value of '
Jun 16 14:52:05.068646 dv-cinder-795009-4-smb devstack@c-api.service[110338]: INFO cinder.volume.api [None req-594adddf-ddca-49a3-88f5-4cecf722d7b0 tempest-VolumesActionsTest-1625347317 tempest-VolumesActionsTest-1625347317-project] Volume info retrieved successfully.
Jun 16 14:52:05.069509 dv-cinder-795009-4-smb devstack@c-api.service[110339]: INFO cinder.api.openstack.wsgi [None req-b98b84c5-0534-4a25-bfbe-0396899dd8fe tempest-DeleteServersTestJSON-1365776511 tempest-DeleteServersTestJSON-1365776511-project] http://10.222.0.123/volume/v3/8f57116156a14320a17a16c3493f1cfa/volumes/153d1401-390c-498e-b7c1-c9abb0e73544 returned with HTTP 200
Jun 16 14:52:05.070280 dv-cinder-795009-4-smb devstack@c-api.service[110339]: [pid: 110339|app: 0|req: 163/351] 10.222.0.123 () {58 vars in 1330 bytes} [Wed Jun 16 14:52:05 2021] GET /volume/v3/8f57116156a14320a17a16c3493f1cfa/volumes/153d1401-390c-498e-b7c1-c9abb0e73544 => generated 914 bytes in 56 msecs (HTTP/1.1 200) 7 headers in 285 bytes (1 switches on core 0)
Jun 16 14:52:05.092401 dv-cinder-795009-4-smb devstack@c-api.service[110338]: /usr/local/lib/python3.8/dist-packages/oslo_context/context.py:105: DeprecationWarning: Policy enforcement is depending on the value of is_admin. This key is deprecated. Please update your policy file to use the standard policy values.
Jun 16 14:52:05.092401 dv-cinder-795009-4-smb devstack@c-api.service[110338]: warnings.warn('Policy enforcement is depending on the value of '
Jun 16 14:52:05.100606 dv-cinder-795009-4-smb devstack@c-api.service[110338]: INFO cinder.api.openstack.wsgi [None req-594adddf-ddca-49a3-88f5-4cecf722d7b0 tempest-VolumesActionsTest-1625347317 tempest-VolumesActionsTest-1625347317-project] http://10.222.0.123/volume/v3/b878463452f44009ab8f14d7b51ddc7d/volumes/18f18695-cf67-4a23-8a4b-977fdcaa9997 returned with HTTP 200
Jun 16 14:52:05.109732 dv-cinder-795009-4-smb devstack@c-api.service[110338]: [pid: 110338|app: 0|req: 189/352] 10.222.0.123 () {58 vars in 1330 bytes} [Wed Jun 16 14:52:05 2021] GET /volume/v3/b878463452f44009ab8f14d7b51ddc7d/volumes/18f18695-cf67-4a23-8a4b-977fdcaa9997 => generated 1245 bytes in 70 msecs (HTTP/1.1 200) 7 headers in 286 bytes (1 switches on core 0)
Jun 16 14:52:05.118272 dv-cinder-795009-4-smb devstack@c-api.service[110338]: INFO cinder.api.openstack.wsgi [None req-073bf121-6ade-46a6-a825-a6ce56a8dd23 tempest-VolumesCloneTest-1701848268 tempest-VolumesCloneTest-1701848268-project] GET http://10.222.0.123/volume/v3/2022c5cc7ba84a54b763ad864135feae/volumes/408c9c83-6bad-4913-86ee-d8f3baca3bcc
Jun 16 14:52:05.118938 dv-cinder-795009-4-smb devstack@c-api.service[110338]: DEBUG cinder.api.openstack.wsgi [None req-073bf121-6ade-46a6-a825-a6ce56a8dd23 tempest-VolumesCloneTest-1701848268 tempest-VolumesCloneTest-1701848268-project] Empty body provided in request {{(pid=110338) get_body /opt/stack/cinder/cinder/api/openstack/wsgi.py:713}}
Jun 16 14:52:05.121136 dv-cinder-795009-4-smb devstack@c-api.service[110338]: /usr/local/lib/python3.8/dist-packages/webob/acceptparse.py:1047: DeprecationWarning: The behavior of AcceptValidHeader.best_match is currently being maintained for backward compatibility, but it will be deprecated in the future, as it does not conform to the RFC.
Jun 16 14:52:05.121136 dv-cinder-795009-4-smb devstack@c-api.service[110338]: warnings.warn(
Jun 16 14:52:05.121136 dv-cinder-795009-4-smb devstack@c-api.service[110338]: DEBUG cinder.api.openstack.wsgi [None req-073bf121-6ade-46a6-a825-a6ce56a8dd23 tempest-VolumesCloneTest-1701848268 tempest-VolumesCloneTest-1701848268-project] Calling method 'show' {{(pid=110338) _process_stack /opt/stack/cinder/cinder/api/openstack/wsgi.py:866}}
Jun 16 14:52:05.142171 dv-cinder-795009-4-smb devstack@c-api.service[110338]: /usr/local/lib/python3.8/dist-packages/oslo_context/context.py:105: DeprecationWarning: Policy enforcement is depending on the value of is_admin. This key is deprecated. Please update your policy file to use the standard policy values.
Jun 16 14:52:05.142171 dv-cinder-795009-4-smb devstack@c-api.service[110338]: warnings.warn('Policy enforcement is depending on the value of '
Jun 16 14:52:05.154976 dv-cinder-795009-4-smb devstack@c-api.service[110338]: INFO cinder.volume.api [None req-073bf121-6ade-46a6-a825-a6ce56a8dd23 tempest-VolumesCloneTest-1701848268 tempest-VolumesCloneTest-1701848268-project] Volume info retrieved successfully.
Jun 16 14:52:05.170202 dv-cinder-795009-4-smb devstack@c-api.service[110338]: INFO cinder.api.openstack.wsgi [None req-073bf121-6ade-46a6-a825-a6ce56a8dd23 tempest-VolumesCloneTest-1701848268 tempest-VolumesCloneTest-1701848268-project] http://10.222.0.123/volume/v3/2022c5cc7ba84a54b763ad864135feae/volumes/408c9c83-6bad-4913-86ee-d8f3baca3bcc returned with HTTP 200
Jun 16 14:52:05.170946 dv-cinder-795009-4-smb devstack@c-api.service[110338]: [pid: 110338|app: 0|req: 190/353] 10.222.0.123 () {58 vars in 1330 bytes} [Wed Jun 16 14:52:05 2021] GET /volume/v3/2022c5cc7ba84a54b763ad864135feae/volumes/408c9c83-6bad-4913-86ee-d8f3baca3bcc => generated 909 bytes in 60 msecs (HTTP/1.1 200) 7 headers in 285 bytes (1 switches on core 0)
Jun 16 14:52:05.174952 dv-cinder-795009-4-smb devstack@c-api.service[110338]: INFO cinder.api.openstack.wsgi [None req-196175b2-957c-4c57-993e-145e7f56a575 tempest-VolumesActionsTest-591207852 tempest-VolumesActionsTest-591207852-project-admin] POST http://10.222.0.123/volume/v3/e1692da9ffbb433c9aa578e2c88b066e/volumes/18f18695-cf67-4a23-8a4b-977fdcaa9997/action
Jun 16 14:52:05.175579 dv-cinder-795009-4-smb devstack@c-api.service[110338]: /usr/local/lib/python3.8/dist-packages/webob/acceptparse.py:1047: DeprecationWarning: The behavior of AcceptValidHeader.best_match is currently being maintained for backward compatibility, but it will be deprecated in the future, as it does not conform to the RFC.
Jun 16 14:52:05.175579 dv-cinder-795009-4-smb devstack@c-api.service[110338]: warnings.warn(
Jun 16 14:52:05.176230 dv-cinder-795009-4-smb devstack@c-api.service[110338]: DEBUG cinder.api.openstack.wsgi [None req-196175b2-957c-4c57-993e-145e7f56a575 tempest-VolumesActionsTest-591207852 tempest-VolumesActionsTest-591207852-project-admin] Action body: b'{"os-force_detach": {"connector": null, "attachment_id": "b1f6024a-8042-4863-9ad6-09357fc3b2c0"}}' {{(pid=110338) get_method /opt/stack/cinder/cinder/api/openstack/wsgi.py:981}}
Jun 16 14:52:05.176732 dv-cinder-795009-4-smb devstack@c-api.service[110338]: DEBUG cinder.api.openstack.wsgi [None req-196175b2-957c-4c57-993e-145e7f56a575 tempest-VolumesActionsTest-591207852 tempest-VolumesActionsTest-591207852-project-admin] Action: 'action', calling method: _force_detach, body: {"os-force_detach": {"connector": null, "attachment_id": "b1f6024a-8042-4863-9ad6-09357fc3b2c0"}} {{(pid=110338) _process_stack /opt/stack/cinder/cinder/api/openstack/wsgi.py:864}}
Jun 16 14:52:05.193964 dv-cinder-795009-4-smb devstack@c-api.service[110338]: /usr/local/lib/python3.8/dist-packages/oslo_context/context.py:105: DeprecationWarning: Policy enforcement is depending on the value of is_admin. This key is deprecated. Please update your policy file to use the standard policy values.
Jun 16 14:52:05.193964 dv-cinder-795009-4-smb devstack@c-api.service[110338]: warnings.warn('Policy enforcement is depending on the value of '
Jun 16 14:52:05.194943 dv-cinder-795009-4-smb devstack@c-api.service[110338]: INFO cinder.volume.api [None req-196175b2-957c-4c57-993e-145e7f56a575 tempest-VolumesActionsTest-591207852 tempest-VolumesActionsTest-591207852-project-admin] Volume info retrieved successfully.
Jun 16 14:52:05.210358 dv-cinder-795009-4-smb devstack@c-api.service[110339]: INFO cinder.api.openstack.wsgi [None req-ab975003-879c-4cbe-8291-179e2a93ad5d tempest-VolumeRetypeWithoutMigrationTest-1904978709 tempest-VolumeRetypeWithoutMigrationTest-1904978709-project] POST http://10.222.0.123/volume/v3/1e5d87171cee41929c983886a96732ab/volumes
Jun 16 14:52:05.211015 dv-cinder-795009-4-smb devstack@c-api.service[110339]: /usr/local/lib/python3.8/dist-packages/webob/acceptparse.py:1047: DeprecationWarning: The behavior of AcceptValidHeader.best_match is currently being maintained for backward compatibility, but it will be deprecated in the future, as it does not conform to the RFC.
Jun 16 14:52:05.211015 dv-cinder-795009-4-smb devstack@c-api.service[110339]: warnings.warn(
Jun 16 14:52:05.211841 dv-cinder-795009-4-smb devstack@c-api.service[110339]: DEBUG cinder.api.openstack.wsgi [None req-ab975003-879c-4cbe-8291-179e2a93ad5d tempest-VolumeRetypeWithoutMigrationTest-1904978709 tempest-VolumeRetypeWithoutMigrationTest-1904978709-project] Action: 'create', calling method: create, body: {"volume": {"volume_type": "volume-type-1", "size": 1, "name": "tempest-VolumeRetypeWithoutMigrationTest-Volume-519895691"}} {{(pid=110339) _process_stack /opt/stack/cinder/cinder/api/openstack/wsgi.py:864}}
Jun 16 14:52:05.213760 dv-cinder-795009-4-smb devstack@c-api.service[110339]: DEBUG cinder.api.v3.volumes [None req-ab975003-879c-4cbe-8291-179e2a93ad5d tempest-VolumeRetypeWithoutMigrationTest-1904978709 tempest-VolumeRetypeWithoutMigrationTest-1904978709-project] Create volume request body: {'volume': {'volume_type': 'volume-type-1', 'size': 1, 'name': 'tempest-VolumeRetypeWithoutMigrationTest-Volume-519895691'}} {{(pid=110339) create /opt/stack/cinder/cinder/api/v3/volumes.py:289}}
Jun 16 14:52:05.224714 dv-cinder-795009-4-smb devstack@c-api.service[110339]: INFO cinder.api.v3.volumes [None req-ab975003-879c-4cbe-8291-179e2a93ad5d tempest-VolumeRetypeWithoutMigrationTest-1904978709 tempest-VolumeRetypeWithoutMigrationTest-1904978709-project] Create volume of 1 GB
Jun 16 14:52:05.226049 dv-cinder-795009-4-smb devstack@c-api.service[110339]: /usr/local/lib/python3.8/dist-packages/oslo_context/context.py:105: DeprecationWarning: Policy enforcement is depending on the value of is_admin. This key is deprecated. Please update your policy file to use the standard policy values.
Jun 16 14:52:05.226049 dv-cinder-795009-4-smb devstack@c-api.service[110339]: warnings.warn('Policy enforcement is depending on the value of '
Jun 16 14:52:05.227128 dv-cinder-795009-4-smb devstack@c-api.service[110339]: INFO cinder.volume.api [None req-ab975003-879c-4cbe-8291-179e2a93ad5d tempest-VolumeRetypeWithoutMigrationTest-1904978709 tempest-VolumeRetypeWithoutMigrationTest-1904978709-project] Availability Zones retrieved successfully.
Jun 16 14:52:05.244905 dv-cinder-795009-4-smb devstack@c-api.service[110338]: INFO cinder.volume.api [None req-196175b2-957c-4c57-993e-145e7f56a575 tempest-VolumesActionsTest-591207852 tempest-VolumesActionsTest-591207852-project-admin] Terminate volume connection completed successfully.
Jun 16 14:52:05.258167 dv-cinder-795009-4-smb devstack@c-api.service[110338]: DEBUG cinder.volume.api [None req-196175b2-957c-4c57-993e-145e7f56a575 tempest-VolumesActionsTest-591207852 tempest-VolumesActionsTest-591207852-project-admin] Attempted to unreserve volume that was not reserved, nothing to do. {{(pid=110338) unreserve_volume /opt/stack/cinder/cinder/volume/api.py:721}}
Jun 16 14:52:05.259494 dv-cinder-795009-4-smb devstack@c-api.service[110339]: DEBUG cinder.volume.api [None req-ab975003-879c-4cbe-8291-179e2a93ad5d tempest-VolumeRetypeWithoutMigrationTest-1904978709 tempest-VolumeRetypeWithoutMigrationTest-1904978709-project] Flow 'volume_create_api' (a3b94449-3057-4bd7-a756-62be5ad48fc8) transitioned into state 'RUNNING' from state 'PENDING' {{(pid=110339) _flow_receiver /usr/local/lib/python3.8/dist-packages/taskflow/listeners/logging.py:141}}
Jun 16 14:52:05.263059 dv-cinder-795009-4-smb devstack@c-api.service[110339]: DEBUG cinder.volume.api [None req-ab975003-879c-4cbe-8291-179e2a93ad5d tempest-VolumeRetypeWithoutMigrationTest-1904978709 tempest-VolumeRetypeWithoutMigrationTest-1904978709-project] Task 'cinder.volume.flows.api.create_volume.ExtractVolumeRequestTask;volume:create' (97d69873-87c2-48e6-b2a9-d4a6017e9457) transitioned into state 'RUNNING' from state 'PENDING' {{(pid=110339) _task_receiver /usr/local/lib/python3.8/dist-packages/taskflow/listeners/logging.py:190}}
Jun 16 14:52:05.267074 dv-cinder-795009-4-smb devstack@c-api.service[110339]: DEBUG cinder.volume.flows.api.create_volume [None req-ab975003-879c-4cbe-8291-179e2a93ad5d tempest-VolumeRetypeWithoutMigrationTest-1904978709 tempest-VolumeRetypeWithoutMigrationTest-1904978709-project] Validating volume size '1' using validate_int {{(pid=110339) _extract_size /opt/stack/cinder/cinder/volume/flows/api/create_volume.py:201}}
Jun 16 14:52:05.298047 dv-cinder-795009-4-smb devstack@c-api.service[110339]: DEBUG cinder.volume.api [None req-ab975003-879c-4cbe-8291-179e2a93ad5d tempest-VolumeRetypeWithoutMigrationTest-1904978709 tempest-VolumeRetypeWithoutMigrationTest-1904978709-project] Task 'cinder.volume.flows.api.create_volume.ExtractVolumeRequestTask;volume:create' (97d69873-87c2-48e6-b2a9-d4a6017e9457) transitioned into state 'SUCCESS' from state 'RUNNING' with result '{'size': 1, 'snapshot_id': None, 'source_volid': None, 'volume_type': VolumeType(created_at=2021-06-16T14:52:05Z,deleted=False,deleted_at=None,description=None,extra_specs={},id=e3f7ef30-07a5-42d7-a1ed-788fbf601dbc,is_public=True,name='volume-type-1',projects=[],qos_specs=,qos_specs_id=None,updated_at=None), 'volume_type_id': 'e3f7ef30-07a5-42d7-a1ed-788fbf601dbc', 'encryption_key_id': None, 'qos_specs': None, 'consistencygroup_id': None, 'cgsnapshot_id': None, 'group_id': None, 'replication_status': 'disabled', 'refresh_az': False, 'backup_id': None, 'multiattach': False, 'availability_zones': ['nova']}' {{(pid=110339) _task_receiver /usr/local/lib/python3.8/dist-packages/taskflow/listeners/logging.py:178}}
Jun 16 14:52:05.300053 dv-cinder-795009-4-smb devstack@c-api.service[110339]: DEBUG cinder.volume.api [None req-ab975003-879c-4cbe-8291-179e2a93ad5d tempest-VolumeRetypeWithoutMigrationTest-1904978709 tempest-VolumeRetypeWithoutMigrationTest-1904978709-project] Task 'cinder.volume.flows.api.create_volume.QuotaReserveTask;volume:create' (d0d9a045-c0da-490b-a265-e5698847a4d6) transitioned into state 'RUNNING' from state 'PENDING' {{(pid=110339) _task_receiver /usr/local/lib/python3.8/dist-packages/taskflow/listeners/logging.py:190}}
Jun 16 14:52:05.335080 dv-cinder-795009-4-smb devstack@c-api.service[110339]: WARNING cinder.quota [None req-ab975003-879c-4cbe-8291-179e2a93ad5d tempest-VolumeRetypeWithoutMigrationTest-1904978709 tempest-VolumeRetypeWithoutMigrationTest-1904978709-project] Deprecated: Default quota for resource: volumes_volume-type-1 is set by the default quota flag: quota_volumes_volume-type-1, it is now deprecated. Please use the default quota class for default quota.
Jun 16 14:52:05.336132 dv-cinder-795009-4-smb devstack@c-api.service[110339]: WARNING cinder.quota [None req-ab975003-879c-4cbe-8291-179e2a93ad5d tempest-VolumeRetypeWithoutMigrationTest-1904978709 tempest-VolumeRetypeWithoutMigrationTest-1904978709-project] Deprecated: Default quota for resource: gigabytes_volume-type-1 is set by the default quota flag: quota_gigabytes_volume-type-1, it is now deprecated. Please use the default quota class for default quota.
Jun 16 14:52:05.406113 dv-cinder-795009-4-smb devstack@c-api.service[110339]: DEBUG cinder.quota [None req-ab975003-879c-4cbe-8291-179e2a93ad5d tempest-VolumeRetypeWithoutMigrationTest-1904978709 tempest-VolumeRetypeWithoutMigrationTest-1904978709-project] Created reservations ['a9c8c21f-c291-43a0-853d-70e9875f87c0', '58e95f1a-1e4f-4135-ad6f-c542a7417440', '96894384-2117-4af5-99be-2db72047cdc5', '8c807fc8-75ed-452f-b1f6-2ae6715a3c9d'] {{(pid=110339) reserve /opt/stack/cinder/cinder/quota.py:755}}
Jun 16 14:52:05.408179 dv-cinder-795009-4-smb devstack@c-api.service[110339]: DEBUG cinder.volume.api [None req-ab975003-879c-4cbe-8291-179e2a93ad5d tempest-VolumeRetypeWithoutMigrationTest-1904978709 tempest-VolumeRetypeWithoutMigrationTest-1904978709-project] Task 'cinder.volume.flows.api.create_volume.QuotaReserveTask;volume:create' (d0d9a045-c0da-490b-a265-e5698847a4d6) transitioned into state 'SUCCESS' from state 'RUNNING' with result '{'reservations': ['a9c8c21f-c291-43a0-853d-70e9875f87c0', '58e95f1a-1e4f-4135-ad6f-c542a7417440', '96894384-2117-4af5-99be-2db72047cdc5', '8c807fc8-75ed-452f-b1f6-2ae6715a3c9d']}' {{(pid=110339) _task_receiver /usr/local/lib/python3.8/dist-packages/taskflow/listeners/logging.py:178}}
Jun 16 14:52:05.410235 dv-cinder-795009-4-smb devstack@c-api.service[110339]: DEBUG cinder.volume.api [None req-ab975003-879c-4cbe-8291-179e2a93ad5d tempest-VolumeRetypeWithoutMigrationTest-1904978709 tempest-VolumeRetypeWithoutMigrationTest-1904978709-project] Task 'cinder.volume.flows.api.create_volume.EntryCreateTask;volume:create' (53199e75-4f2d-4072-a7ce-f5544c33c370) transitioned into state 'RUNNING' from state 'PENDING' {{(pid=110339) _task_receiver /usr/local/lib/python3.8/dist-packages/taskflow/listeners/logging.py:190}}
Jun 16 14:52:05.436979 dv-cinder-795009-4-smb devstack@c-api.service[110339]: DEBUG cinder.volume.api [None req-ab975003-879c-4cbe-8291-179e2a93ad5d tempest-VolumeRetypeWithoutMigrationTest-1904978709 tempest-VolumeRetypeWithoutMigrationTest-1904978709-project] Task 'cinder.volume.flows.api.create_volume.EntryCreateTask;volume:create' (53199e75-4f2d-4072-a7ce-f5544c33c370) transitioned into state 'SUCCESS' from state 'RUNNING' with result '{'volume_id': '4076388c-4be7-430b-8d23-71e4dbedb240', 'volume_properties': VolumeProperties(attach_status='detached',availability_zone='nova',cgsnapshot_id=None,consistencygroup_id=None,display_description=None,display_name='tempest-VolumeRetypeWithoutMigrationTest-Volume-519895691',encryption_key_id=None,group_id=None,group_type_id=,metadata={},multiattach=False,project_id='1e5d87171cee41929c983886a96732ab',qos_specs=None,replication_status=,reservations=['a9c8c21f-c291-43a0-853d-70e9875f87c0','58e95f1a-1e4f-4135-ad6f-c542a7417440','96894384-2117-4af5-99be-2db72047cdc5','8c807fc8-75ed-452f-b1f6-2ae6715a3c9d'],size=1,snapshot_id=None,source_replicaid=,source_volid=None,status='creating',user_id='ef936090898b4d5284e5b195b2cb342e',volume_type_id=e3f7ef30-07a5-42d7-a1ed-788fbf601dbc), 'volume': Volume(_name_id=None,admin_metadata=,attach_status='detached',availability_zone='nova',bootable=False,cluster=,cluster_name=None,consistencygroup=,consistencygroup_id=None,created_at=2021-06-16T14:52:05Z,deleted=False,deleted_at=None,display_description=None,display_name='tempest-VolumeRetypeWithoutMigrationTest-Volume-519895691',ec2_id=None,encryption_key_id=None,glance_metadata=,group=,group_id=None,host=None,id=4076388c-4be7-430b-8d23-71e4dbedb240,launched_at=None,metadata={},migration_status=None,multiattach=False,previous_status=None,project_id='1e5d87171cee41929c983886a96732ab',provider_auth=None,provider_geometry=None,provider_id=None,provider_location=None,replication_driver_data=None,replication_extended_status=None,replication_status=None,scheduled_at=None,service_uuid=None,shared_targets=True,size=1,snapshot_id=None,snapshots=,source_volid=None,status='creating',terminated_at=None,updated_at=None,user_id='ef936090898b4d5284e5b195b2cb342e',volume_attachment=,volume_type=VolumeType(e3f7ef30-07a5-42d7-a1ed-788fbf601dbc),volume_type_id=e3f7ef30-07a5-42d7-a1ed-788fbf601dbc)}' {{(pid=110339) _task_receiver /usr/local/lib/python3.8/dist-packages/taskflow/listeners/logging.py:178}}
Jun 16 14:52:05.439555 dv-cinder-795009-4-smb devstack@c-api.service[110339]: DEBUG cinder.volume.api [None req-ab975003-879c-4cbe-8291-179e2a93ad5d tempest-VolumeRetypeWithoutMigrationTest-1904978709 tempest-VolumeRetypeWithoutMigrationTest-1904978709-project] Task 'cinder.volume.flows.api.create_volume.QuotaCommitTask;volume:create' (47ec8959-d503-44a4-86d2-79c73ead1fbd) transitioned into state 'RUNNING' from state 'PENDING' {{(pid=110339) _task_receiver /usr/local/lib/python3.8/dist-packages/taskflow/listeners/logging.py:190}}
Jun 16 14:52:05.466885 dv-cinder-795009-4-smb devstack@c-api.service[110339]: DEBUG cinder.volume.api [None req-ab975003-879c-4cbe-8291-179e2a93ad5d tempest-VolumeRetypeWithoutMigrationTest-1904978709 tempest-VolumeRetypeWithoutMigrationTest-1904978709-project] Task 'cinder.volume.flows.api.create_volume.QuotaCommitTask;volume:create' (47ec8959-d503-44a4-86d2-79c73ead1fbd) transitioned into state 'SUCCESS' from state 'RUNNING' with result '{'volume_properties': VolumeProperties(attach_status='detached',availability_zone='nova',cgsnapshot_id=None,consistencygroup_id=None,display_description=None,display_name='tempest-VolumeRetypeWithoutMigrationTest-Volume-519895691',encryption_key_id=None,group_id=None,group_type_id=,metadata={},multiattach=False,project_id='1e5d87171cee41929c983886a96732ab',qos_specs=None,replication_status=,reservations=['a9c8c21f-c291-43a0-853d-70e9875f87c0','58e95f1a-1e4f-4135-ad6f-c542a7417440','96894384-2117-4af5-99be-2db72047cdc5','8c807fc8-75ed-452f-b1f6-2ae6715a3c9d'],size=1,snapshot_id=None,source_replicaid=,source_volid=None,status='creating',user_id='ef936090898b4d5284e5b195b2cb342e',volume_type_id=e3f7ef30-07a5-42d7-a1ed-788fbf601dbc)}' {{(pid=110339) _task_receiver /usr/local/lib/python3.8/dist-packages/taskflow/listeners/logging.py:178}}
Jun 16 14:52:05.468582 dv-cinder-795009-4-smb devstack@c-api.service[110339]: DEBUG cinder.volume.api [None req-ab975003-879c-4cbe-8291-179e2a93ad5d tempest-VolumeRetypeWithoutMigrationTest-1904978709 tempest-VolumeRetypeWithoutMigrationTest-1904978709-project] Task 'cinder.volume.flows.api.create_volume.VolumeCastTask;volume:create' (291068e7-e24f-43e4-9532-52584318de43) transitioned into state 'RUNNING' from state 'PENDING' {{(pid=110339) _task_receiver /usr/local/lib/python3.8/dist-packages/taskflow/listeners/logging.py:190}}
Jun 16 14:52:05.484973 dv-cinder-795009-4-smb devstack@c-api.service[110339]: DEBUG cinder.volume.api [None req-ab975003-879c-4cbe-8291-179e2a93ad5d tempest-VolumeRetypeWithoutMigrationTest-1904978709 tempest-VolumeRetypeWithoutMigrationTest-1904978709-project] Task 'cinder.volume.flows.api.create_volume.VolumeCastTask;volume:create' (291068e7-e24f-43e4-9532-52584318de43) transitioned into state 'SUCCESS' from state 'RUNNING' with result 'None' {{(pid=110339) _task_receiver /usr/local/lib/python3.8/dist-packages/taskflow/listeners/logging.py:178}}
Jun 16 14:52:05.487967 dv-cinder-795009-4-smb devstack@c-api.service[110339]: DEBUG cinder.volume.api [None req-ab975003-879c-4cbe-8291-179e2a93ad5d tempest-VolumeRetypeWithoutMigrationTest-1904978709 tempest-VolumeRetypeWithoutMigrationTest-1904978709-project] Flow 'volume_create_api' (a3b94449-3057-4bd7-a756-62be5ad48fc8) transitioned into state 'SUCCESS' from state 'RUNNING' {{(pid=110339) _flow_receiver /usr/local/lib/python3.8/dist-packages/taskflow/listeners/logging.py:141}}
Jun 16 14:52:05.489453 dv-cinder-795009-4-smb devstack@c-api.service[110339]: INFO cinder.volume.api [None req-ab975003-879c-4cbe-8291-179e2a93ad5d tempest-VolumeRetypeWithoutMigrationTest-1904978709 tempest-VolumeRetypeWithoutMigrationTest-1904978709-project] Create volume request issued successfully.
Jun 16 14:52:05.498584 dv-cinder-795009-4-smb devstack@c-api.service[110339]: INFO cinder.api.openstack.wsgi [None req-ab975003-879c-4cbe-8291-179e2a93ad5d tempest-VolumeRetypeWithoutMigrationTest-1904978709 tempest-VolumeRetypeWithoutMigrationTest-1904978709-project] http://10.222.0.123/volume/v3/1e5d87171cee41929c983886a96732ab/volumes returned with HTTP 202
Jun 16 14:52:05.500538 dv-cinder-795009-4-smb devstack@c-api.service[110339]: [pid: 110339|app: 0|req: 164/354] 10.222.0.123 () {60 vars in 1241 bytes} [Wed Jun 16 14:52:05 2021] POST /volume/v3/1e5d87171cee41929c983886a96732ab/volumes => generated 835 bytes in 430 msecs (HTTP/1.1 202) 7 headers in 291 bytes (1 switches on core 0)
