Jun 06 19:15:31.310069 dv-cinder-794962-3-iscsi neutron-server[91911]: DEBUG oslo_concurrency.lockutils [None req-69bf8f13-8546-4794-930e-f5baedc3ceca admin admin] Lock "event-dispatch" acquired by "neutron.plugins.ml2.ovo_rpc._ObjectChangeHandler.dispatch_events" :: waited 0.000s {{(pid=91911) inner /usr/local/lib/python3.8/dist-packages/oslo_concurrency/lockutils.py:355}}
Jun 06 19:15:31.324041 dv-cinder-794962-3-iscsi neutron-server[91911]: DEBUG neutron.api.rpc.handlers.resources_rpc [None req-5b5331ac-3ffc-4447-a213-54a9d8e65e60 admin admin] Pushing event deleted for resources: {'SecurityGroup': ['ID=5225970a-7511-448c-8141-b351a4188724,revision_number=None']} {{(pid=91911) push /opt/stack/neutron/neutron/api/rpc/handlers/resources_rpc.py:237}}
Jun 06 19:15:31.327789 dv-cinder-794962-3-iscsi neutron-server[91911]: DEBUG oslo_concurrency.lockutils [None req-5b5331ac-3ffc-4447-a213-54a9d8e65e60 admin admin] Lock "event-dispatch" released by "neutron.plugins.ml2.ovo_rpc._ObjectChangeHandler.dispatch_events" :: held 0.018s {{(pid=91911) inner /usr/local/lib/python3.8/dist-packages/oslo_concurrency/lockutils.py:367}}
Jun 06 19:15:31.403093 dv-cinder-794962-3-iscsi neutron-server[91911]: DEBUG neutron.wsgi [-] (91911) accepted ('10.222.0.43', 44910) {{(pid=91911) server /usr/local/lib/python3.8/dist-packages/eventlet/wsgi.py:992}}
Jun 06 19:15:31.637847 dv-cinder-794962-3-iscsi neutron-server[91912]: DEBUG neutron.pecan_wsgi.hooks.policy_enforcement [req-203dd759-cacc-467c-9f83-75e5c24ffdd5 req-8867865a-1225-437f-bdcd-aef9c3018e03 tempest-AttachVolumeNegativeTest-765518781 tempest-AttachVolumeNegativeTest-765518781-project] Attributes excluded by policy engine: ['standard_attr_id', 'binding:profile', 'binding:host_id', 'binding:vif_type', 'binding:vif_details'] {{(pid=91912) _exclude_attributes_by_policy /opt/stack/neutron/neutron/pecan_wsgi/hooks/policy_enforcement.py:255}}
Jun 06 19:15:31.639305 dv-cinder-794962-3-iscsi neutron-server[91912]: INFO neutron.wsgi [req-203dd759-cacc-467c-9f83-75e5c24ffdd5 req-8867865a-1225-437f-bdcd-aef9c3018e03 tempest-AttachVolumeNegativeTest-765518781 tempest-AttachVolumeNegativeTest-765518781-project] 10.222.0.43 "GET /v2.0/ports?device_id=569a16b6-a218-4038-a15c-72129370fb78 HTTP/1.1" status: 200 len: 931 time: 0.1124635
Jun 06 19:15:31.676210 dv-cinder-794962-3-iscsi neutron-server[91911]: DEBUG neutron_lib.callbacks.manager [None req-ba489377-3ff2-4700-b850-7e934fd017bc admin admin] Notify callbacks [] for security_group, before_create {{(pid=91911) _notify_loop /usr/local/lib/python3.8/dist-packages/neutron_lib/callbacks/manager.py:192}}
Jun 06 19:15:31.724194 dv-cinder-794962-3-iscsi neutron-server[91912]: DEBUG neutron.notifiers.nova [req-a9b50f61-d2ad-4394-8675-86f5976882a9 req-eb3a2f15-ab98-4994-b076-09d6ccdee2c8 service neutron] Ignoring state change previous_port_status: DOWN current_port_status: DOWN port_id 942487e9-9291-441a-b6ad-5332c9635209 {{(pid=91912) record_port_status_changed /opt/stack/neutron/neutron/notifiers/nova.py:224}}
Jun 06 19:15:31.734934 dv-cinder-794962-3-iscsi neutron-server[91912]: INFO neutron.wsgi [req-203dd759-cacc-467c-9f83-75e5c24ffdd5 req-6e73b9bf-06da-45bd-a898-03211482dda5 tempest-AttachVolumeNegativeTest-765518781 tempest-AttachVolumeNegativeTest-765518781-project] 10.222.0.43 "GET /v2.0/security-groups?id=f95451a6-3b6b-4d7b-b4b3-417f4ee021f8&fields=id&fields=name HTTP/1.1" status: 200 len: 286 time: 0.0645227
Jun 06 19:15:31.736617 dv-cinder-794962-3-iscsi neutron-server[91912]: DEBUG neutron_lib.callbacks.manager [req-a9b50f61-d2ad-4394-8675-86f5976882a9 req-eb3a2f15-ab98-4994-b076-09d6ccdee2c8 service neutron] Notify callbacks [] for port, precommit_update {{(pid=91912) _notify_loop /usr/local/lib/python3.8/dist-packages/neutron_lib/callbacks/manager.py:192}}
Jun 06 19:15:31.752587 dv-cinder-794962-3-iscsi neutron-server[91912]: DEBUG neutron.db.provisioning_blocks [req-a9b50f61-d2ad-4394-8675-86f5976882a9 req-eb3a2f15-ab98-4994-b076-09d6ccdee2c8 service neutron] Transition to ACTIVE for port object 942487e9-9291-441a-b6ad-5332c9635209 will not be triggered until provisioned by entity L2. {{(pid=91912) add_provisioning_component /opt/stack/neutron/neutron/db/provisioning_blocks.py:73}}
Jun 06 19:15:31.761748 dv-cinder-794962-3-iscsi neutron-server[91912]: DEBUG neutron_lib.callbacks.manager [req-a9b50f61-d2ad-4394-8675-86f5976882a9 req-eb3a2f15-ab98-4994-b076-09d6ccdee2c8 service neutron] Notify callbacks ['neutron.plugins.ml2.plugin.SecurityGroupServerNotifierRpcMixin.notify_sg_on_port_change-3756423', 'neutron.plugins.ml2.ovo_rpc._ObjectChangeHandler.handle_event-222591', 'neutron.api.rpc.agentnotifiers.dhcp_rpc_agent_api.DhcpAgentNotifyAPI._native_event_send_dhcp_notification-599451', 'neutron.db.l3_db.L3RpcNotifierMixin._notify_gateway_port_ip_changed-8747197473774', 'neutron.db.l3_dvrscheduler_db._notify_l3_agent_port_update-8747197201282', 'neutron.db.l3_hascheduler_db._notify_l3_agent_ha_port_update-8747197201327'] for port, after_update {{(pid=91912) _notify_loop /usr/local/lib/python3.8/dist-packages/neutron_lib/callbacks/manager.py:192}}
Jun 06 19:15:31.767056 dv-cinder-794962-3-iscsi neutron-server[91912]: DEBUG oslo_concurrency.lockutils [-] Lock "event-dispatch" acquired by "neutron.plugins.ml2.ovo_rpc._ObjectChangeHandler.dispatch_events" :: waited 0.000s {{(pid=91912) inner /usr/local/lib/python3.8/dist-packages/oslo_concurrency/lockutils.py:355}}
Jun 06 19:15:31.866764 dv-cinder-794962-3-iscsi neutron-server[91911]: DEBUG neutron_lib.callbacks.manager [None req-ba489377-3ff2-4700-b850-7e934fd017bc admin admin] Notify callbacks [] for security_group, precommit_create {{(pid=91911) _notify_loop /usr/local/lib/python3.8/dist-packages/neutron_lib/callbacks/manager.py:192}}
Jun 06 19:15:31.873500 dv-cinder-794962-3-iscsi neutron-server[91911]: DEBUG neutron_lib.callbacks.manager [None req-ba489377-3ff2-4700-b850-7e934fd017bc admin admin] Notify callbacks ['neutron.plugins.ml2.ovo_rpc._ObjectChangeHandler.handle_event-1039628'] for security_group, after_create {{(pid=91911) _notify_loop /usr/local/lib/python3.8/dist-packages/neutron_lib/callbacks/manager.py:192}}
Jun 06 19:15:31.902334 dv-cinder-794962-3-iscsi neutron-server[91911]: DEBUG oslo_concurrency.lockutils [None req-5d2e3630-4af5-48fd-be01-4c60b31896c5 admin admin] Lock "event-dispatch" acquired by "neutron.plugins.ml2.ovo_rpc._ObjectChangeHandler.dispatch_events" :: waited 0.000s {{(pid=91911) inner /usr/local/lib/python3.8/dist-packages/oslo_concurrency/lockutils.py:355}}
Jun 06 19:15:31.976901 dv-cinder-794962-3-iscsi neutron-server[91911]: INFO neutron.wsgi [None req-ba489377-3ff2-4700-b850-7e934fd017bc admin admin] 10.222.0.43 "GET /v2.0/security-groups?tenant_id=a5f5f6a3128d4583962a028ff36722f2&name=default HTTP/1.1" status: 200 len: 2979 time: 0.5727117
Jun 06 19:15:31.978520 dv-cinder-794962-3-iscsi neutron-server[91911]: DEBUG neutron.api.rpc.handlers.resources_rpc [None req-ba489377-3ff2-4700-b850-7e934fd017bc admin admin] Pushing event updated for resources: {'SecurityGroup': ['ID=3f65e2d9-275c-4716-9352-d82f73b4df38,revision_number=1']} {{(pid=91911) push /opt/stack/neutron/neutron/api/rpc/handlers/resources_rpc.py:237}}
Jun 06 19:15:31.982001 dv-cinder-794962-3-iscsi neutron-server[91911]: DEBUG oslo_concurrency.lockutils [None req-ba489377-3ff2-4700-b850-7e934fd017bc admin admin] Lock "event-dispatch" released by "neutron.plugins.ml2.ovo_rpc._ObjectChangeHandler.dispatch_events" :: held 0.080s {{(pid=91911) inner /usr/local/lib/python3.8/dist-packages/oslo_concurrency/lockutils.py:367}}
Jun 06 19:15:31.982809 dv-cinder-794962-3-iscsi neutron-server[91911]: DEBUG neutron.wsgi [-] (91911) accepted ('10.222.0.43', 44934) {{(pid=91911) server /usr/local/lib/python3.8/dist-packages/eventlet/wsgi.py:992}}
Jun 06 19:15:32.020056 dv-cinder-794962-3-iscsi neutron-server[91912]: DEBUG neutron.plugins.ml2.managers [req-a9b50f61-d2ad-4394-8675-86f5976882a9 req-eb3a2f15-ab98-4994-b076-09d6ccdee2c8 service neutron] Attempting to bind port 942487e9-9291-441a-b6ad-5332c9635209 on host hv-cinder-79496 for vnic_type normal with profile {{(pid=91912) bind_port /opt/stack/neutron/neutron/plugins/ml2/managers.py:790}}
Jun 06 19:15:32.020388 dv-cinder-794962-3-iscsi neutron-server[91912]: DEBUG neutron.plugins.ml2.managers [req-a9b50f61-d2ad-4394-8675-86f5976882a9 req-eb3a2f15-ab98-4994-b076-09d6ccdee2c8 service neutron] Attempting to bind port 942487e9-9291-441a-b6ad-5332c9635209 by drivers openvswitch,hyperv on host hv-cinder-79496 at level 0 using segments [{'id': '5c33511d-42c6-4e1f-8887-9a42ef3723f6', 'network_type': 'vlan', 'physical_network': 'physnet1', 'segmentation_id': 431, 'network_id': 'c1d88008-bf78-414c-aa3e-4e72888d4402'}] {{(pid=91912) _bind_port_level /opt/stack/neutron/neutron/plugins/ml2/managers.py:815}}
Jun 06 19:15:32.020704 dv-cinder-794962-3-iscsi neutron-server[91912]: DEBUG neutron.plugins.ml2.drivers.mech_agent [req-a9b50f61-d2ad-4394-8675-86f5976882a9 req-eb3a2f15-ab98-4994-b076-09d6ccdee2c8 service neutron] Attempting to bind port 942487e9-9291-441a-b6ad-5332c9635209 on network c1d88008-bf78-414c-aa3e-4e72888d4402 {{(pid=91912) bind_port /opt/stack/neutron/neutron/plugins/ml2/drivers/mech_agent.py:86}}
Jun 06 19:15:32.035629 dv-cinder-794962-3-iscsi neutron-server[91912]: DEBUG neutron.api.rpc.handlers.resources_rpc [None req-eb3a2f15-ab98-4994-b076-09d6ccdee2c8 service neutron] Pushing event updated for resources: {'Port': ['ID=942487e9-9291-441a-b6ad-5332c9635209,revision_number=2']} {{(pid=91912) push /opt/stack/neutron/neutron/api/rpc/handlers/resources_rpc.py:237}}
Jun 06 19:15:32.039250 dv-cinder-794962-3-iscsi neutron-server[91912]: DEBUG neutron.plugins.ml2.drivers.mech_agent [req-a9b50f61-d2ad-4394-8675-86f5976882a9 req-eb3a2f15-ab98-4994-b076-09d6ccdee2c8 service neutron] Port 942487e9-9291-441a-b6ad-5332c9635209 on network c1d88008-bf78-414c-aa3e-4e72888d4402 not bound, no agent of type Open vSwitch agent registered on host hv-cinder-79496 {{(pid=91912) bind_port /opt/stack/neutron/neutron/plugins/ml2/drivers/mech_agent.py:98}}
Jun 06 19:15:32.039736 dv-cinder-794962-3-iscsi neutron-server[91912]: DEBUG neutron.plugins.ml2.drivers.mech_agent [req-a9b50f61-d2ad-4394-8675-86f5976882a9 req-eb3a2f15-ab98-4994-b076-09d6ccdee2c8 service neutron] Attempting to bind port 942487e9-9291-441a-b6ad-5332c9635209 on network c1d88008-bf78-414c-aa3e-4e72888d4402 {{(pid=91912) bind_port /opt/stack/neutron/neutron/plugins/ml2/drivers/mech_agent.py:86}}
Jun 06 19:15:32.042725 dv-cinder-794962-3-iscsi neutron-server[91912]: DEBUG oslo_concurrency.lockutils [None req-eb3a2f15-ab98-4994-b076-09d6ccdee2c8 service neutron] Lock "event-dispatch" released by "neutron.plugins.ml2.ovo_rpc._ObjectChangeHandler.dispatch_events" :: held 0.276s {{(pid=91912) inner /usr/local/lib/python3.8/dist-packages/oslo_concurrency/lockutils.py:367}}
Jun 06 19:15:32.060270 dv-cinder-794962-3-iscsi neutron-server[91911]: DEBUG neutron_lib.callbacks.manager [None req-b2dff1fc-5fe4-4c5d-bcef-63f3ee8508a1 admin admin] Notify callbacks [] for security_group, before_delete {{(pid=91911) _notify_loop /usr/local/lib/python3.8/dist-packages/neutron_lib/callbacks/manager.py:192}}
Jun 06 19:15:32.062644 dv-cinder-794962-3-iscsi neutron-server[91912]: DEBUG neutron.plugins.ml2.drivers.mech_agent [req-a9b50f61-d2ad-4394-8675-86f5976882a9 req-eb3a2f15-ab98-4994-b076-09d6ccdee2c8 service neutron] Checking agent: {'id': '207d5a05-31dd-41c9-bb17-b0298fe6aa34', 'agent_type': 'HyperV agent', 'binary': 'neutron-hyperv-agent', 'topic': 'N/A', 'host': 'hv-cinder-79496', 'admin_state_up': True, 'created_at': datetime.datetime(2021, 6, 6, 19, 13), 'started_at': datetime.datetime(2021, 6, 6, 19, 13), 'heartbeat_timestamp': datetime.datetime(2021, 6, 6, 19, 15, 30), 'description': None, 'resources_synced': None, 'availability_zone': None, 'alive': True, 'configurations': {'vswitch_mappings': {'physnet1$': 'br-data'}}, 'resource_versions': {}} {{(pid=91912) bind_port /opt/stack/neutron/neutron/plugins/ml2/drivers/mech_agent.py:105}}
Jun 06 19:15:32.063161 dv-cinder-794962-3-iscsi neutron-server[91912]: DEBUG neutron.plugins.ml2.drivers.mech_agent [req-a9b50f61-d2ad-4394-8675-86f5976882a9 req-eb3a2f15-ab98-4994-b076-09d6ccdee2c8 service neutron] Checking segment: {'id': '5c33511d-42c6-4e1f-8887-9a42ef3723f6', 'network_type': 'vlan', 'physical_network': 'physnet1', 'segmentation_id': 431, 'network_id': 'c1d88008-bf78-414c-aa3e-4e72888d4402'} for mappings: {'physnet1$': 'br-data'} with network types: ['local', 'flat', 'vlan'] {{(pid=91912) check_segment_for_agent /opt/stack/neutron/neutron/plugins/ml2/drivers/mech_agent.py:341}}
Jun 06 19:15:32.063671 dv-cinder-794962-3-iscsi neutron-server[91912]: DEBUG neutron.plugins.ml2.drivers.mech_agent [req-a9b50f61-d2ad-4394-8675-86f5976882a9 req-eb3a2f15-ab98-4994-b076-09d6ccdee2c8 service neutron] Bound using segment: {'id': '5c33511d-42c6-4e1f-8887-9a42ef3723f6', 'network_type': 'vlan', 'physical_network': 'physnet1', 'segmentation_id': 431, 'network_id': 'c1d88008-bf78-414c-aa3e-4e72888d4402'} {{(pid=91912) bind_port /opt/stack/neutron/neutron/plugins/ml2/drivers/mech_agent.py:115}}
Jun 06 19:15:32.064272 dv-cinder-794962-3-iscsi neutron-server[91912]: DEBUG neutron.plugins.ml2.managers [req-a9b50f61-d2ad-4394-8675-86f5976882a9 req-eb3a2f15-ab98-4994-b076-09d6ccdee2c8 service neutron] Bound port: 942487e9-9291-441a-b6ad-5332c9635209, host: hv-cinder-79496, vif_type: hyperv, vif_details: {"connectivity": "legacy", "port_filter": false}, binding_levels: [{'bound_driver': 'hyperv', 'bound_segment': {'id': '5c33511d-42c6-4e1f-8887-9a42ef3723f6', 'network_type': 'vlan', 'physical_network': 'physnet1', 'segmentation_id': 431, 'network_id': 'c1d88008-bf78-414c-aa3e-4e72888d4402'}}] {{(pid=91912) _bind_port_level /opt/stack/neutron/neutron/plugins/ml2/managers.py:928}}
Jun 06 19:15:32.064606 dv-cinder-794962-3-iscsi neutron-server[91912]: DEBUG neutron_lib.callbacks.manager [req-a9b50f61-d2ad-4394-8675-86f5976882a9 req-eb3a2f15-ab98-4994-b076-09d6ccdee2c8 service neutron] Notify callbacks ['neutron.plugins.ml2.plugin.SecurityGroupDbMixin._ensure_default_security_group_handler_port-3763423'] for port, before_update {{(pid=91912) _notify_loop /usr/local/lib/python3.8/dist-packages/neutron_lib/callbacks/manager.py:192}}
Jun 06 19:15:32.102120 dv-cinder-794962-3-iscsi neutron-server[91911]: DEBUG neutron_lib.callbacks.manager [None req-b2dff1fc-5fe4-4c5d-bcef-63f3ee8508a1 admin admin] Notify callbacks [] for security_group, precommit_delete {{(pid=91911) _notify_loop /usr/local/lib/python3.8/dist-packages/neutron_lib/callbacks/manager.py:192}}
Jun 06 19:15:32.139468 dv-cinder-794962-3-iscsi neutron-server[91912]: DEBUG neutron.pecan_wsgi.hooks.policy_enforcement [req-5873e61e-1f7c-4e4c-81ca-5a8ff395f5bf req-caf2f480-b3ff-4a16-a397-85aba5196025 tempest-ServerRescueNegativeTestJSON-1658241285 tempest-ServerRescueNegativeTestJSON-1658241285-project] Attributes excluded by policy engine: ['standard_attr_id', 'binding:profile', 'binding:host_id', 'binding:vif_type', 'binding:vif_details'] {{(pid=91912) _exclude_attributes_by_policy /opt/stack/neutron/neutron/pecan_wsgi/hooks/policy_enforcement.py:255}}
Jun 06 19:15:32.140981 dv-cinder-794962-3-iscsi neutron-server[91912]: INFO neutron.wsgi [req-5873e61e-1f7c-4e4c-81ca-5a8ff395f5bf req-caf2f480-b3ff-4a16-a397-85aba5196025 tempest-ServerRescueNegativeTestJSON-1658241285 tempest-ServerRescueNegativeTestJSON-1658241285-project] 10.222.0.43 "GET /v2.0/ports?device_id=c1d2f324-b40b-4aa9-b0fa-2710e65e7539 HTTP/1.1" status: 200 len: 946 time: 0.3075511
Jun 06 19:15:32.179166 dv-cinder-794962-3-iscsi neutron-server[91911]: DEBUG neutron_lib.callbacks.manager [None req-b2dff1fc-5fe4-4c5d-bcef-63f3ee8508a1 admin admin] Notify callbacks ['neutron.plugins.ml2.ovo_rpc._ObjectChangeHandler.handle_event-1039628'] for security_group, after_delete {{(pid=91911) _notify_loop /usr/local/lib/python3.8/dist-packages/neutron_lib/callbacks/manager.py:192}}
Jun 06 19:15:32.184892 dv-cinder-794962-3-iscsi neutron-server[91911]: DEBUG neutron_lib.callbacks.manager [None req-b2dff1fc-5fe4-4c5d-bcef-63f3ee8508a1 admin admin] Notify callbacks [] for security_group, before_response {{(pid=91911) _notify_loop /usr/local/lib/python3.8/dist-packages/neutron_lib/callbacks/manager.py:192}}
Jun 06 19:15:32.186682 dv-cinder-794962-3-iscsi neutron-server[91911]: INFO neutron.wsgi [None req-b2dff1fc-5fe4-4c5d-bcef-63f3ee8508a1 admin admin] 10.222.0.43 "DELETE /v2.0/security-groups/3f65e2d9-275c-4716-9352-d82f73b4df38 HTTP/1.1" status: 204 len: 168 time: 0.2027690
Jun 06 19:15:32.187665 dv-cinder-794962-3-iscsi neutron-server[91911]: DEBUG oslo_concurrency.lockutils [None req-bfec172c-8c0b-4a66-ae39-4ffe8a73863a admin admin] Lock "event-dispatch" acquired by "neutron.plugins.ml2.ovo_rpc._ObjectChangeHandler.dispatch_events" :: waited 0.000s {{(pid=91911) inner /usr/local/lib/python3.8/dist-packages/oslo_concurrency/lockutils.py:355}}
Jun 06 19:15:32.212589 dv-cinder-794962-3-iscsi neutron-server[91911]: DEBUG neutron.api.rpc.handlers.resources_rpc [None req-b2dff1fc-5fe4-4c5d-bcef-63f3ee8508a1 admin admin] Pushing event deleted for resources: {'SecurityGroup': ['ID=3f65e2d9-275c-4716-9352-d82f73b4df38,revision_number=None']} {{(pid=91911) push /opt/stack/neutron/neutron/api/rpc/handlers/resources_rpc.py:237}}
Jun 06 19:15:32.214608 dv-cinder-794962-3-iscsi neutron-server[91911]: DEBUG oslo_concurrency.lockutils [None req-b2dff1fc-5fe4-4c5d-bcef-63f3ee8508a1 admin admin] Lock "event-dispatch" released by "neutron.plugins.ml2.ovo_rpc._ObjectChangeHandler.dispatch_events" :: held 0.026s {{(pid=91911) inner /usr/local/lib/python3.8/dist-packages/oslo_concurrency/lockutils.py:367}}
Jun 06 19:15:32.297869 dv-cinder-794962-3-iscsi neutron-server[91912]: DEBUG neutron.plugins.ml2.db [req-a9b50f61-d2ad-4394-8675-86f5976882a9 req-eb3a2f15-ab98-4994-b076-09d6ccdee2c8 service neutron] For port 942487e9-9291-441a-b6ad-5332c9635209, host hv-cinder-79496, cleared binding levels {{(pid=91912) clear_binding_levels /opt/stack/neutron/neutron/plugins/ml2/db.py:88}}
Jun 06 19:15:32.308762 dv-cinder-794962-3-iscsi neutron-server[91912]: INFO neutron.wsgi [req-5873e61e-1f7c-4e4c-81ca-5a8ff395f5bf req-27c121ab-c5b7-4a63-9ea4-36025a51ee57 tempest-ServerRescueNegativeTestJSON-1658241285 tempest-ServerRescueNegativeTestJSON-1658241285-project] 10.222.0.43 "GET /v2.0/security-groups?id=c0e148d8-9008-4153-86e2-20946460fd39&fields=id&fields=name HTTP/1.1" status: 200 len: 286 time: 0.1542594
Jun 06 19:15:32.311580 dv-cinder-794962-3-iscsi neutron-server[91912]: DEBUG neutron.plugins.ml2.db [req-a9b50f61-d2ad-4394-8675-86f5976882a9 req-eb3a2f15-ab98-4994-b076-09d6ccdee2c8 service neutron] For port 942487e9-9291-441a-b6ad-5332c9635209, host hv-cinder-79496, set binding levels [PortBindingLevel(driver='hyperv',host='hv-cinder-79496',level=0,port_id=942487e9-9291-441a-b6ad-5332c9635209,segment=NetworkSegment(5c33511d-42c6-4e1f-8887-9a42ef3723f6),segment_id=5c33511d-42c6-4e1f-8887-9a42ef3723f6)] {{(pid=91912) set_binding_levels /opt/stack/neutron/neutron/plugins/ml2/db.py:60}}
Jun 06 19:15:32.324835 dv-cinder-794962-3-iscsi neutron-server[91912]: DEBUG neutron_lib.callbacks.manager [req-a9b50f61-d2ad-4394-8675-86f5976882a9 req-eb3a2f15-ab98-4994-b076-09d6ccdee2c8 service neutron] Notify callbacks ['neutron.plugins.ml2.plugin.SecurityGroupServerNotifierRpcMixin.notify_sg_on_port_change-3756423', 'neutron.plugins.ml2.ovo_rpc._ObjectChangeHandler.handle_event-222591', 'neutron.api.rpc.agentnotifiers.dhcp_rpc_agent_api.DhcpAgentNotifyAPI._native_event_send_dhcp_notification-599451', 'neutron.db.l3_db.L3RpcNotifierMixin._notify_gateway_port_ip_changed-8747197473774', 'neutron.db.l3_dvrscheduler_db._notify_l3_agent_port_update-8747197201282', 'neutron.db.l3_hascheduler_db._notify_l3_agent_ha_port_update-8747197201327'] for port, after_update {{(pid=91912) _notify_loop /usr/local/lib/python3.8/dist-packages/neutron_lib/callbacks/manager.py:192}}
Jun 06 19:15:32.332938 dv-cinder-794962-3-iscsi neutron-server[91912]: DEBUG oslo_concurrency.lockutils [-] Lock "event-dispatch" acquired by "neutron.plugins.ml2.ovo_rpc._ObjectChangeHandler.dispatch_events" :: waited 0.000s {{(pid=91912) inner /usr/local/lib/python3.8/dist-packages/oslo_concurrency/lockutils.py:355}}
Jun 06 19:15:32.374975 dv-cinder-794962-3-iscsi neutron-server[91911]: DEBUG neutron.wsgi [-] (91911) accepted ('10.222.0.43', 44954) {{(pid=91911) server /usr/local/lib/python3.8/dist-packages/eventlet/wsgi.py:992}}
Jun 06 19:15:32.426772 dv-cinder-794962-3-iscsi neutron-server[91912]: DEBUG neutron.pecan_wsgi.hooks.policy_enforcement [req-a9b50f61-d2ad-4394-8675-86f5976882a9 req-eb3a2f15-ab98-4994-b076-09d6ccdee2c8 service neutron] Attributes excluded by policy engine: ['standard_attr_id'] {{(pid=91912) _exclude_attributes_by_policy /opt/stack/neutron/neutron/pecan_wsgi/hooks/policy_enforcement.py:255}}
Jun 06 19:15:32.427402 dv-cinder-794962-3-iscsi neutron-server[91912]: DEBUG neutron_lib.callbacks.manager [req-a9b50f61-d2ad-4394-8675-86f5976882a9 req-eb3a2f15-ab98-4994-b076-09d6ccdee2c8 service neutron] Notify callbacks ['neutron.notifiers.nova.Notifier._send_nova_notification-129374', 'neutron.api.rpc.agentnotifiers.dhcp_rpc_agent_api.DhcpAgentNotifyAPI._send_dhcp_notification-599541'] for port, before_response {{(pid=91912) _notify_loop /usr/local/lib/python3.8/dist-packages/neutron_lib/callbacks/manager.py:192}}
Jun 06 19:15:32.428819 dv-cinder-794962-3-iscsi neutron-server[91912]: INFO neutron.wsgi [req-a9b50f61-d2ad-4394-8675-86f5976882a9 req-eb3a2f15-ab98-4994-b076-09d6ccdee2c8 service neutron] 10.222.0.16 "PUT /v2.0/ports/942487e9-9291-441a-b6ad-5332c9635209 HTTP/1.1" status: 200 len: 1093 time: 1.4432623
Jun 06 19:15:32.429517 dv-cinder-794962-3-iscsi neutron-server[91912]: DEBUG neutron.notifiers.nova [-] Sending events: [{'name': 'network-changed', 'server_uuid': '569a16b6-a218-4038-a15c-72129370fb78', 'tag': '942487e9-9291-441a-b6ad-5332c9635209'}] {{(pid=91912) send_events /opt/stack/neutron/neutron/notifiers/nova.py:262}}
Jun 06 19:15:32.432334 dv-cinder-794962-3-iscsi neutron-server[91912]: DEBUG novaclient.v2.client [-] REQ: curl -g -i --cacert "/opt/stack/data/ca-bundle.pem" -X POST http://10.222.0.43/compute/v2.1/os-server-external-events -H "Accept: application/json" -H "Content-Type: application/json" -H "User-Agent: python-novaclient" -H "X-Auth-Token: {SHA256}59a3db66c1c93ece7ede9b65eee73d6ac37b68fbd4399884b0a7397ed94aed88" -H "X-OpenStack-Nova-API-Version: 2.1" -H "X-OpenStack-Request-ID: req-445f2a30-5b72-4906-b2cf-d2f9ff6df591" -d '{"events": [{"name": "network-changed", "server_uuid": "569a16b6-a218-4038-a15c-72129370fb78", "tag": "942487e9-9291-441a-b6ad-5332c9635209"}]}' {{(pid=91912) _http_log_request /usr/local/lib/python3.8/dist-packages/keystoneauth1/session.py:519}}
Jun 06 19:15:32.478627 dv-cinder-794962-3-iscsi neutron-server[91912]: DEBUG neutron.api.rpc.handlers.resources_rpc [None req-eb3a2f15-ab98-4994-b076-09d6ccdee2c8 service neutron] Pushing event updated for resources: {'Port': ['ID=942487e9-9291-441a-b6ad-5332c9635209,revision_number=3']} {{(pid=91912) push /opt/stack/neutron/neutron/api/rpc/handlers/resources_rpc.py:237}}
Jun 06 19:15:32.483011 dv-cinder-794962-3-iscsi neutron-server[91912]: DEBUG oslo_concurrency.lockutils [None req-eb3a2f15-ab98-4994-b076-09d6ccdee2c8 service neutron] Lock "event-dispatch" released by "neutron.plugins.ml2.ovo_rpc._ObjectChangeHandler.dispatch_events" :: held 0.153s {{(pid=91912) inner /usr/local/lib/python3.8/dist-packages/oslo_concurrency/lockutils.py:367}}
Jun 06 19:15:32.528693 dv-cinder-794962-3-iscsi neutron-server[91912]: DEBUG novaclient.v2.client [-] RESP: [200] Connection: close Content-Length: 179 Content-Type: application/json Date: Sun, 06 Jun 2021 19:15:32 GMT OpenStack-API-Version: compute 2.1 Server: Apache/2.4.41 (Ubuntu) Vary: OpenStack-API-Version,X-OpenStack-Nova-API-Version X-OpenStack-Nova-API-Version: 2.1 x-compute-request-id: req-f805c63c-3a7a-4412-8459-6f664d768de2 x-openstack-request-id: req-f805c63c-3a7a-4412-8459-6f664d768de2 {{(pid=91912) _http_log_response /usr/local/lib/python3.8/dist-packages/keystoneauth1/session.py:550}}
Jun 06 19:15:32.528998 dv-cinder-794962-3-iscsi neutron-server[91912]: DEBUG novaclient.v2.client [-] RESP BODY: {"events": [{"name": "network-changed", "server_uuid": "569a16b6-a218-4038-a15c-72129370fb78", "tag": "942487e9-9291-441a-b6ad-5332c9635209", "status": "completed", "code": 200}]} {{(pid=91912) _http_log_response /usr/local/lib/python3.8/dist-packages/keystoneauth1/session.py:582}}
Jun 06 19:15:32.529265 dv-cinder-794962-3-iscsi neutron-server[91912]: DEBUG novaclient.v2.client [-] POST call to compute for http://10.222.0.43/compute/v2.1/os-server-external-events used request id req-f805c63c-3a7a-4412-8459-6f664d768de2 {{(pid=91912) request /usr/local/lib/python3.8/dist-packages/keystoneauth1/session.py:954}}
Jun 06 19:15:32.529968 dv-cinder-794962-3-iscsi neutron-server[91912]: INFO neutron.notifiers.nova [-] Nova event response: {'name': 'network-changed', 'server_uuid': '569a16b6-a218-4038-a15c-72129370fb78', 'tag': '942487e9-9291-441a-b6ad-5332c9635209', 'status': 'completed', 'code': 200}
Jun 06 19:15:32.575697 dv-cinder-794962-3-iscsi neutron-server[91912]: DEBUG neutron.pecan_wsgi.hooks.policy_enforcement [req-a9b50f61-d2ad-4394-8675-86f5976882a9 req-c274f0d8-add9-427b-85ca-82b38d5b52c0 service neutron] Attributes excluded by policy engine: ['standard_attr_id'] {{(pid=91912) _exclude_attributes_by_policy /opt/stack/neutron/neutron/pecan_wsgi/hooks/policy_enforcement.py:255}}
Jun 06 19:15:32.577281 dv-cinder-794962-3-iscsi neutron-server[91912]: INFO neutron.wsgi [req-a9b50f61-d2ad-4394-8675-86f5976882a9 req-c274f0d8-add9-427b-85ca-82b38d5b52c0 service neutron] 10.222.0.16 "GET /v2.0/ports?tenant_id=8525fb2525d7418ca8e52a492b3117b1&device_id=569a16b6-a218-4038-a15c-72129370fb78 HTTP/1.1" status: 200 len: 1096 time: 0.0893199
Jun 06 19:15:32.669402 dv-cinder-794962-3-iscsi neutron-server[91912]: INFO neutron.wsgi [req-a9b50f61-d2ad-4394-8675-86f5976882a9 req-6df4c8e9-8c07-487a-adc3-30f5d66fd880 service neutron] 10.222.0.16 "GET /v2.0/floatingips?fixed_ip_address=172.20.0.4&port_id=942487e9-9291-441a-b6ad-5332c9635209 HTTP/1.1" status: 200 len: 217 time: 0.0802951
Jun 06 19:15:32.671226 dv-cinder-794962-3-iscsi neutron-server[91911]: DEBUG neutron.api.v2.base [None req-7ddaaf2e-c864-44d6-8194-e273204f3dd1 admin admin] Request body: {'network': {'name': 'tempest-TestShelveInstance-1702086358-network', 'tenant_id': '69221038382a4a9ea59ac1bda1a38dc5'}} {{(pid=91911) prepare_request_body /opt/stack/neutron/neutron/api/v2/base.py:729}}
Jun 06 19:15:32.701210 dv-cinder-794962-3-iscsi neutron-server[91911]: DEBUG neutron.pecan_wsgi.hooks.quota_enforcement [None req-7ddaaf2e-c864-44d6-8194-e273204f3dd1 admin admin] Made reservation on behalf of 69221038382a4a9ea59ac1bda1a38dc5 for: {'network': 1} {{(pid=91911) before /opt/stack/neutron/neutron/pecan_wsgi/hooks/quota_enforcement.py:53}}
Jun 06 19:15:32.704351 dv-cinder-794962-3-iscsi neutron-server[91911]: DEBUG neutron_lib.callbacks.manager [None req-7ddaaf2e-c864-44d6-8194-e273204f3dd1 admin admin] Notify callbacks ['neutron.plugins.ml2.plugin.SecurityGroupDbMixin._ensure_default_security_group_handler_net-3763200'] for network, before_create {{(pid=91911) _notify_loop /usr/local/lib/python3.8/dist-packages/neutron_lib/callbacks/manager.py:192}}
Jun 06 19:15:32.720154 dv-cinder-794962-3-iscsi neutron-server[91911]: DEBUG neutron_lib.callbacks.manager [None req-7ddaaf2e-c864-44d6-8194-e273204f3dd1 admin admin] Notify callbacks [] for security_group, before_create {{(pid=91911) _notify_loop /usr/local/lib/python3.8/dist-packages/neutron_lib/callbacks/manager.py:192}}
Jun 06 19:15:32.761076 dv-cinder-794962-3-iscsi neutron-server[91912]: DEBUG neutron.pecan_wsgi.hooks.policy_enforcement [req-a9b50f61-d2ad-4394-8675-86f5976882a9 req-6eb744f2-e07e-4612-87fd-0ac4a069f06f service neutron] Attributes excluded by policy engine: ['standard_attr_id', 'shared'] {{(pid=91912) _exclude_attributes_by_policy /opt/stack/neutron/neutron/pecan_wsgi/hooks/policy_enforcement.py:255}}
Jun 06 19:15:32.763669 dv-cinder-794962-3-iscsi neutron-server[91912]: INFO neutron.wsgi [req-a9b50f61-d2ad-4394-8675-86f5976882a9 req-6eb744f2-e07e-4612-87fd-0ac4a069f06f service neutron] 10.222.0.16 "GET /v2.0/subnets?id=77947762-3853-437a-9685-04f39386f7d6 HTTP/1.1" status: 200 len: 855 time: 0.0812364
Jun 06 19:15:32.856600 dv-cinder-794962-3-iscsi neutron-server[91911]: DEBUG neutron_lib.callbacks.manager [None req-7ddaaf2e-c864-44d6-8194-e273204f3dd1 admin admin] Notify callbacks [] for security_group, precommit_create {{(pid=91911) _notify_loop /usr/local/lib/python3.8/dist-packages/neutron_lib/callbacks/manager.py:192}}
Jun 06 19:15:32.870790 dv-cinder-794962-3-iscsi neutron-server[91911]: DEBUG neutron_lib.callbacks.manager [None req-7ddaaf2e-c864-44d6-8194-e273204f3dd1 admin admin] Notify callbacks ['neutron.plugins.ml2.ovo_rpc._ObjectChangeHandler.handle_event-1039628'] for security_group, after_create {{(pid=91911) _notify_loop /usr/local/lib/python3.8/dist-packages/neutron_lib/callbacks/manager.py:192}}
Jun 06 19:15:32.875891 dv-cinder-794962-3-iscsi neutron-server[91911]: DEBUG oslo_concurrency.lockutils [None req-f2422b15-d967-4474-9529-8d89ad62ec4f admin admin] Lock "event-dispatch" acquired by "neutron.plugins.ml2.ovo_rpc._ObjectChangeHandler.dispatch_events" :: waited 0.000s {{(pid=91911) inner /usr/local/lib/python3.8/dist-packages/oslo_concurrency/lockutils.py:355}}
Jun 06 19:15:32.883566 dv-cinder-794962-3-iscsi neutron-server[91912]: INFO neutron.wsgi [req-a9b50f61-d2ad-4394-8675-86f5976882a9 req-4299b550-9c8e-4c4f-9e4d-b83e03b32c51 service neutron] 10.222.0.16 "GET /v2.0/ports?network_id=c1d88008-bf78-414c-aa3e-4e72888d4402&device_owner=network%3Adhcp HTTP/1.1" status: 200 len: 210 time: 0.0932775
Jun 06 19:15:32.905973 dv-cinder-794962-3-iscsi neutron-server[91911]: DEBUG neutron.plugins.ml2.drivers.helpers [None req-7ddaaf2e-c864-44d6-8194-e273204f3dd1 admin admin] vlan segment allocate from pool success with {'vlan_id': 448, 'physical_network': 'physnet1'} {{(pid=91911) allocate_partially_specified_segment /opt/stack/neutron/neutron/plugins/ml2/drivers/helpers.py:153}}
Jun 06 19:15:32.914798 dv-cinder-794962-3-iscsi neutron-server[91911]: DEBUG neutron.api.rpc.handlers.resources_rpc [None req-7ddaaf2e-c864-44d6-8194-e273204f3dd1 admin admin] Pushing event updated for resources: {'SecurityGroup': ['ID=9111ade7-07f9-43c6-bf8d-bc52c4584af2,revision_number=1']} {{(pid=91911) push /opt/stack/neutron/neutron/api/rpc/handlers/resources_rpc.py:237}}
Jun 06 19:15:32.918669 dv-cinder-794962-3-iscsi neutron-server[91911]: DEBUG oslo_concurrency.lockutils [None req-7ddaaf2e-c864-44d6-8194-e273204f3dd1 admin admin] Lock "event-dispatch" released by "neutron.plugins.ml2.ovo_rpc._ObjectChangeHandler.dispatch_events" :: held 0.043s {{(pid=91911) inner /usr/local/lib/python3.8/dist-packages/oslo_concurrency/lockutils.py:367}}
Jun 06 19:15:32.921590 dv-cinder-794962-3-iscsi neutron-server[91911]: DEBUG neutron_lib.callbacks.manager [None req-7ddaaf2e-c864-44d6-8194-e273204f3dd1 admin admin] Notify callbacks ['neutron.plugins.ml2.plugin.Ml2Plugin._handle_segment_change-4117871'] for segment, precommit_create {{(pid=91911) _notify_loop /usr/local/lib/python3.8/dist-packages/neutron_lib/callbacks/manager.py:192}}
Jun 06 19:15:32.922295 dv-cinder-794962-3-iscsi neutron-server[91911]: INFO neutron.db.segments_db [None req-7ddaaf2e-c864-44d6-8194-e273204f3dd1 admin admin] Added segment 4adcbdfb-61fb-431e-8475-cbfef3ebb308 of type vlan for network b45e1318-68bc-4144-ad7f-95e06d53d90a
Jun 06 19:15:32.936837 dv-cinder-794962-3-iscsi neutron-server[91911]: DEBUG neutron.wsgi [-] (91911) accepted ('10.222.0.43', 44988) {{(pid=91911) server /usr/local/lib/python3.8/dist-packages/eventlet/wsgi.py:992}}
Jun 06 19:15:33.006985 dv-cinder-794962-3-iscsi neutron-server[91911]: DEBUG neutron_lib.callbacks.manager [None req-7ddaaf2e-c864-44d6-8194-e273204f3dd1 admin admin] Notify callbacks ['neutron.services.auto_allocate.db._ensure_external_network_default_value_callback-8747197187054'] for network, precommit_create {{(pid=91911) _notify_loop /usr/local/lib/python3.8/dist-packages/neutron_lib/callbacks/manager.py:192}}
Jun 06 19:15:33.032825 dv-cinder-794962-3-iscsi neutron-server[91911]: DEBUG neutron.db.db_base_plugin_v2 [None req-f83157f0-b10d-4ee3-bc9a-058c40331292 admin admin] Deleting subnet 97373892-a6c5-4a6d-88f4-ea75d80c7c2b {{(pid=91911) delete_subnet /opt/stack/neutron/neutron/db/db_base_plugin_v2.py:1047}}
Jun 06 19:15:33.036988 dv-cinder-794962-3-iscsi neutron-server[91911]: DEBUG neutron_lib.callbacks.manager [None req-f83157f0-b10d-4ee3-bc9a-058c40331292 admin admin] Notify callbacks [] for subnet, before_delete {{(pid=91911) _notify_loop /usr/local/lib/python3.8/dist-packages/neutron_lib/callbacks/manager.py:192}}
Jun 06 19:15:33.115037 dv-cinder-794962-3-iscsi neutron-server[91911]: DEBUG neutron_lib.callbacks.manager [None req-7ddaaf2e-c864-44d6-8194-e273204f3dd1 admin admin] Notify callbacks ['neutron.plugins.ml2.ovo_rpc._ObjectChangeHandler.handle_payload_event-1039834', 'neutron.api.rpc.agentnotifiers.dhcp_rpc_agent_api.DhcpAgentNotifyAPI._native_event_send_dhcp_notification_payload-599442'] for network, after_create {{(pid=91911) _notify_loop /usr/local/lib/python3.8/dist-packages/neutron_lib/callbacks/manager.py:192}}
Jun 06 19:15:33.130513 dv-cinder-794962-3-iscsi neutron-server[91911]: DEBUG neutron_lib.callbacks.manager [None req-f83157f0-b10d-4ee3-bc9a-058c40331292 admin admin] Notify callbacks [] for subnet, precommit_delete_associations {{(pid=91911) _notify_loop /usr/local/lib/python3.8/dist-packages/neutron_lib/callbacks/manager.py:192}}
Jun 06 19:15:33.137041 dv-cinder-794962-3-iscsi neutron-server[91911]: DEBUG neutron.pecan_wsgi.hooks.policy_enforcement [None req-7ddaaf2e-c864-44d6-8194-e273204f3dd1 admin admin] Attributes excluded by policy engine: ['standard_attr_id', 'vlan_transparent'] {{(pid=91911) _exclude_attributes_by_policy /opt/stack/neutron/neutron/pecan_wsgi/hooks/policy_enforcement.py:255}}
Jun 06 19:15:33.137632 dv-cinder-794962-3-iscsi neutron-server[91911]: DEBUG neutron_lib.callbacks.manager [None req-7ddaaf2e-c864-44d6-8194-e273204f3dd1 admin admin] Notify callbacks ['neutron.api.rpc.agentnotifiers.dhcp_rpc_agent_api.DhcpAgentNotifyAPI._send_dhcp_notification-599541'] for network, before_response {{(pid=91911) _notify_loop /usr/local/lib/python3.8/dist-packages/neutron_lib/callbacks/manager.py:192}}
Jun 06 19:15:33.157525 dv-cinder-794962-3-iscsi neutron-server[91911]: DEBUG oslo_concurrency.lockutils [None req-856fbb90-355d-408b-8db9-1c1082d45480 admin admin] Lock "event-dispatch" acquired by "neutron.plugins.ml2.ovo_rpc._ObjectChangeHandler.dispatch_events" :: waited 0.000s {{(pid=91911) inner /usr/local/lib/python3.8/dist-packages/oslo_concurrency/lockutils.py:355}}
Jun 06 19:15:33.189444 dv-cinder-794962-3-iscsi neutron-server[91911]: DEBUG neutron_lib.callbacks.manager [None req-f83157f0-b10d-4ee3-bc9a-058c40331292 admin admin] Notify callbacks ['neutron.plugins.ml2.plugin.Ml2Plugin._subnet_delete_precommit_handler-4116196'] for subnet, precommit_delete {{(pid=91911) _notify_loop /usr/local/lib/python3.8/dist-packages/neutron_lib/callbacks/manager.py:192}}
Jun 06 19:15:33.201805 dv-cinder-794962-3-iscsi neutron-server[91912]: DEBUG neutron.pecan_wsgi.hooks.policy_enforcement [req-b62c528f-6ff3-4c19-8da3-e1f06eaeac77 req-34e71707-a8dd-462e-8884-d6805424b0dd tempest-AttachVolumeNegativeTest-765518781 tempest-AttachVolumeNegativeTest-765518781-project] Attributes excluded by policy engine: ['standard_attr_id', 'binding:profile', 'binding:host_id', 'binding:vif_type', 'binding:vif_details'] {{(pid=91912) _exclude_attributes_by_policy /opt/stack/neutron/neutron/pecan_wsgi/hooks/policy_enforcement.py:255}}
Jun 06 19:15:33.204482 dv-cinder-794962-3-iscsi neutron-server[91912]: INFO neutron.wsgi [req-b62c528f-6ff3-4c19-8da3-e1f06eaeac77 req-34e71707-a8dd-462e-8884-d6805424b0dd tempest-AttachVolumeNegativeTest-765518781 tempest-AttachVolumeNegativeTest-765518781-project] 10.222.0.43 "GET /v2.0/ports?device_id=569a16b6-a218-4038-a15c-72129370fb78 HTTP/1.1" status: 200 len: 943 time: 0.2954819
Jun 06 19:15:33.225385 dv-cinder-794962-3-iscsi neutron-server[91912]: INFO neutron.wsgi [req-a9b50f61-d2ad-4394-8675-86f5976882a9 req-34e44ba9-bfaa-41e6-ac5c-8c5503808906 service neutron] 10.222.0.16 "GET /v2.0/networks/c1d88008-bf78-414c-aa3e-4e72888d4402?fields=segments HTTP/1.1" status: 200 len: 212 time: 0.2453125
Jun 06 19:15:33.249205 dv-cinder-794962-3-iscsi neutron-server[91911]: INFO neutron.wsgi [None req-7ddaaf2e-c864-44d6-8194-e273204f3dd1 admin admin] 10.222.0.43 "POST /v2.0/networks HTTP/1.1" status: 201 len: 882 time: 0.8729844
Jun 06 19:15:33.253111 dv-cinder-794962-3-iscsi neutron-server[91911]: DEBUG neutron.wsgi [-] (91911) accepted ('10.222.0.43', 44998) {{(pid=91911) server /usr/local/lib/python3.8/dist-packages/eventlet/wsgi.py:992}}
Jun 06 19:15:33.271848 dv-cinder-794962-3-iscsi neutron-server[91911]: DEBUG neutron.api.v2.base [None req-1c53d849-1677-4a43-a14a-c2cbb0188be6 admin admin] Request body: {'subnet': {'network_id': 'b45e1318-68bc-4144-ad7f-95e06d53d90a', 'cidr': '172.20.0.0/28', 'name': 'tempest-TestShelveInstance-1702086358-subnet', 'tenant_id': '69221038382a4a9ea59ac1bda1a38dc5', 'ip_version': 4}} {{(pid=91911) prepare_request_body /opt/stack/neutron/neutron/api/v2/base.py:729}}
Jun 06 19:15:33.378123 dv-cinder-794962-3-iscsi neutron-server[91912]: INFO neutron.wsgi [req-b62c528f-6ff3-4c19-8da3-e1f06eaeac77 req-82347ae1-2422-4165-b347-f9fa6dbe42ca tempest-AttachVolumeNegativeTest-765518781 tempest-AttachVolumeNegativeTest-765518781-project] 10.222.0.43 "GET /v2.0/security-groups?id=f95451a6-3b6b-4d7b-b4b3-417f4ee021f8&fields=id&fields=name HTTP/1.1" status: 200 len: 286 time: 0.1478138
Jun 06 19:15:33.395910 dv-cinder-794962-3-iscsi neutron-server[91911]: DEBUG neutron.api.rpc.handlers.resources_rpc [None req-7ddaaf2e-c864-44d6-8194-e273204f3dd1 admin admin] Pushing event updated for resources: {'Network': ['ID=b45e1318-68bc-4144-ad7f-95e06d53d90a,revision_number=1']} {{(pid=91911) push /opt/stack/neutron/neutron/api/rpc/handlers/resources_rpc.py:237}}
Jun 06 19:15:33.398517 dv-cinder-794962-3-iscsi neutron-server[91911]: DEBUG neutron_lib.callbacks.manager [None req-f83157f0-b10d-4ee3-bc9a-058c40331292 admin admin] Notify callbacks ['neutron.plugins.ml2.plugin.Ml2Plugin._subnet_delete_after_delete_handler-4116205', 'neutron.plugins.ml2.ovo_rpc._ObjectChangeHandler.handle_event-222484', 'neutron.api.rpc.agentnotifiers.dhcp_rpc_agent_api.DhcpAgentNotifyAPI._native_event_send_dhcp_notification-599451'] for subnet, after_delete {{(pid=91911) _notify_loop /usr/local/lib/python3.8/dist-packages/neutron_lib/callbacks/manager.py:192}}
Jun 06 19:15:33.399565 dv-cinder-794962-3-iscsi neutron-server[91911]: DEBUG neutron.pecan_wsgi.hooks.quota_enforcement [None req-1c53d849-1677-4a43-a14a-c2cbb0188be6 admin admin] Made reservation on behalf of 69221038382a4a9ea59ac1bda1a38dc5 for: {'subnet': 1} {{(pid=91911) before /opt/stack/neutron/neutron/pecan_wsgi/hooks/quota_enforcement.py:53}}
Jun 06 19:15:33.401945 dv-cinder-794962-3-iscsi neutron-server[91911]: DEBUG neutron_lib.callbacks.manager [None req-1c53d849-1677-4a43-a14a-c2cbb0188be6 admin admin] Notify callbacks [] for subnet, before_create {{(pid=91911) _notify_loop /usr/local/lib/python3.8/dist-packages/neutron_lib/callbacks/manager.py:192}}
Jun 06 19:15:33.413296 dv-cinder-794962-3-iscsi neutron-server[91915]: DEBUG neutron.plugins.ml2.rpc [None req-ed420b8c-4563-41eb-80dc-4e41900352d4 None None] Network b45e1318-68bc-4144-ad7f-95e06d53d90a details requested by agent ovs-agent-dv-cinder-794962-3-iscsi with host dv-cinder-794962-3-iscsi {{(pid=91915) get_network_details /opt/stack/neutron/neutron/plugins/ml2/rpc.py:232}}
Jun 06 19:15:33.435027 dv-cinder-794962-3-iscsi neutron-server[91912]: INFO neutron.wsgi [req-a9b50f61-d2ad-4394-8675-86f5976882a9 req-a277f304-6073-4269-82cb-56eb5b8f762d service neutron] 10.222.0.16 "GET /v2.0/networks/c1d88008-bf78-414c-aa3e-4e72888d4402?fields=provider%3Aphysical_network&fields=provider%3Anetwork_type HTTP/1.1" status: 200 len: 281 time: 0.1800787
Jun 06 19:15:33.627555 dv-cinder-794962-3-iscsi neutron-server[91911]: DEBUG oslo_concurrency.lockutils [None req-7ddaaf2e-c864-44d6-8194-e273204f3dd1 admin admin] Lock "event-dispatch" released by "neutron.plugins.ml2.ovo_rpc._ObjectChangeHandler.dispatch_events" :: held 0.470s {{(pid=91911) inner /usr/local/lib/python3.8/dist-packages/oslo_concurrency/lockutils.py:367}}
Jun 06 19:15:33.656520 dv-cinder-794962-3-iscsi neutron-server[91915]: DEBUG neutron_lib.callbacks.manager [None req-253e6fb5-5fde-45c6-9e05-1f309c47215e None None] Notify callbacks ['neutron.services.segments.db._update_segment_host_mapping_for_agent-8747197598100', 'neutron.plugins.ml2.plugin.Ml2Plugin._retry_binding_revived_agents-4113315'] for agent, after_update {{(pid=91915) _notify_loop /usr/local/lib/python3.8/dist-packages/neutron_lib/callbacks/manager.py:192}}
Jun 06 19:15:33.712029 dv-cinder-794962-3-iscsi neutron-server[91912]: DEBUG neutron.pecan_wsgi.hooks.policy_enforcement [req-445f2a30-5b72-4906-b2cf-d2f9ff6df591 req-592f1b80-f277-4b4d-9681-71682658c42f service neutron] Attributes excluded by policy engine: ['standard_attr_id'] {{(pid=91912) _exclude_attributes_by_policy /opt/stack/neutron/neutron/pecan_wsgi/hooks/policy_enforcement.py:255}}
Jun 06 19:15:33.714290 dv-cinder-794962-3-iscsi neutron-server[91912]: INFO neutron.wsgi [req-445f2a30-5b72-4906-b2cf-d2f9ff6df591 req-592f1b80-f277-4b4d-9681-71682658c42f service neutron] 10.222.0.16 "GET /v2.0/ports?tenant_id=8525fb2525d7418ca8e52a492b3117b1&device_id=569a16b6-a218-4038-a15c-72129370fb78 HTTP/1.1" status: 200 len: 1096 time: 0.1994483
Jun 06 19:15:33.729980 dv-cinder-794962-3-iscsi neutron-server[91912]: DEBUG neutron.pecan_wsgi.hooks.policy_enforcement [req-39959944-516b-4757-a89a-4436dd835564 req-b77800a0-9384-485c-b943-5fe4639ea091 tempest-ServerRescueNegativeTestJSON-1658241285 tempest-ServerRescueNegativeTestJSON-1658241285-project] Attributes excluded by policy engine: ['standard_attr_id', 'binding:profile', 'binding:host_id', 'binding:vif_type', 'binding:vif_details'] {{(pid=91912) _exclude_attributes_by_policy /opt/stack/neutron/neutron/pecan_wsgi/hooks/policy_enforcement.py:255}}
Jun 06 19:15:33.735296 dv-cinder-794962-3-iscsi neutron-server[91912]: INFO neutron.wsgi [req-39959944-516b-4757-a89a-4436dd835564 req-b77800a0-9384-485c-b943-5fe4639ea091 tempest-ServerRescueNegativeTestJSON-1658241285 tempest-ServerRescueNegativeTestJSON-1658241285-project] 10.222.0.43 "GET /v2.0/ports?device_id=c1d2f324-b40b-4aa9-b0fa-2710e65e7539 HTTP/1.1" status: 200 len: 946 time: 0.1467812
Jun 06 19:15:33.817481 dv-cinder-794962-3-iscsi neutron-server[91911]: DEBUG oslo_concurrency.lockutils [None req-376d4f09-864b-4a1d-8727-feee0cbd719f admin admin] Lock "event-dispatch" acquired by "neutron.plugins.ml2.ovo_rpc._ObjectChangeHandler.dispatch_events" :: waited 0.000s {{(pid=91911) inner /usr/local/lib/python3.8/dist-packages/oslo_concurrency/lockutils.py:355}}
Jun 06 19:15:33.859745 dv-cinder-794962-3-iscsi neutron-server[91911]: DEBUG neutron.api.rpc.handlers.resources_rpc [None req-f83157f0-b10d-4ee3-bc9a-058c40331292 admin admin] Pushing event deleted for resources: {'Subnet': ['ID=97373892-a6c5-4a6d-88f4-ea75d80c7c2b,revision_number=None']} {{(pid=91911) push /opt/stack/neutron/neutron/api/rpc/handlers/resources_rpc.py:237}}
Jun 06 19:15:33.865299 dv-cinder-794962-3-iscsi neutron-server[91911]: DEBUG oslo_concurrency.lockutils [None req-f83157f0-b10d-4ee3-bc9a-058c40331292 admin admin] Lock "event-dispatch" released by "neutron.plugins.ml2.ovo_rpc._ObjectChangeHandler.dispatch_events" :: held 0.048s {{(pid=91911) inner /usr/local/lib/python3.8/dist-packages/oslo_concurrency/lockutils.py:367}}
Jun 06 19:15:33.867106 dv-cinder-794962-3-iscsi neutron-server[91911]: DEBUG neutron_lib.callbacks.manager [None req-f83157f0-b10d-4ee3-bc9a-058c40331292 admin admin] Notify callbacks [] for subnet, before_response {{(pid=91911) _notify_loop /usr/local/lib/python3.8/dist-packages/neutron_lib/callbacks/manager.py:192}}
Jun 06 19:15:33.869743 dv-cinder-794962-3-iscsi neutron-server[91911]: INFO neutron.wsgi [None req-f83157f0-b10d-4ee3-bc9a-058c40331292 admin admin] 10.222.0.43 "DELETE /v2.0/subnets/97373892-a6c5-4a6d-88f4-ea75d80c7c2b HTTP/1.1" status: 204 len: 168 time: 0.9318659
Jun 06 19:15:33.871681 dv-cinder-794962-3-iscsi neutron-server[91911]: DEBUG neutron_lib.callbacks.manager [None req-1c53d849-1677-4a43-a14a-c2cbb0188be6 admin admin] Notify callbacks ['neutron.plugins.ml2.ovo_rpc._ObjectChangeHandler.handle_event-222484', 'neutron.api.rpc.agentnotifiers.dhcp_rpc_agent_api.DhcpAgentNotifyAPI._native_event_send_dhcp_notification-599451'] for subnet, after_create {{(pid=91911) _notify_loop /usr/local/lib/python3.8/dist-packages/neutron_lib/callbacks/manager.py:192}}
Jun 06 19:15:33.872619 dv-cinder-794962-3-iscsi neutron-server[91911]: DEBUG neutron.wsgi [-] (91911) accepted ('10.222.0.43', 45026) {{(pid=91911) server /usr/local/lib/python3.8/dist-packages/eventlet/wsgi.py:992}}
Jun 06 19:15:33.902206 dv-cinder-794962-3-iscsi neutron-server[91911]: DEBUG oslo_concurrency.lockutils [-] Lock "event-dispatch" acquired by "neutron.plugins.ml2.ovo_rpc._ObjectChangeHandler.dispatch_events" :: waited 0.000s {{(pid=91911) inner /usr/local/lib/python3.8/dist-packages/oslo_concurrency/lockutils.py:355}}
Jun 06 19:15:33.924683 dv-cinder-794962-3-iscsi neutron-server[91912]: DEBUG neutron.pecan_wsgi.hooks.policy_enforcement [req-445f2a30-5b72-4906-b2cf-d2f9ff6df591 req-1017252d-af10-44c2-99e6-11a8eddb8a70 service neutron] Attributes excluded by policy engine: ['standard_attr_id', 'vlan_transparent'] {{(pid=91912) _exclude_attributes_by_policy /opt/stack/neutron/neutron/pecan_wsgi/hooks/policy_enforcement.py:255}}
Jun 06 19:15:33.926476 dv-cinder-794962-3-iscsi neutron-server[91912]: INFO neutron.wsgi [req-445f2a30-5b72-4906-b2cf-d2f9ff6df591 req-1017252d-af10-44c2-99e6-11a8eddb8a70 service neutron] 10.222.0.16 "GET /v2.0/networks?id=c1d88008-bf78-414c-aa3e-4e72888d4402 HTTP/1.1" status: 200 len: 916 time: 0.1887760
Jun 06 19:15:33.967796 dv-cinder-794962-3-iscsi neutron-server[91911]: DEBUG neutron.api.rpc.handlers.resources_rpc [None req-1c53d849-1677-4a43-a14a-c2cbb0188be6 admin admin] Pushing event updated for resources: {'Subnet': ['ID=82625c9e-d8ff-45b0-842a-9d6b930b2a60,revision_number=0']} {{(pid=91911) push /opt/stack/neutron/neutron/api/rpc/handlers/resources_rpc.py:237}}
Jun 06 19:15:33.980336 dv-cinder-794962-3-iscsi neutron-server[91911]: DEBUG oslo_concurrency.lockutils [None req-1c53d849-1677-4a43-a14a-c2cbb0188be6 admin admin] Lock "event-dispatch" released by "neutron.plugins.ml2.ovo_rpc._ObjectChangeHandler.dispatch_events" :: held 0.078s {{(pid=91911) inner /usr/local/lib/python3.8/dist-packages/oslo_concurrency/lockutils.py:367}}
Jun 06 19:15:34.044186 dv-cinder-794962-3-iscsi neutron-server[91912]: INFO neutron.wsgi [req-445f2a30-5b72-4906-b2cf-d2f9ff6df591 req-9e9ab09a-9625-4b35-b4a5-e2f948275275 service neutron] 10.222.0.16 "GET /v2.0/floatingips?fixed_ip_address=172.20.0.4&port_id=942487e9-9291-441a-b6ad-5332c9635209 HTTP/1.1" status: 200 len: 217 time: 0.0971401
Jun 06 19:15:34.062481 dv-cinder-794962-3-iscsi neutron-server[91912]: INFO neutron.wsgi [req-39959944-516b-4757-a89a-4436dd835564 req-03827bab-83b6-42ec-b283-2e71d95e90a3 tempest-ServerRescueNegativeTestJSON-1658241285 tempest-ServerRescueNegativeTestJSON-1658241285-project] 10.222.0.43 "GET /v2.0/security-groups?id=c0e148d8-9008-4153-86e2-20946460fd39&fields=id&fields=name HTTP/1.1" status: 200 len: 286 time: 0.1529412
Jun 06 19:15:34.098154 dv-cinder-794962-3-iscsi neutron-server[91911]: DEBUG neutron_lib.callbacks.manager [None req-ef990191-eafd-4496-8399-b37edfb1b7a1 admin admin] Notify callbacks ['neutron.plugins.ml2.plugin.External_net_db_mixin._before_network_delete_handler-3742822'] for network, before_delete {{(pid=91911) _notify_loop /usr/local/lib/python3.8/dist-packages/neutron_lib/callbacks/manager.py:192}}
Jun 06 19:15:34.115570 dv-cinder-794962-3-iscsi neutron-server[91911]: DEBUG neutron.plugins.ml2.drivers.mech_agent [None req-1c53d849-1677-4a43-a14a-c2cbb0188be6 admin admin] Checking segment: {'id': '4adcbdfb-61fb-431e-8475-cbfef3ebb308', 'network_type': 'vlan', 'physical_network': 'physnet1', 'segmentation_id': 448, 'network_id': 'b45e1318-68bc-4144-ad7f-95e06d53d90a'} for mappings: {'physnet1': 'br-data'} with network types: ['local', 'flat', 'vlan'] {{(pid=91911) check_segment_for_agent /opt/stack/neutron/neutron/plugins/ml2/drivers/mech_agent.py:341}}
Jun 06 19:15:34.116210 dv-cinder-794962-3-iscsi neutron-server[91911]: DEBUG neutron.scheduler.dhcp_agent_scheduler [None req-1c53d849-1677-4a43-a14a-c2cbb0188be6 admin admin] Network hostable DHCP agents. Network: b45e1318-68bc-4144-ad7f-95e06d53d90a, hostable agents: ['f4aeebe3-baec-43e6-8c5f-64d4f019aed0'], hosted agents: [] {{(pid=91911) _get_network_hostable_dhcp_agents /opt/stack/neutron/neutron/scheduler/dhcp_agent_scheduler.py:329}}
Jun 06 19:15:34.158997 dv-cinder-794962-3-iscsi neutron-server[91912]: DEBUG neutron.pecan_wsgi.hooks.policy_enforcement [req-445f2a30-5b72-4906-b2cf-d2f9ff6df591 req-3eada8fa-1cc6-4685-862e-f41d6aeb33fd service neutron] Attributes excluded by policy engine: ['standard_attr_id', 'shared'] {{(pid=91912) _exclude_attributes_by_policy /opt/stack/neutron/neutron/pecan_wsgi/hooks/policy_enforcement.py:255}}
