Jun 19 12:05:15.086274 dv-cinder-794669-6-smb devstack@c-api.service[99766]: DEBUG cinder.volume.api [None req-38a45cc0-cf84-4601-8511-e5d1c08b23de tempest-AbsoluteLimitsTests-1968171116 tempest-AbsoluteLimitsTests-1968171116-project] Task 'cinder.volume.flows.api.create_volume.ExtractVolumeRequestTask;volume:create' (7c17eb9f-4c6d-441a-879e-4742e3cca335) transitioned into state 'SUCCESS' from state 'RUNNING' with result '{'size': 1, 'snapshot_id': None, 'source_volid': None, 'volume_type': VolumeType(created_at=2021-06-19T11:54:03Z,deleted=False,deleted_at=None,description='Default Volume Type',extra_specs={},id=ac621f38-c7bc-42a3-9b23-905c43021649,is_public=True,name='__DEFAULT__',projects=[],qos_specs=,qos_specs_id=None,updated_at=2021-06-19T11:54:03Z), 'volume_type_id': 'ac621f38-c7bc-42a3-9b23-905c43021649', 'encryption_key_id': None, 'qos_specs': None, 'consistencygroup_id': None, 'cgsnapshot_id': None, 'group_id': None, 'replication_status': 'disabled', 'refresh_az': False, 'backup_id': None, 'multiattach': False, 'availability_zones': ['nova']}' {{(pid=99766) _task_receiver /usr/local/lib/python3.8/dist-packages/taskflow/listeners/logging.py:178}}
Jun 19 12:05:15.091031 dv-cinder-794669-6-smb devstack@c-api.service[99766]: DEBUG cinder.volume.api [None req-38a45cc0-cf84-4601-8511-e5d1c08b23de tempest-AbsoluteLimitsTests-1968171116 tempest-AbsoluteLimitsTests-1968171116-project] Task 'cinder.volume.flows.api.create_volume.QuotaReserveTask;volume:create' (280a9631-773a-4f6e-93fe-2fb9548ea5ba) transitioned into state 'RUNNING' from state 'PENDING' {{(pid=99766) _task_receiver /usr/local/lib/python3.8/dist-packages/taskflow/listeners/logging.py:190}}
Jun 19 12:05:15.094752 dv-cinder-794669-6-smb devstack@c-api.service[99767]: INFO cinder.api.openstack.wsgi [None req-fee2b83e-d4c6-487f-8a72-0d5b58f1b0d1 tempest-VolumeTypesNegativeTest-1289081748 tempest-VolumeTypesNegativeTest-1289081748-project-admin] POST http://10.222.0.65/volume/v3/ff97cdde561f4179bca7a1db7f9f0461/types
Jun 19 12:05:15.095349 dv-cinder-794669-6-smb devstack@c-api.service[99767]: /usr/local/lib/python3.8/dist-packages/webob/acceptparse.py:1047: DeprecationWarning: The behavior of AcceptValidHeader.best_match is currently being maintained for backward compatibility, but it will be deprecated in the future, as it does not conform to the RFC.
Jun 19 12:05:15.095349 dv-cinder-794669-6-smb devstack@c-api.service[99767]: warnings.warn(
Jun 19 12:05:15.096690 dv-cinder-794669-6-smb devstack@c-api.service[99767]: DEBUG cinder.api.openstack.wsgi [None req-fee2b83e-d4c6-487f-8a72-0d5b58f1b0d1 tempest-VolumeTypesNegativeTest-1289081748 tempest-VolumeTypesNegativeTest-1289081748-project-admin] Action: 'create', calling method: _create, body: {"volume_type": {"name": "tempest-VolumeTypesNegativeTest-volume-type-1272754910", "os-volume-type-access:is_public": false}} {{(pid=99767) _process_stack /opt/stack/cinder/cinder/api/openstack/wsgi.py:864}}
Jun 19 12:05:15.133593 dv-cinder-794669-6-smb devstack@c-api.service[99767]: INFO cinder.api.openstack.wsgi [None req-fee2b83e-d4c6-487f-8a72-0d5b58f1b0d1 tempest-VolumeTypesNegativeTest-1289081748 tempest-VolumeTypesNegativeTest-1289081748-project-admin] http://10.222.0.65/volume/v3/ff97cdde561f4179bca7a1db7f9f0461/types returned with HTTP 200
Jun 19 12:05:15.134450 dv-cinder-794669-6-smb devstack@c-api.service[99767]: [pid: 99767|app: 0|req: 198/418] 10.222.0.65 () {60 vars in 1230 bytes} [Sat Jun 19 12:05:14 2021] POST /volume/v3/ff97cdde561f4179bca7a1db7f9f0461/types => generated 231 bytes in 285 msecs (HTTP/1.1 200) 7 headers in 285 bytes (1 switches on core 0)
Jun 19 12:05:15.147564 dv-cinder-794669-6-smb devstack@c-api.service[99767]: INFO cinder.api.openstack.wsgi [None req-f7ec9886-6777-40c7-b915-0ff1dda0d953 tempest-VolumeTypesExtraSpecsTest-1711997001 tempest-VolumeTypesExtraSpecsTest-1711997001-project-admin] POST http://10.222.0.65/volume/v3/8ec1e227443041aeb0283b155ae6742f/types/d5681c89-2c59-4e86-8d0c-06c3f8cc727f/extra_specs
Jun 19 12:05:15.148530 dv-cinder-794669-6-smb devstack@c-api.service[99767]: DEBUG cinder.api.openstack.wsgi [None req-f7ec9886-6777-40c7-b915-0ff1dda0d953 tempest-VolumeTypesExtraSpecsTest-1711997001 tempest-VolumeTypesExtraSpecsTest-1711997001-project-admin] Action: 'create', calling method: create, body: {"extra_specs": {"spec2": "val3", "spec4": "val4"}} {{(pid=99767) _process_stack /opt/stack/cinder/cinder/api/openstack/wsgi.py:864}}
Jun 19 12:05:15.214624 dv-cinder-794669-6-smb devstack@c-api.service[99767]: INFO cinder.api.openstack.wsgi [None req-f7ec9886-6777-40c7-b915-0ff1dda0d953 tempest-VolumeTypesExtraSpecsTest-1711997001 tempest-VolumeTypesExtraSpecsTest-1711997001-project-admin] http://10.222.0.65/volume/v3/8ec1e227443041aeb0283b155ae6742f/types/d5681c89-2c59-4e86-8d0c-06c3f8cc727f/extra_specs returned with HTTP 200
Jun 19 12:05:15.215312 dv-cinder-794669-6-smb devstack@c-api.service[99767]: [pid: 99767|app: 0|req: 199/419] 10.222.0.65 () {60 vars in 1376 bytes} [Sat Jun 19 12:05:15 2021] POST /volume/v3/8ec1e227443041aeb0283b155ae6742f/types/d5681c89-2c59-4e86-8d0c-06c3f8cc727f/extra_specs => generated 51 bytes in 74 msecs (HTTP/1.1 200) 7 headers in 284 bytes (1 switches on core 0)
Jun 19 12:05:15.260930 dv-cinder-794669-6-smb devstack@c-api.service[99766]: DEBUG cinder.quota [None req-38a45cc0-cf84-4601-8511-e5d1c08b23de tempest-AbsoluteLimitsTests-1968171116 tempest-AbsoluteLimitsTests-1968171116-project] Created reservations ['efbbb9b2-4a60-4158-936b-6f77bd0b66ca', 'e9d4dce8-5930-4627-a07d-80b38349e9b1', 'b058f2b4-f5c2-4ef1-b374-c1996064efae', '0097cc90-7506-4705-8378-b808e3c46eb4'] {{(pid=99766) reserve /opt/stack/cinder/cinder/quota.py:755}}
Jun 19 12:05:15.265185 dv-cinder-794669-6-smb devstack@c-api.service[99766]: DEBUG cinder.volume.api [None req-38a45cc0-cf84-4601-8511-e5d1c08b23de tempest-AbsoluteLimitsTests-1968171116 tempest-AbsoluteLimitsTests-1968171116-project] Task 'cinder.volume.flows.api.create_volume.QuotaReserveTask;volume:create' (280a9631-773a-4f6e-93fe-2fb9548ea5ba) transitioned into state 'SUCCESS' from state 'RUNNING' with result '{'reservations': ['efbbb9b2-4a60-4158-936b-6f77bd0b66ca', 'e9d4dce8-5930-4627-a07d-80b38349e9b1', 'b058f2b4-f5c2-4ef1-b374-c1996064efae', '0097cc90-7506-4705-8378-b808e3c46eb4']}' {{(pid=99766) _task_receiver /usr/local/lib/python3.8/dist-packages/taskflow/listeners/logging.py:178}}
Jun 19 12:05:15.274873 dv-cinder-794669-6-smb devstack@c-api.service[99766]: DEBUG cinder.volume.api [None req-38a45cc0-cf84-4601-8511-e5d1c08b23de tempest-AbsoluteLimitsTests-1968171116 tempest-AbsoluteLimitsTests-1968171116-project] Task 'cinder.volume.flows.api.create_volume.EntryCreateTask;volume:create' (b70f0f04-a99f-4733-92c6-2cdf4ca6121b) transitioned into state 'RUNNING' from state 'PENDING' {{(pid=99766) _task_receiver /usr/local/lib/python3.8/dist-packages/taskflow/listeners/logging.py:190}}
Jun 19 12:05:15.316037 dv-cinder-794669-6-smb devstack@c-api.service[99766]: DEBUG cinder.volume.api [None req-38a45cc0-cf84-4601-8511-e5d1c08b23de tempest-AbsoluteLimitsTests-1968171116 tempest-AbsoluteLimitsTests-1968171116-project] Task 'cinder.volume.flows.api.create_volume.EntryCreateTask;volume:create' (b70f0f04-a99f-4733-92c6-2cdf4ca6121b) transitioned into state 'SUCCESS' from state 'RUNNING' with result '{'volume_id': 'a34d758a-796a-4545-a736-afc3ee49f055', 'volume_properties': VolumeProperties(attach_status='detached',availability_zone='nova',cgsnapshot_id=None,consistencygroup_id=None,display_description=None,display_name='tempest-AbsoluteLimitsTests-Volume-393184472',encryption_key_id=None,group_id=None,group_type_id=,metadata={},multiattach=False,project_id='a9987571f0d84e2c8721835221dcc18d',qos_specs=None,replication_status=,reservations=['efbbb9b2-4a60-4158-936b-6f77bd0b66ca','e9d4dce8-5930-4627-a07d-80b38349e9b1','b058f2b4-f5c2-4ef1-b374-c1996064efae','0097cc90-7506-4705-8378-b808e3c46eb4'],size=1,snapshot_id=None,source_replicaid=,source_volid=None,status='creating',user_id='2cf2f90251194c2c916304da4602ff75',volume_type_id=ac621f38-c7bc-42a3-9b23-905c43021649), 'volume': Volume(_name_id=None,admin_metadata=,attach_status='detached',availability_zone='nova',bootable=False,cluster=,cluster_name=None,consistencygroup=,consistencygroup_id=None,created_at=2021-06-19T12:05:15Z,deleted=False,deleted_at=None,display_description=None,display_name='tempest-AbsoluteLimitsTests-Volume-393184472',ec2_id=None,encryption_key_id=None,glance_metadata=,group=,group_id=None,host=None,id=a34d758a-796a-4545-a736-afc3ee49f055,launched_at=None,metadata={},migration_status=None,multiattach=False,previous_status=None,project_id='a9987571f0d84e2c8721835221dcc18d',provider_auth=None,provider_geometry=None,provider_id=None,provider_location=None,replication_driver_data=None,replication_extended_status=None,replication_status=None,scheduled_at=None,service_uuid=None,shared_targets=True,size=1,snapshot_id=None,snapshots=,source_volid=None,status='creating',terminated_at=None,updated_at=None,user_id='2cf2f90251194c2c916304da4602ff75',volume_attachment=,volume_type=VolumeType(ac621f38-c7bc-42a3-9b23-905c43021649),volume_type_id=ac621f38-c7bc-42a3-9b23-905c43021649)}' {{(pid=99766) _task_receiver /usr/local/lib/python3.8/dist-packages/taskflow/listeners/logging.py:178}}
Jun 19 12:05:15.318175 dv-cinder-794669-6-smb devstack@c-api.service[99766]: DEBUG cinder.volume.api [None req-38a45cc0-cf84-4601-8511-e5d1c08b23de tempest-AbsoluteLimitsTests-1968171116 tempest-AbsoluteLimitsTests-1968171116-project] Task 'cinder.volume.flows.api.create_volume.QuotaCommitTask;volume:create' (ba2e318b-4d96-4dc4-8bd0-27e14317c7fc) transitioned into state 'RUNNING' from state 'PENDING' {{(pid=99766) _task_receiver /usr/local/lib/python3.8/dist-packages/taskflow/listeners/logging.py:190}}
Jun 19 12:05:15.383294 dv-cinder-794669-6-smb devstack@c-api.service[99766]: DEBUG cinder.volume.api [None req-38a45cc0-cf84-4601-8511-e5d1c08b23de tempest-AbsoluteLimitsTests-1968171116 tempest-AbsoluteLimitsTests-1968171116-project] Task 'cinder.volume.flows.api.create_volume.QuotaCommitTask;volume:create' (ba2e318b-4d96-4dc4-8bd0-27e14317c7fc) transitioned into state 'SUCCESS' from state 'RUNNING' with result '{'volume_properties': VolumeProperties(attach_status='detached',availability_zone='nova',cgsnapshot_id=None,consistencygroup_id=None,display_description=None,display_name='tempest-AbsoluteLimitsTests-Volume-393184472',encryption_key_id=None,group_id=None,group_type_id=,metadata={},multiattach=False,project_id='a9987571f0d84e2c8721835221dcc18d',qos_specs=None,replication_status=,reservations=['efbbb9b2-4a60-4158-936b-6f77bd0b66ca','e9d4dce8-5930-4627-a07d-80b38349e9b1','b058f2b4-f5c2-4ef1-b374-c1996064efae','0097cc90-7506-4705-8378-b808e3c46eb4'],size=1,snapshot_id=None,source_replicaid=,source_volid=None,status='creating',user_id='2cf2f90251194c2c916304da4602ff75',volume_type_id=ac621f38-c7bc-42a3-9b23-905c43021649)}' {{(pid=99766) _task_receiver /usr/local/lib/python3.8/dist-packages/taskflow/listeners/logging.py:178}}
Jun 19 12:05:15.385645 dv-cinder-794669-6-smb devstack@c-api.service[99766]: DEBUG cinder.volume.api [None req-38a45cc0-cf84-4601-8511-e5d1c08b23de tempest-AbsoluteLimitsTests-1968171116 tempest-AbsoluteLimitsTests-1968171116-project] Task 'cinder.volume.flows.api.create_volume.VolumeCastTask;volume:create' (af961585-94c0-40be-9caa-9c53b1efe2fb) transitioned into state 'RUNNING' from state 'PENDING' {{(pid=99766) _task_receiver /usr/local/lib/python3.8/dist-packages/taskflow/listeners/logging.py:190}}
Jun 19 12:05:15.416902 dv-cinder-794669-6-smb devstack@c-api.service[99766]: DEBUG cinder.volume.api [None req-38a45cc0-cf84-4601-8511-e5d1c08b23de tempest-AbsoluteLimitsTests-1968171116 tempest-AbsoluteLimitsTests-1968171116-project] Task 'cinder.volume.flows.api.create_volume.VolumeCastTask;volume:create' (af961585-94c0-40be-9caa-9c53b1efe2fb) transitioned into state 'SUCCESS' from state 'RUNNING' with result 'None' {{(pid=99766) _task_receiver /usr/local/lib/python3.8/dist-packages/taskflow/listeners/logging.py:178}}
Jun 19 12:05:15.422046 dv-cinder-794669-6-smb devstack@c-api.service[99766]: DEBUG cinder.volume.api [None req-38a45cc0-cf84-4601-8511-e5d1c08b23de tempest-AbsoluteLimitsTests-1968171116 tempest-AbsoluteLimitsTests-1968171116-project] Flow 'volume_create_api' (ce013457-9982-4017-8ecc-02272dd67591) transitioned into state 'SUCCESS' from state 'RUNNING' {{(pid=99766) _flow_receiver /usr/local/lib/python3.8/dist-packages/taskflow/listeners/logging.py:141}}
Jun 19 12:05:15.422680 dv-cinder-794669-6-smb devstack@c-api.service[99766]: INFO cinder.volume.api [None req-38a45cc0-cf84-4601-8511-e5d1c08b23de tempest-AbsoluteLimitsTests-1968171116 tempest-AbsoluteLimitsTests-1968171116-project] Create volume request issued successfully.
Jun 19 12:05:15.439552 dv-cinder-794669-6-smb devstack@c-api.service[99767]: INFO cinder.api.openstack.wsgi [None req-b3f4546d-c00e-441d-9e05-9de318f8e2e5 tempest-VolumeTypesNegativeTest-954696569 tempest-VolumeTypesNegativeTest-954696569-project] POST http://10.222.0.65/volume/v3/9a7ba1e38cab4d67b7bc7ba773653f9c/volumes
Jun 19 12:05:15.441504 dv-cinder-794669-6-smb devstack@c-api.service[99767]: DEBUG cinder.api.openstack.wsgi [None req-b3f4546d-c00e-441d-9e05-9de318f8e2e5 tempest-VolumeTypesNegativeTest-954696569 tempest-VolumeTypesNegativeTest-954696569-project] Action: 'create', calling method: create, body: {"volume": {"volume_type": "62c8b256-b2be-482c-830e-0054106144d4", "size": 1, "name": "tempest-VolumeTypesNegativeTest-Volume-1521653524"}} {{(pid=99767) _process_stack /opt/stack/cinder/cinder/api/openstack/wsgi.py:864}}
Jun 19 12:05:15.442870 dv-cinder-794669-6-smb devstack@c-api.service[99767]: DEBUG cinder.api.v3.volumes [None req-b3f4546d-c00e-441d-9e05-9de318f8e2e5 tempest-VolumeTypesNegativeTest-954696569 tempest-VolumeTypesNegativeTest-954696569-project] Create volume request body: {'volume': {'volume_type': '62c8b256-b2be-482c-830e-0054106144d4', 'size': 1, 'name': 'tempest-VolumeTypesNegativeTest-Volume-1521653524'}} {{(pid=99767) create /opt/stack/cinder/cinder/api/v3/volumes.py:289}}
Jun 19 12:05:15.451529 dv-cinder-794669-6-smb devstack@c-api.service[99766]: INFO cinder.api.openstack.wsgi [None req-38a45cc0-cf84-4601-8511-e5d1c08b23de tempest-AbsoluteLimitsTests-1968171116 tempest-AbsoluteLimitsTests-1968171116-project] http://10.222.0.65/volume/v3/a9987571f0d84e2c8721835221dcc18d/volumes returned with HTTP 202
Jun 19 12:05:15.452795 dv-cinder-794669-6-smb devstack@c-api.service[99766]: [pid: 99766|app: 0|req: 221/420] 10.222.0.65 () {60 vars in 1235 bytes} [Sat Jun 19 12:05:14 2021] POST /volume/v3/a9987571f0d84e2c8721835221dcc18d/volumes => generated 818 bytes in 797 msecs (HTTP/1.1 202) 7 headers in 291 bytes (1 switches on core 0)
Jun 19 12:05:15.462956 dv-cinder-794669-6-smb devstack@c-api.service[99767]: INFO cinder.api.openstack.wsgi [None req-b3f4546d-c00e-441d-9e05-9de318f8e2e5 tempest-VolumeTypesNegativeTest-954696569 tempest-VolumeTypesNegativeTest-954696569-project] http://10.222.0.65/volume/v3/9a7ba1e38cab4d67b7bc7ba773653f9c/volumes returned with HTTP 404
Jun 19 12:05:15.470027 dv-cinder-794669-6-smb devstack@c-api.service[99767]: [pid: 99767|app: 0|req: 200/421] 10.222.0.65 () {60 vars in 1236 bytes} [Sat Jun 19 12:05:15 2021] POST /volume/v3/9a7ba1e38cab4d67b7bc7ba773653f9c/volumes => generated 114 bytes in 252 msecs (HTTP/1.1 404) 7 headers in 292 bytes (1 switches on core 0)
Jun 19 12:05:15.474424 dv-cinder-794669-6-smb devstack@c-api.service[99766]: INFO cinder.api.openstack.wsgi [None req-937f35b3-6678-4789-ac17-8a115600815c tempest-VolumeTypesExtraSpecsTest-1711997001 tempest-VolumeTypesExtraSpecsTest-1711997001-project-admin] GET http://10.222.0.65/volume/v3/8ec1e227443041aeb0283b155ae6742f/types/d5681c89-2c59-4e86-8d0c-06c3f8cc727f/extra_specs
Jun 19 12:05:15.474922 dv-cinder-794669-6-smb devstack@c-api.service[99766]: DEBUG cinder.api.openstack.wsgi [None req-937f35b3-6678-4789-ac17-8a115600815c tempest-VolumeTypesExtraSpecsTest-1711997001 tempest-VolumeTypesExtraSpecsTest-1711997001-project-admin] Empty body provided in request {{(pid=99766) get_body /opt/stack/cinder/cinder/api/openstack/wsgi.py:713}}
Jun 19 12:05:15.475113 dv-cinder-794669-6-smb devstack@c-api.service[99766]: /usr/local/lib/python3.8/dist-packages/webob/acceptparse.py:1047: DeprecationWarning: The behavior of AcceptValidHeader.best_match is currently being maintained for backward compatibility, but it will be deprecated in the future, as it does not conform to the RFC.
Jun 19 12:05:15.475113 dv-cinder-794669-6-smb devstack@c-api.service[99766]: warnings.warn(
Jun 19 12:05:15.475446 dv-cinder-794669-6-smb devstack@c-api.service[99766]: DEBUG cinder.api.openstack.wsgi [None req-937f35b3-6678-4789-ac17-8a115600815c tempest-VolumeTypesExtraSpecsTest-1711997001 tempest-VolumeTypesExtraSpecsTest-1711997001-project-admin] Calling method 'index' {{(pid=99766) _process_stack /opt/stack/cinder/cinder/api/openstack/wsgi.py:866}}
Jun 19 12:05:15.476716 dv-cinder-794669-6-smb devstack@c-api.service[99767]: INFO cinder.api.openstack.wsgi [None req-d9791272-53ec-41e6-8e80-a16b2edb6a3f tempest-VolumeTypesNegativeTest-1289081748 tempest-VolumeTypesNegativeTest-1289081748-project-admin] POST http://10.222.0.65/volume/v3/ff97cdde561f4179bca7a1db7f9f0461/types
Jun 19 12:05:15.477431 dv-cinder-794669-6-smb devstack@c-api.service[99767]: DEBUG cinder.api.openstack.wsgi [None req-d9791272-53ec-41e6-8e80-a16b2edb6a3f tempest-VolumeTypesNegativeTest-1289081748 tempest-VolumeTypesNegativeTest-1289081748-project-admin] Action: 'create', calling method: _create, body: {"volume_type": {"name": ""}} {{(pid=99767) _process_stack /opt/stack/cinder/cinder/api/openstack/wsgi.py:864}}
Jun 19 12:05:15.478233 dv-cinder-794669-6-smb devstack@c-api.service[99766]: /usr/local/lib/python3.8/dist-packages/oslo_context/context.py:105: DeprecationWarning: Policy enforcement is depending on the value of is_admin. This key is deprecated. Please update your policy file to use the standard policy values.
Jun 19 12:05:15.478233 dv-cinder-794669-6-smb devstack@c-api.service[99766]: warnings.warn('Policy enforcement is depending on the value of '
Jun 19 12:05:15.482835 dv-cinder-794669-6-smb devstack@c-api.service[99767]: INFO cinder.api.openstack.wsgi [None req-d9791272-53ec-41e6-8e80-a16b2edb6a3f tempest-VolumeTypesNegativeTest-1289081748 tempest-VolumeTypesNegativeTest-1289081748-project-admin] http://10.222.0.65/volume/v3/ff97cdde561f4179bca7a1db7f9f0461/types returned with HTTP 400
Jun 19 12:05:15.491416 dv-cinder-794669-6-smb devstack@c-api.service[99767]: [pid: 99767|app: 0|req: 201/422] 10.222.0.65 () {60 vars in 1229 bytes} [Sat Jun 19 12:05:15 2021] POST /volume/v3/ff97cdde561f4179bca7a1db7f9f0461/types => generated 108 bytes in 20 msecs (HTTP/1.1 400) 7 headers in 294 bytes (1 switches on core 0)
Jun 19 12:05:15.508378 dv-cinder-794669-6-smb devstack@c-api.service[99767]: INFO cinder.api.openstack.wsgi [None req-acbff822-9ded-4b52-95bd-3bad010b82fa tempest-AbsoluteLimitsTests-1968171116 tempest-AbsoluteLimitsTests-1968171116-project] GET http://10.222.0.65/volume/v3/a9987571f0d84e2c8721835221dcc18d/volumes/a34d758a-796a-4545-a736-afc3ee49f055
Jun 19 12:05:15.513205 dv-cinder-794669-6-smb devstack@c-api.service[99767]: DEBUG cinder.api.openstack.wsgi [None req-acbff822-9ded-4b52-95bd-3bad010b82fa tempest-AbsoluteLimitsTests-1968171116 tempest-AbsoluteLimitsTests-1968171116-project] Empty body provided in request {{(pid=99767) get_body /opt/stack/cinder/cinder/api/openstack/wsgi.py:713}}
Jun 19 12:05:15.514445 dv-cinder-794669-6-smb devstack@c-api.service[99767]: DEBUG cinder.api.openstack.wsgi [None req-acbff822-9ded-4b52-95bd-3bad010b82fa tempest-AbsoluteLimitsTests-1968171116 tempest-AbsoluteLimitsTests-1968171116-project] Calling method 'show' {{(pid=99767) _process_stack /opt/stack/cinder/cinder/api/openstack/wsgi.py:866}}
Jun 19 12:05:15.517963 dv-cinder-794669-6-smb devstack@c-api.service[99766]: INFO cinder.api.openstack.wsgi [None req-937f35b3-6678-4789-ac17-8a115600815c tempest-VolumeTypesExtraSpecsTest-1711997001 tempest-VolumeTypesExtraSpecsTest-1711997001-project-admin] http://10.222.0.65/volume/v3/8ec1e227443041aeb0283b155ae6742f/types/d5681c89-2c59-4e86-8d0c-06c3f8cc727f/extra_specs returned with HTTP 200
Jun 19 12:05:15.521803 dv-cinder-794669-6-smb devstack@c-api.service[99766]: [pid: 99766|app: 0|req: 222/423] 10.222.0.65 () {58 vars in 1355 bytes} [Sat Jun 19 12:05:15 2021] GET /volume/v3/8ec1e227443041aeb0283b155ae6742f/types/d5681c89-2c59-4e86-8d0c-06c3f8cc727f/extra_specs => generated 68 bytes in 66 msecs (HTTP/1.1 200) 7 headers in 284 bytes (1 switches on core 0)
Jun 19 12:05:15.539528 dv-cinder-794669-6-smb devstack@c-api.service[99766]: INFO cinder.api.openstack.wsgi [None req-be31fc34-29e9-4c74-9383-0ccc7079bde2 tempest-VolumeTypesNegativeTest-1289081748 tempest-VolumeTypesNegativeTest-1289081748-project-admin] DELETE http://10.222.0.65/volume/v3/ff97cdde561f4179bca7a1db7f9f0461/types/4aa9604e-b840-4fef-aa4e-ee4a791c46ba
Jun 19 12:05:15.540356 dv-cinder-794669-6-smb devstack@c-api.service[99766]: DEBUG cinder.api.openstack.wsgi [None req-be31fc34-29e9-4c74-9383-0ccc7079bde2 tempest-VolumeTypesNegativeTest-1289081748 tempest-VolumeTypesNegativeTest-1289081748-project-admin] Empty body provided in request {{(pid=99766) get_body /opt/stack/cinder/cinder/api/openstack/wsgi.py:713}}
Jun 19 12:05:15.541155 dv-cinder-794669-6-smb devstack@c-api.service[99766]: DEBUG cinder.api.openstack.wsgi [None req-be31fc34-29e9-4c74-9383-0ccc7079bde2 tempest-VolumeTypesNegativeTest-1289081748 tempest-VolumeTypesNegativeTest-1289081748-project-admin] Calling method '_delete' {{(pid=99766) _process_stack /opt/stack/cinder/cinder/api/openstack/wsgi.py:866}}
Jun 19 12:05:15.562770 dv-cinder-794669-6-smb devstack@c-api.service[99767]: /usr/local/lib/python3.8/dist-packages/oslo_context/context.py:105: DeprecationWarning: Policy enforcement is depending on the value of is_admin. This key is deprecated. Please update your policy file to use the standard policy values.
Jun 19 12:05:15.562770 dv-cinder-794669-6-smb devstack@c-api.service[99767]: warnings.warn('Policy enforcement is depending on the value of '
Jun 19 12:05:15.563715 dv-cinder-794669-6-smb devstack@c-api.service[99766]: INFO cinder.api.openstack.wsgi [None req-be31fc34-29e9-4c74-9383-0ccc7079bde2 tempest-VolumeTypesNegativeTest-1289081748 tempest-VolumeTypesNegativeTest-1289081748-project-admin] http://10.222.0.65/volume/v3/ff97cdde561f4179bca7a1db7f9f0461/types/4aa9604e-b840-4fef-aa4e-ee4a791c46ba returned with HTTP 404
Jun 19 12:05:15.566765 dv-cinder-794669-6-smb devstack@c-api.service[99766]: [pid: 99766|app: 0|req: 223/424] 10.222.0.65 () {58 vars in 1322 bytes} [Sat Jun 19 12:05:15 2021] DELETE /volume/v3/ff97cdde561f4179bca7a1db7f9f0461/types/4aa9604e-b840-4fef-aa4e-ee4a791c46ba => generated 114 bytes in 44 msecs (HTTP/1.1 404) 7 headers in 292 bytes (1 switches on core 0)
Jun 19 12:05:15.574046 dv-cinder-794669-6-smb devstack@c-api.service[99766]: INFO cinder.api.openstack.wsgi [None req-723eff37-6208-482c-801e-fe19c46ec8e4 tempest-VolumeTypesExtraSpecsTest-1711997001 tempest-VolumeTypesExtraSpecsTest-1711997001-project-admin] DELETE http://10.222.0.65/volume/v3/8ec1e227443041aeb0283b155ae6742f/types/d5681c89-2c59-4e86-8d0c-06c3f8cc727f
Jun 19 12:05:15.576718 dv-cinder-794669-6-smb devstack@c-api.service[99766]: DEBUG cinder.api.openstack.wsgi [None req-723eff37-6208-482c-801e-fe19c46ec8e4 tempest-VolumeTypesExtraSpecsTest-1711997001 tempest-VolumeTypesExtraSpecsTest-1711997001-project-admin] Empty body provided in request {{(pid=99766) get_body /opt/stack/cinder/cinder/api/openstack/wsgi.py:713}}
Jun 19 12:05:15.576718 dv-cinder-794669-6-smb devstack@c-api.service[99766]: DEBUG cinder.api.openstack.wsgi [None req-723eff37-6208-482c-801e-fe19c46ec8e4 tempest-VolumeTypesExtraSpecsTest-1711997001 tempest-VolumeTypesExtraSpecsTest-1711997001-project-admin] Calling method '_delete' {{(pid=99766) _process_stack /opt/stack/cinder/cinder/api/openstack/wsgi.py:866}}
Jun 19 12:05:15.595073 dv-cinder-794669-6-smb devstack@c-api.service[99767]: INFO cinder.volume.api [None req-acbff822-9ded-4b52-95bd-3bad010b82fa tempest-AbsoluteLimitsTests-1968171116 tempest-AbsoluteLimitsTests-1968171116-project] Volume info retrieved successfully.
Jun 19 12:05:15.648409 dv-cinder-794669-6-smb devstack@c-api.service[99766]: INFO cinder.api.openstack.wsgi [None req-723eff37-6208-482c-801e-fe19c46ec8e4 tempest-VolumeTypesExtraSpecsTest-1711997001 tempest-VolumeTypesExtraSpecsTest-1711997001-project-admin] http://10.222.0.65/volume/v3/8ec1e227443041aeb0283b155ae6742f/types/d5681c89-2c59-4e86-8d0c-06c3f8cc727f returned with HTTP 202
Jun 19 12:05:15.648409 dv-cinder-794669-6-smb devstack@c-api.service[99766]: [pid: 99766|app: 0|req: 224/425] 10.222.0.65 () {58 vars in 1322 bytes} [Sat Jun 19 12:05:15 2021] DELETE /volume/v3/8ec1e227443041aeb0283b155ae6742f/types/d5681c89-2c59-4e86-8d0c-06c3f8cc727f => generated 0 bytes in 78 msecs (HTTP/1.1 202) 6 headers in 233 bytes (1 switches on core 0)
Jun 19 12:05:15.652414 dv-cinder-794669-6-smb devstack@c-api.service[99767]: INFO cinder.api.openstack.wsgi [None req-acbff822-9ded-4b52-95bd-3bad010b82fa tempest-AbsoluteLimitsTests-1968171116 tempest-AbsoluteLimitsTests-1968171116-project] http://10.222.0.65/volume/v3/a9987571f0d84e2c8721835221dcc18d/volumes/a34d758a-796a-4545-a736-afc3ee49f055 returned with HTTP 200
Jun 19 12:05:15.653483 dv-cinder-794669-6-smb devstack@c-api.service[99766]: INFO cinder.api.openstack.wsgi [None req-5c305bac-090d-4b46-aa48-9efb8238e76d tempest-VolumeTypesNegativeTest-1289081748 tempest-VolumeTypesNegativeTest-1289081748-project-admin] GET http://10.222.0.65/volume/v3/ff97cdde561f4179bca7a1db7f9f0461/types/f53c36a7-a221-4d6d-bd15-89ce1726f7cf
Jun 19 12:05:15.653659 dv-cinder-794669-6-smb devstack@c-api.service[99766]: DEBUG cinder.api.openstack.wsgi [None req-5c305bac-090d-4b46-aa48-9efb8238e76d tempest-VolumeTypesNegativeTest-1289081748 tempest-VolumeTypesNegativeTest-1289081748-project-admin] Empty body provided in request {{(pid=99766) get_body /opt/stack/cinder/cinder/api/openstack/wsgi.py:713}}
Jun 19 12:05:15.654533 dv-cinder-794669-6-smb devstack@c-api.service[99766]: DEBUG cinder.api.openstack.wsgi [None req-5c305bac-090d-4b46-aa48-9efb8238e76d tempest-VolumeTypesNegativeTest-1289081748 tempest-VolumeTypesNegativeTest-1289081748-project-admin] Calling method 'show' {{(pid=99766) _process_stack /opt/stack/cinder/cinder/api/openstack/wsgi.py:866}}
Jun 19 12:05:15.662363 dv-cinder-794669-6-smb devstack@c-api.service[99766]: INFO cinder.api.openstack.wsgi [None req-5c305bac-090d-4b46-aa48-9efb8238e76d tempest-VolumeTypesNegativeTest-1289081748 tempest-VolumeTypesNegativeTest-1289081748-project-admin] http://10.222.0.65/volume/v3/ff97cdde561f4179bca7a1db7f9f0461/types/f53c36a7-a221-4d6d-bd15-89ce1726f7cf returned with HTTP 404
Jun 19 12:05:15.663936 dv-cinder-794669-6-smb devstack@c-api.service[99766]: [pid: 99766|app: 0|req: 225/426] 10.222.0.65 () {58 vars in 1319 bytes} [Sat Jun 19 12:05:15 2021] GET /volume/v3/ff97cdde561f4179bca7a1db7f9f0461/types/f53c36a7-a221-4d6d-bd15-89ce1726f7cf => generated 114 bytes in 18 msecs (HTTP/1.1 404) 7 headers in 292 bytes (1 switches on core 0)
Jun 19 12:05:15.671784 dv-cinder-794669-6-smb devstack@c-api.service[99766]: INFO cinder.api.openstack.wsgi [None req-9789b71a-3df8-4680-adb7-7cd11e5d78ea tempest-VolumeTypesExtraSpecsTest-1711997001 tempest-VolumeTypesExtraSpecsTest-1711997001-project-admin] GET http://10.222.0.65/volume/v3/8ec1e227443041aeb0283b155ae6742f/types/d5681c89-2c59-4e86-8d0c-06c3f8cc727f
Jun 19 12:05:15.672641 dv-cinder-794669-6-smb devstack@c-api.service[99766]: DEBUG cinder.api.openstack.wsgi [None req-9789b71a-3df8-4680-adb7-7cd11e5d78ea tempest-VolumeTypesExtraSpecsTest-1711997001 tempest-VolumeTypesExtraSpecsTest-1711997001-project-admin] Empty body provided in request {{(pid=99766) get_body /opt/stack/cinder/cinder/api/openstack/wsgi.py:713}}
Jun 19 12:05:15.673140 dv-cinder-794669-6-smb devstack@c-api.service[99766]: DEBUG cinder.api.openstack.wsgi [None req-9789b71a-3df8-4680-adb7-7cd11e5d78ea tempest-VolumeTypesExtraSpecsTest-1711997001 tempest-VolumeTypesExtraSpecsTest-1711997001-project-admin] Calling method 'show' {{(pid=99766) _process_stack /opt/stack/cinder/cinder/api/openstack/wsgi.py:866}}
Jun 19 12:05:15.674595 dv-cinder-794669-6-smb devstack@c-api.service[99767]: [pid: 99767|app: 0|req: 202/427] 10.222.0.65 () {58 vars in 1325 bytes} [Sat Jun 19 12:05:15 2021] GET /volume/v3/a9987571f0d84e2c8721835221dcc18d/volumes/a34d758a-796a-4545-a736-afc3ee49f055 => generated 886 bytes in 183 msecs (HTTP/1.1 200) 7 headers in 285 bytes (1 switches on core 0)
Jun 19 12:05:15.681142 dv-cinder-794669-6-smb devstack@c-api.service[99766]: INFO cinder.api.openstack.wsgi [None req-9789b71a-3df8-4680-adb7-7cd11e5d78ea tempest-VolumeTypesExtraSpecsTest-1711997001 tempest-VolumeTypesExtraSpecsTest-1711997001-project-admin] http://10.222.0.65/volume/v3/8ec1e227443041aeb0283b155ae6742f/types/d5681c89-2c59-4e86-8d0c-06c3f8cc727f returned with HTTP 404
Jun 19 12:05:15.684253 dv-cinder-794669-6-smb devstack@c-api.service[99767]: INFO cinder.api.openstack.wsgi [None req-752988a8-5720-4532-bc33-029de1af6283 tempest-VolumeTypesNegativeTest-1289081748 tempest-VolumeTypesNegativeTest-1289081748-project-admin] DELETE http://10.222.0.65/volume/v3/ff97cdde561f4179bca7a1db7f9f0461/types/62c8b256-b2be-482c-830e-0054106144d4
Jun 19 12:05:15.685410 dv-cinder-794669-6-smb devstack@c-api.service[99767]: DEBUG cinder.api.openstack.wsgi [None req-752988a8-5720-4532-bc33-029de1af6283 tempest-VolumeTypesNegativeTest-1289081748 tempest-VolumeTypesNegativeTest-1289081748-project-admin] Empty body provided in request {{(pid=99767) get_body /opt/stack/cinder/cinder/api/openstack/wsgi.py:713}}
Jun 19 12:05:15.685954 dv-cinder-794669-6-smb devstack@c-api.service[99767]: /usr/local/lib/python3.8/dist-packages/webob/acceptparse.py:1047: DeprecationWarning: The behavior of AcceptValidHeader.best_match is currently being maintained for backward compatibility, but it will be deprecated in the future, as it does not conform to the RFC.
Jun 19 12:05:15.685954 dv-cinder-794669-6-smb devstack@c-api.service[99767]: warnings.warn(
Jun 19 12:05:15.688002 dv-cinder-794669-6-smb devstack@c-api.service[99767]: DEBUG cinder.api.openstack.wsgi [None req-752988a8-5720-4532-bc33-029de1af6283 tempest-VolumeTypesNegativeTest-1289081748 tempest-VolumeTypesNegativeTest-1289081748-project-admin] Calling method '_delete' {{(pid=99767) _process_stack /opt/stack/cinder/cinder/api/openstack/wsgi.py:866}}
Jun 19 12:05:15.688323 dv-cinder-794669-6-smb devstack@c-api.service[99766]: [pid: 99766|app: 0|req: 226/428] 10.222.0.65 () {58 vars in 1319 bytes} [Sat Jun 19 12:05:15 2021] GET /volume/v3/8ec1e227443041aeb0283b155ae6742f/types/d5681c89-2c59-4e86-8d0c-06c3f8cc727f => generated 114 bytes in 23 msecs (HTTP/1.1 404) 7 headers in 292 bytes (1 switches on core 0)
Jun 19 12:05:15.808652 dv-cinder-794669-6-smb devstack@c-api.service[99767]: INFO cinder.api.openstack.wsgi [None req-752988a8-5720-4532-bc33-029de1af6283 tempest-VolumeTypesNegativeTest-1289081748 tempest-VolumeTypesNegativeTest-1289081748-project-admin] http://10.222.0.65/volume/v3/ff97cdde561f4179bca7a1db7f9f0461/types/62c8b256-b2be-482c-830e-0054106144d4 returned with HTTP 202
Jun 19 12:05:15.810373 dv-cinder-794669-6-smb devstack@c-api.service[99767]: [pid: 99767|app: 0|req: 203/429] 10.222.0.65 () {58 vars in 1322 bytes} [Sat Jun 19 12:05:15 2021] DELETE /volume/v3/ff97cdde561f4179bca7a1db7f9f0461/types/62c8b256-b2be-482c-830e-0054106144d4 => generated 0 bytes in 134 msecs (HTTP/1.1 202) 6 headers in 233 bytes (1 switches on core 0)
Jun 19 12:05:15.819864 dv-cinder-794669-6-smb devstack@c-api.service[99766]: INFO cinder.api.openstack.wsgi [None req-09f6a813-f0f4-4eb9-9fa2-38cf35c05c24 tempest-VolumeTypesNegativeTest-1289081748 tempest-VolumeTypesNegativeTest-1289081748-project-admin] GET http://10.222.0.65/volume/v3/ff97cdde561f4179bca7a1db7f9f0461/types/62c8b256-b2be-482c-830e-0054106144d4
Jun 19 12:05:15.820523 dv-cinder-794669-6-smb devstack@c-api.service[99766]: DEBUG cinder.api.openstack.wsgi [None req-09f6a813-f0f4-4eb9-9fa2-38cf35c05c24 tempest-VolumeTypesNegativeTest-1289081748 tempest-VolumeTypesNegativeTest-1289081748-project-admin] Empty body provided in request {{(pid=99766) get_body /opt/stack/cinder/cinder/api/openstack/wsgi.py:713}}
Jun 19 12:05:15.821027 dv-cinder-794669-6-smb devstack@c-api.service[99766]: DEBUG cinder.api.openstack.wsgi [None req-09f6a813-f0f4-4eb9-9fa2-38cf35c05c24 tempest-VolumeTypesNegativeTest-1289081748 tempest-VolumeTypesNegativeTest-1289081748-project-admin] Calling method 'show' {{(pid=99766) _process_stack /opt/stack/cinder/cinder/api/openstack/wsgi.py:866}}
Jun 19 12:05:15.830007 dv-cinder-794669-6-smb devstack@c-api.service[99766]: INFO cinder.api.openstack.wsgi [None req-09f6a813-f0f4-4eb9-9fa2-38cf35c05c24 tempest-VolumeTypesNegativeTest-1289081748 tempest-VolumeTypesNegativeTest-1289081748-project-admin] http://10.222.0.65/volume/v3/ff97cdde561f4179bca7a1db7f9f0461/types/62c8b256-b2be-482c-830e-0054106144d4 returned with HTTP 404
Jun 19 12:05:15.845149 dv-cinder-794669-6-smb devstack@c-api.service[99766]: [pid: 99766|app: 0|req: 227/430] 10.222.0.65 () {58 vars in 1319 bytes} [Sat Jun 19 12:05:15 2021] GET /volume/v3/ff97cdde561f4179bca7a1db7f9f0461/types/62c8b256-b2be-482c-830e-0054106144d4 => generated 114 bytes in 28 msecs (HTTP/1.1 404) 7 headers in 292 bytes (1 switches on core 0)
Jun 19 12:05:15.866718 dv-cinder-794669-6-smb devstack@c-api.service[99767]: INFO cinder.api.openstack.wsgi [None req-c7fbc37e-4051-4cbb-95e0-4f6236f40b0c tempest-VolumesCloneTest-90894720 tempest-VolumesCloneTest-90894720-project] GET http://10.222.0.65/volume/v3/cbbfb20b5c234651a61e11bfb067255b/volumes/3e908e0f-e4b8-454f-be4d-bf655c768abd
Jun 19 12:05:15.867936 dv-cinder-794669-6-smb devstack@c-api.service[99767]: DEBUG cinder.api.openstack.wsgi [None req-c7fbc37e-4051-4cbb-95e0-4f6236f40b0c tempest-VolumesCloneTest-90894720 tempest-VolumesCloneTest-90894720-project] Empty body provided in request {{(pid=99767) get_body /opt/stack/cinder/cinder/api/openstack/wsgi.py:713}}
Jun 19 12:05:15.868715 dv-cinder-794669-6-smb devstack@c-api.service[99767]: DEBUG cinder.api.openstack.wsgi [None req-c7fbc37e-4051-4cbb-95e0-4f6236f40b0c tempest-VolumesCloneTest-90894720 tempest-VolumesCloneTest-90894720-project] Calling method 'show' {{(pid=99767) _process_stack /opt/stack/cinder/cinder/api/openstack/wsgi.py:866}}
Jun 19 12:05:15.897945 dv-cinder-794669-6-smb devstack@c-api.service[99767]: /usr/local/lib/python3.8/dist-packages/oslo_context/context.py:105: DeprecationWarning: Policy enforcement is depending on the value of is_admin. This key is deprecated. Please update your policy file to use the standard policy values.
Jun 19 12:05:15.897945 dv-cinder-794669-6-smb devstack@c-api.service[99767]: warnings.warn('Policy enforcement is depending on the value of '
Jun 19 12:05:15.923359 dv-cinder-794669-6-smb devstack@c-api.service[99767]: INFO cinder.volume.api [None req-c7fbc37e-4051-4cbb-95e0-4f6236f40b0c tempest-VolumesCloneTest-90894720 tempest-VolumesCloneTest-90894720-project] Volume info retrieved successfully.
Jun 19 12:05:15.962290 dv-cinder-794669-6-smb devstack@c-api.service[99767]: INFO cinder.api.openstack.wsgi [None req-c7fbc37e-4051-4cbb-95e0-4f6236f40b0c tempest-VolumesCloneTest-90894720 tempest-VolumesCloneTest-90894720-project] http://10.222.0.65/volume/v3/cbbfb20b5c234651a61e11bfb067255b/volumes/3e908e0f-e4b8-454f-be4d-bf655c768abd returned with HTTP 200
Jun 19 12:05:15.965128 dv-cinder-794669-6-smb devstack@c-api.service[99767]: [pid: 99767|app: 0|req: 204/431] 10.222.0.65 () {58 vars in 1325 bytes} [Sat Jun 19 12:05:15 2021] GET /volume/v3/cbbfb20b5c234651a61e11bfb067255b/volumes/3e908e0f-e4b8-454f-be4d-bf655c768abd => generated 907 bytes in 105 msecs (HTTP/1.1 200) 7 headers in 285 bytes (1 switches on core 0)
Jun 19 12:05:16.685176 dv-cinder-794669-6-smb devstack@c-api.service[99766]: INFO cinder.api.openstack.wsgi [None req-a9997a34-9989-48fa-bb31-c920d2138dbd tempest-AbsoluteLimitsTests-1968171116 tempest-AbsoluteLimitsTests-1968171116-project] GET http://10.222.0.65/volume/v3/a9987571f0d84e2c8721835221dcc18d/volumes/a34d758a-796a-4545-a736-afc3ee49f055
Jun 19 12:05:16.685765 dv-cinder-794669-6-smb devstack@c-api.service[99766]: DEBUG cinder.api.openstack.wsgi [None req-a9997a34-9989-48fa-bb31-c920d2138dbd tempest-AbsoluteLimitsTests-1968171116 tempest-AbsoluteLimitsTests-1968171116-project] Empty body provided in request {{(pid=99766) get_body /opt/stack/cinder/cinder/api/openstack/wsgi.py:713}}
Jun 19 12:05:16.686339 dv-cinder-794669-6-smb devstack@c-api.service[99766]: DEBUG cinder.api.openstack.wsgi [None req-a9997a34-9989-48fa-bb31-c920d2138dbd tempest-AbsoluteLimitsTests-1968171116 tempest-AbsoluteLimitsTests-1968171116-project] Calling method 'show' {{(pid=99766) _process_stack /opt/stack/cinder/cinder/api/openstack/wsgi.py:866}}
Jun 19 12:05:16.702271 dv-cinder-794669-6-smb devstack@c-api.service[99766]: /usr/local/lib/python3.8/dist-packages/oslo_context/context.py:105: DeprecationWarning: Policy enforcement is depending on the value of is_admin. This key is deprecated. Please update your policy file to use the standard policy values.
Jun 19 12:05:16.702271 dv-cinder-794669-6-smb devstack@c-api.service[99766]: warnings.warn('Policy enforcement is depending on the value of '
Jun 19 12:05:16.710902 dv-cinder-794669-6-smb devstack@c-api.service[99766]: INFO cinder.volume.api [None req-a9997a34-9989-48fa-bb31-c920d2138dbd tempest-AbsoluteLimitsTests-1968171116 tempest-AbsoluteLimitsTests-1968171116-project] Volume info retrieved successfully.
Jun 19 12:05:16.729622 dv-cinder-794669-6-smb devstack@c-api.service[99766]: INFO cinder.api.openstack.wsgi [None req-a9997a34-9989-48fa-bb31-c920d2138dbd tempest-AbsoluteLimitsTests-1968171116 tempest-AbsoluteLimitsTests-1968171116-project] http://10.222.0.65/volume/v3/a9987571f0d84e2c8721835221dcc18d/volumes/a34d758a-796a-4545-a736-afc3ee49f055 returned with HTTP 200
Jun 19 12:05:16.730529 dv-cinder-794669-6-smb devstack@c-api.service[99766]: [pid: 99766|app: 0|req: 228/432] 10.222.0.65 () {58 vars in 1325 bytes} [Sat Jun 19 12:05:16 2021] GET /volume/v3/a9987571f0d84e2c8721835221dcc18d/volumes/a34d758a-796a-4545-a736-afc3ee49f055 => generated 911 bytes in 49 msecs (HTTP/1.1 200) 7 headers in 285 bytes (1 switches on core 0)
Jun 19 12:05:16.749962 dv-cinder-794669-6-smb devstack@c-api.service[99767]: INFO cinder.api.openstack.wsgi [None req-7fdfc0ee-a3a8-4e67-b7aa-ebb876031e18 tempest-AbsoluteLimitsTests-1968171116 tempest-AbsoluteLimitsTests-1968171116-project] GET http://10.222.0.65/volume/v3/a9987571f0d84e2c8721835221dcc18d/limits
Jun 19 12:05:16.751679 dv-cinder-794669-6-smb devstack@c-api.service[99767]: DEBUG cinder.api.openstack.wsgi [None req-7fdfc0ee-a3a8-4e67-b7aa-ebb876031e18 tempest-AbsoluteLimitsTests-1968171116 tempest-AbsoluteLimitsTests-1968171116-project] Empty body provided in request {{(pid=99767) get_body /opt/stack/cinder/cinder/api/openstack/wsgi.py:713}}
Jun 19 12:05:16.752556 dv-cinder-794669-6-smb devstack@c-api.service[99767]: /usr/local/lib/python3.8/dist-packages/webob/acceptparse.py:1047: DeprecationWarning: The behavior of AcceptValidHeader.best_match is currently being maintained for backward compatibility, but it will be deprecated in the future, as it does not conform to the RFC.
Jun 19 12:05:16.752556 dv-cinder-794669-6-smb devstack@c-api.service[99767]: warnings.warn(
Jun 19 12:05:16.753051 dv-cinder-794669-6-smb devstack@c-api.service[99767]: DEBUG cinder.api.openstack.wsgi [None req-7fdfc0ee-a3a8-4e67-b7aa-ebb876031e18 tempest-AbsoluteLimitsTests-1968171116 tempest-AbsoluteLimitsTests-1968171116-project] Calling method 'index' {{(pid=99767) _process_stack /opt/stack/cinder/cinder/api/openstack/wsgi.py:866}}
Jun 19 12:05:16.795344 dv-cinder-794669-6-smb devstack@c-api.service[99767]: INFO cinder.api.openstack.wsgi [None req-7fdfc0ee-a3a8-4e67-b7aa-ebb876031e18 tempest-AbsoluteLimitsTests-1968171116 tempest-AbsoluteLimitsTests-1968171116-project] http://10.222.0.65/volume/v3/a9987571f0d84e2c8721835221dcc18d/limits returned with HTTP 200
Jun 19 12:05:16.796583 dv-cinder-794669-6-smb devstack@c-api.service[99767]: [pid: 99767|app: 0|req: 205/433] 10.222.0.65 () {58 vars in 1211 bytes} [Sat Jun 19 12:05:16 2021] GET /volume/v3/a9987571f0d84e2c8721835221dcc18d/limits => generated 302 bytes in 54 msecs (HTTP/1.1 200) 7 headers in 285 bytes (1 switches on core 0)
Jun 19 12:05:16.810255 dv-cinder-794669-6-smb devstack@c-api.service[99766]: INFO cinder.api.openstack.wsgi [None req-8fd8268e-3106-4ee4-afad-60ff777e984f tempest-AbsoluteLimitsTests-1968171116 tempest-AbsoluteLimitsTests-1968171116-project] DELETE http://10.222.0.65/volume/v3/a9987571f0d84e2c8721835221dcc18d/volumes/a34d758a-796a-4545-a736-afc3ee49f055
Jun 19 12:05:16.810997 dv-cinder-794669-6-smb devstack@c-api.service[99766]: DEBUG cinder.api.openstack.wsgi [None req-8fd8268e-3106-4ee4-afad-60ff777e984f tempest-AbsoluteLimitsTests-1968171116 tempest-AbsoluteLimitsTests-1968171116-project] Empty body provided in request {{(pid=99766) get_body /opt/stack/cinder/cinder/api/openstack/wsgi.py:713}}
Jun 19 12:05:16.811497 dv-cinder-794669-6-smb devstack@c-api.service[99766]: /usr/local/lib/python3.8/dist-packages/webob/acceptparse.py:1047: DeprecationWarning: The behavior of AcceptValidHeader.best_match is currently being maintained for backward compatibility, but it will be deprecated in the future, as it does not conform to the RFC.
Jun 19 12:05:16.811497 dv-cinder-794669-6-smb devstack@c-api.service[99766]: warnings.warn(
Jun 19 12:05:16.812045 dv-cinder-794669-6-smb devstack@c-api.service[99766]: DEBUG cinder.api.openstack.wsgi [None req-8fd8268e-3106-4ee4-afad-60ff777e984f tempest-AbsoluteLimitsTests-1968171116 tempest-AbsoluteLimitsTests-1968171116-project] Calling method 'delete' {{(pid=99766) _process_stack /opt/stack/cinder/cinder/api/openstack/wsgi.py:866}}
Jun 19 12:05:16.812693 dv-cinder-794669-6-smb devstack@c-api.service[99766]: INFO cinder.api.v3.volumes [None req-8fd8268e-3106-4ee4-afad-60ff777e984f tempest-AbsoluteLimitsTests-1968171116 tempest-AbsoluteLimitsTests-1968171116-project] Delete volume with id: a34d758a-796a-4545-a736-afc3ee49f055
Jun 19 12:05:16.832845 dv-cinder-794669-6-smb devstack@c-api.service[99766]: /usr/local/lib/python3.8/dist-packages/oslo_context/context.py:105: DeprecationWarning: Policy enforcement is depending on the value of is_admin. This key is deprecated. Please update your policy file to use the standard policy values.
Jun 19 12:05:16.832845 dv-cinder-794669-6-smb devstack@c-api.service[99766]: warnings.warn('Policy enforcement is depending on the value of '
Jun 19 12:05:16.835499 dv-cinder-794669-6-smb devstack@c-api.service[99766]: INFO cinder.volume.api [None req-8fd8268e-3106-4ee4-afad-60ff777e984f tempest-AbsoluteLimitsTests-1968171116 tempest-AbsoluteLimitsTests-1968171116-project] Volume info retrieved successfully.
Jun 19 12:05:16.900318 dv-cinder-794669-6-smb devstack@c-api.service[99766]: INFO cinder.volume.api [None req-8fd8268e-3106-4ee4-afad-60ff777e984f tempest-AbsoluteLimitsTests-1968171116 tempest-AbsoluteLimitsTests-1968171116-project] Delete volume request issued successfully.
Jun 19 12:05:16.901064 dv-cinder-794669-6-smb devstack@c-api.service[99766]: INFO cinder.api.openstack.wsgi [None req-8fd8268e-3106-4ee4-afad-60ff777e984f tempest-AbsoluteLimitsTests-1968171116 tempest-AbsoluteLimitsTests-1968171116-project] http://10.222.0.65/volume/v3/a9987571f0d84e2c8721835221dcc18d/volumes/a34d758a-796a-4545-a736-afc3ee49f055 returned with HTTP 202
Jun 19 12:05:16.906682 dv-cinder-794669-6-smb devstack@c-api.service[99766]: [pid: 99766|app: 0|req: 229/434] 10.222.0.65 () {58 vars in 1328 bytes} [Sat Jun 19 12:05:16 2021] DELETE /volume/v3/a9987571f0d84e2c8721835221dcc18d/volumes/a34d758a-796a-4545-a736-afc3ee49f055 => generated 0 bytes in 102 msecs (HTTP/1.1 202) 6 headers in 233 bytes (2 switches on core 0)
Jun 19 12:05:16.928008 dv-cinder-794669-6-smb devstack@c-api.service[99767]: INFO cinder.api.openstack.wsgi [None req-49fbccb4-4924-4954-99b7-591431416acd tempest-AbsoluteLimitsTests-1968171116 tempest-AbsoluteLimitsTests-1968171116-project] GET http://10.222.0.65/volume/v3/a9987571f0d84e2c8721835221dcc18d/volumes/a34d758a-796a-4545-a736-afc3ee49f055
Jun 19 12:05:16.934164 dv-cinder-794669-6-smb devstack@c-api.service[99767]: DEBUG cinder.api.openstack.wsgi [None req-49fbccb4-4924-4954-99b7-591431416acd tempest-AbsoluteLimitsTests-1968171116 tempest-AbsoluteLimitsTests-1968171116-project] Empty body provided in request {{(pid=99767) get_body /opt/stack/cinder/cinder/api/openstack/wsgi.py:713}}
Jun 19 12:05:16.935476 dv-cinder-794669-6-smb devstack@c-api.service[99767]: DEBUG cinder.api.openstack.wsgi [None req-49fbccb4-4924-4954-99b7-591431416acd tempest-AbsoluteLimitsTests-1968171116 tempest-AbsoluteLimitsTests-1968171116-project] Calling method 'show' {{(pid=99767) _process_stack /opt/stack/cinder/cinder/api/openstack/wsgi.py:866}}
Jun 19 12:05:16.980789 dv-cinder-794669-6-smb devstack@c-api.service[99766]: INFO cinder.api.openstack.wsgi [None req-08855dd1-7028-47a9-8294-9bb83eade54b tempest-VolumesCloneTest-90894720 tempest-VolumesCloneTest-90894720-project] GET http://10.222.0.65/volume/v3/cbbfb20b5c234651a61e11bfb067255b/volumes/3e908e0f-e4b8-454f-be4d-bf655c768abd
Jun 19 12:05:16.981500 dv-cinder-794669-6-smb devstack@c-api.service[99766]: DEBUG cinder.api.openstack.wsgi [None req-08855dd1-7028-47a9-8294-9bb83eade54b tempest-VolumesCloneTest-90894720 tempest-VolumesCloneTest-90894720-project] Empty body provided in request {{(pid=99766) get_body /opt/stack/cinder/cinder/api/openstack/wsgi.py:713}}
Jun 19 12:05:16.981670 dv-cinder-794669-6-smb devstack@c-api.service[99766]: /usr/local/lib/python3.8/dist-packages/webob/acceptparse.py:1047: DeprecationWarning: The behavior of AcceptValidHeader.best_match is currently being maintained for backward compatibility, but it will be deprecated in the future, as it does not conform to the RFC.
Jun 19 12:05:16.981670 dv-cinder-794669-6-smb devstack@c-api.service[99766]: warnings.warn(
Jun 19 12:05:16.982048 dv-cinder-794669-6-smb devstack@c-api.service[99766]: DEBUG cinder.api.openstack.wsgi [None req-08855dd1-7028-47a9-8294-9bb83eade54b tempest-VolumesCloneTest-90894720 tempest-VolumesCloneTest-90894720-project] Calling method 'show' {{(pid=99766) _process_stack /opt/stack/cinder/cinder/api/openstack/wsgi.py:866}}
Jun 19 12:05:17.000292 dv-cinder-794669-6-smb devstack@c-api.service[99767]: /usr/local/lib/python3.8/dist-packages/oslo_context/context.py:105: DeprecationWarning: Policy enforcement is depending on the value of is_admin. This key is deprecated. Please update your policy file to use the standard policy values.
Jun 19 12:05:17.000292 dv-cinder-794669-6-smb devstack@c-api.service[99767]: warnings.warn('Policy enforcement is depending on the value of '
Jun 19 12:05:17.007820 dv-cinder-794669-6-smb devstack@c-api.service[99766]: /usr/local/lib/python3.8/dist-packages/oslo_context/context.py:105: DeprecationWarning: Policy enforcement is depending on the value of is_admin. This key is deprecated. Please update your policy file to use the standard policy values.
Jun 19 12:05:17.007820 dv-cinder-794669-6-smb devstack@c-api.service[99766]: warnings.warn('Policy enforcement is depending on the value of '
Jun 19 12:05:17.023827 dv-cinder-794669-6-smb devstack@c-api.service[99767]: INFO cinder.volume.api [None req-49fbccb4-4924-4954-99b7-591431416acd tempest-AbsoluteLimitsTests-1968171116 tempest-AbsoluteLimitsTests-1968171116-project] Volume info retrieved successfully.
Jun 19 12:05:17.028330 dv-cinder-794669-6-smb devstack@c-api.service[99766]: INFO cinder.volume.api [None req-08855dd1-7028-47a9-8294-9bb83eade54b tempest-VolumesCloneTest-90894720 tempest-VolumesCloneTest-90894720-project] Volume info retrieved successfully.
Jun 19 12:05:17.066401 dv-cinder-794669-6-smb devstack@c-api.service[99767]: INFO cinder.api.openstack.wsgi [None req-49fbccb4-4924-4954-99b7-591431416acd tempest-AbsoluteLimitsTests-1968171116 tempest-AbsoluteLimitsTests-1968171116-project] http://10.222.0.65/volume/v3/a9987571f0d84e2c8721835221dcc18d/volumes/a34d758a-796a-4545-a736-afc3ee49f055 returned with HTTP 200
Jun 19 12:05:17.082350 dv-cinder-794669-6-smb devstack@c-api.service[99767]: [pid: 99767|app: 0|req: 206/435] 10.222.0.65 () {58 vars in 1325 bytes} [Sat Jun 19 12:05:16 2021] GET /volume/v3/a9987571f0d84e2c8721835221dcc18d/volumes/a34d758a-796a-4545-a736-afc3ee49f055 => generated 910 bytes in 164 msecs (HTTP/1.1 200) 7 headers in 285 bytes (1 switches on core 0)
Jun 19 12:05:17.082989 dv-cinder-794669-6-smb devstack@c-api.service[99766]: INFO cinder.api.openstack.wsgi [None req-08855dd1-7028-47a9-8294-9bb83eade54b tempest-VolumesCloneTest-90894720 tempest-VolumesCloneTest-90894720-project] http://10.222.0.65/volume/v3/cbbfb20b5c234651a61e11bfb067255b/volumes/3e908e0f-e4b8-454f-be4d-bf655c768abd returned with HTTP 200
Jun 19 12:05:17.086564 dv-cinder-794669-6-smb devstack@c-api.service[99766]: [pid: 99766|app: 0|req: 230/436] 10.222.0.65 () {58 vars in 1325 bytes} [Sat Jun 19 12:05:16 2021] GET /volume/v3/cbbfb20b5c234651a61e11bfb067255b/volumes/3e908e0f-e4b8-454f-be4d-bf655c768abd => generated 907 bytes in 110 msecs (HTTP/1.1 200) 7 headers in 285 bytes (2 switches on core 0)
