Jun 03 22:06:00.898750 dv-cinder-794669-4-iscsi neutron-server[92563]: DEBUG neutron_lib.callbacks.manager [req-6107eb7d-b112-4278-bc46-76206b016210 req-38e93c43-3a32-4e5b-8faf-58b738277b85 tempest-ServerRescueNegativeTestJSON-162907387 tempest-ServerRescueNegativeTestJSON-162907387-project] Notify callbacks [] for port, precommit_create {{(pid=92563) _notify_loop /usr/local/lib/python3.8/dist-packages/neutron_lib/callbacks/manager.py:192}}
Jun 03 22:06:00.905911 dv-cinder-794669-4-iscsi neutron-server[92564]: DEBUG neutron.pecan_wsgi.hooks.policy_enforcement [req-c7b93bd5-fa84-4faf-872b-8962ab6a9d81 req-a01231c0-6cb3-4d1f-b858-cb01c19e6a56 tempest-ServerRescueNegativeTestJSON-162907387 tempest-ServerRescueNegativeTestJSON-162907387-project] Attributes excluded by policy engine: ['standard_attr_id', 'vlan_transparent', 'provider:network_type', 'provider:physical_network', 'provider:segmentation_id'] {{(pid=92564) _exclude_attributes_by_policy /opt/stack/neutron/neutron/pecan_wsgi/hooks/policy_enforcement.py:255}}
Jun 03 22:06:00.907215 dv-cinder-794669-4-iscsi neutron-server[92564]: INFO neutron.wsgi [req-c7b93bd5-fa84-4faf-872b-8962ab6a9d81 req-a01231c0-6cb3-4d1f-b858-cb01c19e6a56 tempest-ServerRescueNegativeTestJSON-162907387 tempest-ServerRescueNegativeTestJSON-162907387-project] 10.222.0.58 "GET /v2.0/networks?id=ceedd4ab-fc8f-4298-8659-a082fdebf44c HTTP/1.1" status: 200 len: 819 time: 0.3183146
Jun 03 22:06:00.922528 dv-cinder-794669-4-iscsi neutron-server[92564]: DEBUG neutron.api.v2.base [req-c7b93bd5-fa84-4faf-872b-8962ab6a9d81 req-6418efb9-07ba-40bd-a876-acb71f9ec34e tempest-ServerRescueNegativeTestJSON-162907387 tempest-ServerRescueNegativeTestJSON-162907387-project] Request body: {'port': {'device_id': '68b30eb4-1c8f-49a9-a247-ce425069ff57', 'network_id': 'ceedd4ab-fc8f-4298-8659-a082fdebf44c', 'admin_state_up': True, 'tenant_id': 'cb9a7d32ed194ab1b6188c11ba83bbd4'}} {{(pid=92564) prepare_request_body /opt/stack/neutron/neutron/api/v2/base.py:729}}
Jun 03 22:06:00.974776 dv-cinder-794669-4-iscsi neutron-server[92564]: INFO neutron.wsgi [req-a720ee47-3603-4630-a669-5c4ae8ecf8ce req-ed214578-f8f9-4738-b00b-72c927ac2c2e tempest-AttachVolumeNegativeTest-766151844 tempest-AttachVolumeNegativeTest-766151844-project] 10.222.0.106 "GET /v2.0/security-groups?id=69ba2938-92b9-4f2a-833c-2513570db3ea&fields=id&fields=name HTTP/1.1" status: 200 len: 286 time: 0.1365898
Jun 03 22:06:01.086870 dv-cinder-794669-4-iscsi neutron-server[92563]: DEBUG neutron_lib.callbacks.manager [req-6107eb7d-b112-4278-bc46-76206b016210 req-38e93c43-3a32-4e5b-8faf-58b738277b85 tempest-ServerRescueNegativeTestJSON-162907387 tempest-ServerRescueNegativeTestJSON-162907387-project] Notify callbacks ['neutron.plugins.ml2.plugin.SecurityGroupServerNotifierRpcMixin.notify_sg_on_port_change-1611640', 'neutron.plugins.ml2.ovo_rpc._ObjectChangeHandler.handle_event-975944', 'neutron.api.rpc.agentnotifiers.dhcp_rpc_agent_api.DhcpAgentNotifyAPI._native_event_send_dhcp_notification-630947', 'neutron.db.l3_dvrscheduler_db._notify_l3_agent_new_port-8762085790540'] for port, after_create {{(pid=92563) _notify_loop /usr/local/lib/python3.8/dist-packages/neutron_lib/callbacks/manager.py:192}}
Jun 03 22:06:01.095818 dv-cinder-794669-4-iscsi neutron-server[92563]: DEBUG oslo_concurrency.lockutils [-] Lock "event-dispatch" acquired by "neutron.plugins.ml2.ovo_rpc._ObjectChangeHandler.dispatch_events" :: waited 0.000s {{(pid=92563) inner /usr/local/lib/python3.8/dist-packages/oslo_concurrency/lockutils.py:355}}
Jun 03 22:06:01.329559 dv-cinder-794669-4-iscsi neutron-server[92564]: DEBUG neutron.db.quota.driver [req-c7b93bd5-fa84-4faf-872b-8962ab6a9d81 req-6418efb9-07ba-40bd-a876-acb71f9ec34e tempest-ServerRescueNegativeTestJSON-162907387 tempest-ServerRescueNegativeTestJSON-162907387-project] Resources subnetpool have unlimited quota limit. It is not required to calculate headroom {{(pid=92564) make_reservation /opt/stack/neutron/neutron/db/quota/driver.py:219}}
Jun 03 22:06:01.340195 dv-cinder-794669-4-iscsi neutron-server[92563]: DEBUG neutron.scheduler.dhcp_agent_scheduler [req-6107eb7d-b112-4278-bc46-76206b016210 req-38e93c43-3a32-4e5b-8faf-58b738277b85 tempest-ServerRescueNegativeTestJSON-162907387 tempest-ServerRescueNegativeTestJSON-162907387-project] Network ceedd4ab-fc8f-4298-8659-a082fdebf44c is already hosted by enough agents. {{(pid=92563) _get_dhcp_agents_hosting_network /opt/stack/neutron/neutron/scheduler/dhcp_agent_scheduler.py:275}}
Jun 03 22:06:01.352830 dv-cinder-794669-4-iscsi neutron-server[92563]: DEBUG neutron.scheduler.base_scheduler [req-6107eb7d-b112-4278-bc46-76206b016210 req-38e93c43-3a32-4e5b-8faf-58b738277b85 tempest-ServerRescueNegativeTestJSON-162907387 tempest-ServerRescueNegativeTestJSON-162907387-project] Resources bound (agent type, host, resource id): {{(pid=92563) schedule /opt/stack/neutron/neutron/scheduler/base_scheduler.py:57}}
Jun 03 22:06:01.368006 dv-cinder-794669-4-iscsi neutron-server[92564]: INFO neutron.wsgi [req-988fc8a8-8d75-4d18-8dd2-71d4c4eb455a req-5031d874-cfdb-4fcb-8e69-8d428dd76936 tempest-AttachVolumeShelveTestJSON-1500015615 tempest-AttachVolumeShelveTestJSON-1500015615-project] 10.222.0.106 "GET /v2.0/ports?device_id=0eee71d2-ec13-4fca-a702-5ab8e72cdd04 HTTP/1.1" status: 200 len: 210 time: 0.0802712
Jun 03 22:06:01.381260 dv-cinder-794669-4-iscsi neutron-server[92563]: DEBUG neutron.db.l3_dvrscheduler_db [req-6107eb7d-b112-4278-bc46-76206b016210 req-38e93c43-3a32-4e5b-8faf-58b738277b85 tempest-ServerRescueNegativeTestJSON-162907387 tempest-ServerRescueNegativeTestJSON-162907387-project] Received port after_create {{(pid=92563) _notify_l3_agent_new_port /opt/stack/neutron/neutron/db/l3_dvrscheduler_db.py:537}}
Jun 03 22:06:01.384473 dv-cinder-794669-4-iscsi neutron-server[92564]: DEBUG neutron.db.quota.driver [req-c7b93bd5-fa84-4faf-872b-8962ab6a9d81 req-6418efb9-07ba-40bd-a876-acb71f9ec34e tempest-ServerRescueNegativeTestJSON-162907387 tempest-ServerRescueNegativeTestJSON-162907387-project] Attempting to reserve 1 items for resource port. Total usage: 2; quota limit: 500; headroom:498 {{(pid=92564) make_reservation /opt/stack/neutron/neutron/db/quota/driver.py:246}}
Jun 03 22:06:01.396498 dv-cinder-794669-4-iscsi neutron-server[92563]: DEBUG neutron.pecan_wsgi.hooks.policy_enforcement [req-6107eb7d-b112-4278-bc46-76206b016210 req-38e93c43-3a32-4e5b-8faf-58b738277b85 tempest-ServerRescueNegativeTestJSON-162907387 tempest-ServerRescueNegativeTestJSON-162907387-project] Attributes excluded by policy engine: ['standard_attr_id', 'binding:profile', 'binding:host_id', 'binding:vif_type', 'binding:vif_details', 'network'] {{(pid=92563) _exclude_attributes_by_policy /opt/stack/neutron/neutron/pecan_wsgi/hooks/policy_enforcement.py:255}}
Jun 03 22:06:01.397249 dv-cinder-794669-4-iscsi neutron-server[92563]: DEBUG neutron_lib.callbacks.manager [req-6107eb7d-b112-4278-bc46-76206b016210 req-38e93c43-3a32-4e5b-8faf-58b738277b85 tempest-ServerRescueNegativeTestJSON-162907387 tempest-ServerRescueNegativeTestJSON-162907387-project] Notify callbacks ['neutron.notifiers.nova.Notifier._send_nova_notification-127831', 'neutron.api.rpc.agentnotifiers.dhcp_rpc_agent_api.DhcpAgentNotifyAPI._send_dhcp_notification-630965'] for port, before_response {{(pid=92563) _notify_loop /usr/local/lib/python3.8/dist-packages/neutron_lib/callbacks/manager.py:192}}
Jun 03 22:06:01.443128 dv-cinder-794669-4-iscsi neutron-server[92563]: DEBUG neutron.api.rpc.handlers.resources_rpc [None req-38e93c43-3a32-4e5b-8faf-58b738277b85 tempest-ServerRescueNegativeTestJSON-162907387 tempest-ServerRescueNegativeTestJSON-162907387-project] Pushing event updated for resources: {'Port': ['ID=db162f97-61e7-4c95-abfb-63f6380efaac,revision_number=1']} {{(pid=92563) push /opt/stack/neutron/neutron/api/rpc/handlers/resources_rpc.py:237}}
Jun 03 22:06:01.450480 dv-cinder-794669-4-iscsi neutron-server[92563]: DEBUG oslo_concurrency.lockutils [None req-38e93c43-3a32-4e5b-8faf-58b738277b85 tempest-ServerRescueNegativeTestJSON-162907387 tempest-ServerRescueNegativeTestJSON-162907387-project] Lock "event-dispatch" released by "neutron.plugins.ml2.ovo_rpc._ObjectChangeHandler.dispatch_events" :: held 0.355s {{(pid=92563) inner /usr/local/lib/python3.8/dist-packages/oslo_concurrency/lockutils.py:367}}
Jun 03 22:06:01.498764 dv-cinder-794669-4-iscsi neutron-server[92563]: DEBUG neutron.pecan_wsgi.hooks.policy_enforcement [req-d04488a7-9327-47e7-bb67-9b31d0cd780e req-0511f8f0-b296-4001-bd9b-704ff69f76bc tempest-DeleteServersTestJSON-999116129 tempest-DeleteServersTestJSON-999116129-project] Attributes excluded by policy engine: ['standard_attr_id', 'binding:profile', 'binding:host_id', 'binding:vif_type', 'binding:vif_details'] {{(pid=92563) _exclude_attributes_by_policy /opt/stack/neutron/neutron/pecan_wsgi/hooks/policy_enforcement.py:255}}
Jun 03 22:06:01.501489 dv-cinder-794669-4-iscsi neutron-server[92563]: INFO neutron.wsgi [req-d04488a7-9327-47e7-bb67-9b31d0cd780e req-0511f8f0-b296-4001-bd9b-704ff69f76bc tempest-DeleteServersTestJSON-999116129 tempest-DeleteServersTestJSON-999116129-project] 10.222.0.106 "GET /v2.0/ports?device_id=650b2ae2-8e3b-4da1-a16d-efffbc81a30b HTTP/1.1" status: 200 len: 943 time: 0.2955537
Jun 03 22:06:01.512999 dv-cinder-794669-4-iscsi neutron-server[92564]: DEBUG neutron.pecan_wsgi.hooks.quota_enforcement [req-c7b93bd5-fa84-4faf-872b-8962ab6a9d81 req-6418efb9-07ba-40bd-a876-acb71f9ec34e tempest-ServerRescueNegativeTestJSON-162907387 tempest-ServerRescueNegativeTestJSON-162907387-project] Made reservation on behalf of cb9a7d32ed194ab1b6188c11ba83bbd4 for: {'port': 1} {{(pid=92564) before /opt/stack/neutron/neutron/pecan_wsgi/hooks/quota_enforcement.py:53}}
Jun 03 22:06:01.516571 dv-cinder-794669-4-iscsi neutron-server[92564]: DEBUG neutron_lib.callbacks.manager [req-c7b93bd5-fa84-4faf-872b-8962ab6a9d81 req-6418efb9-07ba-40bd-a876-acb71f9ec34e tempest-ServerRescueNegativeTestJSON-162907387 tempest-ServerRescueNegativeTestJSON-162907387-project] Notify callbacks ['neutron.plugins.ml2.plugin.SecurityGroupDbMixin._ensure_default_security_group_handler_port-1611713'] for port, before_create {{(pid=92564) _notify_loop /usr/local/lib/python3.8/dist-packages/neutron_lib/callbacks/manager.py:192}}
Jun 03 22:06:01.574835 dv-cinder-794669-4-iscsi neutron-server[92563]: INFO neutron.wsgi [req-d04488a7-9327-47e7-bb67-9b31d0cd780e req-8db8eacd-76ba-4467-8c93-65edafab18c2 tempest-DeleteServersTestJSON-999116129 tempest-DeleteServersTestJSON-999116129-project] 10.222.0.106 "GET /v2.0/security-groups?id=b0cef449-8cef-4fbc-b1f0-25ba3c3e8b03&fields=id&fields=name HTTP/1.1" status: 200 len: 286 time: 0.0662718
Jun 03 22:06:01.647389 dv-cinder-794669-4-iscsi neutron-server[92563]: INFO neutron.wsgi [req-6107eb7d-b112-4278-bc46-76206b016210 req-38e93c43-3a32-4e5b-8faf-58b738277b85 tempest-ServerRescueNegativeTestJSON-162907387 tempest-ServerRescueNegativeTestJSON-162907387-project] 10.222.0.58 "POST /v2.0/ports HTTP/1.1" status: 201 len: 934 time: 1.9275045
Jun 03 22:06:01.661109 dv-cinder-794669-4-iscsi neutron-server[92564]: DEBUG neutron.pecan_wsgi.hooks.policy_enforcement [req-240eaa8b-dd48-4667-b0f7-cebf14324f5d req-7e5bb698-9dda-4b17-a265-1c09ce76c8f1 tempest-AttachVolumeShelveTestJSON-1500015615 tempest-AttachVolumeShelveTestJSON-1500015615-project] Attributes excluded by policy engine: ['standard_attr_id', 'vlan_transparent', 'provider:network_type', 'provider:physical_network', 'provider:segmentation_id'] {{(pid=92564) _exclude_attributes_by_policy /opt/stack/neutron/neutron/pecan_wsgi/hooks/policy_enforcement.py:255}}
Jun 03 22:06:01.661475 dv-cinder-794669-4-iscsi neutron-server[92563]: DEBUG neutron.api.v2.base [req-6107eb7d-b112-4278-bc46-76206b016210 req-9ac791b4-71cd-4bed-bd81-0670650b155a service neutron] Request body: {'port': {'device_id': '4d7cd90f-a9f9-478a-b535-ad1a5a17e09f', 'device_owner': 'compute:nova', 'binding:host_id': 'hv-cinder-79466'}} {{(pid=92563) prepare_request_body /opt/stack/neutron/neutron/api/v2/base.py:729}}
Jun 03 22:06:01.661946 dv-cinder-794669-4-iscsi neutron-server[92564]: DEBUG neutron.quota.resource [req-240eaa8b-dd48-4667-b0f7-cebf14324f5d req-7e5bb698-9dda-4b17-a265-1c09ce76c8f1 tempest-AttachVolumeShelveTestJSON-1500015615 tempest-AttachVolumeShelveTestJSON-1500015615-project] Synchronizing usage tracker for tenant:c14a1e6c501b4dd3966eb23d8b4969bc on resource:network {{(pid=92564) resync /opt/stack/neutron/neutron/quota/resource.py:241}}
Jun 03 22:06:01.759364 dv-cinder-794669-4-iscsi neutron-server[92564]: DEBUG neutron.db.db_base_plugin_common [req-c7b93bd5-fa84-4faf-872b-8962ab6a9d81 req-6418efb9-07ba-40bd-a876-acb71f9ec34e tempest-ServerRescueNegativeTestJSON-162907387 tempest-ServerRescueNegativeTestJSON-162907387-project] Allocated IP 172.20.0.8 (ceedd4ab-fc8f-4298-8659-a082fdebf44c/cdfc5818-5ff2-45c9-ba1c-7ddd531c675e/12e508f5-1ee2-42eb-b3d3-0b55d4d8df31) {{(pid=92564) _store_ip_allocation /opt/stack/neutron/neutron/db/db_base_plugin_common.py:131}}
Jun 03 22:06:01.789536 dv-cinder-794669-4-iscsi neutron-server[92563]: DEBUG neutron_lib.callbacks.manager [req-6107eb7d-b112-4278-bc46-76206b016210 req-9ac791b4-71cd-4bed-bd81-0670650b155a service neutron] Notify callbacks ['neutron.plugins.ml2.plugin.SecurityGroupDbMixin._ensure_default_security_group_handler_port-1611713'] for port, before_update {{(pid=92563) _notify_loop /usr/local/lib/python3.8/dist-packages/neutron_lib/callbacks/manager.py:192}}
Jun 03 22:06:01.804727 dv-cinder-794669-4-iscsi neutron-server[92565]: DEBUG neutron.plugins.ml2.rpc [None req-c4b576ca-5e2c-4b1b-ba13-09eb1fcbfadc None None] Device d851968b-5b98-4e8f-8755-004b494085db details requested by agent hyperv_hv-cinder-79466 with host hv-cinder-79466 {{(pid=92565) get_device_details /opt/stack/neutron/neutron/plugins/ml2/rpc.py:88}}
Jun 03 22:06:01.837315 dv-cinder-794669-4-iscsi neutron-server[92564]: DEBUG neutron.quota.resource [req-240eaa8b-dd48-4667-b0f7-cebf14324f5d req-7e5bb698-9dda-4b17-a265-1c09ce76c8f1 tempest-AttachVolumeShelveTestJSON-1500015615 tempest-AttachVolumeShelveTestJSON-1500015615-project] Unset dirty status for tenant:c14a1e6c501b4dd3966eb23d8b4969bc on resource:network {{(pid=92564) _resync /opt/stack/neutron/neutron/quota/resource.py:233}}
Jun 03 22:06:01.837315 dv-cinder-794669-4-iscsi neutron-server[92564]: INFO neutron.wsgi [req-240eaa8b-dd48-4667-b0f7-cebf14324f5d req-7e5bb698-9dda-4b17-a265-1c09ce76c8f1 tempest-AttachVolumeShelveTestJSON-1500015615 tempest-AttachVolumeShelveTestJSON-1500015615-project] 10.222.0.58 "GET /v2.0/networks?id=35f20c75-e7a0-4927-b48f-493b756f4e3d HTTP/1.1" status: 200 len: 816 time: 0.4457400
Jun 03 22:06:01.972914 dv-cinder-794669-4-iscsi neutron-server[92564]: DEBUG neutron.quota.resource [req-240eaa8b-dd48-4667-b0f7-cebf14324f5d req-c90d182d-a512-4112-803d-960cf2089079 tempest-AttachVolumeShelveTestJSON-1500015615 tempest-AttachVolumeShelveTestJSON-1500015615-project] Synchronizing usage tracker for tenant:c14a1e6c501b4dd3966eb23d8b4969bc on resource:security_group {{(pid=92564) resync /opt/stack/neutron/neutron/quota/resource.py:241}}
Jun 03 22:06:02.006402 dv-cinder-794669-4-iscsi neutron-server[92564]: DEBUG neutron.quota.resource [req-240eaa8b-dd48-4667-b0f7-cebf14324f5d req-c90d182d-a512-4112-803d-960cf2089079 tempest-AttachVolumeShelveTestJSON-1500015615 tempest-AttachVolumeShelveTestJSON-1500015615-project] Unset dirty status for tenant:c14a1e6c501b4dd3966eb23d8b4969bc on resource:security_group {{(pid=92564) _resync /opt/stack/neutron/neutron/quota/resource.py:233}}
Jun 03 22:06:02.007864 dv-cinder-794669-4-iscsi neutron-server[92564]: INFO neutron.wsgi [req-240eaa8b-dd48-4667-b0f7-cebf14324f5d req-c90d182d-a512-4112-803d-960cf2089079 tempest-AttachVolumeShelveTestJSON-1500015615 tempest-AttachVolumeShelveTestJSON-1500015615-project] 10.222.0.58 "GET /v2.0/security-groups?fields=id&fields=name&tenant_id=c14a1e6c501b4dd3966eb23d8b4969bc HTTP/1.1" status: 200 len: 379 time: 0.1547091
Jun 03 22:06:02.032789 dv-cinder-794669-4-iscsi neutron-server[92564]: DEBUG neutron.api.v2.base [req-240eaa8b-dd48-4667-b0f7-cebf14324f5d req-928bf5e9-5049-4178-9d06-20575114bc61 tempest-AttachVolumeShelveTestJSON-1500015615 tempest-AttachVolumeShelveTestJSON-1500015615-project] Request body: {'port': {'device_id': '0eee71d2-ec13-4fca-a702-5ab8e72cdd04', 'network_id': '35f20c75-e7a0-4927-b48f-493b756f4e3d', 'admin_state_up': True, 'tenant_id': 'c14a1e6c501b4dd3966eb23d8b4969bc', 'security_groups': ['35c49e55-2273-4e07-ad6c-c432f5ce48ac']}} {{(pid=92564) prepare_request_body /opt/stack/neutron/neutron/api/v2/base.py:729}}
Jun 03 22:06:02.102895 dv-cinder-794669-4-iscsi neutron-server[92565]: DEBUG neutron.plugins.ml2.db [None req-c4b576ca-5e2c-4b1b-ba13-09eb1fcbfadc None None] For port d851968b-5b98-4e8f-8755-004b494085db, host hv-cinder-79466, got binding levels [PortBindingLevel(driver='hyperv',host='hv-cinder-79466',level=0,port_id=d851968b-5b98-4e8f-8755-004b494085db,segment=NetworkSegment(c390c824-bb20-443e-b455-af1f6c810dea),segment_id=c390c824-bb20-443e-b455-af1f6c810dea)] {{(pid=92565) get_binding_level_objs /opt/stack/neutron/neutron/plugins/ml2/db.py:75}}
Jun 03 22:06:02.122637 dv-cinder-794669-4-iscsi neutron-server[92565]: DEBUG neutron.plugins.ml2.rpc [None req-c4b576ca-5e2c-4b1b-ba13-09eb1fcbfadc None None] Returning: {'device': 'd851968b-5b98-4e8f-8755-004b494085db', 'network_id': '29b7a9cd-8b45-49f4-a0dc-9e6d604e74a6', 'port_id': 'd851968b-5b98-4e8f-8755-004b494085db', 'mac_address': 'fa:16:3e:85:3c:9d', 'admin_state_up': True, 'network_type': 'vlan', 'segmentation_id': 1427, 'physical_network': 'physnet1', 'mtu': 1500, 'fixed_ips': [{'subnet_id': 'e3f1f6cd-92cb-4379-bd59-3292d17ca5ab', 'ip_address': '172.20.0.7'}], 'device_owner': 'compute:nova', 'allowed_address_pairs': [], 'port_security_enabled': True, 'qos_policy_id': None, 'network_qos_policy_id': None, 'profile': {}, 'propagate_uplink_status': False} {{(pid=92565) _get_device_details /opt/stack/neutron/neutron/plugins/ml2/rpc.py:168}}
Jun 03 22:06:02.144971 dv-cinder-794669-4-iscsi neutron-server[92564]: INFO neutron.wsgi [req-20b5ff1f-3290-439e-9b9c-9b18d2fbc614 req-45ecb1a1-1de0-460a-8874-eeafcba2f216 tempest-ServerRescueNegativeTestJSON-162907387 tempest-ServerRescueNegativeTestJSON-162907387-project] 10.222.0.106 "GET /v2.0/ports?device_id=68b30eb4-1c8f-49a9-a247-ce425069ff57 HTTP/1.1" status: 200 len: 210 time: 0.0771701
Jun 03 22:06:02.204954 dv-cinder-794669-4-iscsi neutron-server[92564]: DEBUG neutron_lib.callbacks.manager [req-c7b93bd5-fa84-4faf-872b-8962ab6a9d81 req-6418efb9-07ba-40bd-a876-acb71f9ec34e tempest-ServerRescueNegativeTestJSON-162907387 tempest-ServerRescueNegativeTestJSON-162907387-project] Notify callbacks [] for port, precommit_create {{(pid=92564) _notify_loop /usr/local/lib/python3.8/dist-packages/neutron_lib/callbacks/manager.py:192}}
Jun 03 22:06:02.207534 dv-cinder-794669-4-iscsi neutron-server[92565]: DEBUG neutron_lib.callbacks.manager [None req-c4b576ca-5e2c-4b1b-ba13-09eb1fcbfadc None None] Notify callbacks ['neutron.plugins.ml2.plugin.SecurityGroupDbMixin._ensure_default_security_group_handler_port-1611713'] for port, before_update {{(pid=92565) _notify_loop /usr/local/lib/python3.8/dist-packages/neutron_lib/callbacks/manager.py:192}}
Jun 03 22:06:02.220177 dv-cinder-794669-4-iscsi neutron-server[92563]: DEBUG neutron.pecan_wsgi.hooks.policy_enforcement [req-5b35cf2f-05fc-41dc-8b87-83952dedeff2 req-953f5c67-fa7a-4beb-8611-548a5430caec tempest-AttachVolumeNegativeTest-766151844 tempest-AttachVolumeNegativeTest-766151844-project] Attributes excluded by policy engine: ['standard_attr_id', 'binding:profile', 'binding:host_id', 'binding:vif_type', 'binding:vif_details'] {{(pid=92563) _exclude_attributes_by_policy /opt/stack/neutron/neutron/pecan_wsgi/hooks/policy_enforcement.py:255}}
Jun 03 22:06:02.221928 dv-cinder-794669-4-iscsi neutron-server[92563]: INFO neutron.wsgi [req-5b35cf2f-05fc-41dc-8b87-83952dedeff2 req-953f5c67-fa7a-4beb-8611-548a5430caec tempest-AttachVolumeNegativeTest-766151844 tempest-AttachVolumeNegativeTest-766151844-project] 10.222.0.106 "GET /v2.0/ports?device_id=49718741-277c-4f5f-9669-ea4599c88de3 HTTP/1.1" status: 200 len: 944 time: 0.1036997
Jun 03 22:06:02.295313 dv-cinder-794669-4-iscsi neutron-server[92565]: DEBUG neutron.notifiers.nova [None req-c4b576ca-5e2c-4b1b-ba13-09eb1fcbfadc None None] Ignoring state change previous_port_status: DOWN current_port_status: BUILD port_id d851968b-5b98-4e8f-8755-004b494085db {{(pid=92565) record_port_status_changed /opt/stack/neutron/neutron/notifiers/nova.py:224}}
Jun 03 22:06:02.311041 dv-cinder-794669-4-iscsi neutron-server[92563]: INFO neutron.wsgi [req-5b35cf2f-05fc-41dc-8b87-83952dedeff2 req-c6926f24-8cac-4bc4-93e5-8af5430055ae tempest-AttachVolumeNegativeTest-766151844 tempest-AttachVolumeNegativeTest-766151844-project] 10.222.0.106 "GET /v2.0/security-groups?id=69ba2938-92b9-4f2a-833c-2513570db3ea&fields=id&fields=name HTTP/1.1" status: 200 len: 286 time: 0.0783734
Jun 03 22:06:02.333790 dv-cinder-794669-4-iscsi neutron-server[92565]: DEBUG neutron.plugins.ml2.db [None req-c4b576ca-5e2c-4b1b-ba13-09eb1fcbfadc None None] For port d851968b-5b98-4e8f-8755-004b494085db, host hv-cinder-79466, got binding levels [PortBindingLevel(driver='hyperv',host='hv-cinder-79466',level=0,port_id=d851968b-5b98-4e8f-8755-004b494085db,segment=NetworkSegment(c390c824-bb20-443e-b455-af1f6c810dea),segment_id=c390c824-bb20-443e-b455-af1f6c810dea)] {{(pid=92565) get_binding_level_objs /opt/stack/neutron/neutron/plugins/ml2/db.py:75}}
Jun 03 22:06:02.338549 dv-cinder-794669-4-iscsi neutron-server[92564]: DEBUG neutron.db.quota.driver [req-240eaa8b-dd48-4667-b0f7-cebf14324f5d req-928bf5e9-5049-4178-9d06-20575114bc61 tempest-AttachVolumeShelveTestJSON-1500015615 tempest-AttachVolumeShelveTestJSON-1500015615-project] Resources subnetpool have unlimited quota limit. It is not required to calculate headroom {{(pid=92564) make_reservation /opt/stack/neutron/neutron/db/quota/driver.py:219}}
Jun 03 22:06:02.353018 dv-cinder-794669-4-iscsi neutron-server[92564]: DEBUG neutron.db.quota.driver [req-240eaa8b-dd48-4667-b0f7-cebf14324f5d req-928bf5e9-5049-4178-9d06-20575114bc61 tempest-AttachVolumeShelveTestJSON-1500015615 tempest-AttachVolumeShelveTestJSON-1500015615-project] Attempting to reserve 1 items for resource port. Total usage: 3; quota limit: 500; headroom:497 {{(pid=92564) make_reservation /opt/stack/neutron/neutron/db/quota/driver.py:246}}
Jun 03 22:06:02.410794 dv-cinder-794669-4-iscsi neutron-server[92565]: DEBUG neutron_lib.callbacks.manager [None req-c4b576ca-5e2c-4b1b-ba13-09eb1fcbfadc None None] Notify callbacks ['neutron.plugins.ml2.plugin.SecurityGroupServerNotifierRpcMixin.notify_sg_on_port_change-1611640', 'neutron.plugins.ml2.ovo_rpc._ObjectChangeHandler.handle_event-975944', 'neutron.api.rpc.agentnotifiers.dhcp_rpc_agent_api.DhcpAgentNotifyAPI._native_event_send_dhcp_notification-630947', 'neutron.db.l3_db.L3RpcNotifierMixin._notify_gateway_port_ip_changed-8762086228749', 'neutron.db.l3_dvrscheduler_db._notify_l3_agent_port_update-8762085790558', 'neutron.db.l3_hascheduler_db._notify_l3_agent_ha_port_update-8762085790603'] for port, after_update {{(pid=92565) _notify_loop /usr/local/lib/python3.8/dist-packages/neutron_lib/callbacks/manager.py:192}}
Jun 03 22:06:02.411108 dv-cinder-794669-4-iscsi neutron-server[92565]: DEBUG neutron.plugins.ml2.rpc [None req-c4b576ca-5e2c-4b1b-ba13-09eb1fcbfadc None None] Device d810cee8-9bf0-4fde-b547-48bf99790f6f details requested by agent hyperv_hv-cinder-79466 with host hv-cinder-79466 {{(pid=92565) get_device_details /opt/stack/neutron/neutron/plugins/ml2/rpc.py:88}}
Jun 03 22:06:02.417153 dv-cinder-794669-4-iscsi neutron-server[92564]: DEBUG neutron_lib.callbacks.manager [req-c7b93bd5-fa84-4faf-872b-8962ab6a9d81 req-6418efb9-07ba-40bd-a876-acb71f9ec34e tempest-ServerRescueNegativeTestJSON-162907387 tempest-ServerRescueNegativeTestJSON-162907387-project] Notify callbacks ['neutron.plugins.ml2.plugin.SecurityGroupServerNotifierRpcMixin.notify_sg_on_port_change-1611640', 'neutron.plugins.ml2.ovo_rpc._ObjectChangeHandler.handle_event-975944', 'neutron.api.rpc.agentnotifiers.dhcp_rpc_agent_api.DhcpAgentNotifyAPI._native_event_send_dhcp_notification-630947', 'neutron.db.l3_dvrscheduler_db._notify_l3_agent_new_port-8762085790540', 'neutron.services.segments.plugin.NovaSegmentNotifier._notify_port_created_or_deleted-31972285'] for port, after_create {{(pid=92564) _notify_loop /usr/local/lib/python3.8/dist-packages/neutron_lib/callbacks/manager.py:192}}
Jun 03 22:06:02.437286 dv-cinder-794669-4-iscsi neutron-server[92564]: DEBUG oslo_concurrency.lockutils [-] Lock "event-dispatch" acquired by "neutron.plugins.ml2.ovo_rpc._ObjectChangeHandler.dispatch_events" :: waited 0.000s {{(pid=92564) inner /usr/local/lib/python3.8/dist-packages/oslo_concurrency/lockutils.py:355}}
Jun 03 22:06:02.440122 dv-cinder-794669-4-iscsi neutron-server[92565]: DEBUG oslo_concurrency.lockutils [None req-e9e2b3de-b97b-486b-9d22-4850ff47c1c2 None None] Lock "event-dispatch" acquired by "neutron.plugins.ml2.ovo_rpc._ObjectChangeHandler.dispatch_events" :: waited 0.000s {{(pid=92565) inner /usr/local/lib/python3.8/dist-packages/oslo_concurrency/lockutils.py:355}}
Jun 03 22:06:02.592908 dv-cinder-794669-4-iscsi neutron-server[92564]: DEBUG neutron.pecan_wsgi.hooks.quota_enforcement [req-240eaa8b-dd48-4667-b0f7-cebf14324f5d req-928bf5e9-5049-4178-9d06-20575114bc61 tempest-AttachVolumeShelveTestJSON-1500015615 tempest-AttachVolumeShelveTestJSON-1500015615-project] Made reservation on behalf of c14a1e6c501b4dd3966eb23d8b4969bc for: {'port': 1} {{(pid=92564) before /opt/stack/neutron/neutron/pecan_wsgi/hooks/quota_enforcement.py:53}}
Jun 03 22:06:02.593189 dv-cinder-794669-4-iscsi neutron-server[92565]: DEBUG neutron.api.rpc.handlers.resources_rpc [None req-c4b576ca-5e2c-4b1b-ba13-09eb1fcbfadc None None] Pushing event updated for resources: {'Port': ['ID=d851968b-5b98-4e8f-8755-004b494085db,revision_number=4']} {{(pid=92565) push /opt/stack/neutron/neutron/api/rpc/handlers/resources_rpc.py:237}}
Jun 03 22:06:02.598906 dv-cinder-794669-4-iscsi neutron-server[92564]: DEBUG neutron_lib.callbacks.manager [req-240eaa8b-dd48-4667-b0f7-cebf14324f5d req-928bf5e9-5049-4178-9d06-20575114bc61 tempest-AttachVolumeShelveTestJSON-1500015615 tempest-AttachVolumeShelveTestJSON-1500015615-project] Notify callbacks ['neutron.plugins.ml2.plugin.SecurityGroupDbMixin._ensure_default_security_group_handler_port-1611713'] for port, before_create {{(pid=92564) _notify_loop /usr/local/lib/python3.8/dist-packages/neutron_lib/callbacks/manager.py:192}}
Jun 03 22:06:02.603430 dv-cinder-794669-4-iscsi neutron-server[92565]: DEBUG oslo_concurrency.lockutils [None req-c4b576ca-5e2c-4b1b-ba13-09eb1fcbfadc None None] Lock "event-dispatch" released by "neutron.plugins.ml2.ovo_rpc._ObjectChangeHandler.dispatch_events" :: held 0.158s {{(pid=92565) inner /usr/local/lib/python3.8/dist-packages/oslo_concurrency/lockutils.py:367}}
Jun 03 22:06:02.727902 dv-cinder-794669-4-iscsi neutron-server[92564]: INFO neutron.wsgi [req-e23fe7ac-6ad3-4c04-b5df-565fbe37764f req-a9f4e23c-f6e4-4846-aefe-32cc67018d1f tempest-AttachVolumeShelveTestJSON-1500015615 tempest-AttachVolumeShelveTestJSON-1500015615-project] 10.222.0.106 "GET /v2.0/ports?device_id=0eee71d2-ec13-4fca-a702-5ab8e72cdd04 HTTP/1.1" status: 200 len: 210 time: 0.0704906
Jun 03 22:06:02.734207 dv-cinder-794669-4-iscsi neutron-server[92564]: DEBUG neutron.scheduler.dhcp_agent_scheduler [req-c7b93bd5-fa84-4faf-872b-8962ab6a9d81 req-6418efb9-07ba-40bd-a876-acb71f9ec34e tempest-ServerRescueNegativeTestJSON-162907387 tempest-ServerRescueNegativeTestJSON-162907387-project] Network ceedd4ab-fc8f-4298-8659-a082fdebf44c is already hosted by enough agents. {{(pid=92564) _get_dhcp_agents_hosting_network /opt/stack/neutron/neutron/scheduler/dhcp_agent_scheduler.py:275}}
Jun 03 22:06:02.739279 dv-cinder-794669-4-iscsi neutron-server[92564]: DEBUG neutron.scheduler.base_scheduler [req-c7b93bd5-fa84-4faf-872b-8962ab6a9d81 req-6418efb9-07ba-40bd-a876-acb71f9ec34e tempest-ServerRescueNegativeTestJSON-162907387 tempest-ServerRescueNegativeTestJSON-162907387-project] Resources bound (agent type, host, resource id): {{(pid=92564) schedule /opt/stack/neutron/neutron/scheduler/base_scheduler.py:57}}
Jun 03 22:06:02.749688 dv-cinder-794669-4-iscsi neutron-server[92564]: DEBUG neutron.db.l3_dvrscheduler_db [req-c7b93bd5-fa84-4faf-872b-8962ab6a9d81 req-6418efb9-07ba-40bd-a876-acb71f9ec34e tempest-ServerRescueNegativeTestJSON-162907387 tempest-ServerRescueNegativeTestJSON-162907387-project] Received port after_create {{(pid=92564) _notify_l3_agent_new_port /opt/stack/neutron/neutron/db/l3_dvrscheduler_db.py:537}}
Jun 03 22:06:02.818967 dv-cinder-794669-4-iscsi neutron-server[92565]: DEBUG neutron.plugins.ml2.db [None req-c4b576ca-5e2c-4b1b-ba13-09eb1fcbfadc None None] For port d810cee8-9bf0-4fde-b547-48bf99790f6f, host hv-cinder-79466, got binding levels [PortBindingLevel(driver='hyperv',host='hv-cinder-79466',level=0,port_id=d810cee8-9bf0-4fde-b547-48bf99790f6f,segment=NetworkSegment(78cbdb10-dbd3-4f35-8746-fd326444031e),segment_id=78cbdb10-dbd3-4f35-8746-fd326444031e)] {{(pid=92565) get_binding_level_objs /opt/stack/neutron/neutron/plugins/ml2/db.py:75}}
Jun 03 22:06:02.837453 dv-cinder-794669-4-iscsi neutron-server[92565]: DEBUG neutron.plugins.ml2.rpc [None req-c4b576ca-5e2c-4b1b-ba13-09eb1fcbfadc None None] Returning: {'device': 'd810cee8-9bf0-4fde-b547-48bf99790f6f', 'network_id': 'bba2e61c-d091-4a23-95a7-3079a9574eb0', 'port_id': 'd810cee8-9bf0-4fde-b547-48bf99790f6f', 'mac_address': 'fa:16:3e:61:94:49', 'admin_state_up': True, 'network_type': 'vlan', 'segmentation_id': 1422, 'physical_network': 'physnet1', 'mtu': 1500, 'fixed_ips': [{'subnet_id': '969eac6f-666f-4cbf-a728-422f9d725aef', 'ip_address': '172.20.0.12'}], 'device_owner': 'compute:nova', 'allowed_address_pairs': [], 'port_security_enabled': True, 'qos_policy_id': None, 'network_qos_policy_id': None, 'profile': {}, 'propagate_uplink_status': False} {{(pid=92565) _get_device_details /opt/stack/neutron/neutron/plugins/ml2/rpc.py:168}}
Jun 03 22:06:02.848722 dv-cinder-794669-4-iscsi neutron-server[92564]: DEBUG neutron.api.rpc.handlers.resources_rpc [None req-6418efb9-07ba-40bd-a876-acb71f9ec34e tempest-ServerRescueNegativeTestJSON-162907387 tempest-ServerRescueNegativeTestJSON-162907387-project] Pushing event updated for resources: {'Port': ['ID=12e508f5-1ee2-42eb-b3d3-0b55d4d8df31,revision_number=1']} {{(pid=92564) push /opt/stack/neutron/neutron/api/rpc/handlers/resources_rpc.py:237}}
Jun 03 22:06:02.852863 dv-cinder-794669-4-iscsi neutron-server[92564]: DEBUG oslo_concurrency.lockutils [None req-6418efb9-07ba-40bd-a876-acb71f9ec34e tempest-ServerRescueNegativeTestJSON-162907387 tempest-ServerRescueNegativeTestJSON-162907387-project] Lock "event-dispatch" released by "neutron.plugins.ml2.ovo_rpc._ObjectChangeHandler.dispatch_events" :: held 0.416s {{(pid=92564) inner /usr/local/lib/python3.8/dist-packages/oslo_concurrency/lockutils.py:367}}
Jun 03 22:06:02.904363 dv-cinder-794669-4-iscsi neutron-server[92564]: DEBUG neutron.pecan_wsgi.hooks.policy_enforcement [req-c7b93bd5-fa84-4faf-872b-8962ab6a9d81 req-6418efb9-07ba-40bd-a876-acb71f9ec34e tempest-ServerRescueNegativeTestJSON-162907387 tempest-ServerRescueNegativeTestJSON-162907387-project] Attributes excluded by policy engine: ['standard_attr_id', 'binding:profile', 'binding:host_id', 'binding:vif_type', 'binding:vif_details', 'network'] {{(pid=92564) _exclude_attributes_by_policy /opt/stack/neutron/neutron/pecan_wsgi/hooks/policy_enforcement.py:255}}
Jun 03 22:06:02.904982 dv-cinder-794669-4-iscsi neutron-server[92564]: DEBUG neutron_lib.callbacks.manager [req-c7b93bd5-fa84-4faf-872b-8962ab6a9d81 req-6418efb9-07ba-40bd-a876-acb71f9ec34e tempest-ServerRescueNegativeTestJSON-162907387 tempest-ServerRescueNegativeTestJSON-162907387-project] Notify callbacks ['neutron.notifiers.nova.Notifier._send_nova_notification-127831', 'neutron.api.rpc.agentnotifiers.dhcp_rpc_agent_api.DhcpAgentNotifyAPI._send_dhcp_notification-630965'] for port, before_response {{(pid=92564) _notify_loop /usr/local/lib/python3.8/dist-packages/neutron_lib/callbacks/manager.py:192}}
Jun 03 22:06:02.922591 dv-cinder-794669-4-iscsi neutron-server[92565]: DEBUG neutron_lib.callbacks.manager [None req-c4b576ca-5e2c-4b1b-ba13-09eb1fcbfadc None None] Notify callbacks ['neutron.plugins.ml2.plugin.SecurityGroupDbMixin._ensure_default_security_group_handler_port-1611713'] for port, before_update {{(pid=92565) _notify_loop /usr/local/lib/python3.8/dist-packages/neutron_lib/callbacks/manager.py:192}}
Jun 03 22:06:02.942642 dv-cinder-794669-4-iscsi neutron-server[92565]: DEBUG neutron.notifiers.nova [None req-c4b576ca-5e2c-4b1b-ba13-09eb1fcbfadc None None] Ignoring state change previous_port_status: DOWN current_port_status: BUILD port_id d810cee8-9bf0-4fde-b547-48bf99790f6f {{(pid=92565) record_port_status_changed /opt/stack/neutron/neutron/notifiers/nova.py:224}}
Jun 03 22:06:02.958460 dv-cinder-794669-4-iscsi neutron-server[92565]: DEBUG neutron.plugins.ml2.db [None req-c4b576ca-5e2c-4b1b-ba13-09eb1fcbfadc None None] For port d810cee8-9bf0-4fde-b547-48bf99790f6f, host hv-cinder-79466, got binding levels [PortBindingLevel(driver='hyperv',host='hv-cinder-79466',level=0,port_id=d810cee8-9bf0-4fde-b547-48bf99790f6f,segment=NetworkSegment(78cbdb10-dbd3-4f35-8746-fd326444031e),segment_id=78cbdb10-dbd3-4f35-8746-fd326444031e)] {{(pid=92565) get_binding_level_objs /opt/stack/neutron/neutron/plugins/ml2/db.py:75}}
Jun 03 22:06:02.994645 dv-cinder-794669-4-iscsi neutron-server[92563]: DEBUG neutron.pecan_wsgi.hooks.policy_enforcement [req-479f74bd-6730-4095-ab58-707df6aa3cc9 req-1e549560-87a7-48f6-96db-de9ccc5d8dcb tempest-DeleteServersTestJSON-999116129 tempest-DeleteServersTestJSON-999116129-project] Attributes excluded by policy engine: ['standard_attr_id', 'binding:profile', 'binding:host_id', 'binding:vif_type', 'binding:vif_details'] {{(pid=92563) _exclude_attributes_by_policy /opt/stack/neutron/neutron/pecan_wsgi/hooks/policy_enforcement.py:255}}
Jun 03 22:06:02.996248 dv-cinder-794669-4-iscsi neutron-server[92563]: INFO neutron.wsgi [req-479f74bd-6730-4095-ab58-707df6aa3cc9 req-1e549560-87a7-48f6-96db-de9ccc5d8dcb tempest-DeleteServersTestJSON-999116129 tempest-DeleteServersTestJSON-999116129-project] 10.222.0.106 "GET /v2.0/ports?device_id=650b2ae2-8e3b-4da1-a16d-efffbc81a30b HTTP/1.1" status: 200 len: 944 time: 0.1769080
Jun 03 22:06:03.032161 dv-cinder-794669-4-iscsi neutron-server[92563]: DEBUG neutron.notifiers.nova [req-6107eb7d-b112-4278-bc46-76206b016210 req-9ac791b4-71cd-4bed-bd81-0670650b155a service neutron] Ignoring state change previous_port_status: DOWN current_port_status: DOWN port_id db162f97-61e7-4c95-abfb-63f6380efaac {{(pid=92563) record_port_status_changed /opt/stack/neutron/neutron/notifiers/nova.py:224}}
Jun 03 22:06:03.042548 dv-cinder-794669-4-iscsi neutron-server[92563]: DEBUG neutron_lib.callbacks.manager [req-6107eb7d-b112-4278-bc46-76206b016210 req-9ac791b4-71cd-4bed-bd81-0670650b155a service neutron] Notify callbacks [] for port, precommit_update {{(pid=92563) _notify_loop /usr/local/lib/python3.8/dist-packages/neutron_lib/callbacks/manager.py:192}}
Jun 03 22:06:03.045075 dv-cinder-794669-4-iscsi neutron-server[92565]: DEBUG neutron_lib.callbacks.manager [None req-c4b576ca-5e2c-4b1b-ba13-09eb1fcbfadc None None] Notify callbacks ['neutron.plugins.ml2.plugin.SecurityGroupServerNotifierRpcMixin.notify_sg_on_port_change-1611640', 'neutron.plugins.ml2.ovo_rpc._ObjectChangeHandler.handle_event-975944', 'neutron.api.rpc.agentnotifiers.dhcp_rpc_agent_api.DhcpAgentNotifyAPI._native_event_send_dhcp_notification-630947', 'neutron.db.l3_db.L3RpcNotifierMixin._notify_gateway_port_ip_changed-8762086228749', 'neutron.db.l3_dvrscheduler_db._notify_l3_agent_port_update-8762085790558', 'neutron.db.l3_hascheduler_db._notify_l3_agent_ha_port_update-8762085790603'] for port, after_update {{(pid=92565) _notify_loop /usr/local/lib/python3.8/dist-packages/neutron_lib/callbacks/manager.py:192}}
Jun 03 22:06:03.047980 dv-cinder-794669-4-iscsi neutron-server[92565]: DEBUG oslo_concurrency.lockutils [-] Lock "event-dispatch" acquired by "neutron.plugins.ml2.ovo_rpc._ObjectChangeHandler.dispatch_events" :: waited 0.000s {{(pid=92565) inner /usr/local/lib/python3.8/dist-packages/oslo_concurrency/lockutils.py:355}}
Jun 03 22:06:03.066950 dv-cinder-794669-4-iscsi neutron-server[92564]: DEBUG neutron.db.db_base_plugin_common [req-240eaa8b-dd48-4667-b0f7-cebf14324f5d req-928bf5e9-5049-4178-9d06-20575114bc61 tempest-AttachVolumeShelveTestJSON-1500015615 tempest-AttachVolumeShelveTestJSON-1500015615-project] Allocated IP 172.20.0.12 (35f20c75-e7a0-4927-b48f-493b756f4e3d/67671872-aaef-41f0-85f5-6741db23bdd5/b6a4342e-48c3-4c53-a2c7-de600d045d4d) {{(pid=92564) _store_ip_allocation /opt/stack/neutron/neutron/db/db_base_plugin_common.py:131}}
Jun 03 22:06:03.075664 dv-cinder-794669-4-iscsi neutron-server[92563]: INFO neutron.wsgi [req-479f74bd-6730-4095-ab58-707df6aa3cc9 req-e2d6dff0-68b5-4225-9b45-8f47d7aa46d4 tempest-DeleteServersTestJSON-999116129 tempest-DeleteServersTestJSON-999116129-project] 10.222.0.106 "GET /v2.0/security-groups?id=b0cef449-8cef-4fbc-b1f0-25ba3c3e8b03&fields=id&fields=name HTTP/1.1" status: 200 len: 286 time: 0.0691919
Jun 03 22:06:03.076623 dv-cinder-794669-4-iscsi neutron-server[92563]: DEBUG neutron.db.provisioning_blocks [req-6107eb7d-b112-4278-bc46-76206b016210 req-9ac791b4-71cd-4bed-bd81-0670650b155a service neutron] Transition to ACTIVE for port object db162f97-61e7-4c95-abfb-63f6380efaac will not be triggered until provisioned by entity L2. {{(pid=92563) add_provisioning_component /opt/stack/neutron/neutron/db/provisioning_blocks.py:73}}
Jun 03 22:06:03.080620 dv-cinder-794669-4-iscsi neutron-server[92564]: INFO neutron.wsgi [req-c7b93bd5-fa84-4faf-872b-8962ab6a9d81 req-6418efb9-07ba-40bd-a876-acb71f9ec34e tempest-ServerRescueNegativeTestJSON-162907387 tempest-ServerRescueNegativeTestJSON-162907387-project] 10.222.0.58 "POST /v2.0/ports HTTP/1.1" status: 201 len: 933 time: 2.1634789
Jun 03 22:06:03.102741 dv-cinder-794669-4-iscsi neutron-server[92564]: DEBUG neutron.api.v2.base [req-c7b93bd5-fa84-4faf-872b-8962ab6a9d81 req-564f6c79-d0a0-405c-9306-1509eba6d18c service neutron] Request body: {'port': {'device_id': '68b30eb4-1c8f-49a9-a247-ce425069ff57', 'device_owner': 'compute:nova', 'binding:host_id': 'hv-cinder-79466'}} {{(pid=92564) prepare_request_body /opt/stack/neutron/neutron/api/v2/base.py:729}}
Jun 03 22:06:03.137811 dv-cinder-794669-4-iscsi neutron-server[92565]: DEBUG neutron.api.rpc.handlers.resources_rpc [None req-c4b576ca-5e2c-4b1b-ba13-09eb1fcbfadc None None] Pushing event updated for resources: {'Port': ['ID=d810cee8-9bf0-4fde-b547-48bf99790f6f,revision_number=4']} {{(pid=92565) push /opt/stack/neutron/neutron/api/rpc/handlers/resources_rpc.py:237}}
Jun 03 22:06:03.137811 dv-cinder-794669-4-iscsi neutron-server[92565]: DEBUG oslo_concurrency.lockutils [None req-c4b576ca-5e2c-4b1b-ba13-09eb1fcbfadc None None] Lock "event-dispatch" released by "neutron.plugins.ml2.ovo_rpc._ObjectChangeHandler.dispatch_events" :: held 0.081s {{(pid=92565) inner /usr/local/lib/python3.8/dist-packages/oslo_concurrency/lockutils.py:367}}
Jun 03 22:06:03.192858 dv-cinder-794669-4-iscsi neutron-server[92563]: DEBUG neutron_lib.callbacks.manager [req-6107eb7d-b112-4278-bc46-76206b016210 req-9ac791b4-71cd-4bed-bd81-0670650b155a service neutron] Notify callbacks ['neutron.plugins.ml2.plugin.SecurityGroupServerNotifierRpcMixin.notify_sg_on_port_change-1611640', 'neutron.plugins.ml2.ovo_rpc._ObjectChangeHandler.handle_event-975944', 'neutron.api.rpc.agentnotifiers.dhcp_rpc_agent_api.DhcpAgentNotifyAPI._native_event_send_dhcp_notification-630947', 'neutron.db.l3_db.L3RpcNotifierMixin._notify_gateway_port_ip_changed-8762086228749', 'neutron.db.l3_dvrscheduler_db._notify_l3_agent_port_update-8762085790558', 'neutron.db.l3_hascheduler_db._notify_l3_agent_ha_port_update-8762085790603'] for port, after_update {{(pid=92563) _notify_loop /usr/local/lib/python3.8/dist-packages/neutron_lib/callbacks/manager.py:192}}
Jun 03 22:06:03.206830 dv-cinder-794669-4-iscsi neutron-server[92563]: DEBUG oslo_concurrency.lockutils [-] Lock "event-dispatch" acquired by "neutron.plugins.ml2.ovo_rpc._ObjectChangeHandler.dispatch_events" :: waited 0.000s {{(pid=92563) inner /usr/local/lib/python3.8/dist-packages/oslo_concurrency/lockutils.py:355}}
Jun 03 22:06:03.339929 dv-cinder-794669-4-iscsi neutron-server[92565]: DEBUG neutron.plugins.ml2.db [None req-c4b576ca-5e2c-4b1b-ba13-09eb1fcbfadc None None] get_ports_and_sgs() called for port_ids ['d810cee8-9bf0-4fde-b547-48bf99790f6f'] {{(pid=92565) get_ports_and_sgs /opt/stack/neutron/neutron/plugins/ml2/db.py:164}}
Jun 03 22:06:03.418178 dv-cinder-794669-4-iscsi neutron-server[92565]: DEBUG neutron.plugins.ml2.db [None req-c4b576ca-5e2c-4b1b-ba13-09eb1fcbfadc None None] get_ports_and_sgs() called for port_ids ['d851968b-5b98-4e8f-8755-004b494085db'] {{(pid=92565) get_ports_and_sgs /opt/stack/neutron/neutron/plugins/ml2/db.py:164}}
Jun 03 22:06:03.504993 dv-cinder-794669-4-iscsi neutron-server[92563]: DEBUG neutron.api.rpc.handlers.resources_rpc [None req-9ac791b4-71cd-4bed-bd81-0670650b155a service neutron] Pushing event updated for resources: {'Port': ['ID=db162f97-61e7-4c95-abfb-63f6380efaac,revision_number=2']} {{(pid=92563) push /opt/stack/neutron/neutron/api/rpc/handlers/resources_rpc.py:237}}
Jun 03 22:06:03.515716 dv-cinder-794669-4-iscsi neutron-server[92564]: DEBUG neutron_lib.callbacks.manager [req-c7b93bd5-fa84-4faf-872b-8962ab6a9d81 req-564f6c79-d0a0-405c-9306-1509eba6d18c service neutron] Notify callbacks ['neutron.plugins.ml2.plugin.SecurityGroupDbMixin._ensure_default_security_group_handler_port-1611713'] for port, before_update {{(pid=92564) _notify_loop /usr/local/lib/python3.8/dist-packages/neutron_lib/callbacks/manager.py:192}}
Jun 03 22:06:03.536352 dv-cinder-794669-4-iscsi neutron-server[92563]: DEBUG oslo_concurrency.lockutils [None req-9ac791b4-71cd-4bed-bd81-0670650b155a service neutron] Lock "event-dispatch" released by "neutron.plugins.ml2.ovo_rpc._ObjectChangeHandler.dispatch_events" :: held 0.332s {{(pid=92563) inner /usr/local/lib/python3.8/dist-packages/oslo_concurrency/lockutils.py:367}}
Jun 03 22:06:03.549991 dv-cinder-794669-4-iscsi neutron-server[92563]: DEBUG neutron.plugins.ml2.managers [req-6107eb7d-b112-4278-bc46-76206b016210 req-9ac791b4-71cd-4bed-bd81-0670650b155a service neutron] Attempting to bind port db162f97-61e7-4c95-abfb-63f6380efaac on host hv-cinder-79466 for vnic_type normal with profile {{(pid=92563) bind_port /opt/stack/neutron/neutron/plugins/ml2/managers.py:790}}
Jun 03 22:06:03.552638 dv-cinder-794669-4-iscsi neutron-server[92563]: DEBUG neutron.plugins.ml2.managers [req-6107eb7d-b112-4278-bc46-76206b016210 req-9ac791b4-71cd-4bed-bd81-0670650b155a service neutron] Attempting to bind port db162f97-61e7-4c95-abfb-63f6380efaac by drivers openvswitch,hyperv on host hv-cinder-79466 at level 0 using segments [{'id': 'dbe5fa2c-5f30-44ac-a940-d6e76a8e89ba', 'network_type': 'vlan', 'physical_network': 'physnet1', 'segmentation_id': 1442, 'network_id': 'ceedd4ab-fc8f-4298-8659-a082fdebf44c'}] {{(pid=92563) _bind_port_level /opt/stack/neutron/neutron/plugins/ml2/managers.py:815}}
Jun 03 22:06:03.553143 dv-cinder-794669-4-iscsi neutron-server[92563]: DEBUG neutron.plugins.ml2.drivers.mech_agent [req-6107eb7d-b112-4278-bc46-76206b016210 req-9ac791b4-71cd-4bed-bd81-0670650b155a service neutron] Attempting to bind port db162f97-61e7-4c95-abfb-63f6380efaac on network ceedd4ab-fc8f-4298-8659-a082fdebf44c {{(pid=92563) bind_port /opt/stack/neutron/neutron/plugins/ml2/drivers/mech_agent.py:86}}
Jun 03 22:06:03.567667 dv-cinder-794669-4-iscsi neutron-server[92563]: DEBUG neutron.plugins.ml2.drivers.mech_agent [req-6107eb7d-b112-4278-bc46-76206b016210 req-9ac791b4-71cd-4bed-bd81-0670650b155a service neutron] Port db162f97-61e7-4c95-abfb-63f6380efaac on network ceedd4ab-fc8f-4298-8659-a082fdebf44c not bound, no agent of type Open vSwitch agent registered on host hv-cinder-79466 {{(pid=92563) bind_port /opt/stack/neutron/neutron/plugins/ml2/drivers/mech_agent.py:98}}
Jun 03 22:06:03.568171 dv-cinder-794669-4-iscsi neutron-server[92563]: DEBUG neutron.plugins.ml2.drivers.mech_agent [req-6107eb7d-b112-4278-bc46-76206b016210 req-9ac791b4-71cd-4bed-bd81-0670650b155a service neutron] Attempting to bind port db162f97-61e7-4c95-abfb-63f6380efaac on network ceedd4ab-fc8f-4298-8659-a082fdebf44c {{(pid=92563) bind_port /opt/stack/neutron/neutron/plugins/ml2/drivers/mech_agent.py:86}}
Jun 03 22:06:03.579334 dv-cinder-794669-4-iscsi neutron-server[92563]: DEBUG neutron.plugins.ml2.drivers.mech_agent [req-6107eb7d-b112-4278-bc46-76206b016210 req-9ac791b4-71cd-4bed-bd81-0670650b155a service neutron] Checking agent: {'id': 'ba7169ba-ec54-42ab-82e6-dffd3900ba09', 'agent_type': 'HyperV agent', 'binary': 'neutron-hyperv-agent', 'topic': 'N/A', 'host': 'hv-cinder-79466', 'admin_state_up': True, 'created_at': datetime.datetime(2021, 6, 3, 22, 3, 45), 'started_at': datetime.datetime(2021, 6, 3, 22, 3, 45), 'heartbeat_timestamp': datetime.datetime(2021, 6, 3, 22, 5, 45), 'description': None, 'resources_synced': None, 'availability_zone': None, 'alive': True, 'configurations': {'vswitch_mappings': {'physnet1$': 'br-data'}}, 'resource_versions': {}} {{(pid=92563) bind_port /opt/stack/neutron/neutron/plugins/ml2/drivers/mech_agent.py:105}}
Jun 03 22:06:03.579989 dv-cinder-794669-4-iscsi neutron-server[92563]: DEBUG neutron.plugins.ml2.drivers.mech_agent [req-6107eb7d-b112-4278-bc46-76206b016210 req-9ac791b4-71cd-4bed-bd81-0670650b155a service neutron] Checking segment: {'id': 'dbe5fa2c-5f30-44ac-a940-d6e76a8e89ba', 'network_type': 'vlan', 'physical_network': 'physnet1', 'segmentation_id': 1442, 'network_id': 'ceedd4ab-fc8f-4298-8659-a082fdebf44c'} for mappings: {'physnet1$': 'br-data'} with network types: ['local', 'flat', 'vlan'] {{(pid=92563) check_segment_for_agent /opt/stack/neutron/neutron/plugins/ml2/drivers/mech_agent.py:341}}
Jun 03 22:06:03.580754 dv-cinder-794669-4-iscsi neutron-server[92563]: DEBUG neutron.plugins.ml2.drivers.mech_agent [req-6107eb7d-b112-4278-bc46-76206b016210 req-9ac791b4-71cd-4bed-bd81-0670650b155a service neutron] Bound using segment: {'id': 'dbe5fa2c-5f30-44ac-a940-d6e76a8e89ba', 'network_type': 'vlan', 'physical_network': 'physnet1', 'segmentation_id': 1442, 'network_id': 'ceedd4ab-fc8f-4298-8659-a082fdebf44c'} {{(pid=92563) bind_port /opt/stack/neutron/neutron/plugins/ml2/drivers/mech_agent.py:115}}
Jun 03 22:06:03.581378 dv-cinder-794669-4-iscsi neutron-server[92563]: DEBUG neutron.plugins.ml2.managers [req-6107eb7d-b112-4278-bc46-76206b016210 req-9ac791b4-71cd-4bed-bd81-0670650b155a service neutron] Bound port: db162f97-61e7-4c95-abfb-63f6380efaac, host: hv-cinder-79466, vif_type: hyperv, vif_details: {"connectivity": "legacy", "port_filter": false}, binding_levels: [{'bound_driver': 'hyperv', 'bound_segment': {'id': 'dbe5fa2c-5f30-44ac-a940-d6e76a8e89ba', 'network_type': 'vlan', 'physical_network': 'physnet1', 'segmentation_id': 1442, 'network_id': 'ceedd4ab-fc8f-4298-8659-a082fdebf44c'}}] {{(pid=92563) _bind_port_level /opt/stack/neutron/neutron/plugins/ml2/managers.py:928}}
Jun 03 22:06:03.581983 dv-cinder-794669-4-iscsi neutron-server[92563]: DEBUG neutron_lib.callbacks.manager [req-6107eb7d-b112-4278-bc46-76206b016210 req-9ac791b4-71cd-4bed-bd81-0670650b155a service neutron] Notify callbacks ['neutron.plugins.ml2.plugin.SecurityGroupDbMixin._ensure_default_security_group_handler_port-1611713'] for port, before_update {{(pid=92563) _notify_loop /usr/local/lib/python3.8/dist-packages/neutron_lib/callbacks/manager.py:192}}
Jun 03 22:06:03.618310 dv-cinder-794669-4-iscsi neutron-server[92564]: DEBUG neutron.pecan_wsgi.hooks.policy_enforcement [req-533a1822-b993-464d-9f70-198eb62df875 req-57b86337-9ea6-477c-a3ef-4308bb168de1 tempest-ServerRescueNegativeTestJSON-162907387 tempest-ServerRescueNegativeTestJSON-162907387-project] Attributes excluded by policy engine: ['standard_attr_id', 'binding:profile', 'binding:host_id', 'binding:vif_type', 'binding:vif_details'] {{(pid=92564) _exclude_attributes_by_policy /opt/stack/neutron/neutron/pecan_wsgi/hooks/policy_enforcement.py:255}}
Jun 03 22:06:03.619041 dv-cinder-794669-4-iscsi neutron-server[92564]: DEBUG neutron.quota.resource [req-533a1822-b993-464d-9f70-198eb62df875 req-57b86337-9ea6-477c-a3ef-4308bb168de1 tempest-ServerRescueNegativeTestJSON-162907387 tempest-ServerRescueNegativeTestJSON-162907387-project] Synchronizing usage tracker for tenant:cb9a7d32ed194ab1b6188c11ba83bbd4 on resource:port {{(pid=92564) resync /opt/stack/neutron/neutron/quota/resource.py:241}}
Jun 03 22:06:03.664775 dv-cinder-794669-4-iscsi neutron-server[92564]: DEBUG neutron_lib.callbacks.manager [req-240eaa8b-dd48-4667-b0f7-cebf14324f5d req-928bf5e9-5049-4178-9d06-20575114bc61 tempest-AttachVolumeShelveTestJSON-1500015615 tempest-AttachVolumeShelveTestJSON-1500015615-project] Notify callbacks [] for port, precommit_create {{(pid=92564) _notify_loop /usr/local/lib/python3.8/dist-packages/neutron_lib/callbacks/manager.py:192}}
Jun 03 22:06:03.801641 dv-cinder-794669-4-iscsi neutron-server[92563]: DEBUG neutron.pecan_wsgi.hooks.policy_enforcement [req-ffdf8321-79db-4072-a23a-79d725759e2f req-f21aece1-bc5e-4ae3-b091-620f367dfefb tempest-AttachVolumeNegativeTest-766151844 tempest-AttachVolumeNegativeTest-766151844-project] Attributes excluded by policy engine: ['standard_attr_id', 'binding:profile', 'binding:host_id', 'binding:vif_type', 'binding:vif_details'] {{(pid=92563) _exclude_attributes_by_policy /opt/stack/neutron/neutron/pecan_wsgi/hooks/policy_enforcement.py:255}}
