Jun 01 18:47:37.705442 dv-cinder-794021-1-iscsi devstack@n-api.service[112413]: DEBUG nova.compute.api [None req-d374c307-0780-4b0e-b8bd-e1a44f12057f tempest-ServerRescueNegativeTestJSON-989498061 tempest-ServerRescueNegativeTestJSON-989498061-project] [instance: efe28177-fcb1-4454-a8a0-94faa92a6060] block_device_mapping [BlockDeviceMapping(attachment_id=,boot_index=0,connection_info=None,created_at=,delete_on_termination=True,deleted=,deleted_at=,destination_type='local',device_name=None,device_type='disk',disk_bus=None,guest_format=None,id=,image_id='596c39e9-68bb-4406-9546-3fb4ce78bf73',instance=,instance_uuid=,no_device=False,snapshot_id=None,source_type='image',tag=None,updated_at=,uuid=,volume_id=None,volume_size=None,volume_type=None)] {{(pid=112413) _bdm_validate_set_size_and_instance /opt/stack/nova/nova/compute/api.py:1685}}
Jun 01 18:47:37.772004 dv-cinder-794021-1-iscsi devstack@n-api.service[112413]: INFO nova.api.openstack.requestlog [None req-d374c307-0780-4b0e-b8bd-e1a44f12057f tempest-ServerRescueNegativeTestJSON-989498061 tempest-ServerRescueNegativeTestJSON-989498061-project] 10.222.0.22 "POST /compute/v2.1/servers" status: 202 len: 383 microversion: 2.1 time: 1.449386
Jun 01 18:47:37.774294 dv-cinder-794021-1-iscsi devstack@n-api.service[112413]: [pid: 112413|app: 0|req: 11/21] 10.222.0.22 () {60 vars in 1147 bytes} [Tue Jun 1 18:47:36 2021] POST /compute/v2.1/servers => generated 383 bytes in 1453 msecs (HTTP/1.1 202) 10 headers in 451 bytes (1 switches on core 0)
Jun 01 18:47:37.780077 dv-cinder-794021-1-iscsi devstack@n-api.service[112413]: DEBUG nova.api.openstack.wsgi [None req-4aabf36b-ed1d-494b-b930-7cecd6461457 tempest-AttachVolumeNegativeTest-1783123680 tempest-AttachVolumeNegativeTest-1783123680-project] Calling method '>' {{(pid=112413) _process_stack /opt/stack/nova/nova/api/openstack/wsgi.py:513}}
Jun 01 18:47:37.780916 dv-cinder-794021-1-iscsi devstack@n-api.service[112413]: DEBUG nova.compute.api [None req-4aabf36b-ed1d-494b-b930-7cecd6461457 tempest-AttachVolumeNegativeTest-1783123680 tempest-AttachVolumeNegativeTest-1783123680-project] [instance: a7e76531-2327-4dc3-b694-5027dd117eb0] Fetching instance by UUID {{(pid=112413) get /opt/stack/nova/nova/compute/api.py:2790}}
Jun 01 18:47:37.793123 dv-cinder-794021-1-iscsi devstack@n-api.service[112413]: DEBUG oslo_concurrency.lockutils [None req-4aabf36b-ed1d-494b-b930-7cecd6461457 tempest-AttachVolumeNegativeTest-1783123680 tempest-AttachVolumeNegativeTest-1783123680-project] Lock "ec8c28d9-aee4-4b1d-b532-21b322c3dc00" acquired by "nova.context.set_target_cell..get_or_set_cached_cell_and_set_connections" :: waited 0.000s {{(pid=112413) inner /usr/local/lib/python3.8/dist-packages/oslo_concurrency/lockutils.py:355}}
Jun 01 18:47:37.793792 dv-cinder-794021-1-iscsi devstack@n-api.service[112413]: DEBUG oslo_concurrency.lockutils [None req-4aabf36b-ed1d-494b-b930-7cecd6461457 tempest-AttachVolumeNegativeTest-1783123680 tempest-AttachVolumeNegativeTest-1783123680-project] Lock "ec8c28d9-aee4-4b1d-b532-21b322c3dc00" released by "nova.context.set_target_cell..get_or_set_cached_cell_and_set_connections" :: held 0.002s {{(pid=112413) inner /usr/local/lib/python3.8/dist-packages/oslo_concurrency/lockutils.py:367}}
Jun 01 18:47:37.794927 dv-cinder-794021-1-iscsi devstack@n-api.service[112413]: DEBUG oslo_concurrency.lockutils [None req-4aabf36b-ed1d-494b-b930-7cecd6461457 tempest-AttachVolumeNegativeTest-1783123680 tempest-AttachVolumeNegativeTest-1783123680-project] Lock "ec8c28d9-aee4-4b1d-b532-21b322c3dc00" acquired by "nova.context.set_target_cell..get_or_set_cached_cell_and_set_connections" :: waited 0.000s {{(pid=112413) inner /usr/local/lib/python3.8/dist-packages/oslo_concurrency/lockutils.py:355}}
Jun 01 18:47:37.795577 dv-cinder-794021-1-iscsi devstack@n-api.service[112413]: DEBUG oslo_concurrency.lockutils [None req-4aabf36b-ed1d-494b-b930-7cecd6461457 tempest-AttachVolumeNegativeTest-1783123680 tempest-AttachVolumeNegativeTest-1783123680-project] Lock "ec8c28d9-aee4-4b1d-b532-21b322c3dc00" released by "nova.context.set_target_cell..get_or_set_cached_cell_and_set_connections" :: held 0.001s {{(pid=112413) inner /usr/local/lib/python3.8/dist-packages/oslo_concurrency/lockutils.py:367}}
Jun 01 18:47:37.830042 dv-cinder-794021-1-iscsi devstack@n-api.service[112414]: DEBUG nova.policy [None req-b01f6aea-b69a-4745-8e0b-75a4ac758def tempest-DeleteServersTestJSON-108655113 tempest-DeleteServersTestJSON-108655113-project] Policy check for os_compute_api:os-extended-server-attributes failed with credentials {'is_admin': False, 'user_id': '7f04bea165834999a3c46e99a319d074', 'user_domain_id': 'default', 'system_scope': None, 'domain_id': None, 'project_id': '59a3ecd15231441e9ed00898e50aae60', 'project_domain_id': 'default', 'roles': ['member', 'reader'], 'is_admin_project': True, 'service_user_id': None, 'service_user_domain_id': None, 'service_project_id': None, 'service_project_domain_id': None, 'service_roles': []} {{(pid=112414) authorize /opt/stack/nova/nova/policy.py:199}}
Jun 01 18:47:37.845752 dv-cinder-794021-1-iscsi devstack@n-api.service[112414]: INFO nova.api.openstack.requestlog [None req-b01f6aea-b69a-4745-8e0b-75a4ac758def tempest-DeleteServersTestJSON-108655113 tempest-DeleteServersTestJSON-108655113-project] 10.222.0.22 "GET /compute/v2.1/servers/0601374a-4af2-445a-b892-f78d20cbcaa1" status: 200 len: 1315 microversion: 2.1 time: 2.845378
Jun 01 18:47:37.862371 dv-cinder-794021-1-iscsi devstack@n-api.service[112414]: [pid: 112414|app: 0|req: 11/22] 10.222.0.22 () {58 vars in 1236 bytes} [Tue Jun 1 18:47:34 2021] GET /compute/v2.1/servers/0601374a-4af2-445a-b892-f78d20cbcaa1 => generated 1315 bytes in 2861 msecs (HTTP/1.1 200) 9 headers in 358 bytes (1 switches on core 0)
Jun 01 18:47:37.875384 dv-cinder-794021-1-iscsi devstack@n-api.service[112414]: DEBUG nova.api.openstack.wsgi [None req-7bebb652-2b57-4200-90c3-753e881fab05 tempest-ServerRescueNegativeTestJSON-989498061 tempest-ServerRescueNegativeTestJSON-989498061-project] Calling method '>' {{(pid=112414) _process_stack /opt/stack/nova/nova/api/openstack/wsgi.py:513}}
Jun 01 18:47:37.886850 dv-cinder-794021-1-iscsi devstack@n-api.service[112414]: DEBUG nova.compute.api [None req-7bebb652-2b57-4200-90c3-753e881fab05 tempest-ServerRescueNegativeTestJSON-989498061 tempest-ServerRescueNegativeTestJSON-989498061-project] [instance: efe28177-fcb1-4454-a8a0-94faa92a6060] Fetching instance by UUID {{(pid=112414) get /opt/stack/nova/nova/compute/api.py:2790}}
Jun 01 18:47:38.313137 dv-cinder-794021-1-iscsi devstack@n-api.service[112413]: DEBUG nova.policy [None req-4aabf36b-ed1d-494b-b930-7cecd6461457 tempest-AttachVolumeNegativeTest-1783123680 tempest-AttachVolumeNegativeTest-1783123680-project] Policy check for os_compute_api:os-extended-server-attributes failed with credentials {'is_admin': False, 'user_id': '7980a494e5a945b3b4ad3844c0453433', 'user_domain_id': 'default', 'system_scope': None, 'domain_id': None, 'project_id': 'ab05a0b11f6c4dc5b84c7c8e30bafa9d', 'project_domain_id': 'default', 'roles': ['member', 'reader'], 'is_admin_project': True, 'service_user_id': None, 'service_user_domain_id': None, 'service_project_id': None, 'service_project_domain_id': None, 'service_roles': []} {{(pid=112413) authorize /opt/stack/nova/nova/policy.py:199}}
Jun 01 18:47:38.326158 dv-cinder-794021-1-iscsi devstack@n-api.service[112413]: INFO nova.api.openstack.requestlog [None req-4aabf36b-ed1d-494b-b930-7cecd6461457 tempest-AttachVolumeNegativeTest-1783123680 tempest-AttachVolumeNegativeTest-1783123680-project] 10.222.0.22 "GET /compute/v2.1/servers/a7e76531-2327-4dc3-b694-5027dd117eb0" status: 200 len: 1316 microversion: 2.1 time: 0.550549
Jun 01 18:47:38.326826 dv-cinder-794021-1-iscsi devstack@n-api.service[112413]: [pid: 112413|app: 0|req: 12/23] 10.222.0.22 () {58 vars in 1236 bytes} [Tue Jun 1 18:47:37 2021] GET /compute/v2.1/servers/a7e76531-2327-4dc3-b694-5027dd117eb0 => generated 1316 bytes in 552 msecs (HTTP/1.1 200) 9 headers in 358 bytes (1 switches on core 0)
Jun 01 18:47:38.409364 dv-cinder-794021-1-iscsi devstack@n-api.service[112414]: DEBUG nova.policy [None req-7bebb652-2b57-4200-90c3-753e881fab05 tempest-ServerRescueNegativeTestJSON-989498061 tempest-ServerRescueNegativeTestJSON-989498061-project] Policy check for os_compute_api:os-extended-server-attributes failed with credentials {'is_admin': False, 'user_id': '34dd212ac90747409fdf1b9a7f8f0a43', 'user_domain_id': 'default', 'system_scope': None, 'domain_id': None, 'project_id': '25a97ba1c3dd49d0bba7b78bbfa71df1', 'project_domain_id': 'default', 'roles': ['member', 'reader'], 'is_admin_project': True, 'service_user_id': None, 'service_user_domain_id': None, 'service_project_id': None, 'service_project_domain_id': None, 'service_roles': []} {{(pid=112414) authorize /opt/stack/nova/nova/policy.py:199}}
Jun 01 18:47:38.423351 dv-cinder-794021-1-iscsi devstack@n-api.service[112414]: INFO nova.api.openstack.requestlog [None req-7bebb652-2b57-4200-90c3-753e881fab05 tempest-ServerRescueNegativeTestJSON-989498061 tempest-ServerRescueNegativeTestJSON-989498061-project] 10.222.0.22 "GET /compute/v2.1/servers/efe28177-fcb1-4454-a8a0-94faa92a6060" status: 200 len: 1222 microversion: 2.1 time: 0.557363
Jun 01 18:47:38.426228 dv-cinder-794021-1-iscsi devstack@n-api.service[112414]: [pid: 112414|app: 0|req: 12/24] 10.222.0.22 () {58 vars in 1236 bytes} [Tue Jun 1 18:47:37 2021] GET /compute/v2.1/servers/efe28177-fcb1-4454-a8a0-94faa92a6060 => generated 1222 bytes in 563 msecs (HTTP/1.1 200) 9 headers in 358 bytes (1 switches on core 0)
Jun 01 18:47:38.654497 dv-cinder-794021-1-iscsi devstack@n-api.service[112413]: DEBUG nova.api.openstack.wsgi [None req-5f776c88-fdb6-493a-9af8-d4ff01123d2c tempest-ServerRescueNegativeTestJSON-989498061 tempest-ServerRescueNegativeTestJSON-989498061-project] Action: 'create', calling method: >, body: {"server": {"name": "tempest-ServerRescueNegativeTestJSON-server-806313163", "imageRef": "596c39e9-68bb-4406-9546-3fb4ce78bf73", "flavorRef": "452", "adminPass": "***", "networks": [{"uuid": "7c0d1d41-a033-4bad-b3c8-a15d3b31242e"}]}} {{(pid=112413) _process_stack /opt/stack/nova/nova/api/openstack/wsgi.py:511}}
Jun 01 18:47:38.800570 dv-cinder-794021-1-iscsi devstack@n-api.service[112413]: DEBUG nova.network.neutron [None req-5f776c88-fdb6-493a-9af8-d4ff01123d2c tempest-ServerRescueNegativeTestJSON-989498061 tempest-ServerRescueNegativeTestJSON-989498061-project] validate_networks() for [('7c0d1d41-a033-4bad-b3c8-a15d3b31242e', None, None, None)] {{(pid=112413) validate_networks /opt/stack/nova/nova/network/neutron.py:2374}}
Jun 01 18:47:38.864119 dv-cinder-794021-1-iscsi devstack@n-api.service[112414]: DEBUG nova.api.openstack.wsgi [None req-2c813252-6d7b-4d14-8723-ed53f02a7a07 tempest-DeleteServersTestJSON-108655113 tempest-DeleteServersTestJSON-108655113-project] Calling method '>' {{(pid=112414) _process_stack /opt/stack/nova/nova/api/openstack/wsgi.py:513}}
Jun 01 18:47:38.866106 dv-cinder-794021-1-iscsi devstack@n-api.service[112414]: DEBUG nova.compute.api [None req-2c813252-6d7b-4d14-8723-ed53f02a7a07 tempest-DeleteServersTestJSON-108655113 tempest-DeleteServersTestJSON-108655113-project] [instance: 0601374a-4af2-445a-b892-f78d20cbcaa1] Fetching instance by UUID {{(pid=112414) get /opt/stack/nova/nova/compute/api.py:2790}}
Jun 01 18:47:38.879663 dv-cinder-794021-1-iscsi devstack@n-api.service[112414]: DEBUG oslo_concurrency.lockutils [None req-2c813252-6d7b-4d14-8723-ed53f02a7a07 tempest-DeleteServersTestJSON-108655113 tempest-DeleteServersTestJSON-108655113-project] Lock "ec8c28d9-aee4-4b1d-b532-21b322c3dc00" acquired by "nova.context.set_target_cell..get_or_set_cached_cell_and_set_connections" :: waited 0.000s {{(pid=112414) inner /usr/local/lib/python3.8/dist-packages/oslo_concurrency/lockutils.py:355}}
Jun 01 18:47:38.880161 dv-cinder-794021-1-iscsi devstack@n-api.service[112414]: DEBUG oslo_concurrency.lockutils [None req-2c813252-6d7b-4d14-8723-ed53f02a7a07 tempest-DeleteServersTestJSON-108655113 tempest-DeleteServersTestJSON-108655113-project] Lock "ec8c28d9-aee4-4b1d-b532-21b322c3dc00" released by "nova.context.set_target_cell..get_or_set_cached_cell_and_set_connections" :: held 0.001s {{(pid=112414) inner /usr/local/lib/python3.8/dist-packages/oslo_concurrency/lockutils.py:367}}
Jun 01 18:47:38.881000 dv-cinder-794021-1-iscsi devstack@n-api.service[112414]: DEBUG oslo_concurrency.lockutils [None req-2c813252-6d7b-4d14-8723-ed53f02a7a07 tempest-DeleteServersTestJSON-108655113 tempest-DeleteServersTestJSON-108655113-project] Lock "ec8c28d9-aee4-4b1d-b532-21b322c3dc00" acquired by "nova.context.set_target_cell..get_or_set_cached_cell_and_set_connections" :: waited 0.000s {{(pid=112414) inner /usr/local/lib/python3.8/dist-packages/oslo_concurrency/lockutils.py:355}}
Jun 01 18:47:38.881439 dv-cinder-794021-1-iscsi devstack@n-api.service[112414]: DEBUG oslo_concurrency.lockutils [None req-2c813252-6d7b-4d14-8723-ed53f02a7a07 tempest-DeleteServersTestJSON-108655113 tempest-DeleteServersTestJSON-108655113-project] Lock "ec8c28d9-aee4-4b1d-b532-21b322c3dc00" released by "nova.context.set_target_cell..get_or_set_cached_cell_and_set_connections" :: held 0.000s {{(pid=112414) inner /usr/local/lib/python3.8/dist-packages/oslo_concurrency/lockutils.py:367}}
Jun 01 18:47:40.522301 dv-cinder-794021-1-iscsi devstack@n-api.service[112413]: DEBUG nova.virt.hardware [None req-5f776c88-fdb6-493a-9af8-d4ff01123d2c tempest-ServerRescueNegativeTestJSON-989498061 tempest-ServerRescueNegativeTestJSON-989498061-project] Flavor limits 0:0:0 {{(pid=112413) get_cpu_topology_constraints /opt/stack/nova/nova/virt/hardware.py:344}}
Jun 01 18:47:40.522747 dv-cinder-794021-1-iscsi devstack@n-api.service[112413]: DEBUG nova.virt.hardware [None req-5f776c88-fdb6-493a-9af8-d4ff01123d2c tempest-ServerRescueNegativeTestJSON-989498061 tempest-ServerRescueNegativeTestJSON-989498061-project] Image limits 0:0:0 {{(pid=112413) get_cpu_topology_constraints /opt/stack/nova/nova/virt/hardware.py:348}}
Jun 01 18:47:40.523413 dv-cinder-794021-1-iscsi devstack@n-api.service[112413]: DEBUG nova.virt.hardware [None req-5f776c88-fdb6-493a-9af8-d4ff01123d2c tempest-ServerRescueNegativeTestJSON-989498061 tempest-ServerRescueNegativeTestJSON-989498061-project] Flavor pref 0:0:0 {{(pid=112413) get_cpu_topology_constraints /opt/stack/nova/nova/virt/hardware.py:384}}
Jun 01 18:47:40.524025 dv-cinder-794021-1-iscsi devstack@n-api.service[112413]: DEBUG nova.virt.hardware [None req-5f776c88-fdb6-493a-9af8-d4ff01123d2c tempest-ServerRescueNegativeTestJSON-989498061 tempest-ServerRescueNegativeTestJSON-989498061-project] Image pref 0:0:0 {{(pid=112413) get_cpu_topology_constraints /opt/stack/nova/nova/virt/hardware.py:388}}
Jun 01 18:47:40.524957 dv-cinder-794021-1-iscsi devstack@n-api.service[112413]: DEBUG nova.virt.hardware [None req-5f776c88-fdb6-493a-9af8-d4ff01123d2c tempest-ServerRescueNegativeTestJSON-989498061 tempest-ServerRescueNegativeTestJSON-989498061-project] Chose sockets=0, cores=0, threads=0; limits were sockets=65536, cores=65536, threads=65536 {{(pid=112413) get_cpu_topology_constraints /opt/stack/nova/nova/virt/hardware.py:426}}
Jun 01 18:47:40.549321 dv-cinder-794021-1-iscsi devstack@n-api.service[112413]: DEBUG oslo_concurrency.lockutils [None req-5f776c88-fdb6-493a-9af8-d4ff01123d2c tempest-ServerRescueNegativeTestJSON-989498061 tempest-ServerRescueNegativeTestJSON-989498061-project] Lock "00000000-0000-0000-0000-000000000000" acquired by "nova.context.set_target_cell..get_or_set_cached_cell_and_set_connections" :: waited 0.000s {{(pid=112413) inner /usr/local/lib/python3.8/dist-packages/oslo_concurrency/lockutils.py:355}}
Jun 01 18:47:40.550638 dv-cinder-794021-1-iscsi devstack@n-api.service[112413]: DEBUG oslo_concurrency.lockutils [None req-5f776c88-fdb6-493a-9af8-d4ff01123d2c tempest-ServerRescueNegativeTestJSON-989498061 tempest-ServerRescueNegativeTestJSON-989498061-project] Lock "00000000-0000-0000-0000-000000000000" released by "nova.context.set_target_cell..get_or_set_cached_cell_and_set_connections" :: held 0.001s {{(pid=112413) inner /usr/local/lib/python3.8/dist-packages/oslo_concurrency/lockutils.py:367}}
Jun 01 18:47:40.557261 dv-cinder-794021-1-iscsi devstack@n-api.service[112413]: DEBUG oslo_concurrency.lockutils [None req-5f776c88-fdb6-493a-9af8-d4ff01123d2c tempest-ServerRescueNegativeTestJSON-989498061 tempest-ServerRescueNegativeTestJSON-989498061-project] Lock "ec8c28d9-aee4-4b1d-b532-21b322c3dc00" acquired by "nova.context.set_target_cell..get_or_set_cached_cell_and_set_connections" :: waited 0.000s {{(pid=112413) inner /usr/local/lib/python3.8/dist-packages/oslo_concurrency/lockutils.py:355}}
Jun 01 18:47:40.557931 dv-cinder-794021-1-iscsi devstack@n-api.service[112413]: DEBUG oslo_concurrency.lockutils [None req-5f776c88-fdb6-493a-9af8-d4ff01123d2c tempest-ServerRescueNegativeTestJSON-989498061 tempest-ServerRescueNegativeTestJSON-989498061-project] Lock "ec8c28d9-aee4-4b1d-b532-21b322c3dc00" released by "nova.context.set_target_cell..get_or_set_cached_cell_and_set_connections" :: held 0.001s {{(pid=112413) inner /usr/local/lib/python3.8/dist-packages/oslo_concurrency/lockutils.py:367}}
Jun 01 18:47:40.587082 dv-cinder-794021-1-iscsi devstack@n-api.service[112414]: DEBUG nova.policy [None req-2c813252-6d7b-4d14-8723-ed53f02a7a07 tempest-DeleteServersTestJSON-108655113 tempest-DeleteServersTestJSON-108655113-project] Policy check for os_compute_api:os-extended-server-attributes failed with credentials {'is_admin': False, 'user_id': '7f04bea165834999a3c46e99a319d074', 'user_domain_id': 'default', 'system_scope': None, 'domain_id': None, 'project_id': '59a3ecd15231441e9ed00898e50aae60', 'project_domain_id': 'default', 'roles': ['member', 'reader'], 'is_admin_project': True, 'service_user_id': None, 'service_user_domain_id': None, 'service_project_id': None, 'service_project_domain_id': None, 'service_roles': []} {{(pid=112414) authorize /opt/stack/nova/nova/policy.py:199}}
Jun 01 18:47:40.601205 dv-cinder-794021-1-iscsi devstack@n-api.service[112414]: INFO nova.api.openstack.requestlog [None req-2c813252-6d7b-4d14-8723-ed53f02a7a07 tempest-DeleteServersTestJSON-108655113 tempest-DeleteServersTestJSON-108655113-project] 10.222.0.22 "GET /compute/v2.1/servers/0601374a-4af2-445a-b892-f78d20cbcaa1" status: 200 len: 1315 microversion: 2.1 time: 1.741502
Jun 01 18:47:40.611713 dv-cinder-794021-1-iscsi devstack@n-api.service[112414]: [pid: 112414|app: 0|req: 13/25] 10.222.0.22 () {58 vars in 1236 bytes} [Tue Jun 1 18:47:38 2021] GET /compute/v2.1/servers/0601374a-4af2-445a-b892-f78d20cbcaa1 => generated 1315 bytes in 1753 msecs (HTTP/1.1 200) 9 headers in 358 bytes (2 switches on core 0)
Jun 01 18:47:40.627041 dv-cinder-794021-1-iscsi devstack@n-api.service[112414]: DEBUG nova.api.openstack.wsgi [None req-169968e0-8c73-4a13-abc2-38ab6f42ecf3 tempest-AttachVolumeNegativeTest-1783123680 tempest-AttachVolumeNegativeTest-1783123680-project] Calling method '>' {{(pid=112414) _process_stack /opt/stack/nova/nova/api/openstack/wsgi.py:513}}
Jun 01 18:47:40.628399 dv-cinder-794021-1-iscsi devstack@n-api.service[112414]: DEBUG nova.compute.api [None req-169968e0-8c73-4a13-abc2-38ab6f42ecf3 tempest-AttachVolumeNegativeTest-1783123680 tempest-AttachVolumeNegativeTest-1783123680-project] [instance: a7e76531-2327-4dc3-b694-5027dd117eb0] Fetching instance by UUID {{(pid=112414) get /opt/stack/nova/nova/compute/api.py:2790}}
Jun 01 18:47:40.633906 dv-cinder-794021-1-iscsi devstack@n-api.service[112413]: DEBUG nova.quota [None req-5f776c88-fdb6-493a-9af8-d4ff01123d2c tempest-ServerRescueNegativeTestJSON-989498061 tempest-ServerRescueNegativeTestJSON-989498061-project] Getting quotas for project 25a97ba1c3dd49d0bba7b78bbfa71df1. Resources: {'cores', 'ram', 'instances'} {{(pid=112413) _get_quotas /opt/stack/nova/nova/quota.py:387}}
Jun 01 18:47:40.643777 dv-cinder-794021-1-iscsi devstack@n-api.service[112414]: DEBUG oslo_concurrency.lockutils [None req-169968e0-8c73-4a13-abc2-38ab6f42ecf3 tempest-AttachVolumeNegativeTest-1783123680 tempest-AttachVolumeNegativeTest-1783123680-project] Lock "ec8c28d9-aee4-4b1d-b532-21b322c3dc00" acquired by "nova.context.set_target_cell..get_or_set_cached_cell_and_set_connections" :: waited 0.000s {{(pid=112414) inner /usr/local/lib/python3.8/dist-packages/oslo_concurrency/lockutils.py:355}}
Jun 01 18:47:40.644166 dv-cinder-794021-1-iscsi devstack@n-api.service[112414]: DEBUG oslo_concurrency.lockutils [None req-169968e0-8c73-4a13-abc2-38ab6f42ecf3 tempest-AttachVolumeNegativeTest-1783123680 tempest-AttachVolumeNegativeTest-1783123680-project] Lock "ec8c28d9-aee4-4b1d-b532-21b322c3dc00" released by "nova.context.set_target_cell..get_or_set_cached_cell_and_set_connections" :: held 0.001s {{(pid=112414) inner /usr/local/lib/python3.8/dist-packages/oslo_concurrency/lockutils.py:367}}
Jun 01 18:47:40.644997 dv-cinder-794021-1-iscsi devstack@n-api.service[112414]: DEBUG oslo_concurrency.lockutils [None req-169968e0-8c73-4a13-abc2-38ab6f42ecf3 tempest-AttachVolumeNegativeTest-1783123680 tempest-AttachVolumeNegativeTest-1783123680-project] Lock "ec8c28d9-aee4-4b1d-b532-21b322c3dc00" acquired by "nova.context.set_target_cell..get_or_set_cached_cell_and_set_connections" :: waited 0.000s {{(pid=112414) inner /usr/local/lib/python3.8/dist-packages/oslo_concurrency/lockutils.py:355}}
Jun 01 18:47:40.645443 dv-cinder-794021-1-iscsi devstack@n-api.service[112414]: DEBUG oslo_concurrency.lockutils [None req-169968e0-8c73-4a13-abc2-38ab6f42ecf3 tempest-AttachVolumeNegativeTest-1783123680 tempest-AttachVolumeNegativeTest-1783123680-project] Lock "ec8c28d9-aee4-4b1d-b532-21b322c3dc00" released by "nova.context.set_target_cell..get_or_set_cached_cell_and_set_connections" :: held 0.000s {{(pid=112414) inner /usr/local/lib/python3.8/dist-packages/oslo_concurrency/lockutils.py:367}}
Jun 01 18:47:40.651241 dv-cinder-794021-1-iscsi devstack@n-api.service[112413]: DEBUG nova.quota [None req-5f776c88-fdb6-493a-9af8-d4ff01123d2c tempest-ServerRescueNegativeTestJSON-989498061 tempest-ServerRescueNegativeTestJSON-989498061-project] Getting quotas for user 34dd212ac90747409fdf1b9a7f8f0a43 and project 25a97ba1c3dd49d0bba7b78bbfa71df1. Resources: {'cores', 'ram', 'instances'} {{(pid=112413) _get_quotas /opt/stack/nova/nova/quota.py:377}}
Jun 01 18:47:40.690505 dv-cinder-794021-1-iscsi devstack@n-api.service[112413]: DEBUG nova.compute.api [None req-5f776c88-fdb6-493a-9af8-d4ff01123d2c tempest-ServerRescueNegativeTestJSON-989498061 tempest-ServerRescueNegativeTestJSON-989498061-project] Going to run 1 instances... {{(pid=112413) _provision_instances /opt/stack/nova/nova/compute/api.py:1283}}
Jun 01 18:47:40.695331 dv-cinder-794021-1-iscsi devstack@n-api.service[112413]: DEBUG nova.compute.api [None req-5f776c88-fdb6-493a-9af8-d4ff01123d2c tempest-ServerRescueNegativeTestJSON-989498061 tempest-ServerRescueNegativeTestJSON-989498061-project] [instance: 90f94098-7c5c-4c76-a25d-dfaa895013ff] block_device_mapping [BlockDeviceMapping(attachment_id=,boot_index=0,connection_info=None,created_at=,delete_on_termination=True,deleted=,deleted_at=,destination_type='local',device_name=None,device_type='disk',disk_bus=None,guest_format=None,id=,image_id='596c39e9-68bb-4406-9546-3fb4ce78bf73',instance=,instance_uuid=,no_device=False,snapshot_id=None,source_type='image',tag=None,updated_at=,uuid=,volume_id=None,volume_size=None,volume_type=None)] {{(pid=112413) _bdm_validate_set_size_and_instance /opt/stack/nova/nova/compute/api.py:1685}}
Jun 01 18:47:40.804221 dv-cinder-794021-1-iscsi devstack@n-api.service[112413]: INFO nova.api.openstack.requestlog [None req-5f776c88-fdb6-493a-9af8-d4ff01123d2c tempest-ServerRescueNegativeTestJSON-989498061 tempest-ServerRescueNegativeTestJSON-989498061-project] 10.222.0.22 "POST /compute/v2.1/servers" status: 202 len: 383 microversion: 2.1 time: 2.156994
Jun 01 18:47:40.809371 dv-cinder-794021-1-iscsi devstack@n-api.service[112413]: [pid: 112413|app: 0|req: 13/26] 10.222.0.22 () {60 vars in 1147 bytes} [Tue Jun 1 18:47:38 2021] POST /compute/v2.1/servers => generated 383 bytes in 2164 msecs (HTTP/1.1 202) 10 headers in 451 bytes (1 switches on core 0)
Jun 01 18:47:41.116492 dv-cinder-794021-1-iscsi devstack@n-api.service[112413]: DEBUG nova.api.openstack.wsgi [None req-874ae586-aa0f-4527-98f8-58787adbc8b1 tempest-AttachVolumeShelveTestJSON-2036049006 tempest-AttachVolumeShelveTestJSON-2036049006-project] Action: 'create', calling method: .version_select at 0x7f8dddc2d0d0>, body: {"keypair": {"name": "tempest-keypair-4567157"}} {{(pid=112413) _process_stack /opt/stack/nova/nova/api/openstack/wsgi.py:511}}
Jun 01 18:47:41.185544 dv-cinder-794021-1-iscsi devstack@n-api.service[112413]: DEBUG nova.quota [None req-874ae586-aa0f-4527-98f8-58787adbc8b1 tempest-AttachVolumeShelveTestJSON-2036049006 tempest-AttachVolumeShelveTestJSON-2036049006-project] Getting quotas for project 41638d3f0658425aa2f15362df9748a1. Resources: {'key_pairs'} {{(pid=112413) _get_quotas /opt/stack/nova/nova/quota.py:387}}
Jun 01 18:47:41.191108 dv-cinder-794021-1-iscsi devstack@n-api.service[112413]: DEBUG nova.quota [None req-874ae586-aa0f-4527-98f8-58787adbc8b1 tempest-AttachVolumeShelveTestJSON-2036049006 tempest-AttachVolumeShelveTestJSON-2036049006-project] Getting quotas for user c52e0021d00c4a74b826e22ad785bdbc and project 41638d3f0658425aa2f15362df9748a1. Resources: {'key_pairs'} {{(pid=112413) _get_quotas /opt/stack/nova/nova/quota.py:377}}
Jun 01 18:47:41.846485 dv-cinder-794021-1-iscsi devstack@n-api.service[112413]: DEBUG nova.quota [None req-874ae586-aa0f-4527-98f8-58787adbc8b1 tempest-AttachVolumeShelveTestJSON-2036049006 tempest-AttachVolumeShelveTestJSON-2036049006-project] Getting quotas for project 41638d3f0658425aa2f15362df9748a1. Resources: {'key_pairs'} {{(pid=112413) _get_quotas /opt/stack/nova/nova/quota.py:387}}
Jun 01 18:47:41.860783 dv-cinder-794021-1-iscsi devstack@n-api.service[112413]: DEBUG nova.quota [None req-874ae586-aa0f-4527-98f8-58787adbc8b1 tempest-AttachVolumeShelveTestJSON-2036049006 tempest-AttachVolumeShelveTestJSON-2036049006-project] Getting quotas for user c52e0021d00c4a74b826e22ad785bdbc and project 41638d3f0658425aa2f15362df9748a1. Resources: {'key_pairs'} {{(pid=112413) _get_quotas /opt/stack/nova/nova/quota.py:377}}
Jun 01 18:47:41.893639 dv-cinder-794021-1-iscsi devstack@n-api.service[112413]: INFO nova.api.openstack.requestlog [None req-874ae586-aa0f-4527-98f8-58787adbc8b1 tempest-AttachVolumeShelveTestJSON-2036049006 tempest-AttachVolumeShelveTestJSON-2036049006-project] 10.222.0.22 "POST /compute/v2.1/os-keypairs" status: 201 len: 2317 microversion: 2.20 time: 1.083093
Jun 01 18:47:41.894618 dv-cinder-794021-1-iscsi devstack@n-api.service[112413]: [pid: 112413|app: 0|req: 14/27] 10.222.0.22 () {62 vars in 1199 bytes} [Tue Jun 1 18:47:40 2021] POST /compute/v2.1/os-keypairs => generated 2317 bytes in 1084 msecs (HTTP/1.1 201) 9 headers in 365 bytes (1 switches on core 0)
Jun 01 18:47:42.318608 dv-cinder-794021-1-iscsi devstack@n-api.service[112413]: DEBUG nova.api.openstack.wsgi [req-a8966588-283f-4af8-bad8-723876420f68 req-d2a29c4d-ff3f-4100-955b-4dcd30ce2eeb service nova] Action: 'create', calling method: >, body: {"events": [{"name": "network-changed", "server_uuid": "0601374a-4af2-445a-b892-f78d20cbcaa1", "tag": "d39deb11-706c-4a8b-a636-d8d69ede4926"}]} {{(pid=112413) _process_stack /opt/stack/nova/nova/api/openstack/wsgi.py:511}}
Jun 01 18:47:42.321330 dv-cinder-794021-1-iscsi devstack@n-api.service[112413]: /usr/local/lib/python3.8/dist-packages/oslo_policy/policy.py:1064: UserWarning: Policy os_compute_api:os-server-external-events:create failed scope check. The token used to make the request was project scoped but the policy requires ['system'] scope. This behavior may change in the future where using the intended scope is required
Jun 01 18:47:42.321330 dv-cinder-794021-1-iscsi devstack@n-api.service[112413]: warnings.warn(msg)
Jun 01 18:47:42.337665 dv-cinder-794021-1-iscsi devstack@n-api.service[112413]: DEBUG oslo_concurrency.lockutils [req-a8966588-283f-4af8-bad8-723876420f68 req-d2a29c4d-ff3f-4100-955b-4dcd30ce2eeb service nova] Lock "ec8c28d9-aee4-4b1d-b532-21b322c3dc00" acquired by "nova.context.set_target_cell..get_or_set_cached_cell_and_set_connections" :: waited 0.000s {{(pid=112413) inner /usr/local/lib/python3.8/dist-packages/oslo_concurrency/lockutils.py:355}}
Jun 01 18:47:42.338496 dv-cinder-794021-1-iscsi devstack@n-api.service[112413]: DEBUG oslo_concurrency.lockutils [req-a8966588-283f-4af8-bad8-723876420f68 req-d2a29c4d-ff3f-4100-955b-4dcd30ce2eeb service nova] Lock "ec8c28d9-aee4-4b1d-b532-21b322c3dc00" released by "nova.context.set_target_cell..get_or_set_cached_cell_and_set_connections" :: held 0.001s {{(pid=112413) inner /usr/local/lib/python3.8/dist-packages/oslo_concurrency/lockutils.py:367}}
Jun 01 18:47:42.393358 dv-cinder-794021-1-iscsi devstack@n-api.service[112413]: INFO nova.api.openstack.compute.server_external_events [req-a8966588-283f-4af8-bad8-723876420f68 req-d2a29c4d-ff3f-4100-955b-4dcd30ce2eeb service nova] Creating event network-changed:d39deb11-706c-4a8b-a636-d8d69ede4926 for instance 0601374a-4af2-445a-b892-f78d20cbcaa1 on hv-cinder-79402
Jun 01 18:47:42.397738 dv-cinder-794021-1-iscsi devstack@n-api.service[112413]: DEBUG oslo_concurrency.lockutils [req-a8966588-283f-4af8-bad8-723876420f68 req-d2a29c4d-ff3f-4100-955b-4dcd30ce2eeb service nova] Acquired lock "compute-rpcapi-router" {{(pid=112413) lock /usr/local/lib/python3.8/dist-packages/oslo_concurrency/lockutils.py:266}}
Jun 01 18:47:42.401499 dv-cinder-794021-1-iscsi devstack@n-api.service[112413]: DEBUG oslo_concurrency.lockutils [None req-766aab8d-27f8-4251-bac0-2a831bbde0ad None None] Lock "00000000-0000-0000-0000-000000000000" acquired by "nova.context.set_target_cell..get_or_set_cached_cell_and_set_connections" :: waited 0.000s {{(pid=112413) inner /usr/local/lib/python3.8/dist-packages/oslo_concurrency/lockutils.py:355}}
Jun 01 18:47:42.404901 dv-cinder-794021-1-iscsi devstack@n-api.service[112413]: DEBUG oslo_concurrency.lockutils [None req-766aab8d-27f8-4251-bac0-2a831bbde0ad None None] Lock "00000000-0000-0000-0000-000000000000" released by "nova.context.set_target_cell..get_or_set_cached_cell_and_set_connections" :: held 0.003s {{(pid=112413) inner /usr/local/lib/python3.8/dist-packages/oslo_concurrency/lockutils.py:367}}
Jun 01 18:47:42.407384 dv-cinder-794021-1-iscsi devstack@n-api.service[112413]: DEBUG oslo_concurrency.lockutils [None req-766aab8d-27f8-4251-bac0-2a831bbde0ad None None] Lock "ec8c28d9-aee4-4b1d-b532-21b322c3dc00" acquired by "nova.context.set_target_cell..get_or_set_cached_cell_and_set_connections" :: waited 0.000s {{(pid=112413) inner /usr/local/lib/python3.8/dist-packages/oslo_concurrency/lockutils.py:355}}
Jun 01 18:47:42.409382 dv-cinder-794021-1-iscsi devstack@n-api.service[112413]: DEBUG oslo_concurrency.lockutils [None req-766aab8d-27f8-4251-bac0-2a831bbde0ad None None] Lock "ec8c28d9-aee4-4b1d-b532-21b322c3dc00" released by "nova.context.set_target_cell..get_or_set_cached_cell_and_set_connections" :: held 0.002s {{(pid=112413) inner /usr/local/lib/python3.8/dist-packages/oslo_concurrency/lockutils.py:367}}
Jun 01 18:47:42.437456 dv-cinder-794021-1-iscsi devstack@n-api.service[112413]: INFO nova.compute.rpcapi [None req-766aab8d-27f8-4251-bac0-2a831bbde0ad None None] Automatically selected compute RPC version 6.0 from minimum service version 56
Jun 01 18:47:42.439110 dv-cinder-794021-1-iscsi devstack@n-api.service[112413]: DEBUG oslo_concurrency.lockutils [None req-766aab8d-27f8-4251-bac0-2a831bbde0ad None None] Releasing lock "compute-rpcapi-router" {{(pid=112413) lock /usr/local/lib/python3.8/dist-packages/oslo_concurrency/lockutils.py:282}}
Jun 01 18:47:42.500097 dv-cinder-794021-1-iscsi devstack@n-api.service[112413]: INFO nova.api.openstack.requestlog [None req-766aab8d-27f8-4251-bac0-2a831bbde0ad None None] 10.222.0.22 "POST /compute/v2.1/os-server-external-events" status: 200 len: 179 microversion: 2.1 time: 0.604092
Jun 01 18:47:42.507301 dv-cinder-794021-1-iscsi devstack@n-api.service[112413]: [pid: 112413|app: 0|req: 15/28] 10.222.0.22 () {64 vars in 1318 bytes} [Tue Jun 1 18:47:41 2021] POST /compute/v2.1/os-server-external-events => generated 179 bytes in 612 msecs (HTTP/1.1 200) 9 headers in 357 bytes (1 switches on core 0)
Jun 01 18:47:42.519223 dv-cinder-794021-1-iscsi devstack@n-api.service[112413]: DEBUG nova.api.openstack.wsgi [None req-a2383f2a-9f2b-4899-b938-631451e8d75b tempest-ServerRescueNegativeTestJSON-989498061 tempest-ServerRescueNegativeTestJSON-989498061-project] Calling method '>' {{(pid=112413) _process_stack /opt/stack/nova/nova/api/openstack/wsgi.py:513}}
Jun 01 18:47:42.519957 dv-cinder-794021-1-iscsi devstack@n-api.service[112413]: DEBUG nova.compute.api [None req-a2383f2a-9f2b-4899-b938-631451e8d75b tempest-ServerRescueNegativeTestJSON-989498061 tempest-ServerRescueNegativeTestJSON-989498061-project] [instance: 90f94098-7c5c-4c76-a25d-dfaa895013ff] Fetching instance by UUID {{(pid=112413) get /opt/stack/nova/nova/compute/api.py:2790}}
Jun 01 18:47:42.530949 dv-cinder-794021-1-iscsi devstack@n-api.service[112414]: DEBUG nova.policy [None req-169968e0-8c73-4a13-abc2-38ab6f42ecf3 tempest-AttachVolumeNegativeTest-1783123680 tempest-AttachVolumeNegativeTest-1783123680-project] Policy check for os_compute_api:os-extended-server-attributes failed with credentials {'is_admin': False, 'user_id': '7980a494e5a945b3b4ad3844c0453433', 'user_domain_id': 'default', 'system_scope': None, 'domain_id': None, 'project_id': 'ab05a0b11f6c4dc5b84c7c8e30bafa9d', 'project_domain_id': 'default', 'roles': ['member', 'reader'], 'is_admin_project': True, 'service_user_id': None, 'service_user_domain_id': None, 'service_project_id': None, 'service_project_domain_id': None, 'service_roles': []} {{(pid=112414) authorize /opt/stack/nova/nova/policy.py:199}}
Jun 01 18:47:42.541772 dv-cinder-794021-1-iscsi devstack@n-api.service[112414]: INFO nova.api.openstack.requestlog [None req-169968e0-8c73-4a13-abc2-38ab6f42ecf3 tempest-AttachVolumeNegativeTest-1783123680 tempest-AttachVolumeNegativeTest-1783123680-project] 10.222.0.22 "GET /compute/v2.1/servers/a7e76531-2327-4dc3-b694-5027dd117eb0" status: 200 len: 1316 microversion: 2.1 time: 1.926243
Jun 01 18:47:42.542356 dv-cinder-794021-1-iscsi devstack@n-api.service[112414]: [pid: 112414|app: 0|req: 14/29] 10.222.0.22 () {58 vars in 1236 bytes} [Tue Jun 1 18:47:40 2021] GET /compute/v2.1/servers/a7e76531-2327-4dc3-b694-5027dd117eb0 => generated 1316 bytes in 1929 msecs (HTTP/1.1 200) 9 headers in 358 bytes (1 switches on core 0)
Jun 01 18:47:42.549071 dv-cinder-794021-1-iscsi devstack@n-api.service[112413]: DEBUG oslo_concurrency.lockutils [None req-a2383f2a-9f2b-4899-b938-631451e8d75b tempest-ServerRescueNegativeTestJSON-989498061 tempest-ServerRescueNegativeTestJSON-989498061-project] Lock "ec8c28d9-aee4-4b1d-b532-21b322c3dc00" acquired by "nova.context.set_target_cell..get_or_set_cached_cell_and_set_connections" :: waited 0.000s {{(pid=112413) inner /usr/local/lib/python3.8/dist-packages/oslo_concurrency/lockutils.py:355}}
Jun 01 18:47:42.556289 dv-cinder-794021-1-iscsi devstack@n-api.service[112414]: DEBUG nova.api.openstack.wsgi [None req-9f772f44-3c61-452d-a6e2-711751e4c985 tempest-DeleteServersTestJSON-108655113 tempest-DeleteServersTestJSON-108655113-project] Calling method '>' {{(pid=112414) _process_stack /opt/stack/nova/nova/api/openstack/wsgi.py:513}}
Jun 01 18:47:42.557222 dv-cinder-794021-1-iscsi devstack@n-api.service[112413]: DEBUG oslo_concurrency.lockutils [None req-a2383f2a-9f2b-4899-b938-631451e8d75b tempest-ServerRescueNegativeTestJSON-989498061 tempest-ServerRescueNegativeTestJSON-989498061-project] Lock "ec8c28d9-aee4-4b1d-b532-21b322c3dc00" released by "nova.context.set_target_cell..get_or_set_cached_cell_and_set_connections" :: held 0.008s {{(pid=112413) inner /usr/local/lib/python3.8/dist-packages/oslo_concurrency/lockutils.py:367}}
Jun 01 18:47:42.558198 dv-cinder-794021-1-iscsi devstack@n-api.service[112413]: DEBUG oslo_concurrency.lockutils [None req-a2383f2a-9f2b-4899-b938-631451e8d75b tempest-ServerRescueNegativeTestJSON-989498061 tempest-ServerRescueNegativeTestJSON-989498061-project] Lock "ec8c28d9-aee4-4b1d-b532-21b322c3dc00" acquired by "nova.context.set_target_cell..get_or_set_cached_cell_and_set_connections" :: waited 0.000s {{(pid=112413) inner /usr/local/lib/python3.8/dist-packages/oslo_concurrency/lockutils.py:355}}
Jun 01 18:47:42.560214 dv-cinder-794021-1-iscsi devstack@n-api.service[112413]: DEBUG oslo_concurrency.lockutils [None req-a2383f2a-9f2b-4899-b938-631451e8d75b tempest-ServerRescueNegativeTestJSON-989498061 tempest-ServerRescueNegativeTestJSON-989498061-project] Lock "ec8c28d9-aee4-4b1d-b532-21b322c3dc00" released by "nova.context.set_target_cell..get_or_set_cached_cell_and_set_connections" :: held 0.002s {{(pid=112413) inner /usr/local/lib/python3.8/dist-packages/oslo_concurrency/lockutils.py:367}}
Jun 01 18:47:42.570252 dv-cinder-794021-1-iscsi devstack@n-api.service[112414]: DEBUG nova.compute.api [None req-9f772f44-3c61-452d-a6e2-711751e4c985 tempest-DeleteServersTestJSON-108655113 tempest-DeleteServersTestJSON-108655113-project] [instance: 0601374a-4af2-445a-b892-f78d20cbcaa1] Fetching instance by UUID {{(pid=112414) get /opt/stack/nova/nova/compute/api.py:2790}}
Jun 01 18:47:42.595939 dv-cinder-794021-1-iscsi devstack@n-api.service[112414]: DEBUG oslo_concurrency.lockutils [None req-9f772f44-3c61-452d-a6e2-711751e4c985 tempest-DeleteServersTestJSON-108655113 tempest-DeleteServersTestJSON-108655113-project] Lock "ec8c28d9-aee4-4b1d-b532-21b322c3dc00" acquired by "nova.context.set_target_cell..get_or_set_cached_cell_and_set_connections" :: waited 0.000s {{(pid=112414) inner /usr/local/lib/python3.8/dist-packages/oslo_concurrency/lockutils.py:355}}
Jun 01 18:47:42.600559 dv-cinder-794021-1-iscsi devstack@n-api.service[112414]: DEBUG oslo_concurrency.lockutils [None req-9f772f44-3c61-452d-a6e2-711751e4c985 tempest-DeleteServersTestJSON-108655113 tempest-DeleteServersTestJSON-108655113-project] Lock "ec8c28d9-aee4-4b1d-b532-21b322c3dc00" released by "nova.context.set_target_cell..get_or_set_cached_cell_and_set_connections" :: held 0.001s {{(pid=112414) inner /usr/local/lib/python3.8/dist-packages/oslo_concurrency/lockutils.py:367}}
Jun 01 18:47:42.605682 dv-cinder-794021-1-iscsi devstack@n-api.service[112414]: DEBUG oslo_concurrency.lockutils [None req-9f772f44-3c61-452d-a6e2-711751e4c985 tempest-DeleteServersTestJSON-108655113 tempest-DeleteServersTestJSON-108655113-project] Lock "ec8c28d9-aee4-4b1d-b532-21b322c3dc00" acquired by "nova.context.set_target_cell..get_or_set_cached_cell_and_set_connections" :: waited 0.000s {{(pid=112414) inner /usr/local/lib/python3.8/dist-packages/oslo_concurrency/lockutils.py:355}}
Jun 01 18:47:42.606240 dv-cinder-794021-1-iscsi devstack@n-api.service[112414]: DEBUG oslo_concurrency.lockutils [None req-9f772f44-3c61-452d-a6e2-711751e4c985 tempest-DeleteServersTestJSON-108655113 tempest-DeleteServersTestJSON-108655113-project] Lock "ec8c28d9-aee4-4b1d-b532-21b322c3dc00" released by "nova.context.set_target_cell..get_or_set_cached_cell_and_set_connections" :: held 0.005s {{(pid=112414) inner /usr/local/lib/python3.8/dist-packages/oslo_concurrency/lockutils.py:367}}
Jun 01 18:47:42.874465 dv-cinder-794021-1-iscsi devstack@n-api.service[112413]: DEBUG nova.policy [None req-a2383f2a-9f2b-4899-b938-631451e8d75b tempest-ServerRescueNegativeTestJSON-989498061 tempest-ServerRescueNegativeTestJSON-989498061-project] Policy check for os_compute_api:os-extended-server-attributes failed with credentials {'is_admin': False, 'user_id': '34dd212ac90747409fdf1b9a7f8f0a43', 'user_domain_id': 'default', 'system_scope': None, 'domain_id': None, 'project_id': '25a97ba1c3dd49d0bba7b78bbfa71df1', 'project_domain_id': 'default', 'roles': ['member', 'reader'], 'is_admin_project': True, 'service_user_id': None, 'service_user_domain_id': None, 'service_project_id': None, 'service_project_domain_id': None, 'service_roles': []} {{(pid=112413) authorize /opt/stack/nova/nova/policy.py:199}}
Jun 01 18:47:42.898935 dv-cinder-794021-1-iscsi devstack@n-api.service[112413]: INFO nova.api.openstack.requestlog [None req-a2383f2a-9f2b-4899-b938-631451e8d75b tempest-ServerRescueNegativeTestJSON-989498061 tempest-ServerRescueNegativeTestJSON-989498061-project] 10.222.0.22 "GET /compute/v2.1/servers/90f94098-7c5c-4c76-a25d-dfaa895013ff" status: 200 len: 1217 microversion: 2.1 time: 0.390230
Jun 01 18:47:42.900033 dv-cinder-794021-1-iscsi devstack@n-api.service[112413]: [pid: 112413|app: 0|req: 16/30] 10.222.0.22 () {58 vars in 1236 bytes} [Tue Jun 1 18:47:42 2021] GET /compute/v2.1/servers/90f94098-7c5c-4c76-a25d-dfaa895013ff => generated 1217 bytes in 392 msecs (HTTP/1.1 200) 9 headers in 358 bytes (1 switches on core 0)
Jun 01 18:47:42.917249 dv-cinder-794021-1-iscsi devstack@n-api.service[112413]: DEBUG nova.api.openstack.wsgi [None req-84130741-bb50-4636-b8a8-34348311b9cd tempest-AttachVolumeTestJSON-564196127 tempest-AttachVolumeTestJSON-564196127-project] Action: 'create', calling method: >, body: {"server": {"name": "tempest-AttachVolumeTestJSON-server-1564510563", "imageRef": "596c39e9-68bb-4406-9546-3fb4ce78bf73", "flavorRef": "452", "adminPass": "***", "networks": [{"uuid": "87c3456d-8d78-42d4-81e0-1f541c3dcc2f"}], "security_groups": [{"name": "tempest-securitygroup--504874190"}], "key_name": "tempest-keypair-455563454", "user_data": "IyEvYmluL3NoCmVjaG8gIlByaW50aW5nIHVidW50dSB1c2VyIGF1dGhvcml6ZWQga2V5cyIKY2F0IH51YnVudHUvLnNzaC9hdXRob3JpemVkX2tleXMgfHwgdHJ1ZQo="}} {{(pid=112413) _process_stack /opt/stack/nova/nova/api/openstack/wsgi.py:511}}
Jun 01 18:47:43.101322 dv-cinder-794021-1-iscsi devstack@n-api.service[112413]: DEBUG nova.network.neutron [None req-84130741-bb50-4636-b8a8-34348311b9cd tempest-AttachVolumeTestJSON-564196127 tempest-AttachVolumeTestJSON-564196127-project] validate_networks() for [('87c3456d-8d78-42d4-81e0-1f541c3dcc2f', None, None, None)] {{(pid=112413) validate_networks /opt/stack/nova/nova/network/neutron.py:2374}}
Jun 01 18:47:43.900867 dv-cinder-794021-1-iscsi devstack@n-api.service[112414]: DEBUG nova.policy [None req-9f772f44-3c61-452d-a6e2-711751e4c985 tempest-DeleteServersTestJSON-108655113 tempest-DeleteServersTestJSON-108655113-project] Policy check for os_compute_api:os-extended-server-attributes failed with credentials {'is_admin': False, 'user_id': '7f04bea165834999a3c46e99a319d074', 'user_domain_id': 'default', 'system_scope': None, 'domain_id': None, 'project_id': '59a3ecd15231441e9ed00898e50aae60', 'project_domain_id': 'default', 'roles': ['member', 'reader'], 'is_admin_project': True, 'service_user_id': None, 'service_user_domain_id': None, 'service_project_id': None, 'service_project_domain_id': None, 'service_roles': []} {{(pid=112414) authorize /opt/stack/nova/nova/policy.py:199}}
Jun 01 18:47:43.913839 dv-cinder-794021-1-iscsi devstack@n-api.service[112414]: INFO nova.api.openstack.requestlog [None req-9f772f44-3c61-452d-a6e2-711751e4c985 tempest-DeleteServersTestJSON-108655113 tempest-DeleteServersTestJSON-108655113-project] 10.222.0.22 "GET /compute/v2.1/servers/0601374a-4af2-445a-b892-f78d20cbcaa1" status: 200 len: 1315 microversion: 2.1 time: 1.363377
Jun 01 18:47:43.921060 dv-cinder-794021-1-iscsi devstack@n-api.service[112414]: [pid: 112414|app: 0|req: 15/31] 10.222.0.22 () {58 vars in 1236 bytes} [Tue Jun 1 18:47:42 2021] GET /compute/v2.1/servers/0601374a-4af2-445a-b892-f78d20cbcaa1 => generated 1315 bytes in 1371 msecs (HTTP/1.1 200) 9 headers in 358 bytes (1 switches on core 0)
Jun 01 18:47:43.930998 dv-cinder-794021-1-iscsi devstack@n-api.service[112414]: DEBUG nova.api.openstack.wsgi [None req-2af29e79-2f58-4d7e-9b4a-6cf61688cff3 tempest-AttachVolumeNegativeTest-1783123680 tempest-AttachVolumeNegativeTest-1783123680-project] Calling method '>' {{(pid=112414) _process_stack /opt/stack/nova/nova/api/openstack/wsgi.py:513}}
Jun 01 18:47:43.931627 dv-cinder-794021-1-iscsi devstack@n-api.service[112414]: DEBUG nova.compute.api [None req-2af29e79-2f58-4d7e-9b4a-6cf61688cff3 tempest-AttachVolumeNegativeTest-1783123680 tempest-AttachVolumeNegativeTest-1783123680-project] [instance: a7e76531-2327-4dc3-b694-5027dd117eb0] Fetching instance by UUID {{(pid=112414) get /opt/stack/nova/nova/compute/api.py:2790}}
Jun 01 18:47:43.958151 dv-cinder-794021-1-iscsi devstack@n-api.service[112414]: DEBUG oslo_concurrency.lockutils [None req-2af29e79-2f58-4d7e-9b4a-6cf61688cff3 tempest-AttachVolumeNegativeTest-1783123680 tempest-AttachVolumeNegativeTest-1783123680-project] Lock "ec8c28d9-aee4-4b1d-b532-21b322c3dc00" acquired by "nova.context.set_target_cell..get_or_set_cached_cell_and_set_connections" :: waited 0.000s {{(pid=112414) inner /usr/local/lib/python3.8/dist-packages/oslo_concurrency/lockutils.py:355}}
Jun 01 18:47:43.958811 dv-cinder-794021-1-iscsi devstack@n-api.service[112414]: DEBUG oslo_concurrency.lockutils [None req-2af29e79-2f58-4d7e-9b4a-6cf61688cff3 tempest-AttachVolumeNegativeTest-1783123680 tempest-AttachVolumeNegativeTest-1783123680-project] Lock "ec8c28d9-aee4-4b1d-b532-21b322c3dc00" released by "nova.context.set_target_cell..get_or_set_cached_cell_and_set_connections" :: held 0.001s {{(pid=112414) inner /usr/local/lib/python3.8/dist-packages/oslo_concurrency/lockutils.py:367}}
Jun 01 18:47:43.959814 dv-cinder-794021-1-iscsi devstack@n-api.service[112414]: DEBUG oslo_concurrency.lockutils [None req-2af29e79-2f58-4d7e-9b4a-6cf61688cff3 tempest-AttachVolumeNegativeTest-1783123680 tempest-AttachVolumeNegativeTest-1783123680-project] Lock "ec8c28d9-aee4-4b1d-b532-21b322c3dc00" acquired by "nova.context.set_target_cell..get_or_set_cached_cell_and_set_connections" :: waited 0.000s {{(pid=112414) inner /usr/local/lib/python3.8/dist-packages/oslo_concurrency/lockutils.py:355}}
Jun 01 18:47:43.960458 dv-cinder-794021-1-iscsi devstack@n-api.service[112414]: DEBUG oslo_concurrency.lockutils [None req-2af29e79-2f58-4d7e-9b4a-6cf61688cff3 tempest-AttachVolumeNegativeTest-1783123680 tempest-AttachVolumeNegativeTest-1783123680-project] Lock "ec8c28d9-aee4-4b1d-b532-21b322c3dc00" released by "nova.context.set_target_cell..get_or_set_cached_cell_and_set_connections" :: held 0.001s {{(pid=112414) inner /usr/local/lib/python3.8/dist-packages/oslo_concurrency/lockutils.py:367}}
Jun 01 18:47:44.166991 dv-cinder-794021-1-iscsi devstack@n-api.service[112413]: DEBUG nova.virt.hardware [None req-84130741-bb50-4636-b8a8-34348311b9cd tempest-AttachVolumeTestJSON-564196127 tempest-AttachVolumeTestJSON-564196127-project] Flavor limits 0:0:0 {{(pid=112413) get_cpu_topology_constraints /opt/stack/nova/nova/virt/hardware.py:344}}
Jun 01 18:47:44.168674 dv-cinder-794021-1-iscsi devstack@n-api.service[112413]: DEBUG nova.virt.hardware [None req-84130741-bb50-4636-b8a8-34348311b9cd tempest-AttachVolumeTestJSON-564196127 tempest-AttachVolumeTestJSON-564196127-project] Image limits 0:0:0 {{(pid=112413) get_cpu_topology_constraints /opt/stack/nova/nova/virt/hardware.py:348}}
Jun 01 18:47:44.169326 dv-cinder-794021-1-iscsi devstack@n-api.service[112413]: DEBUG nova.virt.hardware [None req-84130741-bb50-4636-b8a8-34348311b9cd tempest-AttachVolumeTestJSON-564196127 tempest-AttachVolumeTestJSON-564196127-project] Flavor pref 0:0:0 {{(pid=112413) get_cpu_topology_constraints /opt/stack/nova/nova/virt/hardware.py:384}}
Jun 01 18:47:44.169889 dv-cinder-794021-1-iscsi devstack@n-api.service[112413]: DEBUG nova.virt.hardware [None req-84130741-bb50-4636-b8a8-34348311b9cd tempest-AttachVolumeTestJSON-564196127 tempest-AttachVolumeTestJSON-564196127-project] Image pref 0:0:0 {{(pid=112413) get_cpu_topology_constraints /opt/stack/nova/nova/virt/hardware.py:388}}
Jun 01 18:47:44.171825 dv-cinder-794021-1-iscsi devstack@n-api.service[112413]: DEBUG nova.virt.hardware [None req-84130741-bb50-4636-b8a8-34348311b9cd tempest-AttachVolumeTestJSON-564196127 tempest-AttachVolumeTestJSON-564196127-project] Chose sockets=0, cores=0, threads=0; limits were sockets=65536, cores=65536, threads=65536 {{(pid=112413) get_cpu_topology_constraints /opt/stack/nova/nova/virt/hardware.py:426}}
Jun 01 18:47:44.182417 dv-cinder-794021-1-iscsi devstack@n-api.service[112413]: DEBUG oslo_concurrency.lockutils [None req-84130741-bb50-4636-b8a8-34348311b9cd tempest-AttachVolumeTestJSON-564196127 tempest-AttachVolumeTestJSON-564196127-project] Lock "00000000-0000-0000-0000-000000000000" acquired by "nova.context.set_target_cell..get_or_set_cached_cell_and_set_connections" :: waited 0.000s {{(pid=112413) inner /usr/local/lib/python3.8/dist-packages/oslo_concurrency/lockutils.py:355}}
Jun 01 18:47:44.182984 dv-cinder-794021-1-iscsi devstack@n-api.service[112413]: DEBUG oslo_concurrency.lockutils [None req-84130741-bb50-4636-b8a8-34348311b9cd tempest-AttachVolumeTestJSON-564196127 tempest-AttachVolumeTestJSON-564196127-project] Lock "00000000-0000-0000-0000-000000000000" released by "nova.context.set_target_cell..get_or_set_cached_cell_and_set_connections" :: held 0.001s {{(pid=112413) inner /usr/local/lib/python3.8/dist-packages/oslo_concurrency/lockutils.py:367}}
Jun 01 18:47:44.183889 dv-cinder-794021-1-iscsi devstack@n-api.service[112413]: DEBUG oslo_concurrency.lockutils [None req-84130741-bb50-4636-b8a8-34348311b9cd tempest-AttachVolumeTestJSON-564196127 tempest-AttachVolumeTestJSON-564196127-project] Lock "ec8c28d9-aee4-4b1d-b532-21b322c3dc00" acquired by "nova.context.set_target_cell..get_or_set_cached_cell_and_set_connections" :: waited 0.000s {{(pid=112413) inner /usr/local/lib/python3.8/dist-packages/oslo_concurrency/lockutils.py:355}}
