Mar 07 14:08:35.727399 dv-cinder-794001-5-iscsi neutron-server[103242]: DEBUG neutron_lib.callbacks.manager [None req-203ce883-1280-40f5-843d-e503ad1636f8 None None] Publish callbacks ['neutron.plugins.ml2.plugin.SecurityGroupServerNotifierRpcMixin._notify_sg_on_port_change-3617939', 'neutron.plugins.ml2.ovo_rpc._ObjectChangeHandler.handle_event-75057', 'neutron.api.rpc.agentnotifiers.dhcp_rpc_agent_api.DhcpAgentNotifyAPI._native_event_send_dhcp_notification-1620234', 'neutron.db.l3_db.L3RpcNotifierMixin._notify_gateway_port_ip_changed-8793137458104', 'neutron.db.l3_dvrscheduler_db._notify_l3_agent_port_update-8793137016513', 'neutron.db.l3_hascheduler_db._notify_l3_agent_ha_port_update-8793137016531'] for port (eefed4ee-0c7a-43d1-ba1b-0ed0a8af12da), after_update {{(pid=103242) _notify_loop /usr/local/lib/python3.8/dist-packages/neutron_lib/callbacks/manager.py:176}}
Mar 07 14:08:35.728898 dv-cinder-794001-5-iscsi neutron-server[103242]: DEBUG neutron.plugins.ml2.rpc [None req-203ce883-1280-40f5-843d-e503ad1636f8 None None] Device 6da1ad87-f4a8-4228-9279-89ef554c1465 up at agent hyperv_hv-cinder-79400 {{(pid=103242) update_device_up /opt/stack/neutron/neutron/plugins/ml2/rpc.py:296}}
Mar 07 14:08:35.753606 dv-cinder-794001-5-iscsi neutron-server[103241]: DEBUG neutron.plugins.ml2.db [req-065cce52-0259-4170-a088-8014539902c3 req-d256f635-ae29-4a8d-be12-a21546c3ab10 service neutron] For port 1e83f7f4-e220-4dc9-9bc5-d249f50675e7, host hv-cinder-79400, cleared binding levels {{(pid=103241) clear_binding_levels /opt/stack/neutron/neutron/plugins/ml2/db.py:87}}
Mar 07 14:08:35.784899 dv-cinder-794001-5-iscsi neutron-server[103241]: DEBUG neutron.pecan_wsgi.hooks.policy_enforcement [req-03d7943c-c16b-440b-b1f1-60632f4c09dd req-31010c7b-e8a3-4549-ae33-770a8e313ae2 tempest-AttachVolumeTestJSON-20908822 tempest-AttachVolumeTestJSON-20908822-project] Attributes excluded by policy engine: ['standard_attr_id', 'binding:profile', 'binding:host_id', 'binding:vif_type', 'binding:vif_details'] {{(pid=103241) _exclude_attributes_by_policy /opt/stack/neutron/neutron/pecan_wsgi/hooks/policy_enforcement.py:255}}
Mar 07 14:08:35.786462 dv-cinder-794001-5-iscsi neutron-server[103241]: INFO neutron.wsgi [req-03d7943c-c16b-440b-b1f1-60632f4c09dd req-31010c7b-e8a3-4549-ae33-770a8e313ae2 tempest-AttachVolumeTestJSON-20908822 tempest-AttachVolumeTestJSON-20908822-project] 10.222.0.26 "GET /v2.0/ports?device_id=ea30dd85-efc5-4769-a6cc-89238950969c HTTP/1.1" status: 200 len: 944 time: 0.1942015
Mar 07 14:08:35.812777 dv-cinder-794001-5-iscsi neutron-server[103241]: DEBUG neutron.plugins.ml2.db [req-065cce52-0259-4170-a088-8014539902c3 req-d256f635-ae29-4a8d-be12-a21546c3ab10 service neutron] For port 1e83f7f4-e220-4dc9-9bc5-d249f50675e7, host hv-cinder-79400, set binding levels [PortBindingLevel(driver='hyperv',host='hv-cinder-79400',level=0,port_id=1e83f7f4-e220-4dc9-9bc5-d249f50675e7,segment=NetworkSegment(d04d27c7-4271-4fa3-ba7b-61b1ca4ad398),segment_id=d04d27c7-4271-4fa3-ba7b-61b1ca4ad398)] {{(pid=103241) set_binding_levels /opt/stack/neutron/neutron/plugins/ml2/db.py:59}}
Mar 07 14:08:35.826471 dv-cinder-794001-5-iscsi neutron-server[103242]: DEBUG neutron.api.rpc.handlers.resources_rpc [None req-203ce883-1280-40f5-843d-e503ad1636f8 None None] Pushing event updated for resources: {'Port': ['ID=eefed4ee-0c7a-43d1-ba1b-0ed0a8af12da,revision_number=5']} {{(pid=103242) push /opt/stack/neutron/neutron/api/rpc/handlers/resources_rpc.py:237}}
Mar 07 14:08:35.837261 dv-cinder-794001-5-iscsi neutron-server[103241]: DEBUG neutron_lib.callbacks.manager [req-065cce52-0259-4170-a088-8014539902c3 req-d256f635-ae29-4a8d-be12-a21546c3ab10 service neutron] Publish callbacks ['neutron.plugins.ml2.plugin.SecurityGroupServerNotifierRpcMixin._notify_sg_on_port_change-3617939', 'neutron.plugins.ml2.ovo_rpc._ObjectChangeHandler.handle_event-75057', 'neutron.api.rpc.agentnotifiers.dhcp_rpc_agent_api.DhcpAgentNotifyAPI._native_event_send_dhcp_notification-1620234', 'neutron.db.l3_db.L3RpcNotifierMixin._notify_gateway_port_ip_changed-8793137458104', 'neutron.db.l3_dvrscheduler_db._notify_l3_agent_port_update-8793137016513', 'neutron.db.l3_hascheduler_db._notify_l3_agent_ha_port_update-8793137016531'] for port (1e83f7f4-e220-4dc9-9bc5-d249f50675e7), after_update {{(pid=103241) _notify_loop /usr/local/lib/python3.8/dist-packages/neutron_lib/callbacks/manager.py:176}}
Mar 07 14:08:35.856154 dv-cinder-794001-5-iscsi neutron-server[103242]: DEBUG neutron.db.provisioning_blocks [None req-203ce883-1280-40f5-843d-e503ad1636f8 None None] Provisioning for port 6da1ad87-f4a8-4228-9279-89ef554c1465 completed by entity L2. {{(pid=103242) provisioning_complete /opt/stack/neutron/neutron/db/provisioning_blocks.py:134}}
Mar 07 14:08:35.862512 dv-cinder-794001-5-iscsi neutron-server[103242]: DEBUG neutron.db.provisioning_blocks [None req-203ce883-1280-40f5-843d-e503ad1636f8 None None] Provisioning complete for port 6da1ad87-f4a8-4228-9279-89ef554c1465 triggered by entity L2. {{(pid=103242) provisioning_complete /opt/stack/neutron/neutron/db/provisioning_blocks.py:140}}
Mar 07 14:08:35.863345 dv-cinder-794001-5-iscsi neutron-server[103242]: DEBUG neutron_lib.callbacks.manager [None req-203ce883-1280-40f5-843d-e503ad1636f8 None None] Publish callbacks ['neutron.plugins.ml2.plugin.Ml2Plugin._port_provisioned-3481579'] for port (6da1ad87-f4a8-4228-9279-89ef554c1465), provisioning_complete {{(pid=103242) _notify_loop /usr/local/lib/python3.8/dist-packages/neutron_lib/callbacks/manager.py:176}}
Mar 07 14:08:35.902905 dv-cinder-794001-5-iscsi neutron-server[103241]: DEBUG neutron.pecan_wsgi.hooks.policy_enforcement [req-065cce52-0259-4170-a088-8014539902c3 req-d256f635-ae29-4a8d-be12-a21546c3ab10 service neutron] Attributes excluded by policy engine: ['standard_attr_id'] {{(pid=103241) _exclude_attributes_by_policy /opt/stack/neutron/neutron/pecan_wsgi/hooks/policy_enforcement.py:255}}
Mar 07 14:08:35.903579 dv-cinder-794001-5-iscsi neutron-server[103241]: DEBUG neutron_lib.callbacks.manager [req-065cce52-0259-4170-a088-8014539902c3 req-d256f635-ae29-4a8d-be12-a21546c3ab10 service neutron] Publish callbacks ['neutron.notifiers.nova.Notifier._send_nova_notification-238787', 'neutron.api.rpc.agentnotifiers.dhcp_rpc_agent_api.DhcpAgentNotifyAPI._send_dhcp_notification-1620248'] for port (None), before_response {{(pid=103241) _notify_loop /usr/local/lib/python3.8/dist-packages/neutron_lib/callbacks/manager.py:176}}
Mar 07 14:08:35.906002 dv-cinder-794001-5-iscsi neutron-server[103241]: INFO neutron.wsgi [req-065cce52-0259-4170-a088-8014539902c3 req-d256f635-ae29-4a8d-be12-a21546c3ab10 service neutron] 10.222.0.25 "PUT /v2.0/ports/1e83f7f4-e220-4dc9-9bc5-d249f50675e7 HTTP/1.1" status: 200 len: 1094 time: 2.2686281
Mar 07 14:08:35.968808 dv-cinder-794001-5-iscsi neutron-server[103241]: INFO neutron.wsgi [req-03d7943c-c16b-440b-b1f1-60632f4c09dd req-8014a90a-f53a-4356-a35c-925755d9056d tempest-AttachVolumeTestJSON-20908822 tempest-AttachVolumeTestJSON-20908822-project] 10.222.0.26 "GET /v2.0/security-groups?id=9c99f801-bb6c-404d-9a9a-f648019e3078&fields=id&fields=name HTTP/1.1" status: 200 len: 313 time: 0.1541529
Mar 07 14:08:35.976324 dv-cinder-794001-5-iscsi neutron-server[103241]: DEBUG neutron.api.rpc.handlers.resources_rpc [None req-d256f635-ae29-4a8d-be12-a21546c3ab10 service neutron] Pushing event updated for resources: {'Port': ['ID=1e83f7f4-e220-4dc9-9bc5-d249f50675e7,revision_number=3']} {{(pid=103241) push /opt/stack/neutron/neutron/api/rpc/handlers/resources_rpc.py:237}}
Mar 07 14:08:35.990325 dv-cinder-794001-5-iscsi neutron-server[103241]: INFO neutron.wsgi [req-9d544fdf-5935-46c2-97af-73335dd01059 req-0713bd55-8947-4bdc-9aa0-52063b59f492 service neutron] 10.222.0.25 "GET /v2.0/networks/20c2fd25-1cf8-48ac-88d2-b56d95ddd118?fields=provider%3Aphysical_network&fields=provider%3Anetwork_type HTTP/1.1" status: 200 len: 281 time: 0.2615290
Mar 07 14:08:36.043622 dv-cinder-794001-5-iscsi neutron-server[103242]: DEBUG novaclient.v2.client [-] RESP: [200] Connection: close Content-Length: 183 Content-Type: application/json Date: Mon, 07 Mar 2022 14:08:35 GMT OpenStack-API-Version: compute 2.1 Server: Apache/2.4.41 (Ubuntu) Vary: OpenStack-API-Version,X-OpenStack-Nova-API-Version X-OpenStack-Nova-API-Version: 2.1 x-compute-request-id: req-09e141c2-e4d4-4e38-b31a-983f5eeccfe0 x-openstack-request-id: req-09e141c2-e4d4-4e38-b31a-983f5eeccfe0 {{(pid=103242) _http_log_response /usr/local/lib/python3.8/dist-packages/keystoneauth1/session.py:550}}
Mar 07 14:08:36.044167 dv-cinder-794001-5-iscsi neutron-server[103242]: DEBUG novaclient.v2.client [-] RESP BODY: {"events": [{"server_uuid": "5b22de7b-fdb4-4a59-a750-7b8df8fbe935", "name": "network-vif-plugged", "status": "completed", "tag": "ee6aaf67-7f9e-42d9-aa62-e97e48c5e27c", "code": 200}]} {{(pid=103242) _http_log_response /usr/local/lib/python3.8/dist-packages/keystoneauth1/session.py:582}}
Mar 07 14:08:36.044167 dv-cinder-794001-5-iscsi neutron-server[103242]: DEBUG novaclient.v2.client [-] POST call to compute for http://10.222.0.26/compute/v2.1/os-server-external-events used request id req-09e141c2-e4d4-4e38-b31a-983f5eeccfe0 {{(pid=103242) request /usr/local/lib/python3.8/dist-packages/keystoneauth1/session.py:954}}
Mar 07 14:08:36.045268 dv-cinder-794001-5-iscsi neutron-server[103242]: INFO neutron.notifiers.nova [-] Nova event response: {'server_uuid': '5b22de7b-fdb4-4a59-a750-7b8df8fbe935', 'name': 'network-vif-plugged', 'status': 'completed', 'tag': 'ee6aaf67-7f9e-42d9-aa62-e97e48c5e27c', 'code': 200}
Mar 07 14:08:36.187542 dv-cinder-794001-5-iscsi neutron-server[103242]: DEBUG neutron.plugins.ml2.plugin [None req-203ce883-1280-40f5-843d-e503ad1636f8 None None] Current status of the port 6da1ad87-f4a8-4228-9279-89ef554c1465 is: BUILD; New status is: ACTIVE {{(pid=103242) _update_individual_port_db_status /opt/stack/neutron/neutron/plugins/ml2/plugin.py:2232}}
Mar 07 14:08:36.187923 dv-cinder-794001-5-iscsi neutron-server[103242]: DEBUG neutron_lib.callbacks.manager [None req-203ce883-1280-40f5-843d-e503ad1636f8 None None] Publish callbacks ['neutron.plugins.ml2.plugin.SecurityGroupDbMixin._ensure_default_security_group_handler-3618012'] for port (6da1ad87-f4a8-4228-9279-89ef554c1465), before_update {{(pid=103242) _notify_loop /usr/local/lib/python3.8/dist-packages/neutron_lib/callbacks/manager.py:176}}
Mar 07 14:08:36.222201 dv-cinder-794001-5-iscsi neutron-server[103241]: DEBUG neutron.pecan_wsgi.hooks.policy_enforcement [req-065cce52-0259-4170-a088-8014539902c3 req-0ab91471-ed97-4da9-8f4e-bdbd05da049f service neutron] Attributes excluded by policy engine: ['standard_attr_id'] {{(pid=103241) _exclude_attributes_by_policy /opt/stack/neutron/neutron/pecan_wsgi/hooks/policy_enforcement.py:255}}
Mar 07 14:08:36.234683 dv-cinder-794001-5-iscsi neutron-server[103241]: INFO neutron.wsgi [req-065cce52-0259-4170-a088-8014539902c3 req-0ab91471-ed97-4da9-8f4e-bdbd05da049f service neutron] 10.222.0.25 "GET /v2.0/ports?tenant_id=5b35d86dd1db4542b049ac07e779c9d7&device_id=9389ce70-a4a5-47d5-982c-0ce917b1b499 HTTP/1.1" status: 200 len: 1128 time: 0.2138491
Mar 07 14:08:36.242090 dv-cinder-794001-5-iscsi neutron-server[103242]: DEBUG neutron.plugins.ml2.db [None req-203ce883-1280-40f5-843d-e503ad1636f8 None None] For port 6da1ad87-f4a8-4228-9279-89ef554c1465, host hv-cinder-79400, got binding levels [PortBindingLevel(driver='hyperv',host='hv-cinder-79400',level=0,port_id=6da1ad87-f4a8-4228-9279-89ef554c1465,segment=NetworkSegment(191c9df1-4ea1-4ffe-8828-dc9a326d408e),segment_id=191c9df1-4ea1-4ffe-8828-dc9a326d408e)] {{(pid=103242) get_binding_level_objs /opt/stack/neutron/neutron/plugins/ml2/db.py:74}}
Mar 07 14:08:36.247032 dv-cinder-794001-5-iscsi neutron-server[103242]: DEBUG neutron_lib.callbacks.manager [None req-203ce883-1280-40f5-843d-e503ad1636f8 None None] Publish callbacks ['neutron.plugins.ml2.plugin.SecurityGroupServerNotifierRpcMixin._notify_sg_on_port_change-3617939', 'neutron.plugins.ml2.ovo_rpc._ObjectChangeHandler.handle_event-75057', 'neutron.api.rpc.agentnotifiers.dhcp_rpc_agent_api.DhcpAgentNotifyAPI._native_event_send_dhcp_notification-1620234', 'neutron.db.l3_db.L3RpcNotifierMixin._notify_gateway_port_ip_changed-8793137458104', 'neutron.db.l3_dvrscheduler_db._notify_l3_agent_port_update-8793137016513', 'neutron.db.l3_hascheduler_db._notify_l3_agent_ha_port_update-8793137016531'] for port (6da1ad87-f4a8-4228-9279-89ef554c1465), after_update {{(pid=103242) _notify_loop /usr/local/lib/python3.8/dist-packages/neutron_lib/callbacks/manager.py:176}}
Mar 07 14:08:36.289501 dv-cinder-794001-5-iscsi neutron-server[103241]: DEBUG neutron.pecan_wsgi.hooks.policy_enforcement [req-aacdbbd4-e702-41aa-8e0c-b80a779d37ac req-ae9b1757-cc49-4a39-8038-f97a6071ad16 tempest-AttachVolumeNegativeTest-64514084 tempest-AttachVolumeNegativeTest-64514084-project] Attributes excluded by policy engine: ['standard_attr_id', 'binding:profile', 'binding:host_id', 'binding:vif_type', 'binding:vif_details'] {{(pid=103241) _exclude_attributes_by_policy /opt/stack/neutron/neutron/pecan_wsgi/hooks/policy_enforcement.py:255}}
Mar 07 14:08:36.293726 dv-cinder-794001-5-iscsi neutron-server[103241]: INFO neutron.wsgi [req-aacdbbd4-e702-41aa-8e0c-b80a779d37ac req-ae9b1757-cc49-4a39-8038-f97a6071ad16 tempest-AttachVolumeNegativeTest-64514084 tempest-AttachVolumeNegativeTest-64514084-project] 10.222.0.26 "GET /v2.0/ports?device_id=9389ce70-a4a5-47d5-982c-0ce917b1b499 HTTP/1.1" status: 200 len: 944 time: 0.3059597
Mar 07 14:08:36.309168 dv-cinder-794001-5-iscsi neutron-server[103242]: DEBUG neutron.api.rpc.handlers.resources_rpc [None req-203ce883-1280-40f5-843d-e503ad1636f8 None None] Pushing event updated for resources: {'Port': ['ID=6da1ad87-f4a8-4228-9279-89ef554c1465,revision_number=5']} {{(pid=103242) push /opt/stack/neutron/neutron/api/rpc/handlers/resources_rpc.py:237}}
Mar 07 14:08:36.366968 dv-cinder-794001-5-iscsi neutron-server[103240]: DEBUG neutron.pecan_wsgi.hooks.policy_enforcement [req-8434ef65-c277-49e8-843b-c06cabbe525c req-1b5c14ed-0745-4991-8a18-b3abeb5924c4 service neutron] Attributes excluded by policy engine: ['standard_attr_id'] {{(pid=103240) _exclude_attributes_by_policy /opt/stack/neutron/neutron/pecan_wsgi/hooks/policy_enforcement.py:255}}
Mar 07 14:08:36.369922 dv-cinder-794001-5-iscsi neutron-server[103240]: INFO neutron.wsgi [req-8434ef65-c277-49e8-843b-c06cabbe525c req-1b5c14ed-0745-4991-8a18-b3abeb5924c4 service neutron] 10.222.0.25 "GET /v2.0/ports?device_id=5b22de7b-fdb4-4a59-a750-7b8df8fbe935 HTTP/1.1" status: 200 len: 1129 time: 0.1162493
Mar 07 14:08:36.381144 dv-cinder-794001-5-iscsi neutron-server[103241]: INFO neutron.wsgi [req-065cce52-0259-4170-a088-8014539902c3 req-6f78e097-01dd-4f74-a9a5-882de6e9408c service neutron] 10.222.0.25 "GET /v2.0/floatingips?fixed_ip_address=172.20.0.14&port_id=1e83f7f4-e220-4dc9-9bc5-d249f50675e7 HTTP/1.1" status: 200 len: 217 time: 0.1054592
Mar 07 14:08:36.390445 dv-cinder-794001-5-iscsi neutron-server[103240]: DEBUG neutron_lib.callbacks.manager [req-8434ef65-c277-49e8-843b-c06cabbe525c req-5a65125d-8fbd-4b2c-931c-4a7351adb3a7 service neutron] Publish callbacks [] for security_group (None), before_create {{(pid=103240) _notify_loop /usr/local/lib/python3.8/dist-packages/neutron_lib/callbacks/manager.py:176}}
Mar 07 14:08:36.491844 dv-cinder-794001-5-iscsi neutron-server[103240]: DEBUG neutron_lib.callbacks.manager [req-8434ef65-c277-49e8-843b-c06cabbe525c req-5a65125d-8fbd-4b2c-931c-4a7351adb3a7 service neutron] Publish callbacks [] for security_group (f670a2e6-0ca2-4348-b972-5ffee67b7fa5), precommit_create {{(pid=103240) _notify_loop /usr/local/lib/python3.8/dist-packages/neutron_lib/callbacks/manager.py:176}}
Mar 07 14:08:36.493046 dv-cinder-794001-5-iscsi neutron-server[103241]: DEBUG neutron.pecan_wsgi.hooks.policy_enforcement [req-ec5f2d7e-b6d5-4493-b901-81898b2bf0ed req-ef20ba2c-dd0c-422b-bd90-5e821437c6a4 tempest-AttachVolumeShelveTestJSON-1845550050 tempest-AttachVolumeShelveTestJSON-1845550050-project] Attributes excluded by policy engine: ['standard_attr_id', 'binding:profile', 'binding:host_id', 'binding:vif_type', 'binding:vif_details'] {{(pid=103241) _exclude_attributes_by_policy /opt/stack/neutron/neutron/pecan_wsgi/hooks/policy_enforcement.py:255}}
Mar 07 14:08:36.495294 dv-cinder-794001-5-iscsi neutron-server[103241]: INFO neutron.wsgi [req-ec5f2d7e-b6d5-4493-b901-81898b2bf0ed req-ef20ba2c-dd0c-422b-bd90-5e821437c6a4 tempest-AttachVolumeShelveTestJSON-1845550050 tempest-AttachVolumeShelveTestJSON-1845550050-project] 10.222.0.26 "GET /v2.0/ports?device_id=d3089356-1425-4f0c-9273-ca6138a80476 HTTP/1.1" status: 200 len: 944 time: 0.3497119
Mar 07 14:08:36.500455 dv-cinder-794001-5-iscsi neutron-server[103240]: DEBUG neutron_lib.callbacks.manager [req-8434ef65-c277-49e8-843b-c06cabbe525c req-5a65125d-8fbd-4b2c-931c-4a7351adb3a7 service neutron] Publish callbacks ['neutron.plugins.ml2.ovo_rpc._ObjectChangeHandler.handle_event-1801864'] for security_group (f670a2e6-0ca2-4348-b972-5ffee67b7fa5), after_create {{(pid=103240) _notify_loop /usr/local/lib/python3.8/dist-packages/neutron_lib/callbacks/manager.py:176}}
Mar 07 14:08:36.521363 dv-cinder-794001-5-iscsi neutron-server[103241]: DEBUG neutron.pecan_wsgi.hooks.policy_enforcement [req-76864df0-843f-40f5-983a-eacf6e881ae4 req-3dc3ed47-f25f-4c13-8d9d-58c57f2cb607 service neutron] Attributes excluded by policy engine: ['standard_attr_id'] {{(pid=103241) _exclude_attributes_by_policy /opt/stack/neutron/neutron/pecan_wsgi/hooks/policy_enforcement.py:255}}
Mar 07 14:08:36.523560 dv-cinder-794001-5-iscsi neutron-server[103241]: INFO neutron.wsgi [req-76864df0-843f-40f5-983a-eacf6e881ae4 req-3dc3ed47-f25f-4c13-8d9d-58c57f2cb607 service neutron] 10.222.0.25 "GET /v2.0/ports?tenant_id=da39445715f04deaaf654d8b98a2d810&device_id=d3089356-1425-4f0c-9273-ca6138a80476 HTTP/1.1" status: 200 len: 1128 time: 0.3974550
Mar 07 14:08:36.524403 dv-cinder-794001-5-iscsi neutron-server[103241]: DEBUG neutron.pecan_wsgi.hooks.policy_enforcement [req-065cce52-0259-4170-a088-8014539902c3 req-a205d259-decf-4182-8db9-4bdd91fcbc5a service neutron] Attributes excluded by policy engine: ['standard_attr_id', 'shared'] {{(pid=103241) _exclude_attributes_by_policy /opt/stack/neutron/neutron/pecan_wsgi/hooks/policy_enforcement.py:255}}
Mar 07 14:08:36.525927 dv-cinder-794001-5-iscsi neutron-server[103241]: INFO neutron.wsgi [req-065cce52-0259-4170-a088-8014539902c3 req-a205d259-decf-4182-8db9-4bdd91fcbc5a service neutron] 10.222.0.25 "GET /v2.0/subnets?id=94b6b23d-f0fc-499f-8502-08cb48270361 HTTP/1.1" status: 200 len: 854 time: 0.1354859
Mar 07 14:08:36.580636 dv-cinder-794001-5-iscsi neutron-server[103240]: INFO neutron.wsgi [req-8434ef65-c277-49e8-843b-c06cabbe525c req-5a65125d-8fbd-4b2c-931c-4a7351adb3a7 service neutron] 10.222.0.25 "GET /v2.0/security-groups?id=ef13d79e-1869-4cb1-a6bb-f4d2619319f2&fields=id&fields=name HTTP/1.1" status: 200 len: 286 time: 0.2042084
Mar 07 14:08:36.585969 dv-cinder-794001-5-iscsi neutron-server[103241]: INFO neutron.wsgi [req-aacdbbd4-e702-41aa-8e0c-b80a779d37ac req-40431b1f-d427-4c6c-bb89-de496ce35167 tempest-AttachVolumeNegativeTest-64514084 tempest-AttachVolumeNegativeTest-64514084-project] 10.222.0.26 "GET /v2.0/security-groups?id=791d4937-bd14-46e7-b6f8-ccb791f68ea1&fields=id&fields=name HTTP/1.1" status: 200 len: 313 time: 0.2670317
Mar 07 14:08:36.589005 dv-cinder-794001-5-iscsi neutron-server[103240]: DEBUG neutron.api.rpc.handlers.resources_rpc [None req-5a65125d-8fbd-4b2c-931c-4a7351adb3a7 service neutron] Pushing event updated for resources: {'SecurityGroup': ['ID=f670a2e6-0ca2-4348-b972-5ffee67b7fa5,revision_number=1']} {{(pid=103240) push /opt/stack/neutron/neutron/api/rpc/handlers/resources_rpc.py:237}}
Mar 07 14:08:36.673359 dv-cinder-794001-5-iscsi neutron-server[103241]: INFO neutron.wsgi [req-ec5f2d7e-b6d5-4493-b901-81898b2bf0ed req-1f779a50-86bf-47e9-83e3-ae238b4e021e tempest-AttachVolumeShelveTestJSON-1845550050 tempest-AttachVolumeShelveTestJSON-1845550050-project] 10.222.0.26 "GET /v2.0/security-groups?id=6653d558-071b-4e09-b9e7-6a1eafa977c9&fields=id&fields=name HTTP/1.1" status: 200 len: 311 time: 0.1380429
Mar 07 14:08:36.765695 dv-cinder-794001-5-iscsi neutron-server[103241]: DEBUG neutron.pecan_wsgi.hooks.policy_enforcement [req-065cce52-0259-4170-a088-8014539902c3 req-11e453d3-37fd-44cb-b400-38270187ee46 service neutron] Attributes excluded by policy engine: ['standard_attr_id'] {{(pid=103241) _exclude_attributes_by_policy /opt/stack/neutron/neutron/pecan_wsgi/hooks/policy_enforcement.py:255}}
Mar 07 14:08:36.767216 dv-cinder-794001-5-iscsi neutron-server[103241]: INFO neutron.wsgi [req-065cce52-0259-4170-a088-8014539902c3 req-11e453d3-37fd-44cb-b400-38270187ee46 service neutron] 10.222.0.25 "GET /v2.0/ports?network_id=9b62fa4f-b2cf-4013-a771-a3abfae0550b&device_owner=network%3Adhcp HTTP/1.1" status: 200 len: 1212 time: 0.1929634
Mar 07 14:08:36.791320 dv-cinder-794001-5-iscsi neutron-server[103242]: DEBUG neutron.plugins.ml2.rpc [None req-203ce883-1280-40f5-843d-e503ad1636f8 None None] Device c54a7d71-a3d1-4382-a87c-89e30ca61a09 details requested by agent hyperv_hv-cinder-79400 with host hv-cinder-79400 {{(pid=103242) get_device_details /opt/stack/neutron/neutron/plugins/ml2/rpc.py:102}}
Mar 07 14:08:36.799224 dv-cinder-794001-5-iscsi neutron-server[103241]: DEBUG neutron.pecan_wsgi.hooks.policy_enforcement [req-76864df0-843f-40f5-983a-eacf6e881ae4 req-79706175-33b3-4434-8f61-9ca9f82de523 service neutron] Attributes excluded by policy engine: ['standard_attr_id', 'vlan_transparent'] {{(pid=103241) _exclude_attributes_by_policy /opt/stack/neutron/neutron/pecan_wsgi/hooks/policy_enforcement.py:255}}
Mar 07 14:08:36.800738 dv-cinder-794001-5-iscsi neutron-server[103241]: INFO neutron.wsgi [req-76864df0-843f-40f5-983a-eacf6e881ae4 req-79706175-33b3-4434-8f61-9ca9f82de523 service neutron] 10.222.0.25 "GET /v2.0/networks?id=20c2fd25-1cf8-48ac-88d2-b56d95ddd118 HTTP/1.1" status: 200 len: 917 time: 0.2444119
Mar 07 14:08:36.812578 dv-cinder-794001-5-iscsi neutron-server[103241]: DEBUG neutron.pecan_wsgi.hooks.policy_enforcement [req-c988de24-1031-4ef0-833b-d1b91b6afdcf req-039a74ec-51da-4ab8-bd1a-778acf0d27f4 tempest-DeleteServersTestJSON-1934724041 tempest-DeleteServersTestJSON-1934724041-project] Attributes excluded by policy engine: ['standard_attr_id', 'binding:profile', 'binding:host_id', 'binding:vif_type', 'binding:vif_details'] {{(pid=103241) _exclude_attributes_by_policy /opt/stack/neutron/neutron/pecan_wsgi/hooks/policy_enforcement.py:255}}
Mar 07 14:08:36.814092 dv-cinder-794001-5-iscsi neutron-server[103241]: INFO neutron.wsgi [req-c988de24-1031-4ef0-833b-d1b91b6afdcf req-039a74ec-51da-4ab8-bd1a-778acf0d27f4 tempest-DeleteServersTestJSON-1934724041 tempest-DeleteServersTestJSON-1934724041-project] 10.222.0.26 "GET /v2.0/ports?device_id=5b22de7b-fdb4-4a59-a750-7b8df8fbe935 HTTP/1.1" status: 200 len: 945 time: 0.1352353
Mar 07 14:08:36.833178 dv-cinder-794001-5-iscsi neutron-server[103241]: DEBUG neutron.notifiers.nova [-] Sending events: [{'name': 'network-changed', 'server_uuid': '9389ce70-a4a5-47d5-982c-0ce917b1b499', 'tag': '1e83f7f4-e220-4dc9-9bc5-d249f50675e7'}] {{(pid=103241) send_events /opt/stack/neutron/neutron/notifiers/nova.py:271}}
Mar 07 14:08:36.834893 dv-cinder-794001-5-iscsi neutron-server[103241]: DEBUG novaclient.v2.client [-] REQ: curl -g -i --cacert "/opt/stack/data/ca-bundle.pem" -X POST http://10.222.0.26/compute/v2.1/os-server-external-events -H "Accept: application/json" -H "Content-Type: application/json" -H "User-Agent: python-novaclient" -H "X-Auth-Token: {SHA256}3dbf7b9c6b7f072e4bbbba1122a662aa3c01aa9ebb6696ee1c3640a499d2f100" -H "X-OpenStack-Nova-API-Version: 2.1" -H "X-OpenStack-Request-ID: req-cc68fdf7-81ba-40d4-841d-14356c448605" -d '{"events": [{"name": "network-changed", "server_uuid": "9389ce70-a4a5-47d5-982c-0ce917b1b499", "tag": "1e83f7f4-e220-4dc9-9bc5-d249f50675e7"}]}' {{(pid=103241) _http_log_request /usr/local/lib/python3.8/dist-packages/keystoneauth1/session.py:519}}
Mar 07 14:08:36.893243 dv-cinder-794001-5-iscsi neutron-server[103241]: DEBUG neutron.pecan_wsgi.hooks.policy_enforcement [req-755681ad-18fc-43a8-9e54-c0095399a077 req-f2f0f550-34f3-403e-8e3f-d94bb1d8ea6a tempest-ServerRescueNegativeTestJSON-657272506 tempest-ServerRescueNegativeTestJSON-657272506-project] Attributes excluded by policy engine: ['standard_attr_id', 'binding:profile', 'binding:host_id', 'binding:vif_type', 'binding:vif_details'] {{(pid=103241) _exclude_attributes_by_policy /opt/stack/neutron/neutron/pecan_wsgi/hooks/policy_enforcement.py:255}}
Mar 07 14:08:36.895002 dv-cinder-794001-5-iscsi neutron-server[103241]: INFO neutron.wsgi [req-755681ad-18fc-43a8-9e54-c0095399a077 req-f2f0f550-34f3-403e-8e3f-d94bb1d8ea6a tempest-ServerRescueNegativeTestJSON-657272506 tempest-ServerRescueNegativeTestJSON-657272506-project] 10.222.0.26 "GET /v2.0/ports?device_id=c5d8f210-eb34-4389-855c-64d01600e4a3 HTTP/1.1" status: 200 len: 945 time: 0.1075099
Mar 07 14:08:36.901612 dv-cinder-794001-5-iscsi neutron-server[103242]: DEBUG neutron.plugins.ml2.db [None req-203ce883-1280-40f5-843d-e503ad1636f8 None None] For port c54a7d71-a3d1-4382-a87c-89e30ca61a09, host hv-cinder-79400, got binding levels [PortBindingLevel(driver='hyperv',host='hv-cinder-79400',level=0,port_id=c54a7d71-a3d1-4382-a87c-89e30ca61a09,segment=NetworkSegment(f718fe54-c345-4c76-b7b4-82d821b7c7db),segment_id=f718fe54-c345-4c76-b7b4-82d821b7c7db)] {{(pid=103242) get_binding_level_objs /opt/stack/neutron/neutron/plugins/ml2/db.py:74}}
Mar 07 14:08:36.902426 dv-cinder-794001-5-iscsi neutron-server[103241]: INFO neutron.wsgi [req-c988de24-1031-4ef0-833b-d1b91b6afdcf req-47c3c9e6-371f-4ca1-b606-9a893ae91443 tempest-DeleteServersTestJSON-1934724041 tempest-DeleteServersTestJSON-1934724041-project] 10.222.0.26 "GET /v2.0/security-groups?id=ef13d79e-1869-4cb1-a6bb-f4d2619319f2&fields=id&fields=name HTTP/1.1" status: 200 len: 286 time: 0.0736299
Mar 07 14:08:36.913339 dv-cinder-794001-5-iscsi neutron-server[103242]: DEBUG neutron.plugins.ml2.rpc [None req-203ce883-1280-40f5-843d-e503ad1636f8 None None] Returning: {'device': 'c54a7d71-a3d1-4382-a87c-89e30ca61a09', 'network_id': '933b9e65-7ee9-4adf-863f-8b675ebba9ea', 'port_id': 'c54a7d71-a3d1-4382-a87c-89e30ca61a09', 'mac_address': 'fa:16:3e:32:0b:8a', 'admin_state_up': True, 'network_type': 'vlan', 'segmentation_id': 374, 'physical_network': 'physnet1', 'mtu': 1500, 'fixed_ips': [{'subnet_id': '67446beb-321d-48fe-a154-bbf9a158e88a', 'ip_address': '172.20.0.10'}], 'device_owner': 'compute:nova', 'allowed_address_pairs': [], 'port_security_enabled': True, 'qos_policy_id': None, 'network_qos_policy_id': None, 'profile': {}, 'propagate_uplink_status': False} {{(pid=103242) _get_device_details /opt/stack/neutron/neutron/plugins/ml2/rpc.py:184}}
Mar 07 14:08:36.956479 dv-cinder-794001-5-iscsi neutron-server[103241]: INFO neutron.wsgi [req-755681ad-18fc-43a8-9e54-c0095399a077 req-460383bd-c382-4cb3-8cce-5abe50cc8301 tempest-ServerRescueNegativeTestJSON-657272506 tempest-ServerRescueNegativeTestJSON-657272506-project] 10.222.0.26 "GET /v2.0/security-groups?id=6f84668d-fb87-4155-8a02-43710b45eff0&fields=id&fields=name HTTP/1.1" status: 200 len: 286 time: 0.0530071
Mar 07 14:08:36.981702 dv-cinder-794001-5-iscsi neutron-server[103241]: DEBUG novaclient.v2.client [-] RESP: [200] Connection: close Content-Length: 179 Content-Type: application/json Date: Mon, 07 Mar 2022 14:08:36 GMT OpenStack-API-Version: compute 2.1 Server: Apache/2.4.41 (Ubuntu) Vary: OpenStack-API-Version,X-OpenStack-Nova-API-Version X-OpenStack-Nova-API-Version: 2.1 x-compute-request-id: req-cc792fde-bd10-4d74-86e6-d9d22ed34f7e x-openstack-request-id: req-cc792fde-bd10-4d74-86e6-d9d22ed34f7e {{(pid=103241) _http_log_response /usr/local/lib/python3.8/dist-packages/keystoneauth1/session.py:550}}
Mar 07 14:08:36.982859 dv-cinder-794001-5-iscsi neutron-server[103241]: DEBUG novaclient.v2.client [-] RESP BODY: {"events": [{"name": "network-changed", "server_uuid": "9389ce70-a4a5-47d5-982c-0ce917b1b499", "tag": "1e83f7f4-e220-4dc9-9bc5-d249f50675e7", "status": "completed", "code": 200}]} {{(pid=103241) _http_log_response /usr/local/lib/python3.8/dist-packages/keystoneauth1/session.py:582}}
Mar 07 14:08:36.983231 dv-cinder-794001-5-iscsi neutron-server[103241]: DEBUG novaclient.v2.client [-] POST call to compute for http://10.222.0.26/compute/v2.1/os-server-external-events used request id req-cc792fde-bd10-4d74-86e6-d9d22ed34f7e {{(pid=103241) request /usr/local/lib/python3.8/dist-packages/keystoneauth1/session.py:954}}
Mar 07 14:08:36.983723 dv-cinder-794001-5-iscsi neutron-server[103241]: INFO neutron.notifiers.nova [-] Nova event response: {'name': 'network-changed', 'server_uuid': '9389ce70-a4a5-47d5-982c-0ce917b1b499', 'tag': '1e83f7f4-e220-4dc9-9bc5-d249f50675e7', 'status': 'completed', 'code': 200}
Mar 07 14:08:36.989108 dv-cinder-794001-5-iscsi neutron-server[103242]: DEBUG neutron.plugins.ml2.plugin [None req-203ce883-1280-40f5-843d-e503ad1636f8 None None] Current status of the port c54a7d71-a3d1-4382-a87c-89e30ca61a09 is: DOWN; New status is: BUILD {{(pid=103242) _update_individual_port_db_status /opt/stack/neutron/neutron/plugins/ml2/plugin.py:2232}}
Mar 07 14:08:36.989739 dv-cinder-794001-5-iscsi neutron-server[103242]: DEBUG neutron_lib.callbacks.manager [None req-203ce883-1280-40f5-843d-e503ad1636f8 None None] Publish callbacks ['neutron.plugins.ml2.plugin.SecurityGroupDbMixin._ensure_default_security_group_handler-3618012'] for port (c54a7d71-a3d1-4382-a87c-89e30ca61a09), before_update {{(pid=103242) _notify_loop /usr/local/lib/python3.8/dist-packages/neutron_lib/callbacks/manager.py:176}}
Mar 07 14:08:37.008324 dv-cinder-794001-5-iscsi neutron-server[103242]: DEBUG neutron.notifiers.nova [None req-203ce883-1280-40f5-843d-e503ad1636f8 None None] Ignoring state change previous_port_status: DOWN current_port_status: BUILD port_id c54a7d71-a3d1-4382-a87c-89e30ca61a09 {{(pid=103242) record_port_status_changed /opt/stack/neutron/neutron/notifiers/nova.py:233}}
Mar 07 14:08:37.031419 dv-cinder-794001-5-iscsi neutron-server[103242]: DEBUG neutron.plugins.ml2.db [None req-203ce883-1280-40f5-843d-e503ad1636f8 None None] For port c54a7d71-a3d1-4382-a87c-89e30ca61a09, host hv-cinder-79400, got binding levels [PortBindingLevel(driver='hyperv',host='hv-cinder-79400',level=0,port_id=c54a7d71-a3d1-4382-a87c-89e30ca61a09,segment=NetworkSegment(f718fe54-c345-4c76-b7b4-82d821b7c7db),segment_id=f718fe54-c345-4c76-b7b4-82d821b7c7db)] {{(pid=103242) get_binding_level_objs /opt/stack/neutron/neutron/plugins/ml2/db.py:74}}
Mar 07 14:08:37.044263 dv-cinder-794001-5-iscsi neutron-server[103242]: DEBUG neutron_lib.callbacks.manager [None req-203ce883-1280-40f5-843d-e503ad1636f8 None None] Publish callbacks ['neutron.plugins.ml2.plugin.SecurityGroupServerNotifierRpcMixin._notify_sg_on_port_change-3617939', 'neutron.plugins.ml2.ovo_rpc._ObjectChangeHandler.handle_event-75057', 'neutron.api.rpc.agentnotifiers.dhcp_rpc_agent_api.DhcpAgentNotifyAPI._native_event_send_dhcp_notification-1620234', 'neutron.db.l3_db.L3RpcNotifierMixin._notify_gateway_port_ip_changed-8793137458104', 'neutron.db.l3_dvrscheduler_db._notify_l3_agent_port_update-8793137016513', 'neutron.db.l3_hascheduler_db._notify_l3_agent_ha_port_update-8793137016531'] for port (c54a7d71-a3d1-4382-a87c-89e30ca61a09), after_update {{(pid=103242) _notify_loop /usr/local/lib/python3.8/dist-packages/neutron_lib/callbacks/manager.py:176}}
Mar 07 14:08:37.059480 dv-cinder-794001-5-iscsi neutron-server[103241]: INFO neutron.wsgi [req-76864df0-843f-40f5-983a-eacf6e881ae4 req-9587d8b0-6514-41d9-89d7-ba276be08a3a service neutron] 10.222.0.25 "GET /v2.0/floatingips?fixed_ip_address=172.20.0.11&port_id=d44d6684-ddb9-492d-92df-84136d88bac2 HTTP/1.1" status: 200 len: 217 time: 0.0651817
Mar 07 14:08:37.089616 dv-cinder-794001-5-iscsi neutron-server[103242]: DEBUG neutron.api.rpc.handlers.resources_rpc [None req-203ce883-1280-40f5-843d-e503ad1636f8 None None] Pushing event updated for resources: {'Port': ['ID=c54a7d71-a3d1-4382-a87c-89e30ca61a09,revision_number=4']} {{(pid=103242) push /opt/stack/neutron/neutron/api/rpc/handlers/resources_rpc.py:237}}
Mar 07 14:08:37.192902 dv-cinder-794001-5-iscsi neutron-server[103241]: DEBUG neutron.pecan_wsgi.hooks.policy_enforcement [req-76864df0-843f-40f5-983a-eacf6e881ae4 req-dfe9e9ed-18e8-4c83-a7de-9c1e2f58dbed service neutron] Attributes excluded by policy engine: ['standard_attr_id', 'shared'] {{(pid=103241) _exclude_attributes_by_policy /opt/stack/neutron/neutron/pecan_wsgi/hooks/policy_enforcement.py:255}}
Mar 07 14:08:37.194251 dv-cinder-794001-5-iscsi neutron-server[103241]: INFO neutron.wsgi [req-76864df0-843f-40f5-983a-eacf6e881ae4 req-dfe9e9ed-18e8-4c83-a7de-9c1e2f58dbed service neutron] 10.222.0.25 "GET /v2.0/subnets?id=9e822426-e097-44b3-a5b1-535a48fe7e53 HTTP/1.1" status: 200 len: 855 time: 0.1265399
Mar 07 14:08:37.204228 dv-cinder-794001-5-iscsi neutron-server[103241]: INFO neutron.wsgi [req-065cce52-0259-4170-a088-8014539902c3 req-58558502-ae35-49b0-8d86-1f1c262545b0 service neutron] 10.222.0.25 "GET /v2.0/networks/9b62fa4f-b2cf-4013-a771-a3abfae0550b?fields=segments HTTP/1.1" status: 200 len: 212 time: 0.2119179
Mar 07 14:08:37.210872 dv-cinder-794001-5-iscsi neutron-server[103241]: DEBUG neutron.pecan_wsgi.hooks.policy_enforcement [req-53ed65ac-afc0-4bd9-9732-cc60476fb49b req-bc381070-e87c-49fd-9d0c-bb44c528f8d0 tempest-AttachVolumeTestJSON-20908822 tempest-AttachVolumeTestJSON-20908822-project] Attributes excluded by policy engine: ['standard_attr_id', 'binding:profile', 'binding:host_id', 'binding:vif_type', 'binding:vif_details'] {{(pid=103241) _exclude_attributes_by_policy /opt/stack/neutron/neutron/pecan_wsgi/hooks/policy_enforcement.py:255}}
Mar 07 14:08:37.212215 dv-cinder-794001-5-iscsi neutron-server[103241]: INFO neutron.wsgi [req-53ed65ac-afc0-4bd9-9732-cc60476fb49b req-bc381070-e87c-49fd-9d0c-bb44c528f8d0 tempest-AttachVolumeTestJSON-20908822 tempest-AttachVolumeTestJSON-20908822-project] 10.222.0.26 "GET /v2.0/ports?device_id=ea30dd85-efc5-4769-a6cc-89238950969c HTTP/1.1" status: 200 len: 945 time: 0.1412504
Mar 07 14:08:37.347970 dv-cinder-794001-5-iscsi neutron-server[103241]: DEBUG neutron.pecan_wsgi.hooks.policy_enforcement [req-76864df0-843f-40f5-983a-eacf6e881ae4 req-a81c3616-bdb1-456c-b9f5-59afa3a8272e service neutron] Attributes excluded by policy engine: ['standard_attr_id'] {{(pid=103241) _exclude_attributes_by_policy /opt/stack/neutron/neutron/pecan_wsgi/hooks/policy_enforcement.py:255}}
Mar 07 14:08:37.349506 dv-cinder-794001-5-iscsi neutron-server[103241]: INFO neutron.wsgi [req-76864df0-843f-40f5-983a-eacf6e881ae4 req-a81c3616-bdb1-456c-b9f5-59afa3a8272e service neutron] 10.222.0.25 "GET /v2.0/ports?network_id=20c2fd25-1cf8-48ac-88d2-b56d95ddd118&device_owner=network%3Adhcp HTTP/1.1" status: 200 len: 1212 time: 0.1475987
Mar 07 14:08:37.352495 dv-cinder-794001-5-iscsi neutron-server[103241]: INFO neutron.wsgi [req-53ed65ac-afc0-4bd9-9732-cc60476fb49b req-a68a94fb-a221-488e-a3a7-13ad8229f2b7 tempest-AttachVolumeTestJSON-20908822 tempest-AttachVolumeTestJSON-20908822-project] 10.222.0.26 "GET /v2.0/security-groups?id=9c99f801-bb6c-404d-9a9a-f648019e3078&fields=id&fields=name HTTP/1.1" status: 200 len: 313 time: 0.1248925
Mar 07 14:08:37.549160 dv-cinder-794001-5-iscsi neutron-server[103241]: INFO neutron.wsgi [req-065cce52-0259-4170-a088-8014539902c3 req-70b97473-83c2-4ae1-b952-a661176a4122 service neutron] 10.222.0.25 "GET /v2.0/networks/9b62fa4f-b2cf-4013-a771-a3abfae0550b?fields=provider%3Aphysical_network&fields=provider%3Anetwork_type HTTP/1.1" status: 200 len: 281 time: 0.3359499
Mar 07 14:08:37.614910 dv-cinder-794001-5-iscsi neutron-server[103241]: INFO neutron.wsgi [req-76864df0-843f-40f5-983a-eacf6e881ae4 req-960fa9db-3098-41a8-951b-098f26860a8b service neutron] 10.222.0.25 "GET /v2.0/networks/20c2fd25-1cf8-48ac-88d2-b56d95ddd118?fields=segments HTTP/1.1" status: 200 len: 212 time: 0.2582276
Mar 07 14:08:37.712787 dv-cinder-794001-5-iscsi neutron-server[103242]: DEBUG neutron.plugins.ml2.db [None req-203ce883-1280-40f5-843d-e503ad1636f8 None None] get_ports_and_sgs() called for port_ids ['c54a7d71-a3d1-4382-a87c-89e30ca61a09'] {{(pid=103242) get_ports_and_sgs /opt/stack/neutron/neutron/plugins/ml2/db.py:156}}
Mar 07 14:08:37.834622 dv-cinder-794001-5-iscsi neutron-server[103241]: DEBUG neutron.pecan_wsgi.hooks.policy_enforcement [req-cb32148d-6466-489e-83a9-fafdff579dd4 req-64f82d66-5fb0-4304-baee-cbb66ccc4089 tempest-AttachVolumeNegativeTest-64514084 tempest-AttachVolumeNegativeTest-64514084-project] Attributes excluded by policy engine: ['standard_attr_id', 'binding:profile', 'binding:host_id', 'binding:vif_type', 'binding:vif_details'] {{(pid=103241) _exclude_attributes_by_policy /opt/stack/neutron/neutron/pecan_wsgi/hooks/policy_enforcement.py:255}}
Mar 07 14:08:37.836142 dv-cinder-794001-5-iscsi neutron-server[103241]: INFO neutron.wsgi [req-cb32148d-6466-489e-83a9-fafdff579dd4 req-64f82d66-5fb0-4304-baee-cbb66ccc4089 tempest-AttachVolumeNegativeTest-64514084 tempest-AttachVolumeNegativeTest-64514084-project] 10.222.0.26 "GET /v2.0/ports?device_id=9389ce70-a4a5-47d5-982c-0ce917b1b499 HTTP/1.1" status: 200 len: 944 time: 0.1738539
Mar 07 14:08:37.893173 dv-cinder-794001-5-iscsi neutron-server[103241]: DEBUG neutron.pecan_wsgi.hooks.policy_enforcement [req-cc68fdf7-81ba-40d4-841d-14356c448605 req-64c44357-38ee-470b-ac7f-4d52482e14a6 service neutron] Attributes excluded by policy engine: ['standard_attr_id'] {{(pid=103241) _exclude_attributes_by_policy /opt/stack/neutron/neutron/pecan_wsgi/hooks/policy_enforcement.py:255}}
Mar 07 14:08:37.894684 dv-cinder-794001-5-iscsi neutron-server[103241]: INFO neutron.wsgi [req-cc68fdf7-81ba-40d4-841d-14356c448605 req-64c44357-38ee-470b-ac7f-4d52482e14a6 service neutron] 10.222.0.25 "GET /v2.0/ports?tenant_id=5b35d86dd1db4542b049ac07e779c9d7&device_id=9389ce70-a4a5-47d5-982c-0ce917b1b499 HTTP/1.1" status: 200 len: 1128 time: 0.2028332
Mar 07 14:08:37.969493 dv-cinder-794001-5-iscsi neutron-server[103241]: INFO neutron.wsgi [req-76864df0-843f-40f5-983a-eacf6e881ae4 req-54697853-1c59-4e72-9b6b-065e6cf889c3 service neutron] 10.222.0.25 "GET /v2.0/networks/20c2fd25-1cf8-48ac-88d2-b56d95ddd118?fields=provider%3Aphysical_network&fields=provider%3Anetwork_type HTTP/1.1" status: 200 len: 281 time: 0.2760093
Mar 07 14:08:38.020410 dv-cinder-794001-5-iscsi neutron-server[103241]: DEBUG neutron.pecan_wsgi.hooks.policy_enforcement [req-0d17530a-6dc3-4eb4-9937-b6a1ef004063 req-16555676-819e-4cec-aba4-ba7ec4146d8e tempest-AttachVolumeShelveTestJSON-1845550050 tempest-AttachVolumeShelveTestJSON-1845550050-project] Attributes excluded by policy engine: ['standard_attr_id', 'binding:profile', 'binding:host_id', 'binding:vif_type', 'binding:vif_details'] {{(pid=103241) _exclude_attributes_by_policy /opt/stack/neutron/neutron/pecan_wsgi/hooks/policy_enforcement.py:255}}
Mar 07 14:08:38.021952 dv-cinder-794001-5-iscsi neutron-server[103241]: INFO neutron.wsgi [req-0d17530a-6dc3-4eb4-9937-b6a1ef004063 req-16555676-819e-4cec-aba4-ba7ec4146d8e tempest-AttachVolumeShelveTestJSON-1845550050 tempest-AttachVolumeShelveTestJSON-1845550050-project] 10.222.0.26 "GET /v2.0/ports?device_id=d3089356-1425-4f0c-9273-ca6138a80476 HTTP/1.1" status: 200 len: 944 time: 0.2381334
Mar 07 14:08:38.031114 dv-cinder-794001-5-iscsi neutron-server[103241]: INFO neutron.wsgi [req-cb32148d-6466-489e-83a9-fafdff579dd4 req-3e006bd9-79b6-4dce-9e76-dc1e5e4266e7 tempest-AttachVolumeNegativeTest-64514084 tempest-AttachVolumeNegativeTest-64514084-project] 10.222.0.26 "GET /v2.0/security-groups?id=791d4937-bd14-46e7-b6f8-ccb791f68ea1&fields=id&fields=name HTTP/1.1" status: 200 len: 313 time: 0.1710892
Mar 07 14:08:38.046047 dv-cinder-794001-5-iscsi neutron-server[103242]: DEBUG neutron.notifiers.nova [-] Sending events: [{'server_uuid': '45cc17f8-ae3c-4dc0-8ef0-15b756cd6f92', 'name': 'network-vif-plugged', 'status': 'completed', 'tag': 'eefed4ee-0c7a-43d1-ba1b-0ed0a8af12da'}, {'server_uuid': 'c5d8f210-eb34-4389-855c-64d01600e4a3', 'name': 'network-vif-plugged', 'status': 'completed', 'tag': '6da1ad87-f4a8-4228-9279-89ef554c1465'}] {{(pid=103242) send_events /opt/stack/neutron/neutron/notifiers/nova.py:271}}
Mar 07 14:08:38.048986 dv-cinder-794001-5-iscsi neutron-server[103242]: DEBUG novaclient.v2.client [-] REQ: curl -g -i --cacert "/opt/stack/data/ca-bundle.pem" -X POST http://10.222.0.26/compute/v2.1/os-server-external-events -H "Accept: application/json" -H "Content-Type: application/json" -H "User-Agent: python-novaclient" -H "X-Auth-Token: {SHA256}2253d4b5f8949e98f4ccd1b32ffa75d0ae2778d9e84338fdee8f8525681c6737" -H "X-OpenStack-Nova-API-Version: 2.1" -H "X-OpenStack-Request-ID: req-08eeeda4-22ad-47cb-b597-33af15fabffd" -d '{"events": [{"server_uuid": "45cc17f8-ae3c-4dc0-8ef0-15b756cd6f92", "name": "network-vif-plugged", "status": "completed", "tag": "eefed4ee-0c7a-43d1-ba1b-0ed0a8af12da"}, {"server_uuid": "c5d8f210-eb34-4389-855c-64d01600e4a3", "name": "network-vif-plugged", "status": "completed", "tag": "6da1ad87-f4a8-4228-9279-89ef554c1465"}]}' {{(pid=103242) _http_log_request /usr/local/lib/python3.8/dist-packages/keystoneauth1/session.py:519}}
Mar 07 14:08:38.098394 dv-cinder-794001-5-iscsi neutron-server[103241]: DEBUG neutron.pecan_wsgi.hooks.policy_enforcement [req-cc68fdf7-81ba-40d4-841d-14356c448605 req-d1c314dc-a874-4151-8d1c-a2c9b8b140b3 service neutron] Attributes excluded by policy engine: ['standard_attr_id', 'vlan_transparent'] {{(pid=103241) _exclude_attributes_by_policy /opt/stack/neutron/neutron/pecan_wsgi/hooks/policy_enforcement.py:255}}
Mar 07 14:08:38.099903 dv-cinder-794001-5-iscsi neutron-server[103241]: INFO neutron.wsgi [req-cc68fdf7-81ba-40d4-841d-14356c448605 req-d1c314dc-a874-4151-8d1c-a2c9b8b140b3 service neutron] 10.222.0.25 "GET /v2.0/networks?id=9b62fa4f-b2cf-4013-a771-a3abfae0550b HTTP/1.1" status: 200 len: 916 time: 0.1972041
Mar 07 14:08:38.103227 dv-cinder-794001-5-iscsi neutron-server[103241]: INFO neutron.wsgi [req-0d17530a-6dc3-4eb4-9937-b6a1ef004063 req-8638a0c4-f6bf-4524-9d67-a50bb200a4f6 tempest-AttachVolumeShelveTestJSON-1845550050 tempest-AttachVolumeShelveTestJSON-1845550050-project] 10.222.0.26 "GET /v2.0/security-groups?id=6653d558-071b-4e09-b9e7-6a1eafa977c9&fields=id&fields=name HTTP/1.1" status: 200 len: 311 time: 0.0712066
Mar 07 14:08:38.154387 dv-cinder-794001-5-iscsi neutron-server[103241]: INFO neutron.wsgi [req-cc68fdf7-81ba-40d4-841d-14356c448605 req-835682ae-e40f-4c52-8b5b-d61fc7b3cc05 service neutron] 10.222.0.25 "GET /v2.0/floatingips?fixed_ip_address=172.20.0.14&port_id=1e83f7f4-e220-4dc9-9bc5-d249f50675e7 HTTP/1.1" status: 200 len: 217 time: 0.0480521
Mar 07 14:08:38.260117 dv-cinder-794001-5-iscsi neutron-server[103241]: DEBUG neutron.pecan_wsgi.hooks.policy_enforcement [req-cc68fdf7-81ba-40d4-841d-14356c448605 req-4ae9fa9e-2b4a-4833-a7ee-253578641ef5 service neutron] Attributes excluded by policy engine: ['standard_attr_id', 'shared'] {{(pid=103241) _exclude_attributes_by_policy /opt/stack/neutron/neutron/pecan_wsgi/hooks/policy_enforcement.py:255}}
Mar 07 14:08:38.261604 dv-cinder-794001-5-iscsi neutron-server[103241]: INFO neutron.wsgi [req-cc68fdf7-81ba-40d4-841d-14356c448605 req-4ae9fa9e-2b4a-4833-a7ee-253578641ef5 service neutron] 10.222.0.25 "GET /v2.0/subnets?id=94b6b23d-f0fc-499f-8502-08cb48270361 HTTP/1.1" status: 200 len: 854 time: 0.0896022
Mar 07 14:08:38.272369 dv-cinder-794001-5-iscsi neutron-server[103241]: DEBUG neutron.pecan_wsgi.hooks.policy_enforcement [req-cac201d4-e90e-49da-adee-ab6f91e3f80a req-0b21b6d6-ab09-497e-a4bd-7ec58a9f8b86 tempest-DeleteServersTestJSON-1934724041 tempest-DeleteServersTestJSON-1934724041-project] Attributes excluded by policy engine: ['standard_attr_id', 'binding:profile', 'binding:host_id', 'binding:vif_type', 'binding:vif_details'] {{(pid=103241) _exclude_attributes_by_policy /opt/stack/neutron/neutron/pecan_wsgi/hooks/policy_enforcement.py:255}}
Mar 07 14:08:38.273780 dv-cinder-794001-5-iscsi neutron-server[103241]: INFO neutron.wsgi [req-cac201d4-e90e-49da-adee-ab6f91e3f80a req-0b21b6d6-ab09-497e-a4bd-7ec58a9f8b86 tempest-DeleteServersTestJSON-1934724041 tempest-DeleteServersTestJSON-1934724041-project] 10.222.0.26 "GET /v2.0/ports?device_id=5b22de7b-fdb4-4a59-a750-7b8df8fbe935 HTTP/1.1" status: 200 len: 945 time: 0.1310270
Mar 07 14:08:38.299688 dv-cinder-794001-5-iscsi neutron-server[103241]: DEBUG neutron.pecan_wsgi.hooks.policy_enforcement [req-c0060d74-c932-4311-b027-167af624ce41 req-c8e80cfa-952f-4bac-9059-3b7cb128ae1b tempest-ServerRescueNegativeTestJSON-657272506 tempest-ServerRescueNegativeTestJSON-657272506-project] Attributes excluded by policy engine: ['standard_attr_id', 'binding:profile', 'binding:host_id', 'binding:vif_type', 'binding:vif_details'] {{(pid=103241) _exclude_attributes_by_policy /opt/stack/neutron/neutron/pecan_wsgi/hooks/policy_enforcement.py:255}}
Mar 07 14:08:38.301133 dv-cinder-794001-5-iscsi neutron-server[103241]: INFO neutron.wsgi [req-c0060d74-c932-4311-b027-167af624ce41 req-c8e80cfa-952f-4bac-9059-3b7cb128ae1b tempest-ServerRescueNegativeTestJSON-657272506 tempest-ServerRescueNegativeTestJSON-657272506-project] 10.222.0.26 "GET /v2.0/ports?device_id=c5d8f210-eb34-4389-855c-64d01600e4a3 HTTP/1.1" status: 200 len: 945 time: 0.1280041
Mar 07 14:08:38.390890 dv-cinder-794001-5-iscsi neutron-server[103241]: INFO neutron.wsgi [req-cac201d4-e90e-49da-adee-ab6f91e3f80a req-5feab776-011f-4033-affc-b6ee75eb67df tempest-DeleteServersTestJSON-1934724041 tempest-DeleteServersTestJSON-1934724041-project] 10.222.0.26 "GET /v2.0/security-groups?id=ef13d79e-1869-4cb1-a6bb-f4d2619319f2&fields=id&fields=name HTTP/1.1" status: 200 len: 286 time: 0.1059775
Mar 07 14:08:38.396249 dv-cinder-794001-5-iscsi neutron-server[103241]: DEBUG neutron.pecan_wsgi.hooks.policy_enforcement [req-cc68fdf7-81ba-40d4-841d-14356c448605 req-759fdf19-e01b-4e11-903b-e00a5457a220 service neutron] Attributes excluded by policy engine: ['standard_attr_id'] {{(pid=103241) _exclude_attributes_by_policy /opt/stack/neutron/neutron/pecan_wsgi/hooks/policy_enforcement.py:255}}
Mar 07 14:08:38.397715 dv-cinder-794001-5-iscsi neutron-server[103241]: INFO neutron.wsgi [req-cc68fdf7-81ba-40d4-841d-14356c448605 req-759fdf19-e01b-4e11-903b-e00a5457a220 service neutron] 10.222.0.25 "GET /v2.0/ports?network_id=9b62fa4f-b2cf-4013-a771-a3abfae0550b&device_owner=network%3Adhcp HTTP/1.1" status: 200 len: 1212 time: 0.1230960
Mar 07 14:08:38.401967 dv-cinder-794001-5-iscsi neutron-server[103241]: INFO neutron.wsgi [req-c0060d74-c932-4311-b027-167af624ce41 req-01e586cc-d4f5-4bf8-bc99-d43d07475159 tempest-ServerRescueNegativeTestJSON-657272506 tempest-ServerRescueNegativeTestJSON-657272506-project] 10.222.0.26 "GET /v2.0/security-groups?id=6f84668d-fb87-4155-8a02-43710b45eff0&fields=id&fields=name HTTP/1.1" status: 200 len: 286 time: 0.0859182
Mar 07 14:08:38.439245 dv-cinder-794001-5-iscsi neutron-server[103242]: DEBUG novaclient.v2.client [-] RESP: [200] Connection: close Content-Length: 354 Content-Type: application/json Date: Mon, 07 Mar 2022 14:08:38 GMT OpenStack-API-Version: compute 2.1 Server: Apache/2.4.41 (Ubuntu) Vary: OpenStack-API-Version,X-OpenStack-Nova-API-Version X-OpenStack-Nova-API-Version: 2.1 x-compute-request-id: req-a363490d-0121-45b6-a808-2c410c74deeb x-openstack-request-id: req-a363490d-0121-45b6-a808-2c410c74deeb {{(pid=103242) _http_log_response /usr/local/lib/python3.8/dist-packages/keystoneauth1/session.py:550}}
Mar 07 14:08:38.439551 dv-cinder-794001-5-iscsi neutron-server[103242]: DEBUG novaclient.v2.client [-] RESP BODY: {"events": [{"server_uuid": "45cc17f8-ae3c-4dc0-8ef0-15b756cd6f92", "name": "network-vif-plugged", "status": "completed", "tag": "eefed4ee-0c7a-43d1-ba1b-0ed0a8af12da", "code": 200}, {"server_uuid": "c5d8f210-eb34-4389-855c-64d01600e4a3", "name": "network-vif-plugged", "status": "completed", "tag": "6da1ad87-f4a8-4228-9279-89ef554c1465", "code": 200}]} {{(pid=103242) _http_log_response /usr/local/lib/python3.8/dist-packages/keystoneauth1/session.py:582}}
Mar 07 14:08:38.439807 dv-cinder-794001-5-iscsi neutron-server[103242]: DEBUG novaclient.v2.client [-] POST call to compute for http://10.222.0.26/compute/v2.1/os-server-external-events used request id req-a363490d-0121-45b6-a808-2c410c74deeb {{(pid=103242) request /usr/local/lib/python3.8/dist-packages/keystoneauth1/session.py:954}}
Mar 07 14:08:38.440207 dv-cinder-794001-5-iscsi neutron-server[103242]: INFO neutron.notifiers.nova [-] Nova event response: {'server_uuid': '45cc17f8-ae3c-4dc0-8ef0-15b756cd6f92', 'name': 'network-vif-plugged', 'status': 'completed', 'tag': 'eefed4ee-0c7a-43d1-ba1b-0ed0a8af12da', 'code': 200}
Mar 07 14:08:38.440466 dv-cinder-794001-5-iscsi neutron-server[103242]: INFO neutron.notifiers.nova [-] Nova event response: {'server_uuid': 'c5d8f210-eb34-4389-855c-64d01600e4a3', 'name': 'network-vif-plugged', 'status': 'completed', 'tag': '6da1ad87-f4a8-4228-9279-89ef554c1465', 'code': 200}
Mar 07 14:08:38.537590 dv-cinder-794001-5-iscsi neutron-server[103241]: INFO neutron.wsgi [req-cc68fdf7-81ba-40d4-841d-14356c448605 req-b9482ac2-901e-4750-a341-6c69c90c4e37 service neutron] 10.222.0.25 "GET /v2.0/networks/9b62fa4f-b2cf-4013-a771-a3abfae0550b?fields=segments HTTP/1.1" status: 200 len: 212 time: 0.1319551
