Jun 30 09:31:44.208305 dv-cinder-793515-7-iscsi devstack@c-api.service[99705]: INFO cinder.api.openstack.wsgi [None req-25947b79-15bd-49b5-b01e-736e769a1dc8 tempest-VolumeTypesTest-85057432 tempest-VolumeTypesTest-85057432-project-admin] http://10.222.0.70/volume/v3/35799d19fed3432eb824c1adec42553c/types/1b3af33b-e15d-498a-b426-077a69829a42/encryption returned with HTTP 200
Jun 30 09:31:44.209313 dv-cinder-793515-7-iscsi devstack@c-api.service[99706]: INFO cinder.api.openstack.wsgi [None req-f64630d2-9a7f-4cf4-ab41-f2eab218f9fe tempest-VolumesServicesTestJSON-912445271 tempest-VolumesServicesTestJSON-912445271-project] http://10.222.0.70/volume/v3/8b571a9f67a7454da41e6ed444c1cc19/volumes/8c7b83a0-a52c-41d6-8f49-8c841c1fd95e returned with HTTP 200
Jun 30 09:31:44.209423 dv-cinder-793515-7-iscsi devstack@c-api.service[99705]: [pid: 99705|app: 0|req: 175/341] 10.222.0.70 () {58 vars in 1352 bytes} [Wed Jun 30 09:31:44 2021] GET /volume/v3/35799d19fed3432eb824c1adec42553c/types/1b3af33b-e15d-498a-b426-077a69829a42/encryption => generated 2 bytes in 18 msecs (HTTP/1.1 200) 7 headers in 283 bytes (2 switches on core 0)
Jun 30 09:31:44.209778 dv-cinder-793515-7-iscsi devstack@c-api.service[99706]: [pid: 99706|app: 0|req: 167/342] 10.222.0.70 () {58 vars in 1325 bytes} [Wed Jun 30 09:31:44 2021] GET /volume/v3/8b571a9f67a7454da41e6ed444c1cc19/volumes/8c7b83a0-a52c-41d6-8f49-8c841c1fd95e => generated 915 bytes in 44 msecs (HTTP/1.1 200) 7 headers in 285 bytes (2 switches on core 0)
Jun 30 09:31:44.222592 dv-cinder-793515-7-iscsi devstack@c-api.service[99705]: INFO cinder.api.openstack.wsgi [None req-7fb6ca79-2326-429a-872d-23c9475e788f tempest-VolumeTypesTest-85057432 tempest-VolumeTypesTest-85057432-project-admin] GET http://10.222.0.70/volume/v3/35799d19fed3432eb824c1adec42553c/types
Jun 30 09:31:44.223090 dv-cinder-793515-7-iscsi devstack@c-api.service[99705]: DEBUG cinder.api.openstack.wsgi [None req-7fb6ca79-2326-429a-872d-23c9475e788f tempest-VolumeTypesTest-85057432 tempest-VolumeTypesTest-85057432-project-admin] Empty body provided in request {{(pid=99705) get_body /opt/stack/cinder/cinder/api/openstack/wsgi.py:713}}
Jun 30 09:31:44.223520 dv-cinder-793515-7-iscsi devstack@c-api.service[99705]: DEBUG cinder.api.openstack.wsgi [None req-7fb6ca79-2326-429a-872d-23c9475e788f tempest-VolumeTypesTest-85057432 tempest-VolumeTypesTest-85057432-project-admin] Calling method 'index' {{(pid=99705) _process_stack /opt/stack/cinder/cinder/api/openstack/wsgi.py:866}}
Jun 30 09:31:44.252441 dv-cinder-793515-7-iscsi devstack@c-api.service[99705]: INFO cinder.api.openstack.wsgi [None req-7fb6ca79-2326-429a-872d-23c9475e788f tempest-VolumeTypesTest-85057432 tempest-VolumeTypesTest-85057432-project-admin] http://10.222.0.70/volume/v3/35799d19fed3432eb824c1adec42553c/types returned with HTTP 200
Jun 30 09:31:44.253207 dv-cinder-793515-7-iscsi devstack@c-api.service[99705]: [pid: 99705|app: 0|req: 176/343] 10.222.0.70 () {58 vars in 1208 bytes} [Wed Jun 30 09:31:44 2021] GET /volume/v3/35799d19fed3432eb824c1adec42553c/types => generated 1569 bytes in 34 msecs (HTTP/1.1 200) 7 headers in 286 bytes (1 switches on core 0)
Jun 30 09:31:44.263757 dv-cinder-793515-7-iscsi devstack@c-api.service[99706]: INFO cinder.api.openstack.wsgi [None req-bba15347-1077-4e4a-a066-b43c476536e3 tempest-VolumeTypesTest-85057432 tempest-VolumeTypesTest-85057432-project-admin] POST http://10.222.0.70/volume/v3/35799d19fed3432eb824c1adec42553c/types
Jun 30 09:31:44.264133 dv-cinder-793515-7-iscsi devstack@c-api.service[99706]: /usr/local/lib/python3.8/dist-packages/webob/acceptparse.py:1047: DeprecationWarning: The behavior of AcceptValidHeader.best_match is currently being maintained for backward compatibility, but it will be deprecated in the future, as it does not conform to the RFC.
Jun 30 09:31:44.264133 dv-cinder-793515-7-iscsi devstack@c-api.service[99706]: warnings.warn(
Jun 30 09:31:44.264523 dv-cinder-793515-7-iscsi devstack@c-api.service[99706]: DEBUG cinder.api.openstack.wsgi [None req-bba15347-1077-4e4a-a066-b43c476536e3 tempest-VolumeTypesTest-85057432 tempest-VolumeTypesTest-85057432-project-admin] Action: 'create', calling method: _create, body: {"volume_type": {"name": "tempest-VolumeTypesTest-volume-type-1430675305"}} {{(pid=99706) _process_stack /opt/stack/cinder/cinder/api/openstack/wsgi.py:864}}
Jun 30 09:31:44.287010 dv-cinder-793515-7-iscsi devstack@c-api.service[99706]: INFO cinder.api.openstack.wsgi [None req-bba15347-1077-4e4a-a066-b43c476536e3 tempest-VolumeTypesTest-85057432 tempest-VolumeTypesTest-85057432-project-admin] http://10.222.0.70/volume/v3/35799d19fed3432eb824c1adec42553c/types returned with HTTP 200
Jun 30 09:31:44.288093 dv-cinder-793515-7-iscsi devstack@c-api.service[99706]: [pid: 99706|app: 0|req: 168/344] 10.222.0.70 () {60 vars in 1229 bytes} [Wed Jun 30 09:31:44 2021] POST /volume/v3/35799d19fed3432eb824c1adec42553c/types => generated 221 bytes in 28 msecs (HTTP/1.1 200) 7 headers in 285 bytes (1 switches on core 0)
Jun 30 09:31:44.297065 dv-cinder-793515-7-iscsi devstack@c-api.service[99705]: INFO cinder.api.openstack.wsgi [None req-e9f0aad4-fe2d-439b-9f28-0136533f1b79 tempest-VolumeTypesTest-85057432 tempest-VolumeTypesTest-85057432-project-admin] PUT http://10.222.0.70/volume/v3/35799d19fed3432eb824c1adec42553c/types/a58a8a8b-aeee-47a4-b46a-510245b10767
Jun 30 09:31:44.297776 dv-cinder-793515-7-iscsi devstack@c-api.service[99705]: DEBUG cinder.api.openstack.wsgi [None req-e9f0aad4-fe2d-439b-9f28-0136533f1b79 tempest-VolumeTypesTest-85057432 tempest-VolumeTypesTest-85057432-project-admin] Action: 'update', calling method: _update, body: {"volume_type": {"name": "tempest-volume-type-660596962", "description": "tempest-volume-type-description-904568370", "is_public": false}} {{(pid=99705) _process_stack /opt/stack/cinder/cinder/api/openstack/wsgi.py:864}}
Jun 30 09:31:44.358044 dv-cinder-793515-7-iscsi devstack@c-api.service[99705]: INFO cinder.api.openstack.wsgi [None req-e9f0aad4-fe2d-439b-9f28-0136533f1b79 tempest-VolumeTypesTest-85057432 tempest-VolumeTypesTest-85057432-project-admin] http://10.222.0.70/volume/v3/35799d19fed3432eb824c1adec42553c/types/a58a8a8b-aeee-47a4-b46a-510245b10767 returned with HTTP 200
Jun 30 09:31:44.358857 dv-cinder-793515-7-iscsi devstack@c-api.service[99705]: [pid: 99705|app: 0|req: 177/345] 10.222.0.70 () {60 vars in 1340 bytes} [Wed Jun 30 09:31:44 2021] PUT /volume/v3/35799d19fed3432eb824c1adec42553c/types/a58a8a8b-aeee-47a4-b46a-510245b10767 => generated 203 bytes in 66 msecs (HTTP/1.1 200) 7 headers in 285 bytes (1 switches on core 0)
Jun 30 09:31:44.367659 dv-cinder-793515-7-iscsi devstack@c-api.service[99705]: INFO cinder.api.openstack.wsgi [None req-b5a3e087-af63-4ee9-ba83-1891274375ae tempest-VolumeTypesTest-85057432 tempest-VolumeTypesTest-85057432-project-admin] GET http://10.222.0.70/volume/v3/35799d19fed3432eb824c1adec42553c/types/a58a8a8b-aeee-47a4-b46a-510245b10767
Jun 30 09:31:44.367861 dv-cinder-793515-7-iscsi devstack@c-api.service[99706]: INFO cinder.api.openstack.wsgi [None req-136ccc8c-a368-4ac6-a6eb-d1003c52839e tempest-VolumeQuotasAdminTestJSON-1821404803 tempest-VolumeQuotasAdminTestJSON-1821404803-project] GET http://10.222.0.70/volume/v3/62e9c9512c0a49f98a8eaffadc900a62/volumes/ed4e991a-34ba-4346-833f-f4287fd96d32
Jun 30 09:31:44.368200 dv-cinder-793515-7-iscsi devstack@c-api.service[99705]: DEBUG cinder.api.openstack.wsgi [None req-b5a3e087-af63-4ee9-ba83-1891274375ae tempest-VolumeTypesTest-85057432 tempest-VolumeTypesTest-85057432-project-admin] Empty body provided in request {{(pid=99705) get_body /opt/stack/cinder/cinder/api/openstack/wsgi.py:713}}
Jun 30 09:31:44.368311 dv-cinder-793515-7-iscsi devstack@c-api.service[99706]: DEBUG cinder.api.openstack.wsgi [None req-136ccc8c-a368-4ac6-a6eb-d1003c52839e tempest-VolumeQuotasAdminTestJSON-1821404803 tempest-VolumeQuotasAdminTestJSON-1821404803-project] Empty body provided in request {{(pid=99706) get_body /opt/stack/cinder/cinder/api/openstack/wsgi.py:713}}
Jun 30 09:31:44.368559 dv-cinder-793515-7-iscsi devstack@c-api.service[99705]: DEBUG cinder.api.openstack.wsgi [None req-b5a3e087-af63-4ee9-ba83-1891274375ae tempest-VolumeTypesTest-85057432 tempest-VolumeTypesTest-85057432-project-admin] Calling method 'show' {{(pid=99705) _process_stack /opt/stack/cinder/cinder/api/openstack/wsgi.py:866}}
Jun 30 09:31:44.368674 dv-cinder-793515-7-iscsi devstack@c-api.service[99706]: DEBUG cinder.api.openstack.wsgi [None req-136ccc8c-a368-4ac6-a6eb-d1003c52839e tempest-VolumeQuotasAdminTestJSON-1821404803 tempest-VolumeQuotasAdminTestJSON-1821404803-project] Calling method 'show' {{(pid=99706) _process_stack /opt/stack/cinder/cinder/api/openstack/wsgi.py:866}}
Jun 30 09:31:44.378607 dv-cinder-793515-7-iscsi devstack@c-api.service[99705]: INFO cinder.api.openstack.wsgi [None req-b5a3e087-af63-4ee9-ba83-1891274375ae tempest-VolumeTypesTest-85057432 tempest-VolumeTypesTest-85057432-project-admin] http://10.222.0.70/volume/v3/35799d19fed3432eb824c1adec42553c/types/a58a8a8b-aeee-47a4-b46a-510245b10767 returned with HTTP 200
Jun 30 09:31:44.379432 dv-cinder-793515-7-iscsi devstack@c-api.service[99705]: [pid: 99705|app: 0|req: 178/346] 10.222.0.70 () {58 vars in 1319 bytes} [Wed Jun 30 09:31:44 2021] GET /volume/v3/35799d19fed3432eb824c1adec42553c/types/a58a8a8b-aeee-47a4-b46a-510245b10767 => generated 267 bytes in 15 msecs (HTTP/1.1 200) 7 headers in 285 bytes (1 switches on core 0)
Jun 30 09:31:44.390480 dv-cinder-793515-7-iscsi devstack@c-api.service[99706]: /usr/local/lib/python3.8/dist-packages/oslo_context/context.py:105: DeprecationWarning: Policy enforcement is depending on the value of is_admin. This key is deprecated. Please update your policy file to use the standard policy values.
Jun 30 09:31:44.390480 dv-cinder-793515-7-iscsi devstack@c-api.service[99706]: warnings.warn('Policy enforcement is depending on the value of '
Jun 30 09:31:44.391278 dv-cinder-793515-7-iscsi devstack@c-api.service[99706]: INFO cinder.volume.api [None req-136ccc8c-a368-4ac6-a6eb-d1003c52839e tempest-VolumeQuotasAdminTestJSON-1821404803 tempest-VolumeQuotasAdminTestJSON-1821404803-project] Volume info retrieved successfully.
Jun 30 09:31:44.392055 dv-cinder-793515-7-iscsi devstack@c-api.service[99705]: INFO cinder.api.openstack.wsgi [None req-84b72acf-6752-4625-99cf-d3d9f7be6c39 tempest-VolumeTypesTest-85057432 tempest-VolumeTypesTest-85057432-project-admin] DELETE http://10.222.0.70/volume/v3/35799d19fed3432eb824c1adec42553c/types/a58a8a8b-aeee-47a4-b46a-510245b10767
Jun 30 09:31:44.392586 dv-cinder-793515-7-iscsi devstack@c-api.service[99705]: DEBUG cinder.api.openstack.wsgi [None req-84b72acf-6752-4625-99cf-d3d9f7be6c39 tempest-VolumeTypesTest-85057432 tempest-VolumeTypesTest-85057432-project-admin] Empty body provided in request {{(pid=99705) get_body /opt/stack/cinder/cinder/api/openstack/wsgi.py:713}}
Jun 30 09:31:44.393105 dv-cinder-793515-7-iscsi devstack@c-api.service[99705]: DEBUG cinder.api.openstack.wsgi [None req-84b72acf-6752-4625-99cf-d3d9f7be6c39 tempest-VolumeTypesTest-85057432 tempest-VolumeTypesTest-85057432-project-admin] Calling method '_delete' {{(pid=99705) _process_stack /opt/stack/cinder/cinder/api/openstack/wsgi.py:866}}
Jun 30 09:31:44.407905 dv-cinder-793515-7-iscsi devstack@c-api.service[99706]: INFO cinder.api.openstack.wsgi [None req-136ccc8c-a368-4ac6-a6eb-d1003c52839e tempest-VolumeQuotasAdminTestJSON-1821404803 tempest-VolumeQuotasAdminTestJSON-1821404803-project] http://10.222.0.70/volume/v3/62e9c9512c0a49f98a8eaffadc900a62/volumes/ed4e991a-34ba-4346-833f-f4287fd96d32 returned with HTTP 200
Jun 30 09:31:44.409444 dv-cinder-793515-7-iscsi devstack@c-api.service[99706]: [pid: 99706|app: 0|req: 169/347] 10.222.0.70 () {58 vars in 1325 bytes} [Wed Jun 30 09:31:44 2021] GET /volume/v3/62e9c9512c0a49f98a8eaffadc900a62/volumes/ed4e991a-34ba-4346-833f-f4287fd96d32 => generated 916 bytes in 45 msecs (HTTP/1.1 200) 7 headers in 285 bytes (1 switches on core 0)
Jun 30 09:31:44.458315 dv-cinder-793515-7-iscsi devstack@c-api.service[99705]: INFO cinder.api.openstack.wsgi [None req-84b72acf-6752-4625-99cf-d3d9f7be6c39 tempest-VolumeTypesTest-85057432 tempest-VolumeTypesTest-85057432-project-admin] http://10.222.0.70/volume/v3/35799d19fed3432eb824c1adec42553c/types/a58a8a8b-aeee-47a4-b46a-510245b10767 returned with HTTP 202
Jun 30 09:31:44.459282 dv-cinder-793515-7-iscsi devstack@c-api.service[99705]: [pid: 99705|app: 0|req: 179/348] 10.222.0.70 () {58 vars in 1322 bytes} [Wed Jun 30 09:31:44 2021] DELETE /volume/v3/35799d19fed3432eb824c1adec42553c/types/a58a8a8b-aeee-47a4-b46a-510245b10767 => generated 0 bytes in 72 msecs (HTTP/1.1 202) 6 headers in 233 bytes (1 switches on core 0)
Jun 30 09:31:44.467047 dv-cinder-793515-7-iscsi devstack@c-api.service[99706]: INFO cinder.api.openstack.wsgi [None req-cf649f51-5270-44c4-9530-e9700daafa61 tempest-VolumeTypesTest-85057432 tempest-VolumeTypesTest-85057432-project-admin] GET http://10.222.0.70/volume/v3/35799d19fed3432eb824c1adec42553c/types/a58a8a8b-aeee-47a4-b46a-510245b10767
Jun 30 09:31:44.467537 dv-cinder-793515-7-iscsi devstack@c-api.service[99706]: DEBUG cinder.api.openstack.wsgi [None req-cf649f51-5270-44c4-9530-e9700daafa61 tempest-VolumeTypesTest-85057432 tempest-VolumeTypesTest-85057432-project-admin] Empty body provided in request {{(pid=99706) get_body /opt/stack/cinder/cinder/api/openstack/wsgi.py:713}}
Jun 30 09:31:44.467735 dv-cinder-793515-7-iscsi devstack@c-api.service[99706]: /usr/local/lib/python3.8/dist-packages/webob/acceptparse.py:1047: DeprecationWarning: The behavior of AcceptValidHeader.best_match is currently being maintained for backward compatibility, but it will be deprecated in the future, as it does not conform to the RFC.
Jun 30 09:31:44.467735 dv-cinder-793515-7-iscsi devstack@c-api.service[99706]: warnings.warn(
Jun 30 09:31:44.468094 dv-cinder-793515-7-iscsi devstack@c-api.service[99706]: DEBUG cinder.api.openstack.wsgi [None req-cf649f51-5270-44c4-9530-e9700daafa61 tempest-VolumeTypesTest-85057432 tempest-VolumeTypesTest-85057432-project-admin] Calling method 'show' {{(pid=99706) _process_stack /opt/stack/cinder/cinder/api/openstack/wsgi.py:866}}
Jun 30 09:31:44.472987 dv-cinder-793515-7-iscsi devstack@c-api.service[99706]: INFO cinder.api.openstack.wsgi [None req-cf649f51-5270-44c4-9530-e9700daafa61 tempest-VolumeTypesTest-85057432 tempest-VolumeTypesTest-85057432-project-admin] http://10.222.0.70/volume/v3/35799d19fed3432eb824c1adec42553c/types/a58a8a8b-aeee-47a4-b46a-510245b10767 returned with HTTP 404
Jun 30 09:31:44.473884 dv-cinder-793515-7-iscsi devstack@c-api.service[99706]: [pid: 99706|app: 0|req: 170/349] 10.222.0.70 () {58 vars in 1319 bytes} [Wed Jun 30 09:31:44 2021] GET /volume/v3/35799d19fed3432eb824c1adec42553c/types/a58a8a8b-aeee-47a4-b46a-510245b10767 => generated 114 bytes in 11 msecs (HTTP/1.1 404) 7 headers in 292 bytes (1 switches on core 0)
Jun 30 09:31:44.481601 dv-cinder-793515-7-iscsi devstack@c-api.service[99705]: INFO cinder.api.openstack.wsgi [None req-6aedc41e-865a-4256-9d7c-1fad61e04e9f tempest-VolumeTypesTest-85057432 tempest-VolumeTypesTest-85057432-project-admin] DELETE http://10.222.0.70/volume/v3/35799d19fed3432eb824c1adec42553c/types/1b3af33b-e15d-498a-b426-077a69829a42
Jun 30 09:31:44.482409 dv-cinder-793515-7-iscsi devstack@c-api.service[99705]: DEBUG cinder.api.openstack.wsgi [None req-6aedc41e-865a-4256-9d7c-1fad61e04e9f tempest-VolumeTypesTest-85057432 tempest-VolumeTypesTest-85057432-project-admin] Empty body provided in request {{(pid=99705) get_body /opt/stack/cinder/cinder/api/openstack/wsgi.py:713}}
Jun 30 09:31:44.483004 dv-cinder-793515-7-iscsi devstack@c-api.service[99705]: DEBUG cinder.api.openstack.wsgi [None req-6aedc41e-865a-4256-9d7c-1fad61e04e9f tempest-VolumeTypesTest-85057432 tempest-VolumeTypesTest-85057432-project-admin] Calling method '_delete' {{(pid=99705) _process_stack /opt/stack/cinder/cinder/api/openstack/wsgi.py:866}}
Jun 30 09:31:44.524411 dv-cinder-793515-7-iscsi devstack@c-api.service[99705]: INFO cinder.api.openstack.wsgi [None req-6aedc41e-865a-4256-9d7c-1fad61e04e9f tempest-VolumeTypesTest-85057432 tempest-VolumeTypesTest-85057432-project-admin] http://10.222.0.70/volume/v3/35799d19fed3432eb824c1adec42553c/types/1b3af33b-e15d-498a-b426-077a69829a42 returned with HTTP 202
Jun 30 09:31:44.525303 dv-cinder-793515-7-iscsi devstack@c-api.service[99705]: [pid: 99705|app: 0|req: 180/350] 10.222.0.70 () {58 vars in 1322 bytes} [Wed Jun 30 09:31:44 2021] DELETE /volume/v3/35799d19fed3432eb824c1adec42553c/types/1b3af33b-e15d-498a-b426-077a69829a42 => generated 0 bytes in 48 msecs (HTTP/1.1 202) 6 headers in 233 bytes (2 switches on core 0)
Jun 30 09:31:44.532867 dv-cinder-793515-7-iscsi devstack@c-api.service[99706]: INFO cinder.api.openstack.wsgi [None req-e086362b-9346-4803-8057-f946c06908f9 tempest-VolumeTypesTest-85057432 tempest-VolumeTypesTest-85057432-project-admin] GET http://10.222.0.70/volume/v3/35799d19fed3432eb824c1adec42553c/types/1b3af33b-e15d-498a-b426-077a69829a42
Jun 30 09:31:44.533452 dv-cinder-793515-7-iscsi devstack@c-api.service[99706]: DEBUG cinder.api.openstack.wsgi [None req-e086362b-9346-4803-8057-f946c06908f9 tempest-VolumeTypesTest-85057432 tempest-VolumeTypesTest-85057432-project-admin] Empty body provided in request {{(pid=99706) get_body /opt/stack/cinder/cinder/api/openstack/wsgi.py:713}}
Jun 30 09:31:44.533875 dv-cinder-793515-7-iscsi devstack@c-api.service[99706]: DEBUG cinder.api.openstack.wsgi [None req-e086362b-9346-4803-8057-f946c06908f9 tempest-VolumeTypesTest-85057432 tempest-VolumeTypesTest-85057432-project-admin] Calling method 'show' {{(pid=99706) _process_stack /opt/stack/cinder/cinder/api/openstack/wsgi.py:866}}
Jun 30 09:31:44.538484 dv-cinder-793515-7-iscsi devstack@c-api.service[99706]: INFO cinder.api.openstack.wsgi [None req-e086362b-9346-4803-8057-f946c06908f9 tempest-VolumeTypesTest-85057432 tempest-VolumeTypesTest-85057432-project-admin] http://10.222.0.70/volume/v3/35799d19fed3432eb824c1adec42553c/types/1b3af33b-e15d-498a-b426-077a69829a42 returned with HTTP 404
Jun 30 09:31:44.539337 dv-cinder-793515-7-iscsi devstack@c-api.service[99706]: [pid: 99706|app: 0|req: 171/351] 10.222.0.70 () {58 vars in 1319 bytes} [Wed Jun 30 09:31:44 2021] GET /volume/v3/35799d19fed3432eb824c1adec42553c/types/1b3af33b-e15d-498a-b426-077a69829a42 => generated 114 bytes in 10 msecs (HTTP/1.1 404) 7 headers in 292 bytes (1 switches on core 0)
Jun 30 09:31:44.547352 dv-cinder-793515-7-iscsi devstack@c-api.service[99705]: INFO cinder.api.openstack.wsgi [None req-36352348-50dd-4760-9e7f-84d4b1c5fb16 tempest-VolumeTypesTest-85057432 tempest-VolumeTypesTest-85057432-project-admin] DELETE http://10.222.0.70/volume/v3/35799d19fed3432eb824c1adec42553c/types/de6eb108-cb29-496c-9ff7-2d49d5fb01d0
Jun 30 09:31:44.547891 dv-cinder-793515-7-iscsi devstack@c-api.service[99705]: DEBUG cinder.api.openstack.wsgi [None req-36352348-50dd-4760-9e7f-84d4b1c5fb16 tempest-VolumeTypesTest-85057432 tempest-VolumeTypesTest-85057432-project-admin] Empty body provided in request {{(pid=99705) get_body /opt/stack/cinder/cinder/api/openstack/wsgi.py:713}}
Jun 30 09:31:44.548398 dv-cinder-793515-7-iscsi devstack@c-api.service[99705]: DEBUG cinder.api.openstack.wsgi [None req-36352348-50dd-4760-9e7f-84d4b1c5fb16 tempest-VolumeTypesTest-85057432 tempest-VolumeTypesTest-85057432-project-admin] Calling method '_delete' {{(pid=99705) _process_stack /opt/stack/cinder/cinder/api/openstack/wsgi.py:866}}
Jun 30 09:31:44.591954 dv-cinder-793515-7-iscsi devstack@c-api.service[99705]: INFO cinder.api.openstack.wsgi [None req-36352348-50dd-4760-9e7f-84d4b1c5fb16 tempest-VolumeTypesTest-85057432 tempest-VolumeTypesTest-85057432-project-admin] http://10.222.0.70/volume/v3/35799d19fed3432eb824c1adec42553c/types/de6eb108-cb29-496c-9ff7-2d49d5fb01d0 returned with HTTP 202
Jun 30 09:31:44.592768 dv-cinder-793515-7-iscsi devstack@c-api.service[99705]: [pid: 99705|app: 0|req: 181/352] 10.222.0.70 () {58 vars in 1322 bytes} [Wed Jun 30 09:31:44 2021] DELETE /volume/v3/35799d19fed3432eb824c1adec42553c/types/de6eb108-cb29-496c-9ff7-2d49d5fb01d0 => generated 0 bytes in 50 msecs (HTTP/1.1 202) 6 headers in 233 bytes (2 switches on core 0)
Jun 30 09:31:44.599861 dv-cinder-793515-7-iscsi devstack@c-api.service[99706]: INFO cinder.api.openstack.wsgi [None req-91a9e234-56cc-4136-a140-75c2347aae44 tempest-VolumeTypesTest-85057432 tempest-VolumeTypesTest-85057432-project-admin] GET http://10.222.0.70/volume/v3/35799d19fed3432eb824c1adec42553c/types/de6eb108-cb29-496c-9ff7-2d49d5fb01d0
Jun 30 09:31:44.600305 dv-cinder-793515-7-iscsi devstack@c-api.service[99706]: DEBUG cinder.api.openstack.wsgi [None req-91a9e234-56cc-4136-a140-75c2347aae44 tempest-VolumeTypesTest-85057432 tempest-VolumeTypesTest-85057432-project-admin] Empty body provided in request {{(pid=99706) get_body /opt/stack/cinder/cinder/api/openstack/wsgi.py:713}}
Jun 30 09:31:44.600724 dv-cinder-793515-7-iscsi devstack@c-api.service[99706]: DEBUG cinder.api.openstack.wsgi [None req-91a9e234-56cc-4136-a140-75c2347aae44 tempest-VolumeTypesTest-85057432 tempest-VolumeTypesTest-85057432-project-admin] Calling method 'show' {{(pid=99706) _process_stack /opt/stack/cinder/cinder/api/openstack/wsgi.py:866}}
Jun 30 09:31:44.606012 dv-cinder-793515-7-iscsi devstack@c-api.service[99706]: INFO cinder.api.openstack.wsgi [None req-91a9e234-56cc-4136-a140-75c2347aae44 tempest-VolumeTypesTest-85057432 tempest-VolumeTypesTest-85057432-project-admin] http://10.222.0.70/volume/v3/35799d19fed3432eb824c1adec42553c/types/de6eb108-cb29-496c-9ff7-2d49d5fb01d0 returned with HTTP 404
Jun 30 09:31:44.607773 dv-cinder-793515-7-iscsi devstack@c-api.service[99706]: [pid: 99706|app: 0|req: 172/353] 10.222.0.70 () {58 vars in 1319 bytes} [Wed Jun 30 09:31:44 2021] GET /volume/v3/35799d19fed3432eb824c1adec42553c/types/de6eb108-cb29-496c-9ff7-2d49d5fb01d0 => generated 114 bytes in 11 msecs (HTTP/1.1 404) 7 headers in 292 bytes (1 switches on core 0)
Jun 30 09:31:44.614902 dv-cinder-793515-7-iscsi devstack@c-api.service[99705]: INFO cinder.api.openstack.wsgi [None req-b1d6091e-bfdd-408d-b9ec-803dd4f6694c tempest-VolumeTypesTest-1368638708 tempest-VolumeTypesTest-1368638708-project] DELETE http://10.222.0.70/volume/v3/66f82ae19d8b46cc93cf89024b031201/volumes/c153fa20-f1fb-4306-80d8-bbf0a003d115
Jun 30 09:31:44.615422 dv-cinder-793515-7-iscsi devstack@c-api.service[99705]: DEBUG cinder.api.openstack.wsgi [None req-b1d6091e-bfdd-408d-b9ec-803dd4f6694c tempest-VolumeTypesTest-1368638708 tempest-VolumeTypesTest-1368638708-project] Empty body provided in request {{(pid=99705) get_body /opt/stack/cinder/cinder/api/openstack/wsgi.py:713}}
Jun 30 09:31:44.615785 dv-cinder-793515-7-iscsi devstack@c-api.service[99705]: DEBUG cinder.api.openstack.wsgi [None req-b1d6091e-bfdd-408d-b9ec-803dd4f6694c tempest-VolumeTypesTest-1368638708 tempest-VolumeTypesTest-1368638708-project] Calling method 'delete' {{(pid=99705) _process_stack /opt/stack/cinder/cinder/api/openstack/wsgi.py:866}}
Jun 30 09:31:44.616193 dv-cinder-793515-7-iscsi devstack@c-api.service[99705]: INFO cinder.api.v3.volumes [None req-b1d6091e-bfdd-408d-b9ec-803dd4f6694c tempest-VolumeTypesTest-1368638708 tempest-VolumeTypesTest-1368638708-project] Delete volume with id: c153fa20-f1fb-4306-80d8-bbf0a003d115
Jun 30 09:31:44.631023 dv-cinder-793515-7-iscsi devstack@c-api.service[99705]: /usr/local/lib/python3.8/dist-packages/oslo_context/context.py:105: DeprecationWarning: Policy enforcement is depending on the value of is_admin. This key is deprecated. Please update your policy file to use the standard policy values.
Jun 30 09:31:44.631023 dv-cinder-793515-7-iscsi devstack@c-api.service[99705]: warnings.warn('Policy enforcement is depending on the value of '
Jun 30 09:31:44.632035 dv-cinder-793515-7-iscsi devstack@c-api.service[99705]: INFO cinder.volume.api [None req-b1d6091e-bfdd-408d-b9ec-803dd4f6694c tempest-VolumeTypesTest-1368638708 tempest-VolumeTypesTest-1368638708-project] Volume info retrieved successfully.
Jun 30 09:31:44.657825 dv-cinder-793515-7-iscsi devstack@c-api.service[99705]: INFO cinder.volume.api [None req-b1d6091e-bfdd-408d-b9ec-803dd4f6694c tempest-VolumeTypesTest-1368638708 tempest-VolumeTypesTest-1368638708-project] Delete volume request issued successfully.
Jun 30 09:31:44.658237 dv-cinder-793515-7-iscsi devstack@c-api.service[99705]: INFO cinder.api.openstack.wsgi [None req-b1d6091e-bfdd-408d-b9ec-803dd4f6694c tempest-VolumeTypesTest-1368638708 tempest-VolumeTypesTest-1368638708-project] http://10.222.0.70/volume/v3/66f82ae19d8b46cc93cf89024b031201/volumes/c153fa20-f1fb-4306-80d8-bbf0a003d115 returned with HTTP 202
Jun 30 09:31:44.659056 dv-cinder-793515-7-iscsi devstack@c-api.service[99705]: [pid: 99705|app: 0|req: 182/354] 10.222.0.70 () {58 vars in 1328 bytes} [Wed Jun 30 09:31:44 2021] DELETE /volume/v3/66f82ae19d8b46cc93cf89024b031201/volumes/c153fa20-f1fb-4306-80d8-bbf0a003d115 => generated 0 bytes in 48 msecs (HTTP/1.1 202) 6 headers in 233 bytes (1 switches on core 0)
Jun 30 09:31:44.666038 dv-cinder-793515-7-iscsi devstack@c-api.service[99706]: INFO cinder.api.openstack.wsgi [None req-13a60a57-d1c0-4046-a987-32e4bd81a317 tempest-VolumeTypesTest-1368638708 tempest-VolumeTypesTest-1368638708-project] GET http://10.222.0.70/volume/v3/66f82ae19d8b46cc93cf89024b031201/volumes/c153fa20-f1fb-4306-80d8-bbf0a003d115
Jun 30 09:31:44.666491 dv-cinder-793515-7-iscsi devstack@c-api.service[99706]: DEBUG cinder.api.openstack.wsgi [None req-13a60a57-d1c0-4046-a987-32e4bd81a317 tempest-VolumeTypesTest-1368638708 tempest-VolumeTypesTest-1368638708-project] Empty body provided in request {{(pid=99706) get_body /opt/stack/cinder/cinder/api/openstack/wsgi.py:713}}
Jun 30 09:31:44.666961 dv-cinder-793515-7-iscsi devstack@c-api.service[99706]: DEBUG cinder.api.openstack.wsgi [None req-13a60a57-d1c0-4046-a987-32e4bd81a317 tempest-VolumeTypesTest-1368638708 tempest-VolumeTypesTest-1368638708-project] Calling method 'show' {{(pid=99706) _process_stack /opt/stack/cinder/cinder/api/openstack/wsgi.py:866}}
Jun 30 09:31:44.681466 dv-cinder-793515-7-iscsi devstack@c-api.service[99706]: /usr/local/lib/python3.8/dist-packages/oslo_context/context.py:105: DeprecationWarning: Policy enforcement is depending on the value of is_admin. This key is deprecated. Please update your policy file to use the standard policy values.
Jun 30 09:31:44.681466 dv-cinder-793515-7-iscsi devstack@c-api.service[99706]: warnings.warn('Policy enforcement is depending on the value of '
Jun 30 09:31:44.689082 dv-cinder-793515-7-iscsi devstack@c-api.service[99706]: INFO cinder.volume.api [None req-13a60a57-d1c0-4046-a987-32e4bd81a317 tempest-VolumeTypesTest-1368638708 tempest-VolumeTypesTest-1368638708-project] Volume info retrieved successfully.
Jun 30 09:31:44.702626 dv-cinder-793515-7-iscsi devstack@c-api.service[99706]: INFO cinder.api.openstack.wsgi [None req-13a60a57-d1c0-4046-a987-32e4bd81a317 tempest-VolumeTypesTest-1368638708 tempest-VolumeTypesTest-1368638708-project] http://10.222.0.70/volume/v3/66f82ae19d8b46cc93cf89024b031201/volumes/c153fa20-f1fb-4306-80d8-bbf0a003d115 returned with HTTP 200
Jun 30 09:31:44.703384 dv-cinder-793515-7-iscsi devstack@c-api.service[99706]: [pid: 99706|app: 0|req: 173/355] 10.222.0.70 () {58 vars in 1325 bytes} [Wed Jun 30 09:31:44 2021] GET /volume/v3/66f82ae19d8b46cc93cf89024b031201/volumes/c153fa20-f1fb-4306-80d8-bbf0a003d115 => generated 942 bytes in 41 msecs (HTTP/1.1 200) 7 headers in 285 bytes (2 switches on core 0)
Jun 30 09:31:44.777519 dv-cinder-793515-7-iscsi devstack@c-api.service[99705]: INFO cinder.api.openstack.wsgi [None req-055ec198-ba86-4497-919c-925e912a135f tempest-VolumesImageMetadata-998283808 tempest-VolumesImageMetadata-998283808-project] GET http://10.222.0.70/volume/v3/3742ea06e2dd4a1b98de64bbb4f74978/volumes/00f38b78-6b30-4216-9ed6-ccfb18402cc2
Jun 30 09:31:44.778529 dv-cinder-793515-7-iscsi devstack@c-api.service[99705]: DEBUG cinder.api.openstack.wsgi [None req-055ec198-ba86-4497-919c-925e912a135f tempest-VolumesImageMetadata-998283808 tempest-VolumesImageMetadata-998283808-project] Empty body provided in request {{(pid=99705) get_body /opt/stack/cinder/cinder/api/openstack/wsgi.py:713}}
Jun 30 09:31:44.778643 dv-cinder-793515-7-iscsi devstack@c-api.service[99705]: /usr/local/lib/python3.8/dist-packages/webob/acceptparse.py:1047: DeprecationWarning: The behavior of AcceptValidHeader.best_match is currently being maintained for backward compatibility, but it will be deprecated in the future, as it does not conform to the RFC.
Jun 30 09:31:44.778643 dv-cinder-793515-7-iscsi devstack@c-api.service[99705]: warnings.warn(
Jun 30 09:31:44.778972 dv-cinder-793515-7-iscsi devstack@c-api.service[99705]: DEBUG cinder.api.openstack.wsgi [None req-055ec198-ba86-4497-919c-925e912a135f tempest-VolumesImageMetadata-998283808 tempest-VolumesImageMetadata-998283808-project] Calling method 'show' {{(pid=99705) _process_stack /opt/stack/cinder/cinder/api/openstack/wsgi.py:866}}
Jun 30 09:31:44.794249 dv-cinder-793515-7-iscsi devstack@c-api.service[99705]: /usr/local/lib/python3.8/dist-packages/oslo_context/context.py:105: DeprecationWarning: Policy enforcement is depending on the value of is_admin. This key is deprecated. Please update your policy file to use the standard policy values.
Jun 30 09:31:44.794249 dv-cinder-793515-7-iscsi devstack@c-api.service[99705]: warnings.warn('Policy enforcement is depending on the value of '
Jun 30 09:31:44.801300 dv-cinder-793515-7-iscsi devstack@c-api.service[99705]: INFO cinder.volume.api [None req-055ec198-ba86-4497-919c-925e912a135f tempest-VolumesImageMetadata-998283808 tempest-VolumesImageMetadata-998283808-project] Volume info retrieved successfully.
Jun 30 09:31:44.815269 dv-cinder-793515-7-iscsi devstack@c-api.service[99705]: INFO cinder.api.openstack.wsgi [None req-055ec198-ba86-4497-919c-925e912a135f tempest-VolumesImageMetadata-998283808 tempest-VolumesImageMetadata-998283808-project] http://10.222.0.70/volume/v3/3742ea06e2dd4a1b98de64bbb4f74978/volumes/00f38b78-6b30-4216-9ed6-ccfb18402cc2 returned with HTTP 200
Jun 30 09:31:44.816006 dv-cinder-793515-7-iscsi devstack@c-api.service[99705]: [pid: 99705|app: 0|req: 183/356] 10.222.0.70 () {58 vars in 1325 bytes} [Wed Jun 30 09:31:44 2021] GET /volume/v3/3742ea06e2dd4a1b98de64bbb4f74978/volumes/00f38b78-6b30-4216-9ed6-ccfb18402cc2 => generated 911 bytes in 42 msecs (HTTP/1.1 200) 7 headers in 285 bytes (1 switches on core 0)
Jun 30 09:31:44.826336 dv-cinder-793515-7-iscsi devstack@c-api.service[99706]: INFO cinder.api.openstack.wsgi [None req-44e705c6-a1ba-4d23-9d7f-a24b89fc7f85 tempest-SnapshotsActionsTest-1673956482 tempest-SnapshotsActionsTest-1673956482-project] GET http://10.222.0.70/volume/v3/6a330b36e461413eb0f6a7676c44ec3a/snapshots/22608aff-cd06-469a-93a8-e5d0a33595f4
Jun 30 09:31:44.827092 dv-cinder-793515-7-iscsi devstack@c-api.service[99706]: DEBUG cinder.api.openstack.wsgi [None req-44e705c6-a1ba-4d23-9d7f-a24b89fc7f85 tempest-SnapshotsActionsTest-1673956482 tempest-SnapshotsActionsTest-1673956482-project] Empty body provided in request {{(pid=99706) get_body /opt/stack/cinder/cinder/api/openstack/wsgi.py:713}}
Jun 30 09:31:44.827092 dv-cinder-793515-7-iscsi devstack@c-api.service[99706]: /usr/local/lib/python3.8/dist-packages/webob/acceptparse.py:1047: DeprecationWarning: The behavior of AcceptValidHeader.best_match is currently being maintained for backward compatibility, but it will be deprecated in the future, as it does not conform to the RFC.
Jun 30 09:31:44.827092 dv-cinder-793515-7-iscsi devstack@c-api.service[99706]: warnings.warn(
Jun 30 09:31:44.827459 dv-cinder-793515-7-iscsi devstack@c-api.service[99706]: DEBUG cinder.api.openstack.wsgi [None req-44e705c6-a1ba-4d23-9d7f-a24b89fc7f85 tempest-SnapshotsActionsTest-1673956482 tempest-SnapshotsActionsTest-1673956482-project] Calling method 'show' {{(pid=99706) _process_stack /opt/stack/cinder/cinder/api/openstack/wsgi.py:866}}
Jun 30 09:31:44.836480 dv-cinder-793515-7-iscsi devstack@c-api.service[99706]: /usr/local/lib/python3.8/dist-packages/oslo_context/context.py:105: DeprecationWarning: Policy enforcement is depending on the value of is_admin. This key is deprecated. Please update your policy file to use the standard policy values.
Jun 30 09:31:44.836480 dv-cinder-793515-7-iscsi devstack@c-api.service[99706]: warnings.warn('Policy enforcement is depending on the value of '
Jun 30 09:31:44.837546 dv-cinder-793515-7-iscsi devstack@c-api.service[99706]: INFO cinder.volume.api [None req-44e705c6-a1ba-4d23-9d7f-a24b89fc7f85 tempest-SnapshotsActionsTest-1673956482 tempest-SnapshotsActionsTest-1673956482-project] Snapshot retrieved successfully.
Jun 30 09:31:44.839232 dv-cinder-793515-7-iscsi devstack@c-api.service[99706]: INFO cinder.api.openstack.wsgi [None req-44e705c6-a1ba-4d23-9d7f-a24b89fc7f85 tempest-SnapshotsActionsTest-1673956482 tempest-SnapshotsActionsTest-1673956482-project] http://10.222.0.70/volume/v3/6a330b36e461413eb0f6a7676c44ec3a/snapshots/22608aff-cd06-469a-93a8-e5d0a33595f4 returned with HTTP 200
Jun 30 09:31:44.839944 dv-cinder-793515-7-iscsi devstack@c-api.service[99706]: [pid: 99706|app: 0|req: 174/357] 10.222.0.70 () {58 vars in 1331 bytes} [Wed Jun 30 09:31:44 2021] GET /volume/v3/6a330b36e461413eb0f6a7676c44ec3a/snapshots/22608aff-cd06-469a-93a8-e5d0a33595f4 => generated 438 bytes in 19 msecs (HTTP/1.1 200) 7 headers in 285 bytes (1 switches on core 0)
Jun 30 09:31:44.896812 dv-cinder-793515-7-iscsi devstack@c-api.service[99705]: INFO cinder.api.openstack.wsgi [None req-951e2e8b-2fc6-406b-838a-483e72c9e949 tempest-DeleteServersTestJSON-1575311192 tempest-DeleteServersTestJSON-1575311192-project] GET http://10.222.0.70/volume/v3/42d820e02d724b478ef7073257618ec0/volumes/fe34364e-99b7-4419-91a3-abad5b7eb3c0
Jun 30 09:31:44.897253 dv-cinder-793515-7-iscsi devstack@c-api.service[99705]: DEBUG cinder.api.openstack.wsgi [None req-951e2e8b-2fc6-406b-838a-483e72c9e949 tempest-DeleteServersTestJSON-1575311192 tempest-DeleteServersTestJSON-1575311192-project] Empty body provided in request {{(pid=99705) get_body /opt/stack/cinder/cinder/api/openstack/wsgi.py:713}}
Jun 30 09:31:44.897423 dv-cinder-793515-7-iscsi devstack@c-api.service[99705]: /usr/local/lib/python3.8/dist-packages/webob/acceptparse.py:1047: DeprecationWarning: The behavior of AcceptValidHeader.best_match is currently being maintained for backward compatibility, but it will be deprecated in the future, as it does not conform to the RFC.
Jun 30 09:31:44.897423 dv-cinder-793515-7-iscsi devstack@c-api.service[99705]: warnings.warn(
Jun 30 09:31:44.897746 dv-cinder-793515-7-iscsi devstack@c-api.service[99705]: DEBUG cinder.api.openstack.wsgi [None req-951e2e8b-2fc6-406b-838a-483e72c9e949 tempest-DeleteServersTestJSON-1575311192 tempest-DeleteServersTestJSON-1575311192-project] Calling method 'show' {{(pid=99705) _process_stack /opt/stack/cinder/cinder/api/openstack/wsgi.py:866}}
Jun 30 09:31:44.912048 dv-cinder-793515-7-iscsi devstack@c-api.service[99705]: /usr/local/lib/python3.8/dist-packages/oslo_context/context.py:105: DeprecationWarning: Policy enforcement is depending on the value of is_admin. This key is deprecated. Please update your policy file to use the standard policy values.
Jun 30 09:31:44.912048 dv-cinder-793515-7-iscsi devstack@c-api.service[99705]: warnings.warn('Policy enforcement is depending on the value of '
Jun 30 09:31:44.919695 dv-cinder-793515-7-iscsi devstack@c-api.service[99705]: INFO cinder.volume.api [None req-951e2e8b-2fc6-406b-838a-483e72c9e949 tempest-DeleteServersTestJSON-1575311192 tempest-DeleteServersTestJSON-1575311192-project] Volume info retrieved successfully.
Jun 30 09:31:44.930096 dv-cinder-793515-7-iscsi devstack@c-api.service[99705]: /usr/local/lib/python3.8/dist-packages/oslo_context/context.py:105: DeprecationWarning: Policy enforcement is depending on the value of is_admin. This key is deprecated. Please update your policy file to use the standard policy values.
Jun 30 09:31:44.930096 dv-cinder-793515-7-iscsi devstack@c-api.service[99705]: warnings.warn('Policy enforcement is depending on the value of '
Jun 30 09:31:44.938282 dv-cinder-793515-7-iscsi devstack@c-api.service[99705]: INFO cinder.api.openstack.wsgi [None req-951e2e8b-2fc6-406b-838a-483e72c9e949 tempest-DeleteServersTestJSON-1575311192 tempest-DeleteServersTestJSON-1575311192-project] http://10.222.0.70/volume/v3/42d820e02d724b478ef7073257618ec0/volumes/fe34364e-99b7-4419-91a3-abad5b7eb3c0 returned with HTTP 200
Jun 30 09:31:44.939042 dv-cinder-793515-7-iscsi devstack@c-api.service[99705]: [pid: 99705|app: 0|req: 184/358] 10.222.0.70 () {58 vars in 1325 bytes} [Wed Jun 30 09:31:44 2021] GET /volume/v3/42d820e02d724b478ef7073257618ec0/volumes/fe34364e-99b7-4419-91a3-abad5b7eb3c0 => generated 913 bytes in 46 msecs (HTTP/1.1 200) 7 headers in 285 bytes (2 switches on core 0)
Jun 30 09:31:45.225392 dv-cinder-793515-7-iscsi devstack@c-api.service[99706]: INFO cinder.api.openstack.wsgi [None req-d54e7ba5-c64a-4fa9-b30e-1cfc2d65ca37 tempest-VolumesServicesTestJSON-912445271 tempest-VolumesServicesTestJSON-912445271-project] GET http://10.222.0.70/volume/v3/8b571a9f67a7454da41e6ed444c1cc19/volumes/8c7b83a0-a52c-41d6-8f49-8c841c1fd95e
Jun 30 09:31:45.225855 dv-cinder-793515-7-iscsi devstack@c-api.service[99706]: DEBUG cinder.api.openstack.wsgi [None req-d54e7ba5-c64a-4fa9-b30e-1cfc2d65ca37 tempest-VolumesServicesTestJSON-912445271 tempest-VolumesServicesTestJSON-912445271-project] Empty body provided in request {{(pid=99706) get_body /opt/stack/cinder/cinder/api/openstack/wsgi.py:713}}
Jun 30 09:31:45.226047 dv-cinder-793515-7-iscsi devstack@c-api.service[99706]: /usr/local/lib/python3.8/dist-packages/webob/acceptparse.py:1047: DeprecationWarning: The behavior of AcceptValidHeader.best_match is currently being maintained for backward compatibility, but it will be deprecated in the future, as it does not conform to the RFC.
Jun 30 09:31:45.226047 dv-cinder-793515-7-iscsi devstack@c-api.service[99706]: warnings.warn(
Jun 30 09:31:45.226376 dv-cinder-793515-7-iscsi devstack@c-api.service[99706]: DEBUG cinder.api.openstack.wsgi [None req-d54e7ba5-c64a-4fa9-b30e-1cfc2d65ca37 tempest-VolumesServicesTestJSON-912445271 tempest-VolumesServicesTestJSON-912445271-project] Calling method 'show' {{(pid=99706) _process_stack /opt/stack/cinder/cinder/api/openstack/wsgi.py:866}}
Jun 30 09:31:45.240112 dv-cinder-793515-7-iscsi devstack@c-api.service[99706]: /usr/local/lib/python3.8/dist-packages/oslo_context/context.py:105: DeprecationWarning: Policy enforcement is depending on the value of is_admin. This key is deprecated. Please update your policy file to use the standard policy values.
Jun 30 09:31:45.240112 dv-cinder-793515-7-iscsi devstack@c-api.service[99706]: warnings.warn('Policy enforcement is depending on the value of '
Jun 30 09:31:45.247492 dv-cinder-793515-7-iscsi devstack@c-api.service[99706]: INFO cinder.volume.api [None req-d54e7ba5-c64a-4fa9-b30e-1cfc2d65ca37 tempest-VolumesServicesTestJSON-912445271 tempest-VolumesServicesTestJSON-912445271-project] Volume info retrieved successfully.
Jun 30 09:31:45.260912 dv-cinder-793515-7-iscsi devstack@c-api.service[99706]: INFO cinder.api.openstack.wsgi [None req-d54e7ba5-c64a-4fa9-b30e-1cfc2d65ca37 tempest-VolumesServicesTestJSON-912445271 tempest-VolumesServicesTestJSON-912445271-project] http://10.222.0.70/volume/v3/8b571a9f67a7454da41e6ed444c1cc19/volumes/8c7b83a0-a52c-41d6-8f49-8c841c1fd95e returned with HTTP 200
Jun 30 09:31:45.261635 dv-cinder-793515-7-iscsi devstack@c-api.service[99706]: [pid: 99706|app: 0|req: 175/359] 10.222.0.70 () {58 vars in 1325 bytes} [Wed Jun 30 09:31:45 2021] GET /volume/v3/8b571a9f67a7454da41e6ed444c1cc19/volumes/8c7b83a0-a52c-41d6-8f49-8c841c1fd95e => generated 915 bytes in 40 msecs (HTTP/1.1 200) 7 headers in 285 bytes (1 switches on core 0)
Jun 30 09:31:45.424518 dv-cinder-793515-7-iscsi devstack@c-api.service[99705]: INFO cinder.api.openstack.wsgi [None req-268aa0f6-cc50-4c8d-90f0-604e1c302669 tempest-VolumeQuotasAdminTestJSON-1821404803 tempest-VolumeQuotasAdminTestJSON-1821404803-project] GET http://10.222.0.70/volume/v3/62e9c9512c0a49f98a8eaffadc900a62/volumes/ed4e991a-34ba-4346-833f-f4287fd96d32
Jun 30 09:31:45.424880 dv-cinder-793515-7-iscsi devstack@c-api.service[99705]: DEBUG cinder.api.openstack.wsgi [None req-268aa0f6-cc50-4c8d-90f0-604e1c302669 tempest-VolumeQuotasAdminTestJSON-1821404803 tempest-VolumeQuotasAdminTestJSON-1821404803-project] Empty body provided in request {{(pid=99705) get_body /opt/stack/cinder/cinder/api/openstack/wsgi.py:713}}
Jun 30 09:31:45.425053 dv-cinder-793515-7-iscsi devstack@c-api.service[99705]: /usr/local/lib/python3.8/dist-packages/webob/acceptparse.py:1047: DeprecationWarning: The behavior of AcceptValidHeader.best_match is currently being maintained for backward compatibility, but it will be deprecated in the future, as it does not conform to the RFC.
Jun 30 09:31:45.425053 dv-cinder-793515-7-iscsi devstack@c-api.service[99705]: warnings.warn(
Jun 30 09:31:45.425404 dv-cinder-793515-7-iscsi devstack@c-api.service[99705]: DEBUG cinder.api.openstack.wsgi [None req-268aa0f6-cc50-4c8d-90f0-604e1c302669 tempest-VolumeQuotasAdminTestJSON-1821404803 tempest-VolumeQuotasAdminTestJSON-1821404803-project] Calling method 'show' {{(pid=99705) _process_stack /opt/stack/cinder/cinder/api/openstack/wsgi.py:866}}
Jun 30 09:31:45.440105 dv-cinder-793515-7-iscsi devstack@c-api.service[99705]: /usr/local/lib/python3.8/dist-packages/oslo_context/context.py:105: DeprecationWarning: Policy enforcement is depending on the value of is_admin. This key is deprecated. Please update your policy file to use the standard policy values.
Jun 30 09:31:45.440105 dv-cinder-793515-7-iscsi devstack@c-api.service[99705]: warnings.warn('Policy enforcement is depending on the value of '
Jun 30 09:31:45.447343 dv-cinder-793515-7-iscsi devstack@c-api.service[99705]: INFO cinder.volume.api [None req-268aa0f6-cc50-4c8d-90f0-604e1c302669 tempest-VolumeQuotasAdminTestJSON-1821404803 tempest-VolumeQuotasAdminTestJSON-1821404803-project] Volume info retrieved successfully.
Jun 30 09:31:45.461842 dv-cinder-793515-7-iscsi devstack@c-api.service[99705]: INFO cinder.api.openstack.wsgi [None req-268aa0f6-cc50-4c8d-90f0-604e1c302669 tempest-VolumeQuotasAdminTestJSON-1821404803 tempest-VolumeQuotasAdminTestJSON-1821404803-project] http://10.222.0.70/volume/v3/62e9c9512c0a49f98a8eaffadc900a62/volumes/ed4e991a-34ba-4346-833f-f4287fd96d32 returned with HTTP 200
Jun 30 09:31:45.462371 dv-cinder-793515-7-iscsi devstack@c-api.service[99705]: [pid: 99705|app: 0|req: 185/360] 10.222.0.70 () {58 vars in 1325 bytes} [Wed Jun 30 09:31:45 2021] GET /volume/v3/62e9c9512c0a49f98a8eaffadc900a62/volumes/ed4e991a-34ba-4346-833f-f4287fd96d32 => generated 916 bytes in 42 msecs (HTTP/1.1 200) 7 headers in 285 bytes (1 switches on core 0)
Jun 30 09:31:45.718561 dv-cinder-793515-7-iscsi devstack@c-api.service[99706]: INFO cinder.api.openstack.wsgi [None req-657630ec-d63f-47d2-9f97-66f0567b61ad tempest-VolumeTypesTest-1368638708 tempest-VolumeTypesTest-1368638708-project] GET http://10.222.0.70/volume/v3/66f82ae19d8b46cc93cf89024b031201/volumes/c153fa20-f1fb-4306-80d8-bbf0a003d115
Jun 30 09:31:45.718979 dv-cinder-793515-7-iscsi devstack@c-api.service[99706]: DEBUG cinder.api.openstack.wsgi [None req-657630ec-d63f-47d2-9f97-66f0567b61ad tempest-VolumeTypesTest-1368638708 tempest-VolumeTypesTest-1368638708-project] Empty body provided in request {{(pid=99706) get_body /opt/stack/cinder/cinder/api/openstack/wsgi.py:713}}
Jun 30 09:31:45.719160 dv-cinder-793515-7-iscsi devstack@c-api.service[99706]: /usr/local/lib/python3.8/dist-packages/webob/acceptparse.py:1047: DeprecationWarning: The behavior of AcceptValidHeader.best_match is currently being maintained for backward compatibility, but it will be deprecated in the future, as it does not conform to the RFC.
Jun 30 09:31:45.719160 dv-cinder-793515-7-iscsi devstack@c-api.service[99706]: warnings.warn(
Jun 30 09:31:45.719490 dv-cinder-793515-7-iscsi devstack@c-api.service[99706]: DEBUG cinder.api.openstack.wsgi [None req-657630ec-d63f-47d2-9f97-66f0567b61ad tempest-VolumeTypesTest-1368638708 tempest-VolumeTypesTest-1368638708-project] Calling method 'show' {{(pid=99706) _process_stack /opt/stack/cinder/cinder/api/openstack/wsgi.py:866}}
Jun 30 09:31:45.735368 dv-cinder-793515-7-iscsi devstack@c-api.service[99706]: /usr/local/lib/python3.8/dist-packages/oslo_context/context.py:105: DeprecationWarning: Policy enforcement is depending on the value of is_admin. This key is deprecated. Please update your policy file to use the standard policy values.
Jun 30 09:31:45.735368 dv-cinder-793515-7-iscsi devstack@c-api.service[99706]: warnings.warn('Policy enforcement is depending on the value of '
Jun 30 09:31:45.742428 dv-cinder-793515-7-iscsi devstack@c-api.service[99706]: INFO cinder.volume.api [None req-657630ec-d63f-47d2-9f97-66f0567b61ad tempest-VolumeTypesTest-1368638708 tempest-VolumeTypesTest-1368638708-project] Volume info retrieved successfully.
Jun 30 09:31:45.757285 dv-cinder-793515-7-iscsi devstack@c-api.service[99706]: INFO cinder.api.openstack.wsgi [None req-657630ec-d63f-47d2-9f97-66f0567b61ad tempest-VolumeTypesTest-1368638708 tempest-VolumeTypesTest-1368638708-project] http://10.222.0.70/volume/v3/66f82ae19d8b46cc93cf89024b031201/volumes/c153fa20-f1fb-4306-80d8-bbf0a003d115 returned with HTTP 200
Jun 30 09:31:45.758031 dv-cinder-793515-7-iscsi devstack@c-api.service[99706]: [pid: 99706|app: 0|req: 176/361] 10.222.0.70 () {58 vars in 1325 bytes} [Wed Jun 30 09:31:45 2021] GET /volume/v3/66f82ae19d8b46cc93cf89024b031201/volumes/c153fa20-f1fb-4306-80d8-bbf0a003d115 => generated 942 bytes in 43 msecs (HTTP/1.1 200) 7 headers in 285 bytes (1 switches on core 0)
Jun 30 09:31:45.831386 dv-cinder-793515-7-iscsi devstack@c-api.service[99705]: INFO cinder.api.openstack.wsgi [None req-05bcbb0b-b3ac-4ed9-8128-67e5308fe873 tempest-VolumesImageMetadata-998283808 tempest-VolumesImageMetadata-998283808-project] GET http://10.222.0.70/volume/v3/3742ea06e2dd4a1b98de64bbb4f74978/volumes/00f38b78-6b30-4216-9ed6-ccfb18402cc2
Jun 30 09:31:45.831925 dv-cinder-793515-7-iscsi devstack@c-api.service[99705]: DEBUG cinder.api.openstack.wsgi [None req-05bcbb0b-b3ac-4ed9-8128-67e5308fe873 tempest-VolumesImageMetadata-998283808 tempest-VolumesImageMetadata-998283808-project] Empty body provided in request {{(pid=99705) get_body /opt/stack/cinder/cinder/api/openstack/wsgi.py:713}}
Jun 30 09:31:45.832164 dv-cinder-793515-7-iscsi devstack@c-api.service[99705]: /usr/local/lib/python3.8/dist-packages/webob/acceptparse.py:1047: DeprecationWarning: The behavior of AcceptValidHeader.best_match is currently being maintained for backward compatibility, but it will be deprecated in the future, as it does not conform to the RFC.
Jun 30 09:31:45.832164 dv-cinder-793515-7-iscsi devstack@c-api.service[99705]: warnings.warn(
Jun 30 09:31:45.832600 dv-cinder-793515-7-iscsi devstack@c-api.service[99705]: DEBUG cinder.api.openstack.wsgi [None req-05bcbb0b-b3ac-4ed9-8128-67e5308fe873 tempest-VolumesImageMetadata-998283808 tempest-VolumesImageMetadata-998283808-project] Calling method 'show' {{(pid=99705) _process_stack /opt/stack/cinder/cinder/api/openstack/wsgi.py:866}}
Jun 30 09:31:45.845940 dv-cinder-793515-7-iscsi devstack@c-api.service[99705]: /usr/local/lib/python3.8/dist-packages/oslo_context/context.py:105: DeprecationWarning: Policy enforcement is depending on the value of is_admin. This key is deprecated. Please update your policy file to use the standard policy values.
Jun 30 09:31:45.845940 dv-cinder-793515-7-iscsi devstack@c-api.service[99705]: warnings.warn('Policy enforcement is depending on the value of '
Jun 30 09:31:45.852633 dv-cinder-793515-7-iscsi devstack@c-api.service[99706]: INFO cinder.api.openstack.wsgi [None req-ca94c382-a1d2-49e5-865c-85542e8c1c77 tempest-SnapshotsActionsTest-1673956482 tempest-SnapshotsActionsTest-1673956482-project] GET http://10.222.0.70/volume/v3/6a330b36e461413eb0f6a7676c44ec3a/snapshots/22608aff-cd06-469a-93a8-e5d0a33595f4
Jun 30 09:31:45.853116 dv-cinder-793515-7-iscsi devstack@c-api.service[99706]: DEBUG cinder.api.openstack.wsgi [None req-ca94c382-a1d2-49e5-865c-85542e8c1c77 tempest-SnapshotsActionsTest-1673956482 tempest-SnapshotsActionsTest-1673956482-project] Empty body provided in request {{(pid=99706) get_body /opt/stack/cinder/cinder/api/openstack/wsgi.py:713}}
Jun 30 09:31:45.853390 dv-cinder-793515-7-iscsi devstack@c-api.service[99706]: /usr/local/lib/python3.8/dist-packages/webob/acceptparse.py:1047: DeprecationWarning: The behavior of AcceptValidHeader.best_match is currently being maintained for backward compatibility, but it will be deprecated in the future, as it does not conform to the RFC.
Jun 30 09:31:45.853390 dv-cinder-793515-7-iscsi devstack@c-api.service[99706]: warnings.warn(
Jun 30 09:31:45.853833 dv-cinder-793515-7-iscsi devstack@c-api.service[99706]: DEBUG cinder.api.openstack.wsgi [None req-ca94c382-a1d2-49e5-865c-85542e8c1c77 tempest-SnapshotsActionsTest-1673956482 tempest-SnapshotsActionsTest-1673956482-project] Calling method 'show' {{(pid=99706) _process_stack /opt/stack/cinder/cinder/api/openstack/wsgi.py:866}}
Jun 30 09:31:45.853952 dv-cinder-793515-7-iscsi devstack@c-api.service[99705]: INFO cinder.volume.api [None req-05bcbb0b-b3ac-4ed9-8128-67e5308fe873 tempest-VolumesImageMetadata-998283808 tempest-VolumesImageMetadata-998283808-project] Volume info retrieved successfully.
Jun 30 09:31:45.863624 dv-cinder-793515-7-iscsi devstack@c-api.service[99706]: /usr/local/lib/python3.8/dist-packages/oslo_context/context.py:105: DeprecationWarning: Policy enforcement is depending on the value of is_admin. This key is deprecated. Please update your policy file to use the standard policy values.
