Jun 01 15:53:56.374617 dv-cinder-793515-3-smb devstack@c-api.service[98771]: DEBUG cinder.api.openstack.wsgi [None req-d8358edc-4af5-4a15-bfb2-27d6a3360d4f tempest-SnapshotsActionsTest-1914586594 tempest-SnapshotsActionsTest-1914586594-project] Empty body provided in request {{(pid=98771) get_body /opt/stack/cinder/cinder/api/openstack/wsgi.py:713}}
Jun 01 15:53:56.374839 dv-cinder-793515-3-smb devstack@c-api.service[98771]: /usr/local/lib/python3.8/dist-packages/webob/acceptparse.py:1047: DeprecationWarning: The behavior of AcceptValidHeader.best_match is currently being maintained for backward compatibility, but it will be deprecated in the future, as it does not conform to the RFC.
Jun 01 15:53:56.374839 dv-cinder-793515-3-smb devstack@c-api.service[98771]: warnings.warn(
Jun 01 15:53:56.375312 dv-cinder-793515-3-smb devstack@c-api.service[98771]: DEBUG cinder.api.openstack.wsgi [None req-d8358edc-4af5-4a15-bfb2-27d6a3360d4f tempest-SnapshotsActionsTest-1914586594 tempest-SnapshotsActionsTest-1914586594-project] Calling method 'show' {{(pid=98771) _process_stack /opt/stack/cinder/cinder/api/openstack/wsgi.py:866}}
Jun 01 15:53:56.379621 dv-cinder-793515-3-smb devstack@c-api.service[98772]: [pid: 98772|app: 0|req: 169/354] 10.222.0.60 () {60 vars in 1373 bytes} [Tue Jun 1 15:53:56 2021] POST /volume/v3/147475c0c8b9400abc3ab516a749c925/snapshots/b34169a2-9d5e-43a9-af1f-5828c4372baa/action => generated 0 bytes in 288 msecs (HTTP/1.1 202) 7 headers in 289 bytes (1 switches on core 0)
Jun 01 15:53:56.421857 dv-cinder-793515-3-smb devstack@c-api.service[98771]: /usr/local/lib/python3.8/dist-packages/oslo_context/context.py:105: DeprecationWarning: Policy enforcement is depending on the value of is_admin. This key is deprecated. Please update your policy file to use the standard policy values.
Jun 01 15:53:56.421857 dv-cinder-793515-3-smb devstack@c-api.service[98771]: warnings.warn('Policy enforcement is depending on the value of '
Jun 01 15:53:56.423828 dv-cinder-793515-3-smb devstack@c-api.service[98771]: INFO cinder.volume.api [None req-d8358edc-4af5-4a15-bfb2-27d6a3360d4f tempest-SnapshotsActionsTest-1914586594 tempest-SnapshotsActionsTest-1914586594-project] Snapshot retrieved successfully.
Jun 01 15:53:56.426119 dv-cinder-793515-3-smb devstack@c-api.service[98771]: INFO cinder.api.openstack.wsgi [None req-d8358edc-4af5-4a15-bfb2-27d6a3360d4f tempest-SnapshotsActionsTest-1914586594 tempest-SnapshotsActionsTest-1914586594-project] http://10.222.0.60/volume/v3/28b03cced7b24bc398788feb6f7f59d3/snapshots/b34169a2-9d5e-43a9-af1f-5828c4372baa returned with HTTP 200
Jun 01 15:53:56.431982 dv-cinder-793515-3-smb devstack@c-api.service[98771]: [pid: 98771|app: 0|req: 186/355] 10.222.0.60 () {58 vars in 1331 bytes} [Tue Jun 1 15:53:56 2021] GET /volume/v3/28b03cced7b24bc398788feb6f7f59d3/snapshots/b34169a2-9d5e-43a9-af1f-5828c4372baa => generated 567 bytes in 61 msecs (HTTP/1.1 200) 7 headers in 285 bytes (1 switches on core 0)
Jun 01 15:53:57.273202 dv-cinder-793515-3-smb devstack@c-api.service[98772]: INFO cinder.api.openstack.wsgi [None req-e029cee5-0752-4c93-a4a3-921024c6aad2 tempest-VolumeManageAdminTest-37379465 tempest-VolumeManageAdminTest-37379465-project] POST http://10.222.0.60/volume/v3/e6b95e257b584ae4b6ddde9c0811d76e/volumes
Jun 01 15:53:57.276767 dv-cinder-793515-3-smb devstack@c-api.service[98772]: /usr/local/lib/python3.8/dist-packages/webob/acceptparse.py:1047: DeprecationWarning: The behavior of AcceptValidHeader.best_match is currently being maintained for backward compatibility, but it will be deprecated in the future, as it does not conform to the RFC.
Jun 01 15:53:57.276767 dv-cinder-793515-3-smb devstack@c-api.service[98772]: warnings.warn(
Jun 01 15:53:57.277532 dv-cinder-793515-3-smb devstack@c-api.service[98772]: DEBUG cinder.api.openstack.wsgi [None req-e029cee5-0752-4c93-a4a3-921024c6aad2 tempest-VolumeManageAdminTest-37379465 tempest-VolumeManageAdminTest-37379465-project] Action: 'create', calling method: create, body: {"volume": {"size": 1, "name": "tempest-VolumeManageAdminTest-Volume-150216287"}} {{(pid=98772) _process_stack /opt/stack/cinder/cinder/api/openstack/wsgi.py:864}}
Jun 01 15:53:57.278698 dv-cinder-793515-3-smb devstack@c-api.service[98772]: DEBUG cinder.api.v3.volumes [None req-e029cee5-0752-4c93-a4a3-921024c6aad2 tempest-VolumeManageAdminTest-37379465 tempest-VolumeManageAdminTest-37379465-project] Create volume request body: {'volume': {'size': 1, 'name': 'tempest-VolumeManageAdminTest-Volume-150216287'}} {{(pid=98772) create /opt/stack/cinder/cinder/api/v3/volumes.py:289}}
Jun 01 15:53:57.279234 dv-cinder-793515-3-smb devstack@c-api.service[98772]: INFO cinder.api.v3.volumes [None req-e029cee5-0752-4c93-a4a3-921024c6aad2 tempest-VolumeManageAdminTest-37379465 tempest-VolumeManageAdminTest-37379465-project] Create volume of 1 GB
Jun 01 15:53:57.280245 dv-cinder-793515-3-smb devstack@c-api.service[98771]: INFO cinder.api.openstack.wsgi [None req-e2391404-7fd2-4c7c-84d5-a54f3869afd7 tempest-GroupSnapshotsTest-405674439 tempest-GroupSnapshotsTest-405674439-project] GET http://10.222.0.60/volume/v3/55cfc734b2004c898a4b5beac84e476d/volumes/0b119365-2104-4c7d-9d47-34ef655db3cb
Jun 01 15:53:57.280918 dv-cinder-793515-3-smb devstack@c-api.service[98771]: DEBUG cinder.api.openstack.wsgi [None req-e2391404-7fd2-4c7c-84d5-a54f3869afd7 tempest-GroupSnapshotsTest-405674439 tempest-GroupSnapshotsTest-405674439-project] Empty body provided in request {{(pid=98771) get_body /opt/stack/cinder/cinder/api/openstack/wsgi.py:713}}
Jun 01 15:53:57.281223 dv-cinder-793515-3-smb devstack@c-api.service[98771]: /usr/local/lib/python3.8/dist-packages/webob/acceptparse.py:1047: DeprecationWarning: The behavior of AcceptValidHeader.best_match is currently being maintained for backward compatibility, but it will be deprecated in the future, as it does not conform to the RFC.
Jun 01 15:53:57.281223 dv-cinder-793515-3-smb devstack@c-api.service[98771]: warnings.warn(
Jun 01 15:53:57.281723 dv-cinder-793515-3-smb devstack@c-api.service[98771]: DEBUG cinder.api.openstack.wsgi [None req-e2391404-7fd2-4c7c-84d5-a54f3869afd7 tempest-GroupSnapshotsTest-405674439 tempest-GroupSnapshotsTest-405674439-project] Calling method 'show' {{(pid=98771) _process_stack /opt/stack/cinder/cinder/api/openstack/wsgi.py:866}}
Jun 01 15:53:57.281948 dv-cinder-793515-3-smb devstack@c-api.service[98772]: /usr/local/lib/python3.8/dist-packages/oslo_context/context.py:105: DeprecationWarning: Policy enforcement is depending on the value of is_admin. This key is deprecated. Please update your policy file to use the standard policy values.
Jun 01 15:53:57.281948 dv-cinder-793515-3-smb devstack@c-api.service[98772]: warnings.warn('Policy enforcement is depending on the value of '
Jun 01 15:53:57.306451 dv-cinder-793515-3-smb devstack@c-api.service[98772]: INFO cinder.volume.api [None req-e029cee5-0752-4c93-a4a3-921024c6aad2 tempest-VolumeManageAdminTest-37379465 tempest-VolumeManageAdminTest-37379465-project] Availability Zones retrieved successfully.
Jun 01 15:53:57.333470 dv-cinder-793515-3-smb devstack@c-api.service[98772]: DEBUG cinder.volume.api [None req-e029cee5-0752-4c93-a4a3-921024c6aad2 tempest-VolumeManageAdminTest-37379465 tempest-VolumeManageAdminTest-37379465-project] Flow 'volume_create_api' (b88fd24e-42c5-4f8a-ae14-4ac7ec51fe50) transitioned into state 'RUNNING' from state 'PENDING' {{(pid=98772) _flow_receiver /usr/local/lib/python3.8/dist-packages/taskflow/listeners/logging.py:141}}
Jun 01 15:53:57.336576 dv-cinder-793515-3-smb devstack@c-api.service[98771]: /usr/local/lib/python3.8/dist-packages/oslo_context/context.py:105: DeprecationWarning: Policy enforcement is depending on the value of is_admin. This key is deprecated. Please update your policy file to use the standard policy values.
Jun 01 15:53:57.336576 dv-cinder-793515-3-smb devstack@c-api.service[98771]: warnings.warn('Policy enforcement is depending on the value of '
Jun 01 15:53:57.338449 dv-cinder-793515-3-smb devstack@c-api.service[98772]: DEBUG cinder.volume.api [None req-e029cee5-0752-4c93-a4a3-921024c6aad2 tempest-VolumeManageAdminTest-37379465 tempest-VolumeManageAdminTest-37379465-project] Task 'cinder.volume.flows.api.create_volume.ExtractVolumeRequestTask;volume:create' (d4e4f97a-32d9-4436-96c2-e2497c9a554e) transitioned into state 'RUNNING' from state 'PENDING' {{(pid=98772) _task_receiver /usr/local/lib/python3.8/dist-packages/taskflow/listeners/logging.py:190}}
Jun 01 15:53:57.340974 dv-cinder-793515-3-smb devstack@c-api.service[98772]: DEBUG cinder.volume.flows.api.create_volume [None req-e029cee5-0752-4c93-a4a3-921024c6aad2 tempest-VolumeManageAdminTest-37379465 tempest-VolumeManageAdminTest-37379465-project] Validating volume size '1' using validate_int {{(pid=98772) _extract_size /opt/stack/cinder/cinder/volume/flows/api/create_volume.py:201}}
Jun 01 15:53:57.345451 dv-cinder-793515-3-smb devstack@c-api.service[98771]: INFO cinder.volume.api [None req-e2391404-7fd2-4c7c-84d5-a54f3869afd7 tempest-GroupSnapshotsTest-405674439 tempest-GroupSnapshotsTest-405674439-project] Volume info retrieved successfully.
Jun 01 15:53:57.360582 dv-cinder-793515-3-smb devstack@c-api.service[98771]: WARNING stevedore.named [None req-e2391404-7fd2-4c7c-84d5-a54f3869afd7 tempest-GroupSnapshotsTest-405674439 tempest-GroupSnapshotsTest-405674439-project] Could not load cinder.keymgr.conf_key_mgr.ConfKeyManager
Jun 01 15:53:57.361154 dv-cinder-793515-3-smb devstack@c-api.service[98771]: WARNING castellan.key_manager [None req-e2391404-7fd2-4c7c-84d5-a54f3869afd7 tempest-GroupSnapshotsTest-405674439 tempest-GroupSnapshotsTest-405674439-project] Deprecation Warning : cinder.keymgr.conf_key_mgr.ConfKeyManager is not a stevedore based driver, trying to load it as a class: stevedore.exception.NoMatches: No 'castellan.drivers' driver found, looking for 'cinder.keymgr.conf_key_mgr.ConfKeyManager'
Jun 01 15:53:57.369265 dv-cinder-793515-3-smb devstack@c-api.service[98771]: DEBUG oslo_db.sqlalchemy.engines [None req-e2391404-7fd2-4c7c-84d5-a54f3869afd7 tempest-GroupSnapshotsTest-405674439 tempest-GroupSnapshotsTest-405674439-project] MySQL server mode set to STRICT_TRANS_TABLES,STRICT_ALL_TABLES,NO_ZERO_IN_DATE,NO_ZERO_DATE,ERROR_FOR_DIVISION_BY_ZERO,TRADITIONAL,NO_ENGINE_SUBSTITUTION {{(pid=98771) _check_effective_sql_mode /usr/local/lib/python3.8/dist-packages/oslo_db/sqlalchemy/engines.py:314}}
Jun 01 15:53:57.392510 dv-cinder-793515-3-smb devstack@c-api.service[98771]: /usr/local/lib/python3.8/dist-packages/oslo_context/context.py:105: DeprecationWarning: Policy enforcement is depending on the value of is_admin. This key is deprecated. Please update your policy file to use the standard policy values.
Jun 01 15:53:57.392510 dv-cinder-793515-3-smb devstack@c-api.service[98771]: warnings.warn('Policy enforcement is depending on the value of '
Jun 01 15:53:57.436294 dv-cinder-793515-3-smb devstack@c-api.service[98771]: INFO cinder.api.openstack.wsgi [None req-e2391404-7fd2-4c7c-84d5-a54f3869afd7 tempest-GroupSnapshotsTest-405674439 tempest-GroupSnapshotsTest-405674439-project] http://10.222.0.60/volume/v3/55cfc734b2004c898a4b5beac84e476d/volumes/0b119365-2104-4c7d-9d47-34ef655db3cb returned with HTTP 200
Jun 01 15:53:57.438839 dv-cinder-793515-3-smb devstack@c-api.service[98771]: [pid: 98771|app: 0|req: 187/356] 10.222.0.60 () {60 vars in 1366 bytes} [Tue Jun 1 15:53:57 2021] GET /volume/v3/55cfc734b2004c898a4b5beac84e476d/volumes/0b119365-2104-4c7d-9d47-34ef655db3cb => generated 999 bytes in 163 msecs (HTTP/1.1 200) 7 headers in 286 bytes (2 switches on core 0)
Jun 01 15:53:57.450787 dv-cinder-793515-3-smb devstack@c-api.service[98771]: INFO cinder.api.openstack.wsgi [None req-fb49996f-6b4a-4933-8353-e9d6ee9d4245 tempest-SnapshotsActionsTest-1914586594 tempest-SnapshotsActionsTest-1914586594-project] GET http://10.222.0.60/volume/v3/28b03cced7b24bc398788feb6f7f59d3/snapshots/b34169a2-9d5e-43a9-af1f-5828c4372baa
Jun 01 15:53:57.451298 dv-cinder-793515-3-smb devstack@c-api.service[98771]: DEBUG cinder.api.openstack.wsgi [None req-fb49996f-6b4a-4933-8353-e9d6ee9d4245 tempest-SnapshotsActionsTest-1914586594 tempest-SnapshotsActionsTest-1914586594-project] Empty body provided in request {{(pid=98771) get_body /opt/stack/cinder/cinder/api/openstack/wsgi.py:713}}
Jun 01 15:53:57.451442 dv-cinder-793515-3-smb devstack@c-api.service[98772]: DEBUG cinder.volume.api [None req-e029cee5-0752-4c93-a4a3-921024c6aad2 tempest-VolumeManageAdminTest-37379465 tempest-VolumeManageAdminTest-37379465-project] Task 'cinder.volume.flows.api.create_volume.ExtractVolumeRequestTask;volume:create' (d4e4f97a-32d9-4436-96c2-e2497c9a554e) transitioned into state 'SUCCESS' from state 'RUNNING' with result '{'size': 1, 'snapshot_id': None, 'source_volid': None, 'volume_type': VolumeType(created_at=2021-06-01T15:43:38Z,deleted=False,deleted_at=None,description='Default Volume Type',extra_specs={},id=4f7a5565-0641-4009-89d3-3ff175aebdc5,is_public=True,name='__DEFAULT__',projects=[],qos_specs=,qos_specs_id=None,updated_at=2021-06-01T15:43:38Z), 'volume_type_id': '4f7a5565-0641-4009-89d3-3ff175aebdc5', 'encryption_key_id': None, 'qos_specs': None, 'consistencygroup_id': None, 'cgsnapshot_id': None, 'group_id': None, 'replication_status': 'disabled', 'refresh_az': False, 'backup_id': None, 'multiattach': False, 'availability_zones': ['nova']}' {{(pid=98772) _task_receiver /usr/local/lib/python3.8/dist-packages/taskflow/listeners/logging.py:178}}
Jun 01 15:53:57.451561 dv-cinder-793515-3-smb devstack@c-api.service[98771]: /usr/local/lib/python3.8/dist-packages/webob/acceptparse.py:1047: DeprecationWarning: The behavior of AcceptValidHeader.best_match is currently being maintained for backward compatibility, but it will be deprecated in the future, as it does not conform to the RFC.
Jun 01 15:53:57.451561 dv-cinder-793515-3-smb devstack@c-api.service[98771]: warnings.warn(
Jun 01 15:53:57.453748 dv-cinder-793515-3-smb devstack@c-api.service[98772]: DEBUG cinder.volume.api [None req-e029cee5-0752-4c93-a4a3-921024c6aad2 tempest-VolumeManageAdminTest-37379465 tempest-VolumeManageAdminTest-37379465-project] Task 'cinder.volume.flows.api.create_volume.QuotaReserveTask;volume:create' (89f80aef-4756-45f5-a59c-becd9fb9ad56) transitioned into state 'RUNNING' from state 'PENDING' {{(pid=98772) _task_receiver /usr/local/lib/python3.8/dist-packages/taskflow/listeners/logging.py:190}}
Jun 01 15:53:57.458451 dv-cinder-793515-3-smb devstack@c-api.service[98771]: DEBUG cinder.api.openstack.wsgi [None req-fb49996f-6b4a-4933-8353-e9d6ee9d4245 tempest-SnapshotsActionsTest-1914586594 tempest-SnapshotsActionsTest-1914586594-project] Calling method 'show' {{(pid=98771) _process_stack /opt/stack/cinder/cinder/api/openstack/wsgi.py:866}}
Jun 01 15:53:57.487045 dv-cinder-793515-3-smb devstack@c-api.service[98771]: INFO cinder.api.openstack.wsgi [None req-fb49996f-6b4a-4933-8353-e9d6ee9d4245 tempest-SnapshotsActionsTest-1914586594 tempest-SnapshotsActionsTest-1914586594-project] http://10.222.0.60/volume/v3/28b03cced7b24bc398788feb6f7f59d3/snapshots/b34169a2-9d5e-43a9-af1f-5828c4372baa returned with HTTP 404
Jun 01 15:53:57.490666 dv-cinder-793515-3-smb devstack@c-api.service[98771]: [pid: 98771|app: 0|req: 188/357] 10.222.0.60 () {58 vars in 1331 bytes} [Tue Jun 1 15:53:57 2021] GET /volume/v3/28b03cced7b24bc398788feb6f7f59d3/snapshots/b34169a2-9d5e-43a9-af1f-5828c4372baa => generated 111 bytes in 51 msecs (HTTP/1.1 404) 7 headers in 292 bytes (1 switches on core 0)
Jun 01 15:53:57.498432 dv-cinder-793515-3-smb devstack@c-api.service[98771]: INFO cinder.api.openstack.wsgi [None req-069e01cd-6804-4d6a-b10a-84416d18e13f tempest-GroupSnapshotsTest-405674439 tempest-GroupSnapshotsTest-405674439-project] POST http://10.222.0.60/volume/v3/55cfc734b2004c898a4b5beac84e476d/group_snapshots
Jun 01 15:53:57.499204 dv-cinder-793515-3-smb devstack@c-api.service[98771]: DEBUG cinder.api.openstack.wsgi [None req-069e01cd-6804-4d6a-b10a-84416d18e13f tempest-GroupSnapshotsTest-405674439 tempest-GroupSnapshotsTest-405674439-project] Action: 'create', calling method: version_select, body: {"group_snapshot": {"group_id": "fcb2377f-4698-4917-9de1-09f1844f8718", "name": "tempest-group_snapshot-1823738820"}} {{(pid=98771) _process_stack /opt/stack/cinder/cinder/api/openstack/wsgi.py:864}}
Jun 01 15:53:57.500111 dv-cinder-793515-3-smb devstack@c-api.service[98771]: DEBUG cinder.api.v3.group_snapshots [None req-069e01cd-6804-4d6a-b10a-84416d18e13f tempest-GroupSnapshotsTest-405674439 tempest-GroupSnapshotsTest-405674439-project] Creating new group_snapshot {'group_snapshot': {'group_id': 'fcb2377f-4698-4917-9de1-09f1844f8718', 'name': 'tempest-group_snapshot-1823738820'}} {{(pid=98771) create /opt/stack/cinder/cinder/api/v3/group_snapshots.py:154}}
Jun 01 15:53:57.507219 dv-cinder-793515-3-smb devstack@c-api.service[98771]: /usr/local/lib/python3.8/dist-packages/oslo_context/context.py:105: DeprecationWarning: Policy enforcement is depending on the value of is_admin. This key is deprecated. Please update your policy file to use the standard policy values.
Jun 01 15:53:57.507219 dv-cinder-793515-3-smb devstack@c-api.service[98771]: warnings.warn('Policy enforcement is depending on the value of '
Jun 01 15:53:57.518988 dv-cinder-793515-3-smb devstack@c-api.service[98771]: INFO cinder.api.v3.group_snapshots [None req-069e01cd-6804-4d6a-b10a-84416d18e13f tempest-GroupSnapshotsTest-405674439 tempest-GroupSnapshotsTest-405674439-project] Creating group_snapshot tempest-group_snapshot-1823738820.
Jun 01 15:53:57.581065 dv-cinder-793515-3-smb devstack@c-api.service[98771]: /usr/local/lib/python3.8/dist-packages/oslo_context/context.py:105: DeprecationWarning: Policy enforcement is depending on the value of is_admin. This key is deprecated. Please update your policy file to use the standard policy values.
Jun 01 15:53:57.581065 dv-cinder-793515-3-smb devstack@c-api.service[98771]: warnings.warn('Policy enforcement is depending on the value of '
Jun 01 15:53:57.635536 dv-cinder-793515-3-smb devstack@c-api.service[98772]: DEBUG cinder.quota [None req-e029cee5-0752-4c93-a4a3-921024c6aad2 tempest-VolumeManageAdminTest-37379465 tempest-VolumeManageAdminTest-37379465-project] Created reservations ['113f811d-43ec-4ff7-8c89-b677b73c8dd8', 'c8537281-4d89-49a1-9c42-06dd2e6e1301', '1ac50bb8-a2ba-4989-a8d6-b588866c82e2', '1b81db37-557a-48a5-befd-8392e9e84368'] {{(pid=98772) reserve /opt/stack/cinder/cinder/quota.py:755}}
Jun 01 15:53:57.637293 dv-cinder-793515-3-smb devstack@c-api.service[98772]: DEBUG cinder.volume.api [None req-e029cee5-0752-4c93-a4a3-921024c6aad2 tempest-VolumeManageAdminTest-37379465 tempest-VolumeManageAdminTest-37379465-project] Task 'cinder.volume.flows.api.create_volume.QuotaReserveTask;volume:create' (89f80aef-4756-45f5-a59c-becd9fb9ad56) transitioned into state 'SUCCESS' from state 'RUNNING' with result '{'reservations': ['113f811d-43ec-4ff7-8c89-b677b73c8dd8', 'c8537281-4d89-49a1-9c42-06dd2e6e1301', '1ac50bb8-a2ba-4989-a8d6-b588866c82e2', '1b81db37-557a-48a5-befd-8392e9e84368']}' {{(pid=98772) _task_receiver /usr/local/lib/python3.8/dist-packages/taskflow/listeners/logging.py:178}}
Jun 01 15:53:57.639969 dv-cinder-793515-3-smb devstack@c-api.service[98772]: DEBUG cinder.volume.api [None req-e029cee5-0752-4c93-a4a3-921024c6aad2 tempest-VolumeManageAdminTest-37379465 tempest-VolumeManageAdminTest-37379465-project] Task 'cinder.volume.flows.api.create_volume.EntryCreateTask;volume:create' (3c1c19d6-e498-4fa3-9a0c-3128d3dce756) transitioned into state 'RUNNING' from state 'PENDING' {{(pid=98772) _task_receiver /usr/local/lib/python3.8/dist-packages/taskflow/listeners/logging.py:190}}
Jun 01 15:53:57.665425 dv-cinder-793515-3-smb devstack@c-api.service[98771]: WARNING cinder.quota [None req-069e01cd-6804-4d6a-b10a-84416d18e13f tempest-GroupSnapshotsTest-405674439 tempest-GroupSnapshotsTest-405674439-project] Deprecated: Default quota for resource: snapshots_tempest-GroupSnapshotsTest-volume-type-44988770 is set by the default quota flag: quota_snapshots_tempest-GroupSnapshotsTest-volume-type-44988770, it is now deprecated. Please use the default quota class for default quota.
Jun 01 15:53:57.732397 dv-cinder-793515-3-smb devstack@c-api.service[98771]: DEBUG cinder.quota [None req-069e01cd-6804-4d6a-b10a-84416d18e13f tempest-GroupSnapshotsTest-405674439 tempest-GroupSnapshotsTest-405674439-project] Created reservations ['9eef0ea0-482d-404d-b96c-a1cfd35b0165', 'f96b66d1-eaa9-435e-8afb-5a227fbd4469', '0b21b4cf-e912-42b5-9d7e-1a08da99cf7c', '0b5c5944-fb61-4b6f-9aac-4c60b4d09037'] {{(pid=98771) reserve /opt/stack/cinder/cinder/quota.py:755}}
Jun 01 15:53:57.743855 dv-cinder-793515-3-smb devstack@c-api.service[98772]: DEBUG cinder.volume.api [None req-e029cee5-0752-4c93-a4a3-921024c6aad2 tempest-VolumeManageAdminTest-37379465 tempest-VolumeManageAdminTest-37379465-project] Task 'cinder.volume.flows.api.create_volume.EntryCreateTask;volume:create' (3c1c19d6-e498-4fa3-9a0c-3128d3dce756) transitioned into state 'SUCCESS' from state 'RUNNING' with result '{'volume_id': '892cef30-9c71-46c8-9e96-97e32defa5b4', 'volume_properties': VolumeProperties(attach_status='detached',availability_zone='nova',cgsnapshot_id=None,consistencygroup_id=None,display_description=None,display_name='tempest-VolumeManageAdminTest-Volume-150216287',encryption_key_id=None,group_id=None,group_type_id=,metadata={},multiattach=False,project_id='e6b95e257b584ae4b6ddde9c0811d76e',qos_specs=None,replication_status=,reservations=['113f811d-43ec-4ff7-8c89-b677b73c8dd8','c8537281-4d89-49a1-9c42-06dd2e6e1301','1ac50bb8-a2ba-4989-a8d6-b588866c82e2','1b81db37-557a-48a5-befd-8392e9e84368'],size=1,snapshot_id=None,source_replicaid=,source_volid=None,status='creating',user_id='e3b774047a9945c8a580763462686b94',volume_type_id=4f7a5565-0641-4009-89d3-3ff175aebdc5), 'volume': Volume(_name_id=None,admin_metadata=,attach_status='detached',availability_zone='nova',bootable=False,cluster=,cluster_name=None,consistencygroup=,consistencygroup_id=None,created_at=2021-06-01T15:53:57Z,deleted=False,deleted_at=None,display_description=None,display_name='tempest-VolumeManageAdminTest-Volume-150216287',ec2_id=None,encryption_key_id=None,glance_metadata=,group=,group_id=None,host=None,id=892cef30-9c71-46c8-9e96-97e32defa5b4,launched_at=None,metadata={},migration_status=None,multiattach=False,previous_status=None,project_id='e6b95e257b584ae4b6ddde9c0811d76e',provider_auth=None,provider_geometry=None,provider_id=None,provider_location=None,replication_driver_data=None,replication_extended_status=None,replication_status=None,scheduled_at=None,service_uuid=None,shared_targets=True,size=1,snapshot_id=None,snapshots=,source_volid=None,status='creating',terminated_at=None,updated_at=None,user_id='e3b774047a9945c8a580763462686b94',volume_attachment=,volume_type=VolumeType(4f7a5565-0641-4009-89d3-3ff175aebdc5),volume_type_id=4f7a5565-0641-4009-89d3-3ff175aebdc5)}' {{(pid=98772) _task_receiver /usr/local/lib/python3.8/dist-packages/taskflow/listeners/logging.py:178}}
Jun 01 15:53:57.745754 dv-cinder-793515-3-smb devstack@c-api.service[98772]: DEBUG cinder.volume.api [None req-e029cee5-0752-4c93-a4a3-921024c6aad2 tempest-VolumeManageAdminTest-37379465 tempest-VolumeManageAdminTest-37379465-project] Task 'cinder.volume.flows.api.create_volume.QuotaCommitTask;volume:create' (18553ae1-0d07-4fe0-91f2-bea6e300ea68) transitioned into state 'RUNNING' from state 'PENDING' {{(pid=98772) _task_receiver /usr/local/lib/python3.8/dist-packages/taskflow/listeners/logging.py:190}}
Jun 01 15:53:57.779291 dv-cinder-793515-3-smb devstack@c-api.service[98772]: DEBUG cinder.volume.api [None req-e029cee5-0752-4c93-a4a3-921024c6aad2 tempest-VolumeManageAdminTest-37379465 tempest-VolumeManageAdminTest-37379465-project] Task 'cinder.volume.flows.api.create_volume.QuotaCommitTask;volume:create' (18553ae1-0d07-4fe0-91f2-bea6e300ea68) transitioned into state 'SUCCESS' from state 'RUNNING' with result '{'volume_properties': VolumeProperties(attach_status='detached',availability_zone='nova',cgsnapshot_id=None,consistencygroup_id=None,display_description=None,display_name='tempest-VolumeManageAdminTest-Volume-150216287',encryption_key_id=None,group_id=None,group_type_id=,metadata={},multiattach=False,project_id='e6b95e257b584ae4b6ddde9c0811d76e',qos_specs=None,replication_status=,reservations=['113f811d-43ec-4ff7-8c89-b677b73c8dd8','c8537281-4d89-49a1-9c42-06dd2e6e1301','1ac50bb8-a2ba-4989-a8d6-b588866c82e2','1b81db37-557a-48a5-befd-8392e9e84368'],size=1,snapshot_id=None,source_replicaid=,source_volid=None,status='creating',user_id='e3b774047a9945c8a580763462686b94',volume_type_id=4f7a5565-0641-4009-89d3-3ff175aebdc5)}' {{(pid=98772) _task_receiver /usr/local/lib/python3.8/dist-packages/taskflow/listeners/logging.py:178}}
Jun 01 15:53:57.782663 dv-cinder-793515-3-smb devstack@c-api.service[98772]: DEBUG cinder.volume.api [None req-e029cee5-0752-4c93-a4a3-921024c6aad2 tempest-VolumeManageAdminTest-37379465 tempest-VolumeManageAdminTest-37379465-project] Task 'cinder.volume.flows.api.create_volume.VolumeCastTask;volume:create' (affbf061-1216-442e-8193-265957310115) transitioned into state 'RUNNING' from state 'PENDING' {{(pid=98772) _task_receiver /usr/local/lib/python3.8/dist-packages/taskflow/listeners/logging.py:190}}
Jun 01 15:53:57.806584 dv-cinder-793515-3-smb devstack@c-api.service[98772]: DEBUG cinder.volume.api [None req-e029cee5-0752-4c93-a4a3-921024c6aad2 tempest-VolumeManageAdminTest-37379465 tempest-VolumeManageAdminTest-37379465-project] Task 'cinder.volume.flows.api.create_volume.VolumeCastTask;volume:create' (affbf061-1216-442e-8193-265957310115) transitioned into state 'SUCCESS' from state 'RUNNING' with result 'None' {{(pid=98772) _task_receiver /usr/local/lib/python3.8/dist-packages/taskflow/listeners/logging.py:178}}
Jun 01 15:53:57.808021 dv-cinder-793515-3-smb devstack@c-api.service[98772]: DEBUG cinder.volume.api [None req-e029cee5-0752-4c93-a4a3-921024c6aad2 tempest-VolumeManageAdminTest-37379465 tempest-VolumeManageAdminTest-37379465-project] Flow 'volume_create_api' (b88fd24e-42c5-4f8a-ae14-4ac7ec51fe50) transitioned into state 'SUCCESS' from state 'RUNNING' {{(pid=98772) _flow_receiver /usr/local/lib/python3.8/dist-packages/taskflow/listeners/logging.py:141}}
Jun 01 15:53:57.808730 dv-cinder-793515-3-smb devstack@c-api.service[98772]: INFO cinder.volume.api [None req-e029cee5-0752-4c93-a4a3-921024c6aad2 tempest-VolumeManageAdminTest-37379465 tempest-VolumeManageAdminTest-37379465-project] Create volume request issued successfully.
Jun 01 15:53:57.836108 dv-cinder-793515-3-smb devstack@c-api.service[98772]: INFO cinder.api.openstack.wsgi [None req-e029cee5-0752-4c93-a4a3-921024c6aad2 tempest-VolumeManageAdminTest-37379465 tempest-VolumeManageAdminTest-37379465-project] http://10.222.0.60/volume/v3/e6b95e257b584ae4b6ddde9c0811d76e/volumes returned with HTTP 202
Jun 01 15:53:57.842212 dv-cinder-793515-3-smb devstack@c-api.service[98772]: [pid: 98772|app: 0|req: 170/358] 10.222.0.60 () {60 vars in 1235 bytes} [Tue Jun 1 15:53:57 2021] POST /volume/v3/e6b95e257b584ae4b6ddde9c0811d76e/volumes => generated 820 bytes in 810 msecs (HTTP/1.1 202) 7 headers in 291 bytes (1 switches on core 0)
Jun 01 15:53:57.852142 dv-cinder-793515-3-smb devstack@c-api.service[98772]: INFO cinder.api.openstack.wsgi [None req-b660d345-b359-4a6b-9878-7a4d43addefb tempest-SnapshotsActionsTest-1362859697 tempest-SnapshotsActionsTest-1362859697-project-admin] POST http://10.222.0.60/volume/v3/147475c0c8b9400abc3ab516a749c925/snapshots/666c700b-c9ca-4e2b-8dd0-9c5a562986d5/action
Jun 01 15:53:57.852667 dv-cinder-793515-3-smb devstack@c-api.service[98772]: /usr/local/lib/python3.8/dist-packages/webob/acceptparse.py:1047: DeprecationWarning: The behavior of AcceptValidHeader.best_match is currently being maintained for backward compatibility, but it will be deprecated in the future, as it does not conform to the RFC.
Jun 01 15:53:57.852667 dv-cinder-793515-3-smb devstack@c-api.service[98772]: warnings.warn(
Jun 01 15:53:57.853261 dv-cinder-793515-3-smb devstack@c-api.service[98772]: DEBUG cinder.api.openstack.wsgi [None req-b660d345-b359-4a6b-9878-7a4d43addefb tempest-SnapshotsActionsTest-1362859697 tempest-SnapshotsActionsTest-1362859697-project-admin] Action body: b'{"os-reset_status": {"status": "available"}}' {{(pid=98772) get_method /opt/stack/cinder/cinder/api/openstack/wsgi.py:981}}
Jun 01 15:53:57.853746 dv-cinder-793515-3-smb devstack@c-api.service[98772]: DEBUG cinder.api.openstack.wsgi [None req-b660d345-b359-4a6b-9878-7a4d43addefb tempest-SnapshotsActionsTest-1362859697 tempest-SnapshotsActionsTest-1362859697-project-admin] Action: 'action', calling method: _reset_status, body: {"os-reset_status": {"status": "available"}} {{(pid=98772) _process_stack /opt/stack/cinder/cinder/api/openstack/wsgi.py:864}}
Jun 01 15:53:57.854784 dv-cinder-793515-3-smb devstack@c-api.service[98772]: DEBUG cinder.api.contrib.admin_actions [None req-b660d345-b359-4a6b-9878-7a4d43addefb tempest-SnapshotsActionsTest-1362859697 tempest-SnapshotsActionsTest-1362859697-project-admin] Updating snapshot '666c700b-c9ca-4e2b-8dd0-9c5a562986d5' with '{'status': 'available'}' {{(pid=98772) _reset_status /opt/stack/cinder/cinder/api/contrib/admin_actions.py:100}}
Jun 01 15:53:57.868506 dv-cinder-793515-3-smb devstack@c-api.service[98771]: INFO cinder.api.openstack.wsgi [None req-069e01cd-6804-4d6a-b10a-84416d18e13f tempest-GroupSnapshotsTest-405674439 tempest-GroupSnapshotsTest-405674439-project] http://10.222.0.60/volume/v3/55cfc734b2004c898a4b5beac84e476d/group_snapshots returned with HTTP 202
Jun 01 15:53:57.869771 dv-cinder-793515-3-smb devstack@c-api.service[98771]: [pid: 98771|app: 0|req: 189/359] 10.222.0.60 () {62 vars in 1301 bytes} [Tue Jun 1 15:53:57 2021] POST /volume/v3/55cfc734b2004c898a4b5beac84e476d/group_snapshots => generated 168 bytes in 379 msecs (HTTP/1.1 202) 7 headers in 292 bytes (1 switches on core 0)
Jun 01 15:53:57.877265 dv-cinder-793515-3-smb devstack@c-api.service[98771]: INFO cinder.api.openstack.wsgi [None req-b5de1ec6-3d83-40da-b87e-c313c0f378be tempest-VolumeManageAdminTest-37379465 tempest-VolumeManageAdminTest-37379465-project] GET http://10.222.0.60/volume/v3/e6b95e257b584ae4b6ddde9c0811d76e/volumes/892cef30-9c71-46c8-9e96-97e32defa5b4
Jun 01 15:53:57.880473 dv-cinder-793515-3-smb devstack@c-api.service[98771]: DEBUG cinder.api.openstack.wsgi [None req-b5de1ec6-3d83-40da-b87e-c313c0f378be tempest-VolumeManageAdminTest-37379465 tempest-VolumeManageAdminTest-37379465-project] Empty body provided in request {{(pid=98771) get_body /opt/stack/cinder/cinder/api/openstack/wsgi.py:713}}
Jun 01 15:53:57.880691 dv-cinder-793515-3-smb devstack@c-api.service[98771]: /usr/local/lib/python3.8/dist-packages/webob/acceptparse.py:1047: DeprecationWarning: The behavior of AcceptValidHeader.best_match is currently being maintained for backward compatibility, but it will be deprecated in the future, as it does not conform to the RFC.
Jun 01 15:53:57.880691 dv-cinder-793515-3-smb devstack@c-api.service[98771]: warnings.warn(
Jun 01 15:53:57.882301 dv-cinder-793515-3-smb devstack@c-api.service[98771]: DEBUG cinder.api.openstack.wsgi [None req-b5de1ec6-3d83-40da-b87e-c313c0f378be tempest-VolumeManageAdminTest-37379465 tempest-VolumeManageAdminTest-37379465-project] Calling method 'show' {{(pid=98771) _process_stack /opt/stack/cinder/cinder/api/openstack/wsgi.py:866}}
Jun 01 15:53:57.949590 dv-cinder-793515-3-smb devstack@c-api.service[98772]: /usr/local/lib/python3.8/dist-packages/oslo_context/context.py:105: DeprecationWarning: Policy enforcement is depending on the value of is_admin. This key is deprecated. Please update your policy file to use the standard policy values.
Jun 01 15:53:57.949590 dv-cinder-793515-3-smb devstack@c-api.service[98772]: warnings.warn('Policy enforcement is depending on the value of '
Jun 01 15:53:57.969558 dv-cinder-793515-3-smb devstack@c-api.service[98771]: /usr/local/lib/python3.8/dist-packages/oslo_context/context.py:105: DeprecationWarning: Policy enforcement is depending on the value of is_admin. This key is deprecated. Please update your policy file to use the standard policy values.
Jun 01 15:53:57.969558 dv-cinder-793515-3-smb devstack@c-api.service[98771]: warnings.warn('Policy enforcement is depending on the value of '
Jun 01 15:53:57.998380 dv-cinder-793515-3-smb devstack@c-api.service[98771]: INFO cinder.volume.api [None req-b5de1ec6-3d83-40da-b87e-c313c0f378be tempest-VolumeManageAdminTest-37379465 tempest-VolumeManageAdminTest-37379465-project] Volume info retrieved successfully.
Jun 01 15:53:58.027900 dv-cinder-793515-3-smb devstack@c-api.service[98772]: INFO cinder.api.openstack.wsgi [None req-b660d345-b359-4a6b-9878-7a4d43addefb tempest-SnapshotsActionsTest-1362859697 tempest-SnapshotsActionsTest-1362859697-project-admin] http://10.222.0.60/volume/v3/147475c0c8b9400abc3ab516a749c925/snapshots/666c700b-c9ca-4e2b-8dd0-9c5a562986d5/action returned with HTTP 202
Jun 01 15:53:58.032175 dv-cinder-793515-3-smb devstack@c-api.service[98772]: [pid: 98772|app: 0|req: 171/360] 10.222.0.60 () {60 vars in 1373 bytes} [Tue Jun 1 15:53:57 2021] POST /volume/v3/147475c0c8b9400abc3ab516a749c925/snapshots/666c700b-c9ca-4e2b-8dd0-9c5a562986d5/action => generated 0 bytes in 194 msecs (HTTP/1.1 202) 7 headers in 289 bytes (1 switches on core 0)
Jun 01 15:53:58.053751 dv-cinder-793515-3-smb devstack@c-api.service[98772]: INFO cinder.api.openstack.wsgi [None req-b65b91f1-59c1-4561-b1cc-1655a7787b6c tempest-GroupSnapshotsTest-405674439 tempest-GroupSnapshotsTest-405674439-project] GET http://10.222.0.60/volume/v3/55cfc734b2004c898a4b5beac84e476d/group_snapshots/6f0a6de1-0eeb-46f2-9586-19d4a3d37d8f
Jun 01 15:53:58.054282 dv-cinder-793515-3-smb devstack@c-api.service[98772]: DEBUG cinder.api.openstack.wsgi [None req-b65b91f1-59c1-4561-b1cc-1655a7787b6c tempest-GroupSnapshotsTest-405674439 tempest-GroupSnapshotsTest-405674439-project] Empty body provided in request {{(pid=98772) get_body /opt/stack/cinder/cinder/api/openstack/wsgi.py:713}}
Jun 01 15:53:58.054520 dv-cinder-793515-3-smb devstack@c-api.service[98772]: /usr/local/lib/python3.8/dist-packages/webob/acceptparse.py:1047: DeprecationWarning: The behavior of AcceptValidHeader.best_match is currently being maintained for backward compatibility, but it will be deprecated in the future, as it does not conform to the RFC.
Jun 01 15:53:58.054520 dv-cinder-793515-3-smb devstack@c-api.service[98772]: warnings.warn(
Jun 01 15:53:58.054791 dv-cinder-793515-3-smb devstack@c-api.service[98772]: DEBUG cinder.api.openstack.wsgi [None req-b65b91f1-59c1-4561-b1cc-1655a7787b6c tempest-GroupSnapshotsTest-405674439 tempest-GroupSnapshotsTest-405674439-project] Calling method 'version_select' {{(pid=98772) _process_stack /opt/stack/cinder/cinder/api/openstack/wsgi.py:866}}
Jun 01 15:53:58.056583 dv-cinder-793515-3-smb devstack@c-api.service[98771]: INFO cinder.api.openstack.wsgi [None req-b5de1ec6-3d83-40da-b87e-c313c0f378be tempest-VolumeManageAdminTest-37379465 tempest-VolumeManageAdminTest-37379465-project] http://10.222.0.60/volume/v3/e6b95e257b584ae4b6ddde9c0811d76e/volumes/892cef30-9c71-46c8-9e96-97e32defa5b4 returned with HTTP 200
Jun 01 15:53:58.059211 dv-cinder-793515-3-smb devstack@c-api.service[98772]: DEBUG cinder.api.v3.group_snapshots [None req-b65b91f1-59c1-4561-b1cc-1655a7787b6c tempest-GroupSnapshotsTest-405674439 tempest-GroupSnapshotsTest-405674439-project] show called for member 6f0a6de1-0eeb-46f2-9586-19d4a3d37d8f {{(pid=98772) show /opt/stack/cinder/cinder/api/v3/group_snapshots.py:58}}
Jun 01 15:53:58.066738 dv-cinder-793515-3-smb devstack@c-api.service[98771]: [pid: 98771|app: 0|req: 190/361] 10.222.0.60 () {58 vars in 1325 bytes} [Tue Jun 1 15:53:57 2021] GET /volume/v3/e6b95e257b584ae4b6ddde9c0811d76e/volumes/892cef30-9c71-46c8-9e96-97e32defa5b4 => generated 888 bytes in 196 msecs (HTTP/1.1 200) 7 headers in 285 bytes (1 switches on core 0)
Jun 01 15:53:58.068823 dv-cinder-793515-3-smb devstack@c-api.service[98772]: /usr/local/lib/python3.8/dist-packages/oslo_context/context.py:105: DeprecationWarning: Policy enforcement is depending on the value of is_admin. This key is deprecated. Please update your policy file to use the standard policy values.
Jun 01 15:53:58.068823 dv-cinder-793515-3-smb devstack@c-api.service[98772]: warnings.warn('Policy enforcement is depending on the value of '
Jun 01 15:53:58.071258 dv-cinder-793515-3-smb devstack@c-api.service[98771]: INFO cinder.api.openstack.wsgi [None req-5a5aa986-a751-442d-a561-6d9fbddb2aab tempest-SnapshotsActionsTest-1914586594 tempest-SnapshotsActionsTest-1914586594-project] GET http://10.222.0.60/volume/v3/28b03cced7b24bc398788feb6f7f59d3/snapshots/666c700b-c9ca-4e2b-8dd0-9c5a562986d5
Jun 01 15:53:58.071719 dv-cinder-793515-3-smb devstack@c-api.service[98771]: DEBUG cinder.api.openstack.wsgi [None req-5a5aa986-a751-442d-a561-6d9fbddb2aab tempest-SnapshotsActionsTest-1914586594 tempest-SnapshotsActionsTest-1914586594-project] Empty body provided in request {{(pid=98771) get_body /opt/stack/cinder/cinder/api/openstack/wsgi.py:713}}
Jun 01 15:53:58.071895 dv-cinder-793515-3-smb devstack@c-api.service[98771]: /usr/local/lib/python3.8/dist-packages/webob/acceptparse.py:1047: DeprecationWarning: The behavior of AcceptValidHeader.best_match is currently being maintained for backward compatibility, but it will be deprecated in the future, as it does not conform to the RFC.
Jun 01 15:53:58.071895 dv-cinder-793515-3-smb devstack@c-api.service[98771]: warnings.warn(
Jun 01 15:53:58.072450 dv-cinder-793515-3-smb devstack@c-api.service[98771]: DEBUG cinder.api.openstack.wsgi [None req-5a5aa986-a751-442d-a561-6d9fbddb2aab tempest-SnapshotsActionsTest-1914586594 tempest-SnapshotsActionsTest-1914586594-project] Calling method 'show' {{(pid=98771) _process_stack /opt/stack/cinder/cinder/api/openstack/wsgi.py:866}}
Jun 01 15:53:58.083931 dv-cinder-793515-3-smb devstack@c-api.service[98772]: INFO cinder.api.openstack.wsgi [None req-b65b91f1-59c1-4561-b1cc-1655a7787b6c tempest-GroupSnapshotsTest-405674439 tempest-GroupSnapshotsTest-405674439-project] http://10.222.0.60/volume/v3/55cfc734b2004c898a4b5beac84e476d/group_snapshots/6f0a6de1-0eeb-46f2-9586-19d4a3d37d8f returned with HTTP 200
Jun 01 15:53:58.101759 dv-cinder-793515-3-smb devstack@c-api.service[98772]: [pid: 98772|app: 0|req: 172/362] 10.222.0.60 () {60 vars in 1390 bytes} [Tue Jun 1 15:53:58 2021] GET /volume/v3/55cfc734b2004c898a4b5beac84e476d/group_snapshots/6f0a6de1-0eeb-46f2-9586-19d4a3d37d8f => generated 307 bytes in 68 msecs (HTTP/1.1 200) 7 headers in 286 bytes (1 switches on core 0)
Jun 01 15:53:58.122985 dv-cinder-793515-3-smb devstack@c-api.service[98771]: /usr/local/lib/python3.8/dist-packages/oslo_context/context.py:105: DeprecationWarning: Policy enforcement is depending on the value of is_admin. This key is deprecated. Please update your policy file to use the standard policy values.
Jun 01 15:53:58.122985 dv-cinder-793515-3-smb devstack@c-api.service[98771]: warnings.warn('Policy enforcement is depending on the value of '
Jun 01 15:53:58.124435 dv-cinder-793515-3-smb devstack@c-api.service[98771]: INFO cinder.volume.api [None req-5a5aa986-a751-442d-a561-6d9fbddb2aab tempest-SnapshotsActionsTest-1914586594 tempest-SnapshotsActionsTest-1914586594-project] Snapshot retrieved successfully.
Jun 01 15:53:58.126564 dv-cinder-793515-3-smb devstack@c-api.service[98771]: INFO cinder.api.openstack.wsgi [None req-5a5aa986-a751-442d-a561-6d9fbddb2aab tempest-SnapshotsActionsTest-1914586594 tempest-SnapshotsActionsTest-1914586594-project] http://10.222.0.60/volume/v3/28b03cced7b24bc398788feb6f7f59d3/snapshots/666c700b-c9ca-4e2b-8dd0-9c5a562986d5 returned with HTTP 200
Jun 01 15:53:58.127883 dv-cinder-793515-3-smb devstack@c-api.service[98771]: [pid: 98771|app: 0|req: 191/363] 10.222.0.60 () {58 vars in 1331 bytes} [Tue Jun 1 15:53:58 2021] GET /volume/v3/28b03cced7b24bc398788feb6f7f59d3/snapshots/666c700b-c9ca-4e2b-8dd0-9c5a562986d5 => generated 531 bytes in 60 msecs (HTTP/1.1 200) 7 headers in 285 bytes (1 switches on core 0)
Jun 01 15:53:58.141243 dv-cinder-793515-3-smb devstack@c-api.service[98772]: INFO cinder.api.openstack.wsgi [None req-dd255ea7-d39f-4848-bd9f-b5a2fd3c5461 tempest-SnapshotsActionsTest-1914586594 tempest-SnapshotsActionsTest-1914586594-project] POST http://10.222.0.60/volume/v3/28b03cced7b24bc398788feb6f7f59d3/snapshots
Jun 01 15:53:58.141638 dv-cinder-793515-3-smb devstack@c-api.service[98772]: /usr/local/lib/python3.8/dist-packages/webob/acceptparse.py:1047: DeprecationWarning: The behavior of AcceptValidHeader.best_match is currently being maintained for backward compatibility, but it will be deprecated in the future, as it does not conform to the RFC.
Jun 01 15:53:58.141638 dv-cinder-793515-3-smb devstack@c-api.service[98772]: warnings.warn(
Jun 01 15:53:58.142015 dv-cinder-793515-3-smb devstack@c-api.service[98772]: DEBUG cinder.api.openstack.wsgi [None req-dd255ea7-d39f-4848-bd9f-b5a2fd3c5461 tempest-SnapshotsActionsTest-1914586594 tempest-SnapshotsActionsTest-1914586594-project] Action: 'create', calling method: create, body: {"snapshot": {"volume_id": "c8226207-c1d3-4d2e-8820-2005614da773", "name": "tempest-SnapshotsActionsTest-Snapshot-1084400329"}} {{(pid=98772) _process_stack /opt/stack/cinder/cinder/api/openstack/wsgi.py:864}}
Jun 01 15:53:58.214324 dv-cinder-793515-3-smb devstack@c-api.service[98772]: /usr/local/lib/python3.8/dist-packages/oslo_context/context.py:105: DeprecationWarning: Policy enforcement is depending on the value of is_admin. This key is deprecated. Please update your policy file to use the standard policy values.
Jun 01 15:53:58.214324 dv-cinder-793515-3-smb devstack@c-api.service[98772]: warnings.warn('Policy enforcement is depending on the value of '
Jun 01 15:53:58.215510 dv-cinder-793515-3-smb devstack@c-api.service[98772]: INFO cinder.volume.api [None req-dd255ea7-d39f-4848-bd9f-b5a2fd3c5461 tempest-SnapshotsActionsTest-1914586594 tempest-SnapshotsActionsTest-1914586594-project] Volume info retrieved successfully.
Jun 01 15:53:58.216395 dv-cinder-793515-3-smb devstack@c-api.service[98772]: INFO cinder.api.v2.snapshots [None req-dd255ea7-d39f-4848-bd9f-b5a2fd3c5461 tempest-SnapshotsActionsTest-1914586594 tempest-SnapshotsActionsTest-1914586594-project] Create snapshot from volume c8226207-c1d3-4d2e-8820-2005614da773
Jun 01 15:53:58.298635 dv-cinder-793515-3-smb devstack@c-api.service[98772]: DEBUG cinder.quota [None req-dd255ea7-d39f-4848-bd9f-b5a2fd3c5461 tempest-SnapshotsActionsTest-1914586594 tempest-SnapshotsActionsTest-1914586594-project] Created reservations ['67d49d5c-71fb-4479-9fb6-c5d6488788c8', 'fc6b8e3f-07e9-4bd0-87fe-4897340c2932', '573aedf3-ab17-4b2a-9fc2-37a590302719', 'a8aca166-b514-4ef1-a7fd-48e7658e1925'] {{(pid=98772) reserve /opt/stack/cinder/cinder/quota.py:755}}
Jun 01 15:53:58.439703 dv-cinder-793515-3-smb devstack@c-api.service[98772]: INFO cinder.volume.api [None req-dd255ea7-d39f-4848-bd9f-b5a2fd3c5461 tempest-SnapshotsActionsTest-1914586594 tempest-SnapshotsActionsTest-1914586594-project] Snapshot create request issued successfully.
Jun 01 15:53:58.442204 dv-cinder-793515-3-smb devstack@c-api.service[98772]: INFO cinder.api.openstack.wsgi [None req-dd255ea7-d39f-4848-bd9f-b5a2fd3c5461 tempest-SnapshotsActionsTest-1914586594 tempest-SnapshotsActionsTest-1914586594-project] http://10.222.0.60/volume/v3/28b03cced7b24bc398788feb6f7f59d3/snapshots returned with HTTP 202
Jun 01 15:53:58.449383 dv-cinder-793515-3-smb devstack@c-api.service[98772]: [pid: 98772|app: 0|req: 173/364] 10.222.0.60 () {60 vars in 1242 bytes} [Tue Jun 1 15:53:58 2021] POST /volume/v3/28b03cced7b24bc398788feb6f7f59d3/snapshots => generated 307 bytes in 309 msecs (HTTP/1.1 202) 7 headers in 291 bytes (1 switches on core 0)
Jun 01 15:53:58.454368 dv-cinder-793515-3-smb devstack@c-api.service[98771]: INFO cinder.api.openstack.wsgi [None req-f503da8c-7759-4bac-9340-ea84cef4eef9 tempest-SnapshotsActionsTest-1914586594 tempest-SnapshotsActionsTest-1914586594-project] GET http://10.222.0.60/volume/v3/28b03cced7b24bc398788feb6f7f59d3/snapshots/ebae90b4-8bf3-4077-832a-f8e95c9c9399
Jun 01 15:53:58.454886 dv-cinder-793515-3-smb devstack@c-api.service[98771]: DEBUG cinder.api.openstack.wsgi [None req-f503da8c-7759-4bac-9340-ea84cef4eef9 tempest-SnapshotsActionsTest-1914586594 tempest-SnapshotsActionsTest-1914586594-project] Empty body provided in request {{(pid=98771) get_body /opt/stack/cinder/cinder/api/openstack/wsgi.py:713}}
Jun 01 15:53:58.454973 dv-cinder-793515-3-smb devstack@c-api.service[98771]: /usr/local/lib/python3.8/dist-packages/webob/acceptparse.py:1047: DeprecationWarning: The behavior of AcceptValidHeader.best_match is currently being maintained for backward compatibility, but it will be deprecated in the future, as it does not conform to the RFC.
Jun 01 15:53:58.454973 dv-cinder-793515-3-smb devstack@c-api.service[98771]: warnings.warn(
Jun 01 15:53:58.455281 dv-cinder-793515-3-smb devstack@c-api.service[98771]: DEBUG cinder.api.openstack.wsgi [None req-f503da8c-7759-4bac-9340-ea84cef4eef9 tempest-SnapshotsActionsTest-1914586594 tempest-SnapshotsActionsTest-1914586594-project] Calling method 'show' {{(pid=98771) _process_stack /opt/stack/cinder/cinder/api/openstack/wsgi.py:866}}
Jun 01 15:53:58.484938 dv-cinder-793515-3-smb devstack@c-api.service[98771]: /usr/local/lib/python3.8/dist-packages/oslo_context/context.py:105: DeprecationWarning: Policy enforcement is depending on the value of is_admin. This key is deprecated. Please update your policy file to use the standard policy values.
Jun 01 15:53:58.484938 dv-cinder-793515-3-smb devstack@c-api.service[98771]: warnings.warn('Policy enforcement is depending on the value of '
Jun 01 15:53:58.486065 dv-cinder-793515-3-smb devstack@c-api.service[98771]: INFO cinder.volume.api [None req-f503da8c-7759-4bac-9340-ea84cef4eef9 tempest-SnapshotsActionsTest-1914586594 tempest-SnapshotsActionsTest-1914586594-project] Snapshot retrieved successfully.
Jun 01 15:53:58.488267 dv-cinder-793515-3-smb devstack@c-api.service[98771]: INFO cinder.api.openstack.wsgi [None req-f503da8c-7759-4bac-9340-ea84cef4eef9 tempest-SnapshotsActionsTest-1914586594 tempest-SnapshotsActionsTest-1914586594-project] http://10.222.0.60/volume/v3/28b03cced7b24bc398788feb6f7f59d3/snapshots/ebae90b4-8bf3-4077-832a-f8e95c9c9399 returned with HTTP 200
Jun 01 15:53:58.489146 dv-cinder-793515-3-smb devstack@c-api.service[98771]: [pid: 98771|app: 0|req: 192/365] 10.222.0.60 () {58 vars in 1331 bytes} [Tue Jun 1 15:53:58 2021] GET /volume/v3/28b03cced7b24bc398788feb6f7f59d3/snapshots/ebae90b4-8bf3-4077-832a-f8e95c9c9399 => generated 439 bytes in 39 msecs (HTTP/1.1 200) 7 headers in 285 bytes (1 switches on core 0)
Jun 01 15:53:59.072773 dv-cinder-793515-3-smb devstack@c-api.service[98772]: INFO cinder.api.openstack.wsgi [None req-afd450e1-dada-4992-9bb5-605a8ddf2bdc tempest-VolumeManageAdminTest-37379465 tempest-VolumeManageAdminTest-37379465-project] GET http://10.222.0.60/volume/v3/e6b95e257b584ae4b6ddde9c0811d76e/volumes/892cef30-9c71-46c8-9e96-97e32defa5b4
Jun 01 15:53:59.073483 dv-cinder-793515-3-smb devstack@c-api.service[98772]: DEBUG cinder.api.openstack.wsgi [None req-afd450e1-dada-4992-9bb5-605a8ddf2bdc tempest-VolumeManageAdminTest-37379465 tempest-VolumeManageAdminTest-37379465-project] Empty body provided in request {{(pid=98772) get_body /opt/stack/cinder/cinder/api/openstack/wsgi.py:713}}
Jun 01 15:53:59.073868 dv-cinder-793515-3-smb devstack@c-api.service[98772]: /usr/local/lib/python3.8/dist-packages/webob/acceptparse.py:1047: DeprecationWarning: The behavior of AcceptValidHeader.best_match is currently being maintained for backward compatibility, but it will be deprecated in the future, as it does not conform to the RFC.
Jun 01 15:53:59.073868 dv-cinder-793515-3-smb devstack@c-api.service[98772]: warnings.warn(
Jun 01 15:53:59.074472 dv-cinder-793515-3-smb devstack@c-api.service[98772]: DEBUG cinder.api.openstack.wsgi [None req-afd450e1-dada-4992-9bb5-605a8ddf2bdc tempest-VolumeManageAdminTest-37379465 tempest-VolumeManageAdminTest-37379465-project] Calling method 'show' {{(pid=98772) _process_stack /opt/stack/cinder/cinder/api/openstack/wsgi.py:866}}
Jun 01 15:53:59.095982 dv-cinder-793515-3-smb devstack@c-api.service[98771]: INFO cinder.api.openstack.wsgi [None req-701290fa-0339-4833-8ffd-54895a5309f6 tempest-GroupSnapshotsTest-405674439 tempest-GroupSnapshotsTest-405674439-project] GET http://10.222.0.60/volume/v3/55cfc734b2004c898a4b5beac84e476d/group_snapshots/6f0a6de1-0eeb-46f2-9586-19d4a3d37d8f
Jun 01 15:53:59.096486 dv-cinder-793515-3-smb devstack@c-api.service[98771]: DEBUG cinder.api.openstack.wsgi [None req-701290fa-0339-4833-8ffd-54895a5309f6 tempest-GroupSnapshotsTest-405674439 tempest-GroupSnapshotsTest-405674439-project] Empty body provided in request {{(pid=98771) get_body /opt/stack/cinder/cinder/api/openstack/wsgi.py:713}}
Jun 01 15:53:59.096685 dv-cinder-793515-3-smb devstack@c-api.service[98771]: /usr/local/lib/python3.8/dist-packages/webob/acceptparse.py:1047: DeprecationWarning: The behavior of AcceptValidHeader.best_match is currently being maintained for backward compatibility, but it will be deprecated in the future, as it does not conform to the RFC.
Jun 01 15:53:59.096685 dv-cinder-793515-3-smb devstack@c-api.service[98771]: warnings.warn(
Jun 01 15:53:59.096975 dv-cinder-793515-3-smb devstack@c-api.service[98771]: DEBUG cinder.api.openstack.wsgi [None req-701290fa-0339-4833-8ffd-54895a5309f6 tempest-GroupSnapshotsTest-405674439 tempest-GroupSnapshotsTest-405674439-project] Calling method 'version_select' {{(pid=98771) _process_stack /opt/stack/cinder/cinder/api/openstack/wsgi.py:866}}
