Jun 01 12:50:59.812183 dv-cinder-793515-2-smb devstack@c-api.service[105845]: WARNING cinder.quota [None req-d1de289c-c0c8-43e6-99de-c21c3f44f2fb tempest-UserMessagesTest-166414875 tempest-UserMessagesTest-166414875-project] Deprecated: Default quota for resource: gigabytes_tempest-UserMessagesTest-volume-type-43772525 is set by the default quota flag: quota_gigabytes_tempest-UserMessagesTest-volume-type-43772525, it is now deprecated. Please use the default quota class for default quota.
Jun 01 12:51:00.211528 dv-cinder-793515-2-smb devstack@c-api.service[105846]: WARNING cinder.quota [None req-b609a594-74ce-4fa9-a06a-1973fa73f7fb tempest-VolumeQuotasAdminTestJSON-538352287 tempest-VolumeQuotasAdminTestJSON-538352287-project-admin] Deprecated: Default quota for resource: volumes_tempest-UserMessagesTest-volume-type-43772525 is set by the default quota flag: quota_volumes_tempest-UserMessagesTest-volume-type-43772525, it is now deprecated. Please use the default quota class for default quota.
Jun 01 12:51:00.212305 dv-cinder-793515-2-smb devstack@c-api.service[105846]: WARNING cinder.quota [None req-b609a594-74ce-4fa9-a06a-1973fa73f7fb tempest-VolumeQuotasAdminTestJSON-538352287 tempest-VolumeQuotasAdminTestJSON-538352287-project-admin] Deprecated: Default quota for resource: gigabytes_tempest-UserMessagesTest-volume-type-43772525 is set by the default quota flag: quota_gigabytes_tempest-UserMessagesTest-volume-type-43772525, it is now deprecated. Please use the default quota class for default quota.
Jun 01 12:51:00.213354 dv-cinder-793515-2-smb devstack@c-api.service[105846]: WARNING cinder.quota [None req-b609a594-74ce-4fa9-a06a-1973fa73f7fb tempest-VolumeQuotasAdminTestJSON-538352287 tempest-VolumeQuotasAdminTestJSON-538352287-project-admin] Deprecated: Default quota for resource: snapshots_tempest-UserMessagesTest-volume-type-43772525 is set by the default quota flag: quota_snapshots_tempest-UserMessagesTest-volume-type-43772525, it is now deprecated. Please use the default quota class for default quota.
Jun 01 12:51:00.230047 dv-cinder-793515-2-smb devstack@c-api.service[105846]: INFO cinder.api.openstack.wsgi [None req-b609a594-74ce-4fa9-a06a-1973fa73f7fb tempest-VolumeQuotasAdminTestJSON-538352287 tempest-VolumeQuotasAdminTestJSON-538352287-project-admin] http://10.222.0.11/volume/v3/84fef6cf2f8146de904ac3eb42a4cebc/os-quota-sets/45173f00d7d14b2fa1377f98a9da14d0 returned with HTTP 200
Jun 01 12:51:00.230954 dv-cinder-793515-2-smb devstack@c-api.service[105846]: [pid: 105846|app: 0|req: 133/290] 10.222.0.11 () {60 vars in 1352 bytes} [Tue Jun 1 12:50:58 2021] PUT /volume/v3/84fef6cf2f8146de904ac3eb42a4cebc/os-quota-sets/45173f00d7d14b2fa1377f98a9da14d0 => generated 1094 bytes in 1337 msecs (HTTP/1.1 200) 7 headers in 286 bytes (1 switches on core 0)
Jun 01 12:51:00.235631 dv-cinder-793515-2-smb devstack@c-api.service[105846]: INFO cinder.api.openstack.wsgi [None req-cb21ba48-2e3d-4e4c-bdc1-24bd1bb2d888 tempest-GroupSnapshotsTest-182162392 tempest-GroupSnapshotsTest-182162392-project] GET http://10.222.0.11/volume/v3/09fc712cd3ad4bec862673fa69233a29/volumes/1d09d165-247d-4f93-b1d5-f113b31b5d0f
Jun 01 12:51:00.236846 dv-cinder-793515-2-smb devstack@c-api.service[105846]: DEBUG cinder.api.openstack.wsgi [None req-cb21ba48-2e3d-4e4c-bdc1-24bd1bb2d888 tempest-GroupSnapshotsTest-182162392 tempest-GroupSnapshotsTest-182162392-project] Empty body provided in request {{(pid=105846) get_body /opt/stack/cinder/cinder/api/openstack/wsgi.py:713}}
Jun 01 12:51:00.237434 dv-cinder-793515-2-smb devstack@c-api.service[105846]: DEBUG cinder.api.openstack.wsgi [None req-cb21ba48-2e3d-4e4c-bdc1-24bd1bb2d888 tempest-GroupSnapshotsTest-182162392 tempest-GroupSnapshotsTest-182162392-project] Calling method 'show' {{(pid=105846) _process_stack /opt/stack/cinder/cinder/api/openstack/wsgi.py:866}}
Jun 01 12:51:00.297578 dv-cinder-793515-2-smb devstack@c-api.service[105846]: INFO cinder.api.openstack.wsgi [None req-cb21ba48-2e3d-4e4c-bdc1-24bd1bb2d888 tempest-GroupSnapshotsTest-182162392 tempest-GroupSnapshotsTest-182162392-project] http://10.222.0.11/volume/v3/09fc712cd3ad4bec862673fa69233a29/volumes/1d09d165-247d-4f93-b1d5-f113b31b5d0f returned with HTTP 404
Jun 01 12:51:00.297578 dv-cinder-793515-2-smb devstack@c-api.service[105846]: [pid: 105846|app: 0|req: 134/291] 10.222.0.11 () {60 vars in 1366 bytes} [Tue Jun 1 12:51:00 2021] GET /volume/v3/09fc712cd3ad4bec862673fa69233a29/volumes/1d09d165-247d-4f93-b1d5-f113b31b5d0f => generated 109 bytes in 66 msecs (HTTP/1.1 404) 7 headers in 293 bytes (1 switches on core 0)
Jun 01 12:51:00.302573 dv-cinder-793515-2-smb devstack@c-api.service[105846]: INFO cinder.api.openstack.wsgi [None req-2038db97-4626-487d-8fdb-ad55799ff342 tempest-VolumeQuotasAdminTestJSON-1211702818 tempest-VolumeQuotasAdminTestJSON-1211702818-project] DELETE http://10.222.0.11/volume/v3/45173f00d7d14b2fa1377f98a9da14d0/volumes/4b24fa29-7858-4294-8664-08b72f5649b8
Jun 01 12:51:00.303049 dv-cinder-793515-2-smb devstack@c-api.service[105846]: DEBUG cinder.api.openstack.wsgi [None req-2038db97-4626-487d-8fdb-ad55799ff342 tempest-VolumeQuotasAdminTestJSON-1211702818 tempest-VolumeQuotasAdminTestJSON-1211702818-project] Empty body provided in request {{(pid=105846) get_body /opt/stack/cinder/cinder/api/openstack/wsgi.py:713}}
Jun 01 12:51:00.303594 dv-cinder-793515-2-smb devstack@c-api.service[105846]: DEBUG cinder.api.openstack.wsgi [None req-2038db97-4626-487d-8fdb-ad55799ff342 tempest-VolumeQuotasAdminTestJSON-1211702818 tempest-VolumeQuotasAdminTestJSON-1211702818-project] Calling method 'delete' {{(pid=105846) _process_stack /opt/stack/cinder/cinder/api/openstack/wsgi.py:866}}
Jun 01 12:51:00.304010 dv-cinder-793515-2-smb devstack@c-api.service[105846]: INFO cinder.api.v3.volumes [None req-2038db97-4626-487d-8fdb-ad55799ff342 tempest-VolumeQuotasAdminTestJSON-1211702818 tempest-VolumeQuotasAdminTestJSON-1211702818-project] Delete volume with id: 4b24fa29-7858-4294-8664-08b72f5649b8
Jun 01 12:51:00.315909 dv-cinder-793515-2-smb devstack@c-api.service[105845]: DEBUG cinder.quota [None req-d1de289c-c0c8-43e6-99de-c21c3f44f2fb tempest-UserMessagesTest-166414875 tempest-UserMessagesTest-166414875-project] Created reservations ['f52ff34f-4418-4f22-af2a-5029d7480590', '4e00d2b8-f0dd-4320-ac62-2102acdcdcd8', 'caa0165d-d093-440c-9df0-bb7daf7928f6', '0624edad-e01a-4db1-8cf3-3ff1fcd6bf6b'] {{(pid=105845) reserve /opt/stack/cinder/cinder/quota.py:755}}
Jun 01 12:51:00.317929 dv-cinder-793515-2-smb devstack@c-api.service[105845]: DEBUG cinder.volume.api [None req-d1de289c-c0c8-43e6-99de-c21c3f44f2fb tempest-UserMessagesTest-166414875 tempest-UserMessagesTest-166414875-project] Task 'cinder.volume.flows.api.create_volume.QuotaReserveTask;volume:create' (f3f3683e-ef16-4c6d-987a-da532680aa9c) transitioned into state 'SUCCESS' from state 'RUNNING' with result '{'reservations': ['f52ff34f-4418-4f22-af2a-5029d7480590', '4e00d2b8-f0dd-4320-ac62-2102acdcdcd8', 'caa0165d-d093-440c-9df0-bb7daf7928f6', '0624edad-e01a-4db1-8cf3-3ff1fcd6bf6b']}' {{(pid=105845) _task_receiver /usr/local/lib/python3.8/dist-packages/taskflow/listeners/logging.py:178}}
Jun 01 12:51:00.319923 dv-cinder-793515-2-smb devstack@c-api.service[105845]: DEBUG cinder.volume.api [None req-d1de289c-c0c8-43e6-99de-c21c3f44f2fb tempest-UserMessagesTest-166414875 tempest-UserMessagesTest-166414875-project] Task 'cinder.volume.flows.api.create_volume.EntryCreateTask;volume:create' (8693ecc4-7fd8-4ae7-af4d-9aebb8efa068) transitioned into state 'RUNNING' from state 'PENDING' {{(pid=105845) _task_receiver /usr/local/lib/python3.8/dist-packages/taskflow/listeners/logging.py:190}}
Jun 01 12:51:00.355317 dv-cinder-793515-2-smb devstack@c-api.service[105846]: INFO cinder.api.openstack.wsgi [None req-2038db97-4626-487d-8fdb-ad55799ff342 tempest-VolumeQuotasAdminTestJSON-1211702818 tempest-VolumeQuotasAdminTestJSON-1211702818-project] http://10.222.0.11/volume/v3/45173f00d7d14b2fa1377f98a9da14d0/volumes/4b24fa29-7858-4294-8664-08b72f5649b8 returned with HTTP 404
Jun 01 12:51:00.357757 dv-cinder-793515-2-smb devstack@c-api.service[105846]: [pid: 105846|app: 0|req: 135/292] 10.222.0.11 () {58 vars in 1328 bytes} [Tue Jun 1 12:51:00 2021] DELETE /volume/v3/45173f00d7d14b2fa1377f98a9da14d0/volumes/4b24fa29-7858-4294-8664-08b72f5649b8 => generated 109 bytes in 59 msecs (HTTP/1.1 404) 7 headers in 292 bytes (1 switches on core 0)
Jun 01 12:51:00.362690 dv-cinder-793515-2-smb devstack@c-api.service[105846]: INFO cinder.api.openstack.wsgi [None req-c0e59b7d-7290-470d-bba0-a43ded468150 tempest-GroupSnapshotsTest-182162392 tempest-GroupSnapshotsTest-182162392-project] GET http://10.222.0.11/volume/v3/09fc712cd3ad4bec862673fa69233a29/volumes/cc2cc29e-86de-435f-afb2-8628fe5d4bd5
Jun 01 12:51:00.362690 dv-cinder-793515-2-smb devstack@c-api.service[105846]: DEBUG cinder.api.openstack.wsgi [None req-c0e59b7d-7290-470d-bba0-a43ded468150 tempest-GroupSnapshotsTest-182162392 tempest-GroupSnapshotsTest-182162392-project] Empty body provided in request {{(pid=105846) get_body /opt/stack/cinder/cinder/api/openstack/wsgi.py:713}}
Jun 01 12:51:00.362690 dv-cinder-793515-2-smb devstack@c-api.service[105846]: DEBUG cinder.api.openstack.wsgi [None req-c0e59b7d-7290-470d-bba0-a43ded468150 tempest-GroupSnapshotsTest-182162392 tempest-GroupSnapshotsTest-182162392-project] Calling method 'show' {{(pid=105846) _process_stack /opt/stack/cinder/cinder/api/openstack/wsgi.py:866}}
Jun 01 12:51:00.418724 dv-cinder-793515-2-smb devstack@c-api.service[105846]: /usr/local/lib/python3.8/dist-packages/oslo_context/context.py:105: DeprecationWarning: Policy enforcement is depending on the value of is_admin. This key is deprecated. Please update your policy file to use the standard policy values.
Jun 01 12:51:00.418724 dv-cinder-793515-2-smb devstack@c-api.service[105846]: warnings.warn('Policy enforcement is depending on the value of '
Jun 01 12:51:00.427855 dv-cinder-793515-2-smb devstack@c-api.service[105846]: INFO cinder.volume.api [None req-c0e59b7d-7290-470d-bba0-a43ded468150 tempest-GroupSnapshotsTest-182162392 tempest-GroupSnapshotsTest-182162392-project] Volume info retrieved successfully.
Jun 01 12:51:00.447862 dv-cinder-793515-2-smb devstack@c-api.service[105846]: WARNING stevedore.named [None req-c0e59b7d-7290-470d-bba0-a43ded468150 tempest-GroupSnapshotsTest-182162392 tempest-GroupSnapshotsTest-182162392-project] Could not load cinder.keymgr.conf_key_mgr.ConfKeyManager
Jun 01 12:51:00.448335 dv-cinder-793515-2-smb devstack@c-api.service[105846]: WARNING castellan.key_manager [None req-c0e59b7d-7290-470d-bba0-a43ded468150 tempest-GroupSnapshotsTest-182162392 tempest-GroupSnapshotsTest-182162392-project] Deprecation Warning : cinder.keymgr.conf_key_mgr.ConfKeyManager is not a stevedore based driver, trying to load it as a class: stevedore.exception.NoMatches: No 'castellan.drivers' driver found, looking for 'cinder.keymgr.conf_key_mgr.ConfKeyManager'
Jun 01 12:51:00.461722 dv-cinder-793515-2-smb devstack@c-api.service[105846]: DEBUG oslo_db.sqlalchemy.engines [None req-c0e59b7d-7290-470d-bba0-a43ded468150 tempest-GroupSnapshotsTest-182162392 tempest-GroupSnapshotsTest-182162392-project] MySQL server mode set to STRICT_TRANS_TABLES,STRICT_ALL_TABLES,NO_ZERO_IN_DATE,NO_ZERO_DATE,ERROR_FOR_DIVISION_BY_ZERO,TRADITIONAL,NO_ENGINE_SUBSTITUTION {{(pid=105846) _check_effective_sql_mode /usr/local/lib/python3.8/dist-packages/oslo_db/sqlalchemy/engines.py:314}}
Jun 01 12:51:00.467203 dv-cinder-793515-2-smb devstack@c-api.service[105845]: DEBUG cinder.volume.api [None req-d1de289c-c0c8-43e6-99de-c21c3f44f2fb tempest-UserMessagesTest-166414875 tempest-UserMessagesTest-166414875-project] Task 'cinder.volume.flows.api.create_volume.EntryCreateTask;volume:create' (8693ecc4-7fd8-4ae7-af4d-9aebb8efa068) transitioned into state 'SUCCESS' from state 'RUNNING' with result '{'volume_id': 'c1014414-5739-46ae-8b8c-38e945cd57e6', 'volume_properties': VolumeProperties(attach_status='detached',availability_zone='nova',cgsnapshot_id=None,consistencygroup_id=None,display_description=None,display_name='tempest-UserMessagesTest-Volume-1454909452',encryption_key_id=None,group_id=None,group_type_id=,metadata={},multiattach=False,project_id='00311084ae744c2da1a14bcda340693a',qos_specs=None,replication_status=,reservations=['f52ff34f-4418-4f22-af2a-5029d7480590','4e00d2b8-f0dd-4320-ac62-2102acdcdcd8','caa0165d-d093-440c-9df0-bb7daf7928f6','0624edad-e01a-4db1-8cf3-3ff1fcd6bf6b'],size=1,snapshot_id=None,source_replicaid=,source_volid=None,status='creating',user_id='52fbef1ba161474b938b7ac91127eb28',volume_type_id=d89f3c7d-4c9d-4a7c-a8ca-0c81c4c57806), 'volume': Volume(_name_id=None,admin_metadata=,attach_status='detached',availability_zone='nova',bootable=False,cluster=,cluster_name=None,consistencygroup=,consistencygroup_id=None,created_at=2021-06-01T12:51:00Z,deleted=False,deleted_at=None,display_description=None,display_name='tempest-UserMessagesTest-Volume-1454909452',ec2_id=None,encryption_key_id=None,glance_metadata=,group=,group_id=None,host=None,id=c1014414-5739-46ae-8b8c-38e945cd57e6,launched_at=None,metadata={},migration_status=None,multiattach=False,previous_status=None,project_id='00311084ae744c2da1a14bcda340693a',provider_auth=None,provider_geometry=None,provider_id=None,provider_location=None,replication_driver_data=None,replication_extended_status=None,replication_status=None,scheduled_at=None,service_uuid=None,shared_targets=True,size=1,snapshot_id=None,snapshots=,source_volid=None,status='creating',terminated_at=None,updated_at=None,user_id='52fbef1ba161474b938b7ac91127eb28',volume_attachment=,volume_type=VolumeType(d89f3c7d-4c9d-4a7c-a8ca-0c81c4c57806),volume_type_id=d89f3c7d-4c9d-4a7c-a8ca-0c81c4c57806)}' {{(pid=105845) _task_receiver /usr/local/lib/python3.8/dist-packages/taskflow/listeners/logging.py:178}}
Jun 01 12:51:00.475358 dv-cinder-793515-2-smb devstack@c-api.service[105845]: DEBUG cinder.volume.api [None req-d1de289c-c0c8-43e6-99de-c21c3f44f2fb tempest-UserMessagesTest-166414875 tempest-UserMessagesTest-166414875-project] Task 'cinder.volume.flows.api.create_volume.QuotaCommitTask;volume:create' (43d20226-c773-482d-9497-018f12e6dc13) transitioned into state 'RUNNING' from state 'PENDING' {{(pid=105845) _task_receiver /usr/local/lib/python3.8/dist-packages/taskflow/listeners/logging.py:190}}
Jun 01 12:51:00.476335 dv-cinder-793515-2-smb devstack@c-api.service[105846]: /usr/local/lib/python3.8/dist-packages/oslo_context/context.py:105: DeprecationWarning: Policy enforcement is depending on the value of is_admin. This key is deprecated. Please update your policy file to use the standard policy values.
Jun 01 12:51:00.476335 dv-cinder-793515-2-smb devstack@c-api.service[105846]: warnings.warn('Policy enforcement is depending on the value of '
Jun 01 12:51:00.504257 dv-cinder-793515-2-smb devstack@c-api.service[105846]: INFO cinder.api.openstack.wsgi [None req-c0e59b7d-7290-470d-bba0-a43ded468150 tempest-GroupSnapshotsTest-182162392 tempest-GroupSnapshotsTest-182162392-project] http://10.222.0.11/volume/v3/09fc712cd3ad4bec862673fa69233a29/volumes/cc2cc29e-86de-435f-afb2-8628fe5d4bd5 returned with HTTP 200
Jun 01 12:51:00.505094 dv-cinder-793515-2-smb devstack@c-api.service[105846]: [pid: 105846|app: 0|req: 136/293] 10.222.0.11 () {60 vars in 1366 bytes} [Tue Jun 1 12:51:00 2021] GET /volume/v3/09fc712cd3ad4bec862673fa69233a29/volumes/cc2cc29e-86de-435f-afb2-8628fe5d4bd5 => generated 999 bytes in 148 msecs (HTTP/1.1 200) 7 headers in 286 bytes (1 switches on core 0)
Jun 01 12:51:00.521725 dv-cinder-793515-2-smb devstack@c-api.service[105846]: INFO cinder.api.openstack.wsgi [None req-edb0fd64-e1cc-4cf0-8d1f-bf85f31d0d5c tempest-VolumeQuotasAdminTestJSON-1211702818 tempest-VolumeQuotasAdminTestJSON-1211702818-project] DELETE http://10.222.0.11/volume/v3/45173f00d7d14b2fa1377f98a9da14d0/volumes/ba3ebc9d-c6f8-49a4-b672-a1f9426a60a8
Jun 01 12:51:00.522295 dv-cinder-793515-2-smb devstack@c-api.service[105846]: DEBUG cinder.api.openstack.wsgi [None req-edb0fd64-e1cc-4cf0-8d1f-bf85f31d0d5c tempest-VolumeQuotasAdminTestJSON-1211702818 tempest-VolumeQuotasAdminTestJSON-1211702818-project] Empty body provided in request {{(pid=105846) get_body /opt/stack/cinder/cinder/api/openstack/wsgi.py:713}}
Jun 01 12:51:00.522528 dv-cinder-793515-2-smb devstack@c-api.service[105846]: /usr/local/lib/python3.8/dist-packages/webob/acceptparse.py:1047: DeprecationWarning: The behavior of AcceptValidHeader.best_match is currently being maintained for backward compatibility, but it will be deprecated in the future, as it does not conform to the RFC.
Jun 01 12:51:00.522528 dv-cinder-793515-2-smb devstack@c-api.service[105846]: warnings.warn(
Jun 01 12:51:00.522944 dv-cinder-793515-2-smb devstack@c-api.service[105846]: DEBUG cinder.api.openstack.wsgi [None req-edb0fd64-e1cc-4cf0-8d1f-bf85f31d0d5c tempest-VolumeQuotasAdminTestJSON-1211702818 tempest-VolumeQuotasAdminTestJSON-1211702818-project] Calling method 'delete' {{(pid=105846) _process_stack /opt/stack/cinder/cinder/api/openstack/wsgi.py:866}}
Jun 01 12:51:00.523482 dv-cinder-793515-2-smb devstack@c-api.service[105846]: INFO cinder.api.v3.volumes [None req-edb0fd64-e1cc-4cf0-8d1f-bf85f31d0d5c tempest-VolumeQuotasAdminTestJSON-1211702818 tempest-VolumeQuotasAdminTestJSON-1211702818-project] Delete volume with id: ba3ebc9d-c6f8-49a4-b672-a1f9426a60a8
Jun 01 12:51:00.569526 dv-cinder-793515-2-smb devstack@c-api.service[105845]: DEBUG cinder.volume.api [None req-d1de289c-c0c8-43e6-99de-c21c3f44f2fb tempest-UserMessagesTest-166414875 tempest-UserMessagesTest-166414875-project] Task 'cinder.volume.flows.api.create_volume.QuotaCommitTask;volume:create' (43d20226-c773-482d-9497-018f12e6dc13) transitioned into state 'SUCCESS' from state 'RUNNING' with result '{'volume_properties': VolumeProperties(attach_status='detached',availability_zone='nova',cgsnapshot_id=None,consistencygroup_id=None,display_description=None,display_name='tempest-UserMessagesTest-Volume-1454909452',encryption_key_id=None,group_id=None,group_type_id=,metadata={},multiattach=False,project_id='00311084ae744c2da1a14bcda340693a',qos_specs=None,replication_status=,reservations=['f52ff34f-4418-4f22-af2a-5029d7480590','4e00d2b8-f0dd-4320-ac62-2102acdcdcd8','caa0165d-d093-440c-9df0-bb7daf7928f6','0624edad-e01a-4db1-8cf3-3ff1fcd6bf6b'],size=1,snapshot_id=None,source_replicaid=,source_volid=None,status='creating',user_id='52fbef1ba161474b938b7ac91127eb28',volume_type_id=d89f3c7d-4c9d-4a7c-a8ca-0c81c4c57806)}' {{(pid=105845) _task_receiver /usr/local/lib/python3.8/dist-packages/taskflow/listeners/logging.py:178}}
Jun 01 12:51:00.569756 dv-cinder-793515-2-smb devstack@c-api.service[105846]: INFO cinder.api.openstack.wsgi [None req-edb0fd64-e1cc-4cf0-8d1f-bf85f31d0d5c tempest-VolumeQuotasAdminTestJSON-1211702818 tempest-VolumeQuotasAdminTestJSON-1211702818-project] http://10.222.0.11/volume/v3/45173f00d7d14b2fa1377f98a9da14d0/volumes/ba3ebc9d-c6f8-49a4-b672-a1f9426a60a8 returned with HTTP 404
Jun 01 12:51:00.570760 dv-cinder-793515-2-smb devstack@c-api.service[105846]: [pid: 105846|app: 0|req: 137/294] 10.222.0.11 () {58 vars in 1328 bytes} [Tue Jun 1 12:51:00 2021] DELETE /volume/v3/45173f00d7d14b2fa1377f98a9da14d0/volumes/ba3ebc9d-c6f8-49a4-b672-a1f9426a60a8 => generated 109 bytes in 61 msecs (HTTP/1.1 404) 7 headers in 292 bytes (1 switches on core 0)
Jun 01 12:51:00.574758 dv-cinder-793515-2-smb devstack@c-api.service[105845]: DEBUG cinder.volume.api [None req-d1de289c-c0c8-43e6-99de-c21c3f44f2fb tempest-UserMessagesTest-166414875 tempest-UserMessagesTest-166414875-project] Task 'cinder.volume.flows.api.create_volume.VolumeCastTask;volume:create' (ead86f83-8480-44c9-880a-d49f110aa36b) transitioned into state 'RUNNING' from state 'PENDING' {{(pid=105845) _task_receiver /usr/local/lib/python3.8/dist-packages/taskflow/listeners/logging.py:190}}
Jun 01 12:51:00.662737 dv-cinder-793515-2-smb devstack@c-api.service[105845]: DEBUG cinder.volume.api [None req-d1de289c-c0c8-43e6-99de-c21c3f44f2fb tempest-UserMessagesTest-166414875 tempest-UserMessagesTest-166414875-project] Task 'cinder.volume.flows.api.create_volume.VolumeCastTask;volume:create' (ead86f83-8480-44c9-880a-d49f110aa36b) transitioned into state 'SUCCESS' from state 'RUNNING' with result 'None' {{(pid=105845) _task_receiver /usr/local/lib/python3.8/dist-packages/taskflow/listeners/logging.py:178}}
Jun 01 12:51:00.665505 dv-cinder-793515-2-smb devstack@c-api.service[105845]: DEBUG cinder.volume.api [None req-d1de289c-c0c8-43e6-99de-c21c3f44f2fb tempest-UserMessagesTest-166414875 tempest-UserMessagesTest-166414875-project] Flow 'volume_create_api' (497f64c1-cf92-4050-a9cd-f30919abd97e) transitioned into state 'SUCCESS' from state 'RUNNING' {{(pid=105845) _flow_receiver /usr/local/lib/python3.8/dist-packages/taskflow/listeners/logging.py:141}}
Jun 01 12:51:00.667236 dv-cinder-793515-2-smb devstack@c-api.service[105845]: INFO cinder.volume.api [None req-d1de289c-c0c8-43e6-99de-c21c3f44f2fb tempest-UserMessagesTest-166414875 tempest-UserMessagesTest-166414875-project] Create volume request issued successfully.
Jun 01 12:51:00.686477 dv-cinder-793515-2-smb devstack@c-api.service[105845]: INFO cinder.api.openstack.wsgi [None req-d1de289c-c0c8-43e6-99de-c21c3f44f2fb tempest-UserMessagesTest-166414875 tempest-UserMessagesTest-166414875-project] http://10.222.0.11/volume/v3/00311084ae744c2da1a14bcda340693a/volumes returned with HTTP 202
Jun 01 12:51:00.698471 dv-cinder-793515-2-smb devstack@c-api.service[105845]: [pid: 105845|app: 0|req: 158/295] 10.222.0.11 () {62 vars in 1276 bytes} [Tue Jun 1 12:50:59 2021] POST /volume/v3/00311084ae744c2da1a14bcda340693a/volumes => generated 850 bytes in 1047 msecs (HTTP/1.1 202) 7 headers in 291 bytes (2 switches on core 0)
Jun 01 12:51:00.704819 dv-cinder-793515-2-smb devstack@c-api.service[105845]: INFO cinder.api.openstack.wsgi [None req-6c0b5814-1d60-464e-84bf-893477109523 tempest-UserMessagesTest-166414875 tempest-UserMessagesTest-166414875-project] GET http://10.222.0.11/volume/v3/00311084ae744c2da1a14bcda340693a/volumes/c1014414-5739-46ae-8b8c-38e945cd57e6
Jun 01 12:51:00.705328 dv-cinder-793515-2-smb devstack@c-api.service[105845]: DEBUG cinder.api.openstack.wsgi [None req-6c0b5814-1d60-464e-84bf-893477109523 tempest-UserMessagesTest-166414875 tempest-UserMessagesTest-166414875-project] Empty body provided in request {{(pid=105845) get_body /opt/stack/cinder/cinder/api/openstack/wsgi.py:713}}
Jun 01 12:51:00.705675 dv-cinder-793515-2-smb devstack@c-api.service[105845]: /usr/local/lib/python3.8/dist-packages/webob/acceptparse.py:1047: DeprecationWarning: The behavior of AcceptValidHeader.best_match is currently being maintained for backward compatibility, but it will be deprecated in the future, as it does not conform to the RFC.
Jun 01 12:51:00.705675 dv-cinder-793515-2-smb devstack@c-api.service[105845]: warnings.warn(
Jun 01 12:51:00.706252 dv-cinder-793515-2-smb devstack@c-api.service[105845]: DEBUG cinder.api.openstack.wsgi [None req-6c0b5814-1d60-464e-84bf-893477109523 tempest-UserMessagesTest-166414875 tempest-UserMessagesTest-166414875-project] Calling method 'show' {{(pid=105845) _process_stack /opt/stack/cinder/cinder/api/openstack/wsgi.py:866}}
Jun 01 12:51:00.706537 dv-cinder-793515-2-smb devstack@c-api.service[105846]: INFO cinder.api.openstack.wsgi [None req-28bd3703-ff3b-4aef-b6b2-1ec30878b561 tempest-AvailabilityZoneTestJSON-203834550 tempest-AvailabilityZoneTestJSON-203834550-project] GET http://10.222.0.11/volume/v3/149b3bd5418142a58073835dc8610f59/os-availability-zone
Jun 01 12:51:00.707019 dv-cinder-793515-2-smb devstack@c-api.service[105846]: DEBUG cinder.api.openstack.wsgi [None req-28bd3703-ff3b-4aef-b6b2-1ec30878b561 tempest-AvailabilityZoneTestJSON-203834550 tempest-AvailabilityZoneTestJSON-203834550-project] Empty body provided in request {{(pid=105846) get_body /opt/stack/cinder/cinder/api/openstack/wsgi.py:713}}
Jun 01 12:51:00.707453 dv-cinder-793515-2-smb devstack@c-api.service[105846]: DEBUG cinder.api.openstack.wsgi [None req-28bd3703-ff3b-4aef-b6b2-1ec30878b561 tempest-AvailabilityZoneTestJSON-203834550 tempest-AvailabilityZoneTestJSON-203834550-project] Calling method 'index' {{(pid=105846) _process_stack /opt/stack/cinder/cinder/api/openstack/wsgi.py:866}}
Jun 01 12:51:00.715755 dv-cinder-793515-2-smb devstack@c-api.service[105846]: INFO cinder.volume.api [None req-28bd3703-ff3b-4aef-b6b2-1ec30878b561 tempest-AvailabilityZoneTestJSON-203834550 tempest-AvailabilityZoneTestJSON-203834550-project] Availability Zones retrieved successfully.
Jun 01 12:51:00.716403 dv-cinder-793515-2-smb devstack@c-api.service[105846]: INFO cinder.api.openstack.wsgi [None req-28bd3703-ff3b-4aef-b6b2-1ec30878b561 tempest-AvailabilityZoneTestJSON-203834550 tempest-AvailabilityZoneTestJSON-203834550-project] http://10.222.0.11/volume/v3/149b3bd5418142a58073835dc8610f59/os-availability-zone returned with HTTP 200
Jun 01 12:51:00.721356 dv-cinder-793515-2-smb devstack@c-api.service[105846]: [pid: 105846|app: 0|req: 138/296] 10.222.0.11 () {58 vars in 1253 bytes} [Tue Jun 1 12:51:00 2021] GET /volume/v3/149b3bd5418142a58073835dc8610f59/os-availability-zone => generated 82 bytes in 146 msecs (HTTP/1.1 200) 7 headers in 284 bytes (1 switches on core 0)
Jun 01 12:51:00.762238 dv-cinder-793515-2-smb devstack@c-api.service[105845]: /usr/local/lib/python3.8/dist-packages/oslo_context/context.py:105: DeprecationWarning: Policy enforcement is depending on the value of is_admin. This key is deprecated. Please update your policy file to use the standard policy values.
Jun 01 12:51:00.762238 dv-cinder-793515-2-smb devstack@c-api.service[105845]: warnings.warn('Policy enforcement is depending on the value of '
Jun 01 12:51:00.771832 dv-cinder-793515-2-smb devstack@c-api.service[105845]: INFO cinder.volume.api [None req-6c0b5814-1d60-464e-84bf-893477109523 tempest-UserMessagesTest-166414875 tempest-UserMessagesTest-166414875-project] Volume info retrieved successfully.
Jun 01 12:51:00.792809 dv-cinder-793515-2-smb devstack@c-api.service[105845]: INFO cinder.api.openstack.wsgi [None req-6c0b5814-1d60-464e-84bf-893477109523 tempest-UserMessagesTest-166414875 tempest-UserMessagesTest-166414875-project] http://10.222.0.11/volume/v3/00311084ae744c2da1a14bcda340693a/volumes/c1014414-5739-46ae-8b8c-38e945cd57e6 returned with HTTP 200
Jun 01 12:51:00.802650 dv-cinder-793515-2-smb devstack@c-api.service[105845]: [pid: 105845|app: 0|req: 159/297] 10.222.0.11 () {60 vars in 1365 bytes} [Tue Jun 1 12:51:00 2021] GET /volume/v3/00311084ae744c2da1a14bcda340693a/volumes/c1014414-5739-46ae-8b8c-38e945cd57e6 => generated 918 bytes in 103 msecs (HTTP/1.1 200) 7 headers in 285 bytes (1 switches on core 0)
Jun 01 12:51:01.098050 dv-cinder-793515-2-smb devstack@c-api.service[105846]: INFO cinder.api.openstack.wsgi [None req-a272d152-f93c-4d17-9d6c-2f93081b42ee tempest-DeleteServersTestJSON-1484372370 tempest-DeleteServersTestJSON-1484372370-project] GET http://10.222.0.11/volume/v3/945738ac10e54df29f048ff2d6acc248/volumes/dff7f015-c8f8-46a2-966d-50caa44a02d9
Jun 01 12:51:01.098873 dv-cinder-793515-2-smb devstack@c-api.service[105846]: DEBUG cinder.api.openstack.wsgi [None req-a272d152-f93c-4d17-9d6c-2f93081b42ee tempest-DeleteServersTestJSON-1484372370 tempest-DeleteServersTestJSON-1484372370-project] Empty body provided in request {{(pid=105846) get_body /opt/stack/cinder/cinder/api/openstack/wsgi.py:713}}
Jun 01 12:51:01.099392 dv-cinder-793515-2-smb devstack@c-api.service[105846]: DEBUG cinder.api.openstack.wsgi [None req-a272d152-f93c-4d17-9d6c-2f93081b42ee tempest-DeleteServersTestJSON-1484372370 tempest-DeleteServersTestJSON-1484372370-project] Calling method 'show' {{(pid=105846) _process_stack /opt/stack/cinder/cinder/api/openstack/wsgi.py:866}}
Jun 01 12:51:01.191799 dv-cinder-793515-2-smb devstack@c-api.service[105846]: /usr/local/lib/python3.8/dist-packages/oslo_context/context.py:105: DeprecationWarning: Policy enforcement is depending on the value of is_admin. This key is deprecated. Please update your policy file to use the standard policy values.
Jun 01 12:51:01.191799 dv-cinder-793515-2-smb devstack@c-api.service[105846]: warnings.warn('Policy enforcement is depending on the value of '
Jun 01 12:51:01.203094 dv-cinder-793515-2-smb devstack@c-api.service[105846]: INFO cinder.volume.api [None req-a272d152-f93c-4d17-9d6c-2f93081b42ee tempest-DeleteServersTestJSON-1484372370 tempest-DeleteServersTestJSON-1484372370-project] Volume info retrieved successfully.
Jun 01 12:51:01.237931 dv-cinder-793515-2-smb devstack@c-api.service[105846]: INFO cinder.api.openstack.wsgi [None req-a272d152-f93c-4d17-9d6c-2f93081b42ee tempest-DeleteServersTestJSON-1484372370 tempest-DeleteServersTestJSON-1484372370-project] http://10.222.0.11/volume/v3/945738ac10e54df29f048ff2d6acc248/volumes/dff7f015-c8f8-46a2-966d-50caa44a02d9 returned with HTTP 200
Jun 01 12:51:01.250074 dv-cinder-793515-2-smb devstack@c-api.service[105846]: [pid: 105846|app: 0|req: 139/298] 10.222.0.11 () {58 vars in 1325 bytes} [Tue Jun 1 12:51:01 2021] GET /volume/v3/945738ac10e54df29f048ff2d6acc248/volumes/dff7f015-c8f8-46a2-966d-50caa44a02d9 => generated 913 bytes in 146 msecs (HTTP/1.1 200) 7 headers in 285 bytes (2 switches on core 0)
Jun 01 12:51:01.256606 dv-cinder-793515-2-smb devstack@c-api.service[105845]: INFO cinder.api.openstack.wsgi [None req-ac8e915e-db03-4aad-9a22-a81d4c09d29f tempest-DeleteServersTestJSON-1484372370 tempest-DeleteServersTestJSON-1484372370-project] GET http://10.222.0.11/volume/v3/945738ac10e54df29f048ff2d6acc248/volumes/dff7f015-c8f8-46a2-966d-50caa44a02d9
Jun 01 12:51:01.257064 dv-cinder-793515-2-smb devstack@c-api.service[105845]: DEBUG cinder.api.openstack.wsgi [None req-ac8e915e-db03-4aad-9a22-a81d4c09d29f tempest-DeleteServersTestJSON-1484372370 tempest-DeleteServersTestJSON-1484372370-project] Empty body provided in request {{(pid=105845) get_body /opt/stack/cinder/cinder/api/openstack/wsgi.py:713}}
Jun 01 12:51:01.257239 dv-cinder-793515-2-smb devstack@c-api.service[105845]: /usr/local/lib/python3.8/dist-packages/webob/acceptparse.py:1047: DeprecationWarning: The behavior of AcceptValidHeader.best_match is currently being maintained for backward compatibility, but it will be deprecated in the future, as it does not conform to the RFC.
Jun 01 12:51:01.257239 dv-cinder-793515-2-smb devstack@c-api.service[105845]: warnings.warn(
Jun 01 12:51:01.257811 dv-cinder-793515-2-smb devstack@c-api.service[105845]: DEBUG cinder.api.openstack.wsgi [None req-ac8e915e-db03-4aad-9a22-a81d4c09d29f tempest-DeleteServersTestJSON-1484372370 tempest-DeleteServersTestJSON-1484372370-project] Calling method 'show' {{(pid=105845) _process_stack /opt/stack/cinder/cinder/api/openstack/wsgi.py:866}}
Jun 01 12:51:01.338373 dv-cinder-793515-2-smb devstack@c-api.service[105845]: /usr/local/lib/python3.8/dist-packages/oslo_context/context.py:105: DeprecationWarning: Policy enforcement is depending on the value of is_admin. This key is deprecated. Please update your policy file to use the standard policy values.
Jun 01 12:51:01.338373 dv-cinder-793515-2-smb devstack@c-api.service[105845]: warnings.warn('Policy enforcement is depending on the value of '
Jun 01 12:51:01.373737 dv-cinder-793515-2-smb devstack@c-api.service[105845]: INFO cinder.volume.api [None req-ac8e915e-db03-4aad-9a22-a81d4c09d29f tempest-DeleteServersTestJSON-1484372370 tempest-DeleteServersTestJSON-1484372370-project] Volume info retrieved successfully.
Jun 01 12:51:01.423572 dv-cinder-793515-2-smb devstack@c-api.service[105845]: INFO cinder.api.openstack.wsgi [None req-ac8e915e-db03-4aad-9a22-a81d4c09d29f tempest-DeleteServersTestJSON-1484372370 tempest-DeleteServersTestJSON-1484372370-project] http://10.222.0.11/volume/v3/945738ac10e54df29f048ff2d6acc248/volumes/dff7f015-c8f8-46a2-966d-50caa44a02d9 returned with HTTP 200
Jun 01 12:51:01.432609 dv-cinder-793515-2-smb devstack@c-api.service[105845]: [pid: 105845|app: 0|req: 160/299] 10.222.0.11 () {58 vars in 1325 bytes} [Tue Jun 1 12:51:01 2021] GET /volume/v3/945738ac10e54df29f048ff2d6acc248/volumes/dff7f015-c8f8-46a2-966d-50caa44a02d9 => generated 913 bytes in 171 msecs (HTTP/1.1 200) 7 headers in 285 bytes (1 switches on core 0)
Jun 01 12:51:01.449411 dv-cinder-793515-2-smb devstack@c-api.service[105846]: INFO cinder.api.openstack.wsgi [None req-41c9255b-a009-414e-a890-600853aad857 tempest-DeleteServersTestJSON-1484372370 tempest-DeleteServersTestJSON-1484372370-project] GET http://10.222.0.11/volume/v3/945738ac10e54df29f048ff2d6acc248/volumes/dff7f015-c8f8-46a2-966d-50caa44a02d9
Jun 01 12:51:01.450488 dv-cinder-793515-2-smb devstack@c-api.service[105846]: DEBUG cinder.api.openstack.wsgi [None req-41c9255b-a009-414e-a890-600853aad857 tempest-DeleteServersTestJSON-1484372370 tempest-DeleteServersTestJSON-1484372370-project] Empty body provided in request {{(pid=105846) get_body /opt/stack/cinder/cinder/api/openstack/wsgi.py:713}}
Jun 01 12:51:01.450794 dv-cinder-793515-2-smb devstack@c-api.service[105846]: /usr/local/lib/python3.8/dist-packages/webob/acceptparse.py:1047: DeprecationWarning: The behavior of AcceptValidHeader.best_match is currently being maintained for backward compatibility, but it will be deprecated in the future, as it does not conform to the RFC.
Jun 01 12:51:01.450794 dv-cinder-793515-2-smb devstack@c-api.service[105846]: warnings.warn(
Jun 01 12:51:01.452249 dv-cinder-793515-2-smb devstack@c-api.service[105846]: DEBUG cinder.api.openstack.wsgi [None req-41c9255b-a009-414e-a890-600853aad857 tempest-DeleteServersTestJSON-1484372370 tempest-DeleteServersTestJSON-1484372370-project] Calling method 'show' {{(pid=105846) _process_stack /opt/stack/cinder/cinder/api/openstack/wsgi.py:866}}
Jun 01 12:51:01.522861 dv-cinder-793515-2-smb devstack@c-api.service[105845]: INFO cinder.api.openstack.wsgi [None req-58d0b9b3-6d7a-4a8a-84a0-2d8d0da2f7ad tempest-GroupSnapshotsTest-182162392 tempest-GroupSnapshotsTest-182162392-project] GET http://10.222.0.11/volume/v3/09fc712cd3ad4bec862673fa69233a29/volumes/cc2cc29e-86de-435f-afb2-8628fe5d4bd5
Jun 01 12:51:01.530907 dv-cinder-793515-2-smb devstack@c-api.service[105845]: DEBUG cinder.api.openstack.wsgi [None req-58d0b9b3-6d7a-4a8a-84a0-2d8d0da2f7ad tempest-GroupSnapshotsTest-182162392 tempest-GroupSnapshotsTest-182162392-project] Empty body provided in request {{(pid=105845) get_body /opt/stack/cinder/cinder/api/openstack/wsgi.py:713}}
Jun 01 12:51:01.530907 dv-cinder-793515-2-smb devstack@c-api.service[105845]: /usr/local/lib/python3.8/dist-packages/webob/acceptparse.py:1047: DeprecationWarning: The behavior of AcceptValidHeader.best_match is currently being maintained for backward compatibility, but it will be deprecated in the future, as it does not conform to the RFC.
Jun 01 12:51:01.530907 dv-cinder-793515-2-smb devstack@c-api.service[105845]: warnings.warn(
Jun 01 12:51:01.530907 dv-cinder-793515-2-smb devstack@c-api.service[105845]: DEBUG cinder.api.openstack.wsgi [None req-58d0b9b3-6d7a-4a8a-84a0-2d8d0da2f7ad tempest-GroupSnapshotsTest-182162392 tempest-GroupSnapshotsTest-182162392-project] Calling method 'show' {{(pid=105845) _process_stack /opt/stack/cinder/cinder/api/openstack/wsgi.py:866}}
Jun 01 12:51:01.583369 dv-cinder-793515-2-smb devstack@c-api.service[105846]: /usr/local/lib/python3.8/dist-packages/oslo_context/context.py:105: DeprecationWarning: Policy enforcement is depending on the value of is_admin. This key is deprecated. Please update your policy file to use the standard policy values.
Jun 01 12:51:01.583369 dv-cinder-793515-2-smb devstack@c-api.service[105846]: warnings.warn('Policy enforcement is depending on the value of '
Jun 01 12:51:01.604435 dv-cinder-793515-2-smb devstack@c-api.service[105846]: INFO cinder.volume.api [None req-41c9255b-a009-414e-a890-600853aad857 tempest-DeleteServersTestJSON-1484372370 tempest-DeleteServersTestJSON-1484372370-project] Volume info retrieved successfully.
Jun 01 12:51:01.653419 dv-cinder-793515-2-smb devstack@c-api.service[105845]: INFO cinder.api.openstack.wsgi [None req-58d0b9b3-6d7a-4a8a-84a0-2d8d0da2f7ad tempest-GroupSnapshotsTest-182162392 tempest-GroupSnapshotsTest-182162392-project] http://10.222.0.11/volume/v3/09fc712cd3ad4bec862673fa69233a29/volumes/cc2cc29e-86de-435f-afb2-8628fe5d4bd5 returned with HTTP 404
Jun 01 12:51:01.659549 dv-cinder-793515-2-smb devstack@c-api.service[105845]: [pid: 105845|app: 0|req: 161/300] 10.222.0.11 () {60 vars in 1366 bytes} [Tue Jun 1 12:51:01 2021] GET /volume/v3/09fc712cd3ad4bec862673fa69233a29/volumes/cc2cc29e-86de-435f-afb2-8628fe5d4bd5 => generated 109 bytes in 139 msecs (HTTP/1.1 404) 7 headers in 293 bytes (1 switches on core 0)
Jun 01 12:51:01.665565 dv-cinder-793515-2-smb devstack@c-api.service[105845]: INFO cinder.api.openstack.wsgi [None req-e050e944-3502-4199-8699-88b91ad5ea2a tempest-GroupSnapshotsTest-182162392 tempest-GroupSnapshotsTest-182162392-project] GET http://10.222.0.11/volume/v3/09fc712cd3ad4bec862673fa69233a29/groups/61f38bc8-228e-4c45-b26c-d7e39baa38da
Jun 01 12:51:01.666116 dv-cinder-793515-2-smb devstack@c-api.service[105845]: DEBUG cinder.api.openstack.wsgi [None req-e050e944-3502-4199-8699-88b91ad5ea2a tempest-GroupSnapshotsTest-182162392 tempest-GroupSnapshotsTest-182162392-project] Empty body provided in request {{(pid=105845) get_body /opt/stack/cinder/cinder/api/openstack/wsgi.py:713}}
Jun 01 12:51:01.666473 dv-cinder-793515-2-smb devstack@c-api.service[105846]: INFO cinder.api.openstack.wsgi [None req-41c9255b-a009-414e-a890-600853aad857 tempest-DeleteServersTestJSON-1484372370 tempest-DeleteServersTestJSON-1484372370-project] http://10.222.0.11/volume/v3/945738ac10e54df29f048ff2d6acc248/volumes/dff7f015-c8f8-46a2-966d-50caa44a02d9 returned with HTTP 200
Jun 01 12:51:01.666598 dv-cinder-793515-2-smb devstack@c-api.service[105845]: DEBUG cinder.api.openstack.wsgi [None req-e050e944-3502-4199-8699-88b91ad5ea2a tempest-GroupSnapshotsTest-182162392 tempest-GroupSnapshotsTest-182162392-project] Calling method 'version_select' {{(pid=105845) _process_stack /opt/stack/cinder/cinder/api/openstack/wsgi.py:866}}
Jun 01 12:51:01.672072 dv-cinder-793515-2-smb devstack@c-api.service[105845]: DEBUG cinder.api.v3.groups [None req-e050e944-3502-4199-8699-88b91ad5ea2a tempest-GroupSnapshotsTest-182162392 tempest-GroupSnapshotsTest-182162392-project] show called for member 61f38bc8-228e-4c45-b26c-d7e39baa38da {{(pid=105845) show /opt/stack/cinder/cinder/api/v3/groups.py:58}}
Jun 01 12:51:01.684749 dv-cinder-793515-2-smb devstack@c-api.service[105846]: [pid: 105846|app: 0|req: 140/301] 10.222.0.11 () {58 vars in 1325 bytes} [Tue Jun 1 12:51:01 2021] GET /volume/v3/945738ac10e54df29f048ff2d6acc248/volumes/dff7f015-c8f8-46a2-966d-50caa44a02d9 => generated 913 bytes in 229 msecs (HTTP/1.1 200) 7 headers in 285 bytes (1 switches on core 0)
Jun 01 12:51:01.688130 dv-cinder-793515-2-smb devstack@c-api.service[105845]: INFO cinder.api.openstack.wsgi [None req-e050e944-3502-4199-8699-88b91ad5ea2a tempest-GroupSnapshotsTest-182162392 tempest-GroupSnapshotsTest-182162392-project] http://10.222.0.11/volume/v3/09fc712cd3ad4bec862673fa69233a29/groups/61f38bc8-228e-4c45-b26c-d7e39baa38da returned with HTTP 404
Jun 01 12:51:01.689415 dv-cinder-793515-2-smb devstack@c-api.service[105845]: [pid: 105845|app: 0|req: 162/302] 10.222.0.11 () {60 vars in 1363 bytes} [Tue Jun 1 12:51:01 2021] GET /volume/v3/09fc712cd3ad4bec862673fa69233a29/groups/61f38bc8-228e-4c45-b26c-d7e39baa38da => generated 108 bytes in 29 msecs (HTTP/1.1 404) 7 headers in 293 bytes (1 switches on core 0)
Jun 01 12:51:01.703168 dv-cinder-793515-2-smb devstack@c-api.service[105846]: INFO cinder.api.openstack.wsgi [None req-92f56af5-1793-439f-813a-fa65cbf1cf7d tempest-DeleteServersTestJSON-1484372370 tempest-DeleteServersTestJSON-1484372370-project] DELETE http://10.222.0.11/volume/v3/945738ac10e54df29f048ff2d6acc248/volumes/dff7f015-c8f8-46a2-966d-50caa44a02d9
Jun 01 12:51:01.703582 dv-cinder-793515-2-smb devstack@c-api.service[105846]: DEBUG cinder.api.openstack.wsgi [None req-92f56af5-1793-439f-813a-fa65cbf1cf7d tempest-DeleteServersTestJSON-1484372370 tempest-DeleteServersTestJSON-1484372370-project] Empty body provided in request {{(pid=105846) get_body /opt/stack/cinder/cinder/api/openstack/wsgi.py:713}}
Jun 01 12:51:01.703755 dv-cinder-793515-2-smb devstack@c-api.service[105846]: /usr/local/lib/python3.8/dist-packages/webob/acceptparse.py:1047: DeprecationWarning: The behavior of AcceptValidHeader.best_match is currently being maintained for backward compatibility, but it will be deprecated in the future, as it does not conform to the RFC.
Jun 01 12:51:01.703755 dv-cinder-793515-2-smb devstack@c-api.service[105846]: warnings.warn(
Jun 01 12:51:01.704091 dv-cinder-793515-2-smb devstack@c-api.service[105846]: DEBUG cinder.api.openstack.wsgi [None req-92f56af5-1793-439f-813a-fa65cbf1cf7d tempest-DeleteServersTestJSON-1484372370 tempest-DeleteServersTestJSON-1484372370-project] Calling method 'delete' {{(pid=105846) _process_stack /opt/stack/cinder/cinder/api/openstack/wsgi.py:866}}
Jun 01 12:51:01.704510 dv-cinder-793515-2-smb devstack@c-api.service[105846]: INFO cinder.api.v3.volumes [None req-92f56af5-1793-439f-813a-fa65cbf1cf7d tempest-DeleteServersTestJSON-1484372370 tempest-DeleteServersTestJSON-1484372370-project] Delete volume with id: dff7f015-c8f8-46a2-966d-50caa44a02d9
Jun 01 12:51:01.707369 dv-cinder-793515-2-smb devstack@c-api.service[105845]: INFO cinder.api.openstack.wsgi [None req-6f511f81-784b-4231-9907-fd3207958b98 tempest-GroupSnapshotsTest-1115901453 tempest-GroupSnapshotsTest-1115901453-project-admin] DELETE http://10.222.0.11/volume/v3/4fcdf4d203aa4e419c5719bfee1a332b/group_types/efe99c86-e634-4db3-a39c-ea6f42c3cf20
Jun 01 12:51:01.708459 dv-cinder-793515-2-smb devstack@c-api.service[105845]: DEBUG cinder.api.openstack.wsgi [None req-6f511f81-784b-4231-9907-fd3207958b98 tempest-GroupSnapshotsTest-1115901453 tempest-GroupSnapshotsTest-1115901453-project-admin] Empty body provided in request {{(pid=105845) get_body /opt/stack/cinder/cinder/api/openstack/wsgi.py:713}}
Jun 01 12:51:01.709822 dv-cinder-793515-2-smb devstack@c-api.service[105845]: DEBUG cinder.api.openstack.wsgi [None req-6f511f81-784b-4231-9907-fd3207958b98 tempest-GroupSnapshotsTest-1115901453 tempest-GroupSnapshotsTest-1115901453-project-admin] Calling method 'version_select' {{(pid=105845) _process_stack /opt/stack/cinder/cinder/api/openstack/wsgi.py:866}}
Jun 01 12:51:01.777141 dv-cinder-793515-2-smb devstack@c-api.service[105846]: /usr/local/lib/python3.8/dist-packages/oslo_context/context.py:105: DeprecationWarning: Policy enforcement is depending on the value of is_admin. This key is deprecated. Please update your policy file to use the standard policy values.
Jun 01 12:51:01.777141 dv-cinder-793515-2-smb devstack@c-api.service[105846]: warnings.warn('Policy enforcement is depending on the value of '
Jun 01 12:51:01.778333 dv-cinder-793515-2-smb devstack@c-api.service[105846]: INFO cinder.volume.api [None req-92f56af5-1793-439f-813a-fa65cbf1cf7d tempest-DeleteServersTestJSON-1484372370 tempest-DeleteServersTestJSON-1484372370-project] Volume info retrieved successfully.
Jun 01 12:51:01.837991 dv-cinder-793515-2-smb devstack@c-api.service[105845]: INFO cinder.api.openstack.wsgi [None req-6f511f81-784b-4231-9907-fd3207958b98 tempest-GroupSnapshotsTest-1115901453 tempest-GroupSnapshotsTest-1115901453-project-admin] http://10.222.0.11/volume/v3/4fcdf4d203aa4e419c5719bfee1a332b/group_types/efe99c86-e634-4db3-a39c-ea6f42c3cf20 returned with HTTP 202
Jun 01 12:51:01.839801 dv-cinder-793515-2-smb devstack@c-api.service[105845]: [pid: 105845|app: 0|req: 163/303] 10.222.0.11 () {60 vars in 1381 bytes} [Tue Jun 1 12:51:01 2021] DELETE /volume/v3/4fcdf4d203aa4e419c5719bfee1a332b/group_types/efe99c86-e634-4db3-a39c-ea6f42c3cf20 => generated 0 bytes in 137 msecs (HTTP/1.1 202) 6 headers in 234 bytes (1 switches on core 0)
Jun 01 12:51:01.845073 dv-cinder-793515-2-smb devstack@c-api.service[105845]: INFO cinder.api.openstack.wsgi [None req-1a70eee2-213c-40db-acec-354f00b36c57 tempest-UserMessagesTest-166414875 tempest-UserMessagesTest-166414875-project] GET http://10.222.0.11/volume/v3/00311084ae744c2da1a14bcda340693a/volumes/c1014414-5739-46ae-8b8c-38e945cd57e6
Jun 01 12:51:01.846634 dv-cinder-793515-2-smb devstack@c-api.service[105845]: DEBUG cinder.api.openstack.wsgi [None req-1a70eee2-213c-40db-acec-354f00b36c57 tempest-UserMessagesTest-166414875 tempest-UserMessagesTest-166414875-project] Empty body provided in request {{(pid=105845) get_body /opt/stack/cinder/cinder/api/openstack/wsgi.py:713}}
Jun 01 12:51:01.847293 dv-cinder-793515-2-smb devstack@c-api.service[105845]: DEBUG cinder.api.openstack.wsgi [None req-1a70eee2-213c-40db-acec-354f00b36c57 tempest-UserMessagesTest-166414875 tempest-UserMessagesTest-166414875-project] Calling method 'show' {{(pid=105845) _process_stack /opt/stack/cinder/cinder/api/openstack/wsgi.py:866}}
Jun 01 12:51:01.906955 dv-cinder-793515-2-smb devstack@c-api.service[105845]: /usr/local/lib/python3.8/dist-packages/oslo_context/context.py:105: DeprecationWarning: Policy enforcement is depending on the value of is_admin. This key is deprecated. Please update your policy file to use the standard policy values.
Jun 01 12:51:01.906955 dv-cinder-793515-2-smb devstack@c-api.service[105845]: warnings.warn('Policy enforcement is depending on the value of '
Jun 01 12:51:01.915205 dv-cinder-793515-2-smb devstack@c-api.service[105845]: INFO cinder.volume.api [None req-1a70eee2-213c-40db-acec-354f00b36c57 tempest-UserMessagesTest-166414875 tempest-UserMessagesTest-166414875-project] Volume info retrieved successfully.
Jun 01 12:51:01.936095 dv-cinder-793515-2-smb devstack@c-api.service[105845]: INFO cinder.api.openstack.wsgi [None req-1a70eee2-213c-40db-acec-354f00b36c57 tempest-UserMessagesTest-166414875 tempest-UserMessagesTest-166414875-project] http://10.222.0.11/volume/v3/00311084ae744c2da1a14bcda340693a/volumes/c1014414-5739-46ae-8b8c-38e945cd57e6 returned with HTTP 200
Jun 01 12:51:01.937209 dv-cinder-793515-2-smb devstack@c-api.service[105845]: [pid: 105845|app: 0|req: 164/304] 10.222.0.11 () {60 vars in 1365 bytes} [Tue Jun 1 12:51:01 2021] GET /volume/v3/00311084ae744c2da1a14bcda340693a/volumes/c1014414-5739-46ae-8b8c-38e945cd57e6 => generated 939 bytes in 97 msecs (HTTP/1.1 200) 7 headers in 285 bytes (1 switches on core 0)
Jun 01 12:51:01.940782 dv-cinder-793515-2-smb devstack@c-api.service[105845]: INFO cinder.api.openstack.wsgi [None req-b0c4683a-f7d5-44e4-b1b6-4dafb77e2fab tempest-GroupSnapshotsTest-1115901453 tempest-GroupSnapshotsTest-1115901453-project-admin] POST http://10.222.0.11/volume/v3/4fcdf4d203aa4e419c5719bfee1a332b/types
Jun 01 12:51:01.941165 dv-cinder-793515-2-smb devstack@c-api.service[105845]: /usr/local/lib/python3.8/dist-packages/webob/acceptparse.py:1047: DeprecationWarning: The behavior of AcceptValidHeader.best_match is currently being maintained for backward compatibility, but it will be deprecated in the future, as it does not conform to the RFC.
Jun 01 12:51:01.941165 dv-cinder-793515-2-smb devstack@c-api.service[105845]: warnings.warn(
Jun 01 12:51:01.941550 dv-cinder-793515-2-smb devstack@c-api.service[105845]: DEBUG cinder.api.openstack.wsgi [None req-b0c4683a-f7d5-44e4-b1b6-4dafb77e2fab tempest-GroupSnapshotsTest-1115901453 tempest-GroupSnapshotsTest-1115901453-project-admin] Action: 'create', calling method: _create, body: {"volume_type": {"name": "tempest-GroupSnapshotsTest-volume-type-173137240"}} {{(pid=105845) _process_stack /opt/stack/cinder/cinder/api/openstack/wsgi.py:864}}
Jun 01 12:51:01.984063 dv-cinder-793515-2-smb devstack@c-api.service[105846]: INFO cinder.volume.api [None req-92f56af5-1793-439f-813a-fa65cbf1cf7d tempest-DeleteServersTestJSON-1484372370 tempest-DeleteServersTestJSON-1484372370-project] Delete volume request issued successfully.
Jun 01 12:51:01.984943 dv-cinder-793515-2-smb devstack@c-api.service[105846]: INFO cinder.api.openstack.wsgi [None req-92f56af5-1793-439f-813a-fa65cbf1cf7d tempest-DeleteServersTestJSON-1484372370 tempest-DeleteServersTestJSON-1484372370-project] http://10.222.0.11/volume/v3/945738ac10e54df29f048ff2d6acc248/volumes/dff7f015-c8f8-46a2-966d-50caa44a02d9 returned with HTTP 202
Jun 01 12:51:01.986284 dv-cinder-793515-2-smb devstack@c-api.service[105846]: [pid: 105846|app: 0|req: 141/305] 10.222.0.11 () {58 vars in 1328 bytes} [Tue Jun 1 12:51:01 2021] DELETE /volume/v3/945738ac10e54df29f048ff2d6acc248/volumes/dff7f015-c8f8-46a2-966d-50caa44a02d9 => generated 0 bytes in 291 msecs (HTTP/1.1 202) 6 headers in 233 bytes (1 switches on core 0)
Jun 01 12:51:01.990807 dv-cinder-793515-2-smb devstack@c-api.service[105846]: INFO cinder.api.openstack.wsgi [None req-854c0d02-f8a8-4562-971c-1e0071094d97 tempest-UserMessagesTest-166414875 tempest-UserMessagesTest-166414875-project] GET http://10.222.0.11/volume/v3/00311084ae744c2da1a14bcda340693a/messages
Jun 01 12:51:01.991402 dv-cinder-793515-2-smb devstack@c-api.service[105846]: DEBUG cinder.api.openstack.wsgi [None req-854c0d02-f8a8-4562-971c-1e0071094d97 tempest-UserMessagesTest-166414875 tempest-UserMessagesTest-166414875-project] Empty body provided in request {{(pid=105846) get_body /opt/stack/cinder/cinder/api/openstack/wsgi.py:713}}
Jun 01 12:51:01.991540 dv-cinder-793515-2-smb devstack@c-api.service[105846]: /usr/local/lib/python3.8/dist-packages/webob/acceptparse.py:1047: DeprecationWarning: The behavior of AcceptValidHeader.best_match is currently being maintained for backward compatibility, but it will be deprecated in the future, as it does not conform to the RFC.
Jun 01 12:51:01.991540 dv-cinder-793515-2-smb devstack@c-api.service[105846]: warnings.warn(
