Jun 01 12:33:42.127118 dv-cinder-793515-2-iscsi devstack@n-api.service[112566]: DEBUG nova.context [None req-d9675c6f-cc4e-4f48-88fd-2ef695880716 None None] Found 2 cells: 00000000-0000-0000-0000-000000000000(cell0),eee4f749-bc07-4aa2-9abb-39515df9a249(cell1) {{(pid=112566) load_cells /opt/stack/nova/nova/context.py:464}}
Jun 01 12:33:42.131470 dv-cinder-793515-2-iscsi devstack@n-api.service[112566]: DEBUG oslo_concurrency.lockutils [None req-d9675c6f-cc4e-4f48-88fd-2ef695880716 None None] Lock "00000000-0000-0000-0000-000000000000" acquired by "nova.context.set_target_cell..get_or_set_cached_cell_and_set_connections" :: waited 0.000s {{(pid=112566) inner /usr/local/lib/python3.8/dist-packages/oslo_concurrency/lockutils.py:355}}
Jun 01 12:33:42.133215 dv-cinder-793515-2-iscsi devstack@n-api.service[112566]: DEBUG oslo_concurrency.lockutils [None req-d9675c6f-cc4e-4f48-88fd-2ef695880716 None None] Lock "00000000-0000-0000-0000-000000000000" released by "nova.context.set_target_cell..get_or_set_cached_cell_and_set_connections" :: held 0.002s {{(pid=112566) inner /usr/local/lib/python3.8/dist-packages/oslo_concurrency/lockutils.py:367}}
Jun 01 12:33:42.134122 dv-cinder-793515-2-iscsi devstack@n-api.service[112566]: DEBUG oslo_concurrency.lockutils [None req-d9675c6f-cc4e-4f48-88fd-2ef695880716 None None] Lock "eee4f749-bc07-4aa2-9abb-39515df9a249" acquired by "nova.context.set_target_cell..get_or_set_cached_cell_and_set_connections" :: waited 0.000s {{(pid=112566) inner /usr/local/lib/python3.8/dist-packages/oslo_concurrency/lockutils.py:355}}
Jun 01 12:33:42.136189 dv-cinder-793515-2-iscsi devstack@n-api.service[112566]: DEBUG oslo_concurrency.lockutils [None req-d9675c6f-cc4e-4f48-88fd-2ef695880716 None None] Lock "eee4f749-bc07-4aa2-9abb-39515df9a249" released by "nova.context.set_target_cell..get_or_set_cached_cell_and_set_connections" :: held 0.002s {{(pid=112566) inner /usr/local/lib/python3.8/dist-packages/oslo_concurrency/lockutils.py:367}}
Jun 01 12:33:42.148609 dv-cinder-793515-2-iscsi devstack@n-api.service[112567]: DEBUG oslo_db.sqlalchemy.engines [None req-6a9d54bd-0e83-473a-8aae-d9f6debc3add None None] MySQL server mode set to STRICT_TRANS_TABLES,STRICT_ALL_TABLES,NO_ZERO_IN_DATE,NO_ZERO_DATE,ERROR_FOR_DIVISION_BY_ZERO,TRADITIONAL,NO_ENGINE_SUBSTITUTION {{(pid=112567) _check_effective_sql_mode /usr/local/lib/python3.8/dist-packages/oslo_db/sqlalchemy/engines.py:314}}
Jun 01 12:33:42.162533 dv-cinder-793515-2-iscsi devstack@n-api.service[112566]: DEBUG oslo_db.sqlalchemy.engines [None req-d9675c6f-cc4e-4f48-88fd-2ef695880716 None None] MySQL server mode set to STRICT_TRANS_TABLES,STRICT_ALL_TABLES,NO_ZERO_IN_DATE,NO_ZERO_DATE,ERROR_FOR_DIVISION_BY_ZERO,TRADITIONAL,NO_ENGINE_SUBSTITUTION {{(pid=112566) _check_effective_sql_mode /usr/local/lib/python3.8/dist-packages/oslo_db/sqlalchemy/engines.py:314}}
Jun 01 12:33:42.163386 dv-cinder-793515-2-iscsi devstack@n-api.service[112566]: DEBUG oslo_db.sqlalchemy.engines [None req-d9675c6f-cc4e-4f48-88fd-2ef695880716 None None] MySQL server mode set to STRICT_TRANS_TABLES,STRICT_ALL_TABLES,NO_ZERO_IN_DATE,NO_ZERO_DATE,ERROR_FOR_DIVISION_BY_ZERO,TRADITIONAL,NO_ENGINE_SUBSTITUTION {{(pid=112566) _check_effective_sql_mode /usr/local/lib/python3.8/dist-packages/oslo_db/sqlalchemy/engines.py:314}}
Jun 01 12:33:42.193799 dv-cinder-793515-2-iscsi devstack@n-api.service[112566]: DEBUG oslo_db.sqlalchemy.engines [None req-d9675c6f-cc4e-4f48-88fd-2ef695880716 None None] MySQL server mode set to STRICT_TRANS_TABLES,STRICT_ALL_TABLES,NO_ZERO_IN_DATE,NO_ZERO_DATE,ERROR_FOR_DIVISION_BY_ZERO,TRADITIONAL,NO_ENGINE_SUBSTITUTION {{(pid=112566) _check_effective_sql_mode /usr/local/lib/python3.8/dist-packages/oslo_db/sqlalchemy/engines.py:314}}
Jun 01 12:33:42.483246 dv-cinder-793515-2-iscsi devstack@n-api.service[112567]: WARNING keystonemiddleware.auth_token [None req-6a9d54bd-0e83-473a-8aae-d9f6debc3add None None] AuthToken middleware is set with keystone_authtoken.service_token_roles_required set to False. This is backwards compatible but deprecated behaviour. Please set this to True.
Jun 01 12:33:42.490967 dv-cinder-793515-2-iscsi devstack@n-api.service[112567]: WARNING keystonemiddleware.auth_token [None req-6a9d54bd-0e83-473a-8aae-d9f6debc3add None None] Configuring www_authenticate_uri to point to the public identity endpoint is required; clients may not be able to authenticate against an admin endpoint
Jun 01 12:33:42.525380 dv-cinder-793515-2-iscsi devstack@n-api.service[112566]: WARNING keystonemiddleware.auth_token [None req-d9675c6f-cc4e-4f48-88fd-2ef695880716 None None] AuthToken middleware is set with keystone_authtoken.service_token_roles_required set to False. This is backwards compatible but deprecated behaviour. Please set this to True.
Jun 01 12:33:42.535011 dv-cinder-793515-2-iscsi devstack@n-api.service[112566]: WARNING keystonemiddleware.auth_token [None req-d9675c6f-cc4e-4f48-88fd-2ef695880716 None None] Configuring www_authenticate_uri to point to the public identity endpoint is required; clients may not be able to authenticate against an admin endpoint
Jun 01 12:33:42.732718 dv-cinder-793515-2-iscsi devstack@n-api.service[112567]: WARNING keystonemiddleware.auth_token [None req-6a9d54bd-0e83-473a-8aae-d9f6debc3add None None] AuthToken middleware is set with keystone_authtoken.service_token_roles_required set to False. This is backwards compatible but deprecated behaviour. Please set this to True.
Jun 01 12:33:42.738557 dv-cinder-793515-2-iscsi devstack@n-api.service[112567]: WARNING keystonemiddleware.auth_token [None req-6a9d54bd-0e83-473a-8aae-d9f6debc3add None None] Configuring www_authenticate_uri to point to the public identity endpoint is required; clients may not be able to authenticate against an admin endpoint
Jun 01 12:33:42.743731 dv-cinder-793515-2-iscsi devstack@n-api.service[112567]: WSGI app 0 (mountpoint='') ready in 5 seconds on interpreter 0x55b6b10a09c0 pid: 112567 (default app)
Jun 01 12:33:42.774012 dv-cinder-793515-2-iscsi devstack@n-api.service[112566]: WARNING keystonemiddleware.auth_token [None req-d9675c6f-cc4e-4f48-88fd-2ef695880716 None None] AuthToken middleware is set with keystone_authtoken.service_token_roles_required set to False. This is backwards compatible but deprecated behaviour. Please set this to True.
Jun 01 12:33:42.780037 dv-cinder-793515-2-iscsi devstack@n-api.service[112566]: WARNING keystonemiddleware.auth_token [None req-d9675c6f-cc4e-4f48-88fd-2ef695880716 None None] Configuring www_authenticate_uri to point to the public identity endpoint is required; clients may not be able to authenticate against an admin endpoint
Jun 01 12:33:42.785280 dv-cinder-793515-2-iscsi devstack@n-api.service[112566]: WSGI app 0 (mountpoint='') ready in 5 seconds on interpreter 0x55b6b10a09c0 pid: 112566 (default app)
Jun 01 12:34:14.732436 dv-cinder-793515-2-iscsi devstack@n-api.service[112567]: DEBUG nova.api.openstack.wsgi [None req-085e049b-b40a-4cae-ab42-e1aa3d923074 tempest-VolumesNegativeTest-985762512 tempest-VolumesNegativeTest-985762512-project] Action: 'create', calling method: .version_select at 0x7f80e066ce50>, body: {"volume": {"size": "#$%", "display_name": "tempest-VolumesNegativeTest-Volume-1325658521", "metadata": {"Type": "work"}}} {{(pid=112567) _process_stack /opt/stack/nova/nova/api/openstack/wsgi.py:511}}
Jun 01 12:34:14.734170 dv-cinder-793515-2-iscsi devstack@n-api.service[112567]: DEBUG nova.api.openstack.wsgi [None req-085e049b-b40a-4cae-ab42-e1aa3d923074 tempest-VolumesNegativeTest-985762512 tempest-VolumesNegativeTest-985762512-project] Returning 400 to user: Invalid input for field/attribute size. Value: #$%. '#$%' does not match '^[0-9]+$' {{(pid=112567) __call__ /opt/stack/nova/nova/api/openstack/wsgi.py:927}}
Jun 01 12:34:14.735412 dv-cinder-793515-2-iscsi devstack@n-api.service[112567]: INFO nova.api.openstack.requestlog [None req-085e049b-b40a-4cae-ab42-e1aa3d923074 tempest-VolumesNegativeTest-985762512 tempest-VolumesNegativeTest-985762512-project] 10.222.0.81 "POST /compute/v2.1/os-volumes" status: 400 len: 127 microversion: 2.1 time: 1.328132
Jun 01 12:34:14.737267 dv-cinder-793515-2-iscsi devstack@n-api.service[112567]: [pid: 112567|app: 0|req: 1/1] 10.222.0.81 () {60 vars in 1156 bytes} [Tue Jun 1 12:34:13 2021] POST /compute/v2.1/os-volumes => generated 127 bytes in 1330 msecs (HTTP/1.1 400) 9 headers in 381 bytes (1 switches on core 0)
Jun 01 12:34:14.747557 dv-cinder-793515-2-iscsi devstack@n-api.service[112567]: DEBUG nova.api.openstack.wsgi [None req-65ede327-5efc-4812-8f07-7e78af9cee22 tempest-VolumesNegativeTest-985762512 tempest-VolumesNegativeTest-985762512-project] Action: 'create', calling method: .version_select at 0x7f80dfd8db80>, body: {"volume": {"size": "0", "display_name": "tempest-VolumesNegativeTest-Volume-1328800121", "metadata": {"Type": "work"}}} {{(pid=112567) _process_stack /opt/stack/nova/nova/api/openstack/wsgi.py:511}}
Jun 01 12:34:14.749412 dv-cinder-793515-2-iscsi devstack@n-api.service[112567]: DEBUG nova.api.openstack.wsgi [None req-65ede327-5efc-4812-8f07-7e78af9cee22 tempest-VolumesNegativeTest-985762512 tempest-VolumesNegativeTest-985762512-project] Returning 400 to user: Invalid input for field/attribute size. Value: 0. 0 is less than the minimum of 1 {{(pid=112567) __call__ /opt/stack/nova/nova/api/openstack/wsgi.py:927}}
Jun 01 12:34:14.750410 dv-cinder-793515-2-iscsi devstack@n-api.service[112567]: INFO nova.api.openstack.requestlog [None req-65ede327-5efc-4812-8f07-7e78af9cee22 tempest-VolumesNegativeTest-985762512 tempest-VolumesNegativeTest-985762512-project] 10.222.0.81 "POST /compute/v2.1/os-volumes" status: 400 len: 125 microversion: 2.1 time: 0.007699
Jun 01 12:34:14.751095 dv-cinder-793515-2-iscsi devstack@n-api.service[112567]: [pid: 112567|app: 0|req: 2/2] 10.222.0.81 () {60 vars in 1156 bytes} [Tue Jun 1 12:34:14 2021] POST /compute/v2.1/os-volumes => generated 125 bytes in 9 msecs (HTTP/1.1 400) 9 headers in 381 bytes (1 switches on core 0)
Jun 01 12:34:14.759602 dv-cinder-793515-2-iscsi devstack@n-api.service[112567]: DEBUG nova.api.openstack.wsgi [None req-c6bc09ee-4a93-4791-8726-cac4972ae339 tempest-VolumesNegativeTest-985762512 tempest-VolumesNegativeTest-985762512-project] Action: 'create', calling method: .version_select at 0x7f80dfe51d30>, body: {"volume": {"size": "", "display_name": "tempest-VolumesNegativeTest-Volume-935802957", "metadata": {"Type": "work"}}} {{(pid=112567) _process_stack /opt/stack/nova/nova/api/openstack/wsgi.py:511}}
Jun 01 12:34:14.761590 dv-cinder-793515-2-iscsi devstack@n-api.service[112567]: DEBUG nova.api.openstack.wsgi [None req-c6bc09ee-4a93-4791-8726-cac4972ae339 tempest-VolumesNegativeTest-985762512 tempest-VolumesNegativeTest-985762512-project] Returning 400 to user: Invalid input for field/attribute size. Value: . '' does not match '^[0-9]+$' {{(pid=112567) __call__ /opt/stack/nova/nova/api/openstack/wsgi.py:927}}
Jun 01 12:34:14.762097 dv-cinder-793515-2-iscsi devstack@n-api.service[112567]: INFO nova.api.openstack.requestlog [None req-c6bc09ee-4a93-4791-8726-cac4972ae339 tempest-VolumesNegativeTest-985762512 tempest-VolumesNegativeTest-985762512-project] 10.222.0.81 "POST /compute/v2.1/os-volumes" status: 400 len: 121 microversion: 2.1 time: 0.006074
Jun 01 12:34:14.762786 dv-cinder-793515-2-iscsi devstack@n-api.service[112567]: [pid: 112567|app: 0|req: 3/3] 10.222.0.81 () {60 vars in 1156 bytes} [Tue Jun 1 12:34:14 2021] POST /compute/v2.1/os-volumes => generated 121 bytes in 7 msecs (HTTP/1.1 400) 9 headers in 381 bytes (2 switches on core 0)
Jun 01 12:34:14.771010 dv-cinder-793515-2-iscsi devstack@n-api.service[112567]: DEBUG nova.api.openstack.wsgi [None req-309a8f04-517b-46a1-ba63-89cb9ee18b63 tempest-VolumesNegativeTest-985762512 tempest-VolumesNegativeTest-985762512-project] Calling method '.version_select at 0x7f80dfcb4670>' {{(pid=112567) _process_stack /opt/stack/nova/nova/api/openstack/wsgi.py:513}}
Jun 01 12:34:15.892978 dv-cinder-793515-2-iscsi devstack@n-api.service[112566]: DEBUG nova.api.openstack.wsgi [None req-a904b1d4-3b68-40e1-892b-3c8524620df0 tempest-VolumesGetTestJSON-757356108 tempest-VolumesGetTestJSON-757356108-project] Action: 'create', calling method: .version_select at 0x7f80e06533a0>, body: {"volume": {"size": 1, "display_name": "tempest-VolumesGetTestJSON-Volume-1958866262", "metadata": {"Type": "work"}}} {{(pid=112566) _process_stack /opt/stack/nova/nova/api/openstack/wsgi.py:511}}
Jun 01 12:34:16.314783 dv-cinder-793515-2-iscsi devstack@n-api.service[112567]: INFO nova.api.openstack.wsgi [None req-309a8f04-517b-46a1-ba63-89cb9ee18b63 tempest-VolumesNegativeTest-985762512 tempest-VolumesNegativeTest-985762512-project] HTTP exception thrown: Volume tempest-invalid-1849764516 could not be found.
Jun 01 12:34:16.317162 dv-cinder-793515-2-iscsi devstack@n-api.service[112567]: DEBUG nova.api.openstack.wsgi [None req-309a8f04-517b-46a1-ba63-89cb9ee18b63 tempest-VolumesNegativeTest-985762512 tempest-VolumesNegativeTest-985762512-project] Returning 404 to user: Volume tempest-invalid-1849764516 could not be found. {{(pid=112567) __call__ /opt/stack/nova/nova/api/openstack/wsgi.py:927}}
Jun 01 12:34:16.318398 dv-cinder-793515-2-iscsi devstack@n-api.service[112567]: INFO nova.api.openstack.requestlog [None req-309a8f04-517b-46a1-ba63-89cb9ee18b63 tempest-VolumesNegativeTest-985762512 tempest-VolumesNegativeTest-985762512-project] 10.222.0.81 "DELETE /compute/v2.1/os-volumes/tempest-invalid-1849764516" status: 404 len: 99 microversion: 2.1 time: 1.550707
Jun 01 12:34:16.325093 dv-cinder-793515-2-iscsi devstack@n-api.service[112567]: [pid: 112567|app: 0|req: 4/4] 10.222.0.81 () {58 vars in 1218 bytes} [Tue Jun 1 12:34:14 2021] DELETE /compute/v2.1/os-volumes/tempest-invalid-1849764516 => generated 99 bytes in 1558 msecs (HTTP/1.1 404) 9 headers in 378 bytes (2 switches on core 0)
Jun 01 12:34:16.333491 dv-cinder-793515-2-iscsi devstack@n-api.service[112567]: INFO nova.api.openstack.requestlog [None req-16d5ec87-cfca-4b55-8a04-9b4b20b2af5e tempest-VolumesNegativeTest-985762512 tempest-VolumesNegativeTest-985762512-project] 10.222.0.81 "DELETE /compute/v2.1/os-volumes/" status: 404 len: 112 microversion: - time: 0.005755
Jun 01 12:34:16.340723 dv-cinder-793515-2-iscsi devstack@n-api.service[112567]: [pid: 112567|app: 0|req: 5/5] 10.222.0.81 () {58 vars in 1140 bytes} [Tue Jun 1 12:34:16 2021] DELETE /compute/v2.1/os-volumes/ => generated 112 bytes in 15 msecs (HTTP/1.1 404) 5 headers in 228 bytes (1 switches on core 0)
Jun 01 12:34:16.346654 dv-cinder-793515-2-iscsi devstack@n-api.service[112567]: INFO nova.api.openstack.requestlog [None req-9bde1e2e-3a78-4c45-83bb-96308e625239 tempest-VolumesNegativeTest-985762512 tempest-VolumesNegativeTest-985762512-project] 10.222.0.81 "GET /compute/v2.1/os-volumes/" status: 404 len: 112 microversion: - time: 0.004463
Jun 01 12:34:16.347459 dv-cinder-793515-2-iscsi devstack@n-api.service[112567]: [pid: 112567|app: 0|req: 6/6] 10.222.0.81 () {58 vars in 1137 bytes} [Tue Jun 1 12:34:16 2021] GET /compute/v2.1/os-volumes/ => generated 112 bytes in 6 msecs (HTTP/1.1 404) 5 headers in 228 bytes (1 switches on core 0)
Jun 01 12:34:16.356852 dv-cinder-793515-2-iscsi devstack@n-api.service[112567]: DEBUG nova.api.openstack.wsgi [None req-8f4dc8dc-2ae9-46b9-8473-13846f06eba1 tempest-VolumesNegativeTest-985762512 tempest-VolumesNegativeTest-985762512-project] Calling method '.version_select at 0x7f80dfcb4550>' {{(pid=112567) _process_stack /opt/stack/nova/nova/api/openstack/wsgi.py:513}}
Jun 01 12:34:16.443166 dv-cinder-793515-2-iscsi devstack@n-api.service[112567]: INFO nova.api.openstack.wsgi [None req-8f4dc8dc-2ae9-46b9-8473-13846f06eba1 tempest-VolumesNegativeTest-985762512 tempest-VolumesNegativeTest-985762512-project] HTTP exception thrown: Volume a3cf1293-2ff1-49b8-aea5-96b388cf49ef could not be found.
Jun 01 12:34:16.444311 dv-cinder-793515-2-iscsi devstack@n-api.service[112567]: DEBUG nova.api.openstack.wsgi [None req-8f4dc8dc-2ae9-46b9-8473-13846f06eba1 tempest-VolumesNegativeTest-985762512 tempest-VolumesNegativeTest-985762512-project] Returning 404 to user: Volume a3cf1293-2ff1-49b8-aea5-96b388cf49ef could not be found. {{(pid=112567) __call__ /opt/stack/nova/nova/api/openstack/wsgi.py:927}}
Jun 01 12:34:16.445431 dv-cinder-793515-2-iscsi devstack@n-api.service[112567]: INFO nova.api.openstack.requestlog [None req-8f4dc8dc-2ae9-46b9-8473-13846f06eba1 tempest-VolumesNegativeTest-985762512 tempest-VolumesNegativeTest-985762512-project] 10.222.0.81 "DELETE /compute/v2.1/os-volumes/a3cf1293-2ff1-49b8-aea5-96b388cf49ef" status: 404 len: 109 microversion: 2.1 time: 0.092165
Jun 01 12:34:16.452453 dv-cinder-793515-2-iscsi devstack@n-api.service[112567]: [pid: 112567|app: 0|req: 7/7] 10.222.0.81 () {58 vars in 1248 bytes} [Tue Jun 1 12:34:16 2021] DELETE /compute/v2.1/os-volumes/a3cf1293-2ff1-49b8-aea5-96b388cf49ef => generated 109 bytes in 100 msecs (HTTP/1.1 404) 9 headers in 379 bytes (1 switches on core 0)
Jun 01 12:34:16.458272 dv-cinder-793515-2-iscsi devstack@n-api.service[112567]: DEBUG nova.api.openstack.wsgi [None req-02116098-3848-421a-8c4a-e3f5e86bea72 tempest-VolumesNegativeTest-985762512 tempest-VolumesNegativeTest-985762512-project] Calling method '.version_select at 0x7f80dfbf2b80>' {{(pid=112567) _process_stack /opt/stack/nova/nova/api/openstack/wsgi.py:513}}
Jun 01 12:34:16.592077 dv-cinder-793515-2-iscsi devstack@n-api.service[112567]: INFO nova.api.openstack.wsgi [None req-02116098-3848-421a-8c4a-e3f5e86bea72 tempest-VolumesNegativeTest-985762512 tempest-VolumesNegativeTest-985762512-project] HTTP exception thrown: Volume 669f747c-ba90-4186-99de-ca9c3c7e38a5 could not be found.
Jun 01 12:34:16.593119 dv-cinder-793515-2-iscsi devstack@n-api.service[112567]: DEBUG nova.api.openstack.wsgi [None req-02116098-3848-421a-8c4a-e3f5e86bea72 tempest-VolumesNegativeTest-985762512 tempest-VolumesNegativeTest-985762512-project] Returning 404 to user: Volume 669f747c-ba90-4186-99de-ca9c3c7e38a5 could not be found. {{(pid=112567) __call__ /opt/stack/nova/nova/api/openstack/wsgi.py:927}}
Jun 01 12:34:16.594619 dv-cinder-793515-2-iscsi devstack@n-api.service[112567]: INFO nova.api.openstack.requestlog [None req-02116098-3848-421a-8c4a-e3f5e86bea72 tempest-VolumesNegativeTest-985762512 tempest-VolumesNegativeTest-985762512-project] 10.222.0.81 "GET /compute/v2.1/os-volumes/669f747c-ba90-4186-99de-ca9c3c7e38a5" status: 404 len: 109 microversion: 2.1 time: 0.140441
Jun 01 12:34:16.595548 dv-cinder-793515-2-iscsi devstack@n-api.service[112567]: [pid: 112567|app: 0|req: 8/8] 10.222.0.81 () {58 vars in 1245 bytes} [Tue Jun 1 12:34:16 2021] GET /compute/v2.1/os-volumes/669f747c-ba90-4186-99de-ca9c3c7e38a5 => generated 109 bytes in 142 msecs (HTTP/1.1 404) 9 headers in 379 bytes (1 switches on core 0)
Jun 01 12:34:18.123883 dv-cinder-793515-2-iscsi devstack@n-api.service[112566]: INFO nova.api.openstack.requestlog [None req-a904b1d4-3b68-40e1-892b-3c8524620df0 tempest-VolumesGetTestJSON-757356108 tempest-VolumesGetTestJSON-757356108-project] 10.222.0.81 "POST /compute/v2.1/os-volumes" status: 200 len: 353 microversion: 2.1 time: 3.652030
Jun 01 12:34:18.125602 dv-cinder-793515-2-iscsi devstack@n-api.service[112566]: [pid: 112566|app: 0|req: 1/9] 10.222.0.81 () {60 vars in 1156 bytes} [Tue Jun 1 12:34:14 2021] POST /compute/v2.1/os-volumes => generated 353 bytes in 3655 msecs (HTTP/1.1 200) 10 headers in 448 bytes (2 switches on core 0)
Jun 01 12:34:18.137556 dv-cinder-793515-2-iscsi devstack@n-api.service[112567]: DEBUG nova.api.openstack.wsgi [None req-93d6612e-2852-4ec1-950e-d707a116bc0c tempest-VolumesGetTestJSON-757356108 tempest-VolumesGetTestJSON-757356108-project] Calling method '.version_select at 0x7f80dfbf2700>' {{(pid=112567) _process_stack /opt/stack/nova/nova/api/openstack/wsgi.py:513}}
Jun 01 12:34:18.383886 dv-cinder-793515-2-iscsi devstack@n-api.service[112567]: INFO nova.api.openstack.requestlog [None req-93d6612e-2852-4ec1-950e-d707a116bc0c tempest-VolumesGetTestJSON-757356108 tempest-VolumesGetTestJSON-757356108-project] 10.222.0.81 "GET /compute/v2.1/os-volumes/fe8689a5-434c-4029-8a38-b8465b616b9d" status: 200 len: 353 microversion: 2.1 time: 0.250653
Jun 01 12:34:18.385254 dv-cinder-793515-2-iscsi devstack@n-api.service[112567]: [pid: 112567|app: 0|req: 9/10] 10.222.0.81 () {58 vars in 1245 bytes} [Tue Jun 1 12:34:18 2021] GET /compute/v2.1/os-volumes/fe8689a5-434c-4029-8a38-b8465b616b9d => generated 353 bytes in 253 msecs (HTTP/1.1 200) 9 headers in 357 bytes (1 switches on core 0)
Jun 01 12:34:19.402980 dv-cinder-793515-2-iscsi devstack@n-api.service[112566]: DEBUG nova.api.openstack.wsgi [None req-6cf9170a-1697-4e25-aeab-6474cc057def tempest-VolumesGetTestJSON-757356108 tempest-VolumesGetTestJSON-757356108-project] Calling method '.version_select at 0x7f80dfc4f430>' {{(pid=112566) _process_stack /opt/stack/nova/nova/api/openstack/wsgi.py:513}}
Jun 01 12:34:19.616547 dv-cinder-793515-2-iscsi devstack@n-api.service[112566]: INFO nova.api.openstack.requestlog [None req-6cf9170a-1697-4e25-aeab-6474cc057def tempest-VolumesGetTestJSON-757356108 tempest-VolumesGetTestJSON-757356108-project] 10.222.0.81 "GET /compute/v2.1/os-volumes/fe8689a5-434c-4029-8a38-b8465b616b9d" status: 200 len: 354 microversion: 2.1 time: 0.222782
Jun 01 12:34:19.617234 dv-cinder-793515-2-iscsi devstack@n-api.service[112566]: [pid: 112566|app: 0|req: 2/11] 10.222.0.81 () {58 vars in 1245 bytes} [Tue Jun 1 12:34:19 2021] GET /compute/v2.1/os-volumes/fe8689a5-434c-4029-8a38-b8465b616b9d => generated 354 bytes in 225 msecs (HTTP/1.1 200) 9 headers in 357 bytes (1 switches on core 0)
Jun 01 12:34:19.628497 dv-cinder-793515-2-iscsi devstack@n-api.service[112567]: DEBUG nova.api.openstack.wsgi [None req-bccb0078-f904-459f-84f5-fb33de75f824 tempest-VolumesGetTestJSON-757356108 tempest-VolumesGetTestJSON-757356108-project] Calling method '.version_select at 0x7f80dfcb4550>' {{(pid=112567) _process_stack /opt/stack/nova/nova/api/openstack/wsgi.py:513}}
Jun 01 12:34:19.797937 dv-cinder-793515-2-iscsi devstack@n-api.service[112567]: INFO nova.api.openstack.requestlog [None req-bccb0078-f904-459f-84f5-fb33de75f824 tempest-VolumesGetTestJSON-757356108 tempest-VolumesGetTestJSON-757356108-project] 10.222.0.81 "GET /compute/v2.1/os-volumes/fe8689a5-434c-4029-8a38-b8465b616b9d" status: 200 len: 354 microversion: 2.1 time: 0.172929
Jun 01 12:34:19.798524 dv-cinder-793515-2-iscsi devstack@n-api.service[112567]: [pid: 112567|app: 0|req: 10/12] 10.222.0.81 () {58 vars in 1245 bytes} [Tue Jun 1 12:34:19 2021] GET /compute/v2.1/os-volumes/fe8689a5-434c-4029-8a38-b8465b616b9d => generated 354 bytes in 174 msecs (HTTP/1.1 200) 9 headers in 357 bytes (1 switches on core 0)
Jun 01 12:34:19.814379 dv-cinder-793515-2-iscsi devstack@n-api.service[112566]: DEBUG nova.api.openstack.wsgi [None req-77a0c0b7-69e4-48fe-bcba-965ae6d1dbfd tempest-VolumesGetTestJSON-757356108 tempest-VolumesGetTestJSON-757356108-project] Calling method '.version_select at 0x7f80dfc4fca0>' {{(pid=112566) _process_stack /opt/stack/nova/nova/api/openstack/wsgi.py:513}}
Jun 01 12:34:20.005459 dv-cinder-793515-2-iscsi devstack@n-api.service[112566]: INFO nova.api.openstack.requestlog [None req-77a0c0b7-69e4-48fe-bcba-965ae6d1dbfd tempest-VolumesGetTestJSON-757356108 tempest-VolumesGetTestJSON-757356108-project] 10.222.0.81 "DELETE /compute/v2.1/os-volumes/fe8689a5-434c-4029-8a38-b8465b616b9d" status: 202 len: 0 microversion: 2.1 time: 0.194709
Jun 01 12:34:20.008854 dv-cinder-793515-2-iscsi devstack@n-api.service[112566]: [pid: 112566|app: 0|req: 3/13] 10.222.0.81 () {58 vars in 1248 bytes} [Tue Jun 1 12:34:19 2021] DELETE /compute/v2.1/os-volumes/fe8689a5-434c-4029-8a38-b8465b616b9d => generated 0 bytes in 199 msecs (HTTP/1.1 202) 9 headers in 361 bytes (1 switches on core 0)
Jun 01 12:34:20.015912 dv-cinder-793515-2-iscsi devstack@n-api.service[112566]: DEBUG nova.api.openstack.wsgi [None req-a5d3b44f-04fa-4f66-bbc3-1f9413b49440 tempest-VolumesGetTestJSON-757356108 tempest-VolumesGetTestJSON-757356108-project] Calling method '.version_select at 0x7f80dfc4fee0>' {{(pid=112566) _process_stack /opt/stack/nova/nova/api/openstack/wsgi.py:513}}
Jun 01 12:34:20.127612 dv-cinder-793515-2-iscsi devstack@n-api.service[112567]: DEBUG nova.api.openstack.wsgi [None req-2a34f68b-1559-4dc4-9198-400f418b7078 tempest-DeleteServersTestJSON-1947844411 tempest-DeleteServersTestJSON-1947844411-project] Action: 'create', calling method: >, body: {"server": {"name": "tempest-DeleteServersTestJSON-server-1632332645", "imageRef": "acac4881-b80c-4bff-a0b2-e2d1b8f7e2c7", "flavorRef": "452", "networks": [{"uuid": "53a16a0a-0d86-46d5-81e4-dff69599238d"}]}} {{(pid=112567) _process_stack /opt/stack/nova/nova/api/openstack/wsgi.py:511}}
Jun 01 12:34:20.266173 dv-cinder-793515-2-iscsi devstack@n-api.service[112566]: INFO nova.api.openstack.requestlog [None req-a5d3b44f-04fa-4f66-bbc3-1f9413b49440 tempest-VolumesGetTestJSON-757356108 tempest-VolumesGetTestJSON-757356108-project] 10.222.0.81 "GET /compute/v2.1/os-volumes/fe8689a5-434c-4029-8a38-b8465b616b9d" status: 200 len: 353 microversion: 2.1 time: 0.255217
Jun 01 12:34:20.270392 dv-cinder-793515-2-iscsi devstack@n-api.service[112566]: [pid: 112566|app: 0|req: 4/14] 10.222.0.81 () {58 vars in 1245 bytes} [Tue Jun 1 12:34:20 2021] GET /compute/v2.1/os-volumes/fe8689a5-434c-4029-8a38-b8465b616b9d => generated 353 bytes in 260 msecs (HTTP/1.1 200) 9 headers in 357 bytes (1 switches on core 0)
Jun 01 12:34:20.354091 dv-cinder-793515-2-iscsi devstack@n-api.service[112567]: DEBUG nova.network.neutron [None req-2a34f68b-1559-4dc4-9198-400f418b7078 tempest-DeleteServersTestJSON-1947844411 tempest-DeleteServersTestJSON-1947844411-project] validate_networks() for [('53a16a0a-0d86-46d5-81e4-dff69599238d', None, None, None)] {{(pid=112567) validate_networks /opt/stack/nova/nova/network/neutron.py:2374}}
Jun 01 12:34:21.285475 dv-cinder-793515-2-iscsi devstack@n-api.service[112566]: DEBUG nova.api.openstack.wsgi [None req-bbb91587-750f-4e7e-ad12-1c0e216c3711 tempest-VolumesGetTestJSON-757356108 tempest-VolumesGetTestJSON-757356108-project] Calling method '.version_select at 0x7f80dfc4f5e0>' {{(pid=112566) _process_stack /opt/stack/nova/nova/api/openstack/wsgi.py:513}}
Jun 01 12:34:21.441443 dv-cinder-793515-2-iscsi devstack@n-api.service[112566]: INFO nova.api.openstack.wsgi [None req-bbb91587-750f-4e7e-ad12-1c0e216c3711 tempest-VolumesGetTestJSON-757356108 tempest-VolumesGetTestJSON-757356108-project] HTTP exception thrown: Volume fe8689a5-434c-4029-8a38-b8465b616b9d could not be found.
Jun 01 12:34:21.442067 dv-cinder-793515-2-iscsi devstack@n-api.service[112566]: DEBUG nova.api.openstack.wsgi [None req-bbb91587-750f-4e7e-ad12-1c0e216c3711 tempest-VolumesGetTestJSON-757356108 tempest-VolumesGetTestJSON-757356108-project] Returning 404 to user: Volume fe8689a5-434c-4029-8a38-b8465b616b9d could not be found. {{(pid=112566) __call__ /opt/stack/nova/nova/api/openstack/wsgi.py:927}}
Jun 01 12:34:21.442922 dv-cinder-793515-2-iscsi devstack@n-api.service[112566]: INFO nova.api.openstack.requestlog [None req-bbb91587-750f-4e7e-ad12-1c0e216c3711 tempest-VolumesGetTestJSON-757356108 tempest-VolumesGetTestJSON-757356108-project] 10.222.0.81 "GET /compute/v2.1/os-volumes/fe8689a5-434c-4029-8a38-b8465b616b9d" status: 404 len: 109 microversion: 2.1 time: 0.162493
Jun 01 12:34:21.444393 dv-cinder-793515-2-iscsi devstack@n-api.service[112566]: [pid: 112566|app: 0|req: 5/15] 10.222.0.81 () {58 vars in 1245 bytes} [Tue Jun 1 12:34:21 2021] GET /compute/v2.1/os-volumes/fe8689a5-434c-4029-8a38-b8465b616b9d => generated 109 bytes in 164 msecs (HTTP/1.1 404) 9 headers in 379 bytes (1 switches on core 0)
Jun 01 12:34:23.599606 dv-cinder-793515-2-iscsi devstack@n-api.service[112567]: DEBUG nova.virt.hardware [None req-2a34f68b-1559-4dc4-9198-400f418b7078 tempest-DeleteServersTestJSON-1947844411 tempest-DeleteServersTestJSON-1947844411-project] Flavor limits 0:0:0 {{(pid=112567) get_cpu_topology_constraints /opt/stack/nova/nova/virt/hardware.py:344}}
Jun 01 12:34:23.600178 dv-cinder-793515-2-iscsi devstack@n-api.service[112567]: DEBUG nova.virt.hardware [None req-2a34f68b-1559-4dc4-9198-400f418b7078 tempest-DeleteServersTestJSON-1947844411 tempest-DeleteServersTestJSON-1947844411-project] Image limits 0:0:0 {{(pid=112567) get_cpu_topology_constraints /opt/stack/nova/nova/virt/hardware.py:348}}
Jun 01 12:34:23.600984 dv-cinder-793515-2-iscsi devstack@n-api.service[112567]: DEBUG nova.virt.hardware [None req-2a34f68b-1559-4dc4-9198-400f418b7078 tempest-DeleteServersTestJSON-1947844411 tempest-DeleteServersTestJSON-1947844411-project] Flavor pref 0:0:0 {{(pid=112567) get_cpu_topology_constraints /opt/stack/nova/nova/virt/hardware.py:384}}
Jun 01 12:34:23.601419 dv-cinder-793515-2-iscsi devstack@n-api.service[112567]: DEBUG nova.virt.hardware [None req-2a34f68b-1559-4dc4-9198-400f418b7078 tempest-DeleteServersTestJSON-1947844411 tempest-DeleteServersTestJSON-1947844411-project] Image pref 0:0:0 {{(pid=112567) get_cpu_topology_constraints /opt/stack/nova/nova/virt/hardware.py:388}}
Jun 01 12:34:23.601844 dv-cinder-793515-2-iscsi devstack@n-api.service[112567]: DEBUG nova.virt.hardware [None req-2a34f68b-1559-4dc4-9198-400f418b7078 tempest-DeleteServersTestJSON-1947844411 tempest-DeleteServersTestJSON-1947844411-project] Chose sockets=0, cores=0, threads=0; limits were sockets=65536, cores=65536, threads=65536 {{(pid=112567) get_cpu_topology_constraints /opt/stack/nova/nova/virt/hardware.py:426}}
Jun 01 12:34:23.622321 dv-cinder-793515-2-iscsi devstack@n-api.service[112567]: DEBUG oslo_concurrency.lockutils [None req-2a34f68b-1559-4dc4-9198-400f418b7078 tempest-DeleteServersTestJSON-1947844411 tempest-DeleteServersTestJSON-1947844411-project] Lock "00000000-0000-0000-0000-000000000000" acquired by "nova.context.set_target_cell..get_or_set_cached_cell_and_set_connections" :: waited 0.000s {{(pid=112567) inner /usr/local/lib/python3.8/dist-packages/oslo_concurrency/lockutils.py:355}}
Jun 01 12:34:23.622832 dv-cinder-793515-2-iscsi devstack@n-api.service[112567]: DEBUG oslo_concurrency.lockutils [None req-2a34f68b-1559-4dc4-9198-400f418b7078 tempest-DeleteServersTestJSON-1947844411 tempest-DeleteServersTestJSON-1947844411-project] Lock "00000000-0000-0000-0000-000000000000" released by "nova.context.set_target_cell..get_or_set_cached_cell_and_set_connections" :: held 0.001s {{(pid=112567) inner /usr/local/lib/python3.8/dist-packages/oslo_concurrency/lockutils.py:367}}
Jun 01 12:34:23.623658 dv-cinder-793515-2-iscsi devstack@n-api.service[112567]: DEBUG oslo_concurrency.lockutils [None req-2a34f68b-1559-4dc4-9198-400f418b7078 tempest-DeleteServersTestJSON-1947844411 tempest-DeleteServersTestJSON-1947844411-project] Lock "eee4f749-bc07-4aa2-9abb-39515df9a249" acquired by "nova.context.set_target_cell..get_or_set_cached_cell_and_set_connections" :: waited 0.000s {{(pid=112567) inner /usr/local/lib/python3.8/dist-packages/oslo_concurrency/lockutils.py:355}}
Jun 01 12:34:23.626839 dv-cinder-793515-2-iscsi devstack@n-api.service[112567]: DEBUG oslo_concurrency.lockutils [None req-2a34f68b-1559-4dc4-9198-400f418b7078 tempest-DeleteServersTestJSON-1947844411 tempest-DeleteServersTestJSON-1947844411-project] Lock "eee4f749-bc07-4aa2-9abb-39515df9a249" released by "nova.context.set_target_cell..get_or_set_cached_cell_and_set_connections" :: held 0.003s {{(pid=112567) inner /usr/local/lib/python3.8/dist-packages/oslo_concurrency/lockutils.py:367}}
Jun 01 12:34:23.686990 dv-cinder-793515-2-iscsi devstack@n-api.service[112567]: DEBUG nova.quota [None req-2a34f68b-1559-4dc4-9198-400f418b7078 tempest-DeleteServersTestJSON-1947844411 tempest-DeleteServersTestJSON-1947844411-project] Getting quotas for project ac8957d6acd0419f9863ee5fadc5649b. Resources: {'cores', 'ram', 'instances'} {{(pid=112567) _get_quotas /opt/stack/nova/nova/quota.py:387}}
Jun 01 12:34:23.701602 dv-cinder-793515-2-iscsi devstack@n-api.service[112567]: DEBUG nova.quota [None req-2a34f68b-1559-4dc4-9198-400f418b7078 tempest-DeleteServersTestJSON-1947844411 tempest-DeleteServersTestJSON-1947844411-project] Getting quotas for user 1e8aef51d7bf4d21b6cb27392545affc and project ac8957d6acd0419f9863ee5fadc5649b. Resources: {'cores', 'ram', 'instances'} {{(pid=112567) _get_quotas /opt/stack/nova/nova/quota.py:377}}
Jun 01 12:34:23.725459 dv-cinder-793515-2-iscsi devstack@n-api.service[112567]: DEBUG nova.compute.api [None req-2a34f68b-1559-4dc4-9198-400f418b7078 tempest-DeleteServersTestJSON-1947844411 tempest-DeleteServersTestJSON-1947844411-project] Going to run 1 instances... {{(pid=112567) _provision_instances /opt/stack/nova/nova/compute/api.py:1283}}
Jun 01 12:34:23.729061 dv-cinder-793515-2-iscsi devstack@n-api.service[112567]: DEBUG nova.compute.api [None req-2a34f68b-1559-4dc4-9198-400f418b7078 tempest-DeleteServersTestJSON-1947844411 tempest-DeleteServersTestJSON-1947844411-project] [instance: 8a67e00f-6966-4f2f-98ab-3e852efdbf7d] block_device_mapping [BlockDeviceMapping(attachment_id=,boot_index=0,connection_info=None,created_at=,delete_on_termination=True,deleted=,deleted_at=,destination_type='local',device_name=None,device_type='disk',disk_bus=None,guest_format=None,id=,image_id='acac4881-b80c-4bff-a0b2-e2d1b8f7e2c7',instance=,instance_uuid=,no_device=False,snapshot_id=None,source_type='image',tag=None,updated_at=,uuid=,volume_id=None,volume_size=None,volume_type=None)] {{(pid=112567) _bdm_validate_set_size_and_instance /opt/stack/nova/nova/compute/api.py:1685}}
Jun 01 12:34:23.828857 dv-cinder-793515-2-iscsi devstack@n-api.service[112567]: INFO nova.api.openstack.requestlog [None req-2a34f68b-1559-4dc4-9198-400f418b7078 tempest-DeleteServersTestJSON-1947844411 tempest-DeleteServersTestJSON-1947844411-project] 10.222.0.81 "POST /compute/v2.1/servers" status: 202 len: 380 microversion: 2.1 time: 3.874311
Jun 01 12:34:23.835264 dv-cinder-793515-2-iscsi devstack@n-api.service[112567]: [pid: 112567|app: 0|req: 11/16] 10.222.0.81 () {60 vars in 1147 bytes} [Tue Jun 1 12:34:19 2021] POST /compute/v2.1/servers => generated 380 bytes in 3881 msecs (HTTP/1.1 202) 10 headers in 451 bytes (1 switches on core 0)
Jun 01 12:34:23.841619 dv-cinder-793515-2-iscsi devstack@n-api.service[112566]: DEBUG nova.api.openstack.wsgi [None req-7e6f34a8-bcb2-43d4-be3c-f6dc649f8b25 tempest-DeleteServersTestJSON-1947844411 tempest-DeleteServersTestJSON-1947844411-project] Calling method '>' {{(pid=112566) _process_stack /opt/stack/nova/nova/api/openstack/wsgi.py:513}}
Jun 01 12:34:23.842880 dv-cinder-793515-2-iscsi devstack@n-api.service[112566]: DEBUG nova.compute.api [None req-7e6f34a8-bcb2-43d4-be3c-f6dc649f8b25 tempest-DeleteServersTestJSON-1947844411 tempest-DeleteServersTestJSON-1947844411-project] [instance: 8a67e00f-6966-4f2f-98ab-3e852efdbf7d] Fetching instance by UUID {{(pid=112566) get /opt/stack/nova/nova/compute/api.py:2790}}
Jun 01 12:34:24.096960 dv-cinder-793515-2-iscsi devstack@n-api.service[112566]: DEBUG nova.policy [None req-7e6f34a8-bcb2-43d4-be3c-f6dc649f8b25 tempest-DeleteServersTestJSON-1947844411 tempest-DeleteServersTestJSON-1947844411-project] Policy check for os_compute_api:os-extended-server-attributes failed with credentials {'is_admin': False, 'user_id': '1e8aef51d7bf4d21b6cb27392545affc', 'user_domain_id': 'default', 'system_scope': None, 'domain_id': None, 'project_id': 'ac8957d6acd0419f9863ee5fadc5649b', 'project_domain_id': 'default', 'roles': ['member', 'reader'], 'is_admin_project': True, 'service_user_id': None, 'service_user_domain_id': None, 'service_project_id': None, 'service_project_domain_id': None, 'service_roles': []} {{(pid=112566) authorize /opt/stack/nova/nova/policy.py:199}}
Jun 01 12:34:24.125750 dv-cinder-793515-2-iscsi devstack@n-api.service[112566]: INFO nova.api.openstack.requestlog [None req-7e6f34a8-bcb2-43d4-be3c-f6dc649f8b25 tempest-DeleteServersTestJSON-1947844411 tempest-DeleteServersTestJSON-1947844411-project] 10.222.0.81 "GET /compute/v2.1/servers/8a67e00f-6966-4f2f-98ab-3e852efdbf7d" status: 200 len: 1215 microversion: 2.1 time: 0.284400
Jun 01 12:34:24.128395 dv-cinder-793515-2-iscsi devstack@n-api.service[112566]: [pid: 112566|app: 0|req: 6/17] 10.222.0.81 () {58 vars in 1236 bytes} [Tue Jun 1 12:34:23 2021] GET /compute/v2.1/servers/8a67e00f-6966-4f2f-98ab-3e852efdbf7d => generated 1215 bytes in 293 msecs (HTTP/1.1 200) 9 headers in 358 bytes (2 switches on core 0)
Jun 01 12:34:25.146314 dv-cinder-793515-2-iscsi devstack@n-api.service[112567]: DEBUG nova.api.openstack.wsgi [None req-3330b8ba-2dae-409a-a6e6-fd0141a01b56 tempest-DeleteServersTestJSON-1947844411 tempest-DeleteServersTestJSON-1947844411-project] Calling method '>' {{(pid=112567) _process_stack /opt/stack/nova/nova/api/openstack/wsgi.py:513}}
Jun 01 12:34:25.147813 dv-cinder-793515-2-iscsi devstack@n-api.service[112567]: DEBUG nova.compute.api [None req-3330b8ba-2dae-409a-a6e6-fd0141a01b56 tempest-DeleteServersTestJSON-1947844411 tempest-DeleteServersTestJSON-1947844411-project] [instance: 8a67e00f-6966-4f2f-98ab-3e852efdbf7d] Fetching instance by UUID {{(pid=112567) get /opt/stack/nova/nova/compute/api.py:2790}}
Jun 01 12:34:25.489810 dv-cinder-793515-2-iscsi devstack@n-api.service[112567]: DEBUG nova.policy [None req-3330b8ba-2dae-409a-a6e6-fd0141a01b56 tempest-DeleteServersTestJSON-1947844411 tempest-DeleteServersTestJSON-1947844411-project] Policy check for os_compute_api:os-extended-server-attributes failed with credentials {'is_admin': False, 'user_id': '1e8aef51d7bf4d21b6cb27392545affc', 'user_domain_id': 'default', 'system_scope': None, 'domain_id': None, 'project_id': 'ac8957d6acd0419f9863ee5fadc5649b', 'project_domain_id': 'default', 'roles': ['member', 'reader'], 'is_admin_project': True, 'service_user_id': None, 'service_user_domain_id': None, 'service_project_id': None, 'service_project_domain_id': None, 'service_roles': []} {{(pid=112567) authorize /opt/stack/nova/nova/policy.py:199}}
Jun 01 12:34:25.511716 dv-cinder-793515-2-iscsi devstack@n-api.service[112567]: INFO nova.api.openstack.requestlog [None req-3330b8ba-2dae-409a-a6e6-fd0141a01b56 tempest-DeleteServersTestJSON-1947844411 tempest-DeleteServersTestJSON-1947844411-project] 10.222.0.81 "GET /compute/v2.1/servers/8a67e00f-6966-4f2f-98ab-3e852efdbf7d" status: 200 len: 1215 microversion: 2.1 time: 0.369758
Jun 01 12:34:25.524441 dv-cinder-793515-2-iscsi devstack@n-api.service[112567]: [pid: 112567|app: 0|req: 12/18] 10.222.0.81 () {58 vars in 1236 bytes} [Tue Jun 1 12:34:25 2021] GET /compute/v2.1/servers/8a67e00f-6966-4f2f-98ab-3e852efdbf7d => generated 1215 bytes in 384 msecs (HTTP/1.1 200) 9 headers in 358 bytes (1 switches on core 0)
Jun 01 12:34:26.530197 dv-cinder-793515-2-iscsi devstack@n-api.service[112566]: DEBUG nova.api.openstack.wsgi [None req-2541e244-ea51-49f4-bc71-1c5dcffa5ed8 tempest-DeleteServersTestJSON-1947844411 tempest-DeleteServersTestJSON-1947844411-project] Calling method '>' {{(pid=112566) _process_stack /opt/stack/nova/nova/api/openstack/wsgi.py:513}}
Jun 01 12:34:26.530817 dv-cinder-793515-2-iscsi devstack@n-api.service[112566]: DEBUG nova.compute.api [None req-2541e244-ea51-49f4-bc71-1c5dcffa5ed8 tempest-DeleteServersTestJSON-1947844411 tempest-DeleteServersTestJSON-1947844411-project] [instance: 8a67e00f-6966-4f2f-98ab-3e852efdbf7d] Fetching instance by UUID {{(pid=112566) get /opt/stack/nova/nova/compute/api.py:2790}}
Jun 01 12:34:26.775963 dv-cinder-793515-2-iscsi devstack@n-api.service[112566]: DEBUG nova.policy [None req-2541e244-ea51-49f4-bc71-1c5dcffa5ed8 tempest-DeleteServersTestJSON-1947844411 tempest-DeleteServersTestJSON-1947844411-project] Policy check for os_compute_api:os-extended-server-attributes failed with credentials {'is_admin': False, 'user_id': '1e8aef51d7bf4d21b6cb27392545affc', 'user_domain_id': 'default', 'system_scope': None, 'domain_id': None, 'project_id': 'ac8957d6acd0419f9863ee5fadc5649b', 'project_domain_id': 'default', 'roles': ['member', 'reader'], 'is_admin_project': True, 'service_user_id': None, 'service_user_domain_id': None, 'service_project_id': None, 'service_project_domain_id': None, 'service_roles': []} {{(pid=112566) authorize /opt/stack/nova/nova/policy.py:199}}
Jun 01 12:34:26.791169 dv-cinder-793515-2-iscsi devstack@n-api.service[112566]: INFO nova.api.openstack.requestlog [None req-2541e244-ea51-49f4-bc71-1c5dcffa5ed8 tempest-DeleteServersTestJSON-1947844411 tempest-DeleteServersTestJSON-1947844411-project] 10.222.0.81 "GET /compute/v2.1/servers/8a67e00f-6966-4f2f-98ab-3e852efdbf7d" status: 200 len: 1215 microversion: 2.1 time: 0.264480
Jun 01 12:34:26.792461 dv-cinder-793515-2-iscsi devstack@n-api.service[112566]: [pid: 112566|app: 0|req: 7/19] 10.222.0.81 () {58 vars in 1236 bytes} [Tue Jun 1 12:34:26 2021] GET /compute/v2.1/servers/8a67e00f-6966-4f2f-98ab-3e852efdbf7d => generated 1215 bytes in 266 msecs (HTTP/1.1 200) 9 headers in 358 bytes (1 switches on core 0)
Jun 01 12:34:27.811693 dv-cinder-793515-2-iscsi devstack@n-api.service[112567]: DEBUG nova.api.openstack.wsgi [None req-a68cd556-e12b-4859-a905-6164a7cb3d38 tempest-DeleteServersTestJSON-1947844411 tempest-DeleteServersTestJSON-1947844411-project] Calling method '>' {{(pid=112567) _process_stack /opt/stack/nova/nova/api/openstack/wsgi.py:513}}
Jun 01 12:34:27.813091 dv-cinder-793515-2-iscsi devstack@n-api.service[112567]: DEBUG nova.compute.api [None req-a68cd556-e12b-4859-a905-6164a7cb3d38 tempest-DeleteServersTestJSON-1947844411 tempest-DeleteServersTestJSON-1947844411-project] [instance: 8a67e00f-6966-4f2f-98ab-3e852efdbf7d] Fetching instance by UUID {{(pid=112567) get /opt/stack/nova/nova/compute/api.py:2790}}
Jun 01 12:34:27.837529 dv-cinder-793515-2-iscsi devstack@n-api.service[112567]: DEBUG oslo_concurrency.lockutils [None req-a68cd556-e12b-4859-a905-6164a7cb3d38 tempest-DeleteServersTestJSON-1947844411 tempest-DeleteServersTestJSON-1947844411-project] Lock "eee4f749-bc07-4aa2-9abb-39515df9a249" acquired by "nova.context.set_target_cell..get_or_set_cached_cell_and_set_connections" :: waited 0.000s {{(pid=112567) inner /usr/local/lib/python3.8/dist-packages/oslo_concurrency/lockutils.py:355}}
Jun 01 12:34:27.839523 dv-cinder-793515-2-iscsi devstack@n-api.service[112567]: DEBUG oslo_concurrency.lockutils [None req-a68cd556-e12b-4859-a905-6164a7cb3d38 tempest-DeleteServersTestJSON-1947844411 tempest-DeleteServersTestJSON-1947844411-project] Lock "eee4f749-bc07-4aa2-9abb-39515df9a249" released by "nova.context.set_target_cell..get_or_set_cached_cell_and_set_connections" :: held 0.002s {{(pid=112567) inner /usr/local/lib/python3.8/dist-packages/oslo_concurrency/lockutils.py:367}}
Jun 01 12:34:27.840666 dv-cinder-793515-2-iscsi devstack@n-api.service[112567]: DEBUG oslo_concurrency.lockutils [None req-a68cd556-e12b-4859-a905-6164a7cb3d38 tempest-DeleteServersTestJSON-1947844411 tempest-DeleteServersTestJSON-1947844411-project] Lock "eee4f749-bc07-4aa2-9abb-39515df9a249" acquired by "nova.context.set_target_cell..get_or_set_cached_cell_and_set_connections" :: waited 0.000s {{(pid=112567) inner /usr/local/lib/python3.8/dist-packages/oslo_concurrency/lockutils.py:355}}
Jun 01 12:34:27.841345 dv-cinder-793515-2-iscsi devstack@n-api.service[112567]: DEBUG oslo_concurrency.lockutils [None req-a68cd556-e12b-4859-a905-6164a7cb3d38 tempest-DeleteServersTestJSON-1947844411 tempest-DeleteServersTestJSON-1947844411-project] Lock "eee4f749-bc07-4aa2-9abb-39515df9a249" released by "nova.context.set_target_cell..get_or_set_cached_cell_and_set_connections" :: held 0.001s {{(pid=112567) inner /usr/local/lib/python3.8/dist-packages/oslo_concurrency/lockutils.py:367}}
Jun 01 12:34:28.627293 dv-cinder-793515-2-iscsi devstack@n-api.service[112567]: DEBUG nova.policy [None req-a68cd556-e12b-4859-a905-6164a7cb3d38 tempest-DeleteServersTestJSON-1947844411 tempest-DeleteServersTestJSON-1947844411-project] Policy check for os_compute_api:os-extended-server-attributes failed with credentials {'is_admin': False, 'user_id': '1e8aef51d7bf4d21b6cb27392545affc', 'user_domain_id': 'default', 'system_scope': None, 'domain_id': None, 'project_id': 'ac8957d6acd0419f9863ee5fadc5649b', 'project_domain_id': 'default', 'roles': ['member', 'reader'], 'is_admin_project': True, 'service_user_id': None, 'service_user_domain_id': None, 'service_project_id': None, 'service_project_domain_id': None, 'service_roles': []} {{(pid=112567) authorize /opt/stack/nova/nova/policy.py:199}}
Jun 01 12:34:28.663009 dv-cinder-793515-2-iscsi devstack@n-api.service[112567]: INFO nova.api.openstack.requestlog [None req-a68cd556-e12b-4859-a905-6164a7cb3d38 tempest-DeleteServersTestJSON-1947844411 tempest-DeleteServersTestJSON-1947844411-project] 10.222.0.81 "GET /compute/v2.1/servers/8a67e00f-6966-4f2f-98ab-3e852efdbf7d" status: 200 len: 1267 microversion: 2.1 time: 0.855842
Jun 01 12:34:28.676276 dv-cinder-793515-2-iscsi devstack@n-api.service[112567]: [pid: 112567|app: 0|req: 13/20] 10.222.0.81 () {58 vars in 1236 bytes} [Tue Jun 1 12:34:27 2021] GET /compute/v2.1/servers/8a67e00f-6966-4f2f-98ab-3e852efdbf7d => generated 1267 bytes in 872 msecs (HTTP/1.1 200) 9 headers in 358 bytes (1 switches on core 0)
Jun 01 12:34:29.611170 dv-cinder-793515-2-iscsi devstack@n-api.service[112566]: DEBUG nova.api.openstack.wsgi [None req-c16d54ff-5141-4320-8fd0-a67f0ad91bb3 tempest-ServerRescueNegativeTestJSON-1286710743 tempest-ServerRescueNegativeTestJSON-1286710743-project] Action: 'create', calling method: >, body: {"server": {"name": "tempest-ServerRescueNegativeTestJSON-server-594850098", "imageRef": "acac4881-b80c-4bff-a0b2-e2d1b8f7e2c7", "flavorRef": "452", "adminPass": "***", "networks": [{"uuid": "5cafd137-be6a-4c7c-b850-6777e5242610"}]}} {{(pid=112566) _process_stack /opt/stack/nova/nova/api/openstack/wsgi.py:511}}
Jun 01 12:34:29.685071 dv-cinder-793515-2-iscsi devstack@n-api.service[112567]: DEBUG nova.api.openstack.wsgi [None req-59c0f6f8-38e1-4075-8352-f3277c10630d tempest-DeleteServersTestJSON-1947844411 tempest-DeleteServersTestJSON-1947844411-project] Calling method '>' {{(pid=112567) _process_stack /opt/stack/nova/nova/api/openstack/wsgi.py:513}}
Jun 01 12:34:29.685743 dv-cinder-793515-2-iscsi devstack@n-api.service[112567]: DEBUG nova.compute.api [None req-59c0f6f8-38e1-4075-8352-f3277c10630d tempest-DeleteServersTestJSON-1947844411 tempest-DeleteServersTestJSON-1947844411-project] [instance: 8a67e00f-6966-4f2f-98ab-3e852efdbf7d] Fetching instance by UUID {{(pid=112567) get /opt/stack/nova/nova/compute/api.py:2790}}
Jun 01 12:34:29.716281 dv-cinder-793515-2-iscsi devstack@n-api.service[112567]: DEBUG oslo_concurrency.lockutils [None req-59c0f6f8-38e1-4075-8352-f3277c10630d tempest-DeleteServersTestJSON-1947844411 tempest-DeleteServersTestJSON-1947844411-project] Lock "eee4f749-bc07-4aa2-9abb-39515df9a249" acquired by "nova.context.set_target_cell..get_or_set_cached_cell_and_set_connections" :: waited 0.000s {{(pid=112567) inner /usr/local/lib/python3.8/dist-packages/oslo_concurrency/lockutils.py:355}}
Jun 01 12:34:29.719736 dv-cinder-793515-2-iscsi devstack@n-api.service[112567]: DEBUG oslo_concurrency.lockutils [None req-59c0f6f8-38e1-4075-8352-f3277c10630d tempest-DeleteServersTestJSON-1947844411 tempest-DeleteServersTestJSON-1947844411-project] Lock "eee4f749-bc07-4aa2-9abb-39515df9a249" released by "nova.context.set_target_cell..get_or_set_cached_cell_and_set_connections" :: held 0.010s {{(pid=112567) inner /usr/local/lib/python3.8/dist-packages/oslo_concurrency/lockutils.py:367}}
Jun 01 12:34:29.725348 dv-cinder-793515-2-iscsi devstack@n-api.service[112567]: DEBUG oslo_concurrency.lockutils [None req-59c0f6f8-38e1-4075-8352-f3277c10630d tempest-DeleteServersTestJSON-1947844411 tempest-DeleteServersTestJSON-1947844411-project] Lock "eee4f749-bc07-4aa2-9abb-39515df9a249" acquired by "nova.context.set_target_cell..get_or_set_cached_cell_and_set_connections" :: waited 0.000s {{(pid=112567) inner /usr/local/lib/python3.8/dist-packages/oslo_concurrency/lockutils.py:355}}
Jun 01 12:34:29.728648 dv-cinder-793515-2-iscsi devstack@n-api.service[112567]: DEBUG oslo_concurrency.lockutils [None req-59c0f6f8-38e1-4075-8352-f3277c10630d tempest-DeleteServersTestJSON-1947844411 tempest-DeleteServersTestJSON-1947844411-project] Lock "eee4f749-bc07-4aa2-9abb-39515df9a249" released by "nova.context.set_target_cell..get_or_set_cached_cell_and_set_connections" :: held 0.003s {{(pid=112567) inner /usr/local/lib/python3.8/dist-packages/oslo_concurrency/lockutils.py:367}}
Jun 01 12:34:30.019780 dv-cinder-793515-2-iscsi devstack@n-api.service[112566]: DEBUG nova.network.neutron [None req-c16d54ff-5141-4320-8fd0-a67f0ad91bb3 tempest-ServerRescueNegativeTestJSON-1286710743 tempest-ServerRescueNegativeTestJSON-1286710743-project] validate_networks() for [('5cafd137-be6a-4c7c-b850-6777e5242610', None, None, None)] {{(pid=112566) validate_networks /opt/stack/nova/nova/network/neutron.py:2374}}
Jun 01 12:34:30.425900 dv-cinder-793515-2-iscsi devstack@n-api.service[112567]: DEBUG nova.policy [None req-59c0f6f8-38e1-4075-8352-f3277c10630d tempest-DeleteServersTestJSON-1947844411 tempest-DeleteServersTestJSON-1947844411-project] Policy check for os_compute_api:os-extended-server-attributes failed with credentials {'is_admin': False, 'user_id': '1e8aef51d7bf4d21b6cb27392545affc', 'user_domain_id': 'default', 'system_scope': None, 'domain_id': None, 'project_id': 'ac8957d6acd0419f9863ee5fadc5649b', 'project_domain_id': 'default', 'roles': ['member', 'reader'], 'is_admin_project': True, 'service_user_id': None, 'service_user_domain_id': None, 'service_project_id': None, 'service_project_domain_id': None, 'service_roles': []} {{(pid=112567) authorize /opt/stack/nova/nova/policy.py:199}}
