Jul 12 13:29:37.151486 dv-cinder-793515-10-iscsi devstack@c-api.service[99681]: [pid: 99681|app: 0|req: 158/309] 10.222.0.35 () {58 vars in 1325 bytes} [Mon Jul 12 13:29:37 2021] GET /volume/v3/cbf6b761c36643128c28f3ea564248b5/volumes/8cf3c5f3-1688-4d3d-93bc-1d43c69109f4 => generated 916 bytes in 66 msecs (HTTP/1.1 200) 7 headers in 285 bytes (1 switches on core 0)
Jul 12 13:29:37.159762 dv-cinder-793515-10-iscsi devstack@c-api.service[99680]: INFO cinder.volume.api [None req-cbcf192a-2a00-4580-8800-157b7dc64746 tempest-VolumesCloneTest-816243695 tempest-VolumesCloneTest-816243695-project] Volume info retrieved successfully.
Jul 12 13:29:37.178941 dv-cinder-793515-10-iscsi devstack@c-api.service[99680]: INFO cinder.api.openstack.wsgi [None req-cbcf192a-2a00-4580-8800-157b7dc64746 tempest-VolumesCloneTest-816243695 tempest-VolumesCloneTest-816243695-project] http://10.222.0.35/volume/v3/434200afdaf2450fb4cb36c567888cfe/volumes/40e270ad-15af-46d9-b7fd-3fff29eb1c6a returned with HTTP 200
Jul 12 13:29:37.180179 dv-cinder-793515-10-iscsi devstack@c-api.service[99680]: [pid: 99680|app: 0|req: 152/310] 10.222.0.35 () {58 vars in 1325 bytes} [Mon Jul 12 13:29:37 2021] GET /volume/v3/434200afdaf2450fb4cb36c567888cfe/volumes/40e270ad-15af-46d9-b7fd-3fff29eb1c6a => generated 907 bytes in 62 msecs (HTTP/1.1 200) 7 headers in 285 bytes (2 switches on core 0)
Jul 12 13:29:37.626174 dv-cinder-793515-10-iscsi devstack@c-api.service[99680]: INFO cinder.api.openstack.wsgi [None req-0fa7fcac-ddef-42e7-b5bb-224e6633fa68 tempest-SnapshotsActionsTest-174409098 tempest-SnapshotsActionsTest-174409098-project] GET http://10.222.0.35/volume/v3/539f04cb79034c3dae598e19097b0f10/snapshots/ee0fdbcb-fe72-4db8-9cf6-323c3a00889e
Jul 12 13:29:37.627100 dv-cinder-793515-10-iscsi devstack@c-api.service[99680]: DEBUG cinder.api.openstack.wsgi [None req-0fa7fcac-ddef-42e7-b5bb-224e6633fa68 tempest-SnapshotsActionsTest-174409098 tempest-SnapshotsActionsTest-174409098-project] Empty body provided in request {{(pid=99680) get_body /opt/stack/cinder/cinder/api/openstack/wsgi.py:713}}
Jul 12 13:29:37.627100 dv-cinder-793515-10-iscsi devstack@c-api.service[99680]: /usr/local/lib/python3.8/dist-packages/webob/acceptparse.py:1047: DeprecationWarning: The behavior of AcceptValidHeader.best_match is currently being maintained for backward compatibility, but it will be deprecated in the future, as it does not conform to the RFC.
Jul 12 13:29:37.627100 dv-cinder-793515-10-iscsi devstack@c-api.service[99680]: warnings.warn(
Jul 12 13:29:37.627575 dv-cinder-793515-10-iscsi devstack@c-api.service[99680]: DEBUG cinder.api.openstack.wsgi [None req-0fa7fcac-ddef-42e7-b5bb-224e6633fa68 tempest-SnapshotsActionsTest-174409098 tempest-SnapshotsActionsTest-174409098-project] Calling method 'show' {{(pid=99680) _process_stack /opt/stack/cinder/cinder/api/openstack/wsgi.py:866}}
Jul 12 13:29:37.637045 dv-cinder-793515-10-iscsi devstack@c-api.service[99680]: /usr/local/lib/python3.8/dist-packages/oslo_context/context.py:105: DeprecationWarning: Policy enforcement is depending on the value of is_admin. This key is deprecated. Please update your policy file to use the standard policy values.
Jul 12 13:29:37.637045 dv-cinder-793515-10-iscsi devstack@c-api.service[99680]: warnings.warn('Policy enforcement is depending on the value of '
Jul 12 13:29:37.637557 dv-cinder-793515-10-iscsi devstack@c-api.service[99681]: INFO cinder.api.openstack.wsgi [None req-db88bf60-ea26-4261-9ed5-8a37d3ffd101 tempest-UserMessagesTest-476881725 tempest-UserMessagesTest-476881725-project-admin] POST http://10.222.0.35/volume/v3/d3add3614d8a4039ba62c810c6c485eb/types
Jul 12 13:29:37.637807 dv-cinder-793515-10-iscsi devstack@c-api.service[99681]: /usr/local/lib/python3.8/dist-packages/webob/acceptparse.py:1047: DeprecationWarning: The behavior of AcceptValidHeader.best_match is currently being maintained for backward compatibility, but it will be deprecated in the future, as it does not conform to the RFC.
Jul 12 13:29:37.637807 dv-cinder-793515-10-iscsi devstack@c-api.service[99681]: warnings.warn(
Jul 12 13:29:37.638235 dv-cinder-793515-10-iscsi devstack@c-api.service[99681]: DEBUG cinder.api.openstack.wsgi [None req-db88bf60-ea26-4261-9ed5-8a37d3ffd101 tempest-UserMessagesTest-476881725 tempest-UserMessagesTest-476881725-project-admin] Action: 'create', calling method: _create, body: {"volume_type": {"name": "tempest-UserMessagesTest-volume-type-825924573", "extra_specs": {"storage_protocol": "tempest-storage_protocol-1329182209", "vendor_name": "tempest-vendor_name-1814976998"}}} {{(pid=99681) _process_stack /opt/stack/cinder/cinder/api/openstack/wsgi.py:864}}
Jul 12 13:29:37.638320 dv-cinder-793515-10-iscsi devstack@c-api.service[99680]: INFO cinder.volume.api [None req-0fa7fcac-ddef-42e7-b5bb-224e6633fa68 tempest-SnapshotsActionsTest-174409098 tempest-SnapshotsActionsTest-174409098-project] Snapshot retrieved successfully.
Jul 12 13:29:37.640278 dv-cinder-793515-10-iscsi devstack@c-api.service[99680]: INFO cinder.api.openstack.wsgi [None req-0fa7fcac-ddef-42e7-b5bb-224e6633fa68 tempest-SnapshotsActionsTest-174409098 tempest-SnapshotsActionsTest-174409098-project] http://10.222.0.35/volume/v3/539f04cb79034c3dae598e19097b0f10/snapshots/ee0fdbcb-fe72-4db8-9cf6-323c3a00889e returned with HTTP 200
Jul 12 13:29:37.641098 dv-cinder-793515-10-iscsi devstack@c-api.service[99680]: [pid: 99680|app: 0|req: 153/311] 10.222.0.35 () {58 vars in 1331 bytes} [Mon Jul 12 13:29:37 2021] GET /volume/v3/539f04cb79034c3dae598e19097b0f10/snapshots/ee0fdbcb-fe72-4db8-9cf6-323c3a00889e => generated 439 bytes in 19 msecs (HTTP/1.1 200) 7 headers in 285 bytes (1 switches on core 0)
Jul 12 13:29:37.666869 dv-cinder-793515-10-iscsi devstack@c-api.service[99681]: INFO cinder.api.openstack.wsgi [None req-db88bf60-ea26-4261-9ed5-8a37d3ffd101 tempest-UserMessagesTest-476881725 tempest-UserMessagesTest-476881725-project-admin] http://10.222.0.35/volume/v3/d3add3614d8a4039ba62c810c6c485eb/types returned with HTTP 200
Jul 12 13:29:37.667674 dv-cinder-793515-10-iscsi devstack@c-api.service[99681]: [pid: 99681|app: 0|req: 159/312] 10.222.0.35 () {60 vars in 1230 bytes} [Mon Jul 12 13:29:37 2021] POST /volume/v3/d3add3614d8a4039ba62c810c6c485eb/types => generated 327 bytes in 213 msecs (HTTP/1.1 200) 7 headers in 285 bytes (2 switches on core 0)
Jul 12 13:29:37.813658 dv-cinder-793515-10-iscsi devstack@c-api.service[99680]: INFO cinder.api.openstack.wsgi [None req-dd3da47c-0d7c-42cb-81b9-0accd06d35f6 tempest-UserMessagesTest-941029601 tempest-UserMessagesTest-941029601-project] POST http://10.222.0.35/volume/v3/5d756de049a9485db5709b5fcd161ed4/volumes
Jul 12 13:29:37.814093 dv-cinder-793515-10-iscsi devstack@c-api.service[99680]: /usr/local/lib/python3.8/dist-packages/webob/acceptparse.py:1047: DeprecationWarning: The behavior of AcceptValidHeader.best_match is currently being maintained for backward compatibility, but it will be deprecated in the future, as it does not conform to the RFC.
Jul 12 13:29:37.814093 dv-cinder-793515-10-iscsi devstack@c-api.service[99680]: warnings.warn(
Jul 12 13:29:37.814458 dv-cinder-793515-10-iscsi devstack@c-api.service[99680]: DEBUG cinder.api.openstack.wsgi [None req-dd3da47c-0d7c-42cb-81b9-0accd06d35f6 tempest-UserMessagesTest-941029601 tempest-UserMessagesTest-941029601-project] Action: 'create', calling method: create, body: {"volume": {"volume_type": "ac77b947-b5a9-4f9a-8bdc-dc67ba93e33c", "size": 1, "name": "tempest-UserMessagesTest-Volume-387478342"}} {{(pid=99680) _process_stack /opt/stack/cinder/cinder/api/openstack/wsgi.py:864}}
Jul 12 13:29:37.815447 dv-cinder-793515-10-iscsi devstack@c-api.service[99680]: DEBUG cinder.api.v3.volumes [None req-dd3da47c-0d7c-42cb-81b9-0accd06d35f6 tempest-UserMessagesTest-941029601 tempest-UserMessagesTest-941029601-project] Create volume request body: {'volume': {'volume_type': 'ac77b947-b5a9-4f9a-8bdc-dc67ba93e33c', 'size': 1, 'name': 'tempest-UserMessagesTest-Volume-387478342'}} {{(pid=99680) create /opt/stack/cinder/cinder/api/v3/volumes.py:289}}
Jul 12 13:29:37.822018 dv-cinder-793515-10-iscsi devstack@c-api.service[99680]: INFO cinder.api.v3.volumes [None req-dd3da47c-0d7c-42cb-81b9-0accd06d35f6 tempest-UserMessagesTest-941029601 tempest-UserMessagesTest-941029601-project] Create volume of 1 GB
Jul 12 13:29:37.822640 dv-cinder-793515-10-iscsi devstack@c-api.service[99680]: /usr/local/lib/python3.8/dist-packages/oslo_context/context.py:105: DeprecationWarning: Policy enforcement is depending on the value of is_admin. This key is deprecated. Please update your policy file to use the standard policy values.
Jul 12 13:29:37.822640 dv-cinder-793515-10-iscsi devstack@c-api.service[99680]: warnings.warn('Policy enforcement is depending on the value of '
Jul 12 13:29:37.823229 dv-cinder-793515-10-iscsi devstack@c-api.service[99680]: INFO cinder.volume.api [None req-dd3da47c-0d7c-42cb-81b9-0accd06d35f6 tempest-UserMessagesTest-941029601 tempest-UserMessagesTest-941029601-project] Availability Zones retrieved successfully.
Jul 12 13:29:37.838042 dv-cinder-793515-10-iscsi devstack@c-api.service[99680]: DEBUG cinder.volume.api [None req-dd3da47c-0d7c-42cb-81b9-0accd06d35f6 tempest-UserMessagesTest-941029601 tempest-UserMessagesTest-941029601-project] Flow 'volume_create_api' (960fb490-a99e-4162-966a-46de1ae4a5b0) transitioned into state 'RUNNING' from state 'PENDING' {{(pid=99680) _flow_receiver /usr/local/lib/python3.8/dist-packages/taskflow/listeners/logging.py:141}}
Jul 12 13:29:37.840594 dv-cinder-793515-10-iscsi devstack@c-api.service[99680]: DEBUG cinder.volume.api [None req-dd3da47c-0d7c-42cb-81b9-0accd06d35f6 tempest-UserMessagesTest-941029601 tempest-UserMessagesTest-941029601-project] Task 'cinder.volume.flows.api.create_volume.ExtractVolumeRequestTask;volume:create' (5109b4c1-b007-4a14-8359-ffcb0e1ac8b9) transitioned into state 'RUNNING' from state 'PENDING' {{(pid=99680) _task_receiver /usr/local/lib/python3.8/dist-packages/taskflow/listeners/logging.py:190}}
Jul 12 13:29:37.842472 dv-cinder-793515-10-iscsi devstack@c-api.service[99680]: DEBUG cinder.volume.flows.api.create_volume [None req-dd3da47c-0d7c-42cb-81b9-0accd06d35f6 tempest-UserMessagesTest-941029601 tempest-UserMessagesTest-941029601-project] Validating volume size '1' using validate_int {{(pid=99680) _extract_size /opt/stack/cinder/cinder/volume/flows/api/create_volume.py:201}}
Jul 12 13:29:37.865970 dv-cinder-793515-10-iscsi devstack@c-api.service[99680]: DEBUG cinder.volume.api [None req-dd3da47c-0d7c-42cb-81b9-0accd06d35f6 tempest-UserMessagesTest-941029601 tempest-UserMessagesTest-941029601-project] Task 'cinder.volume.flows.api.create_volume.ExtractVolumeRequestTask;volume:create' (5109b4c1-b007-4a14-8359-ffcb0e1ac8b9) transitioned into state 'SUCCESS' from state 'RUNNING' with result '{'size': 1, 'snapshot_id': None, 'source_volid': None, 'volume_type': VolumeType(created_at=2021-07-12T13:29:38Z,deleted=False,deleted_at=None,description=None,extra_specs={storage_protocol='tempest-storage_protocol-1329182209',vendor_name='tempest-vendor_name-1814976998'},id=ac77b947-b5a9-4f9a-8bdc-dc67ba93e33c,is_public=True,name='tempest-UserMessagesTest-volume-type-825924573',projects=[],qos_specs=,qos_specs_id=None,updated_at=None), 'volume_type_id': 'ac77b947-b5a9-4f9a-8bdc-dc67ba93e33c', 'encryption_key_id': None, 'qos_specs': None, 'consistencygroup_id': None, 'cgsnapshot_id': None, 'group_id': None, 'replication_status': 'disabled', 'refresh_az': False, 'backup_id': None, 'multiattach': False, 'availability_zones': ['nova']}' {{(pid=99680) _task_receiver /usr/local/lib/python3.8/dist-packages/taskflow/listeners/logging.py:178}}
Jul 12 13:29:37.868011 dv-cinder-793515-10-iscsi devstack@c-api.service[99680]: DEBUG cinder.volume.api [None req-dd3da47c-0d7c-42cb-81b9-0accd06d35f6 tempest-UserMessagesTest-941029601 tempest-UserMessagesTest-941029601-project] Task 'cinder.volume.flows.api.create_volume.QuotaReserveTask;volume:create' (c5b97713-f0c7-444f-a2d4-4d11908f0085) transitioned into state 'RUNNING' from state 'PENDING' {{(pid=99680) _task_receiver /usr/local/lib/python3.8/dist-packages/taskflow/listeners/logging.py:190}}
Jul 12 13:29:37.898826 dv-cinder-793515-10-iscsi devstack@c-api.service[99680]: WARNING cinder.quota [None req-dd3da47c-0d7c-42cb-81b9-0accd06d35f6 tempest-UserMessagesTest-941029601 tempest-UserMessagesTest-941029601-project] Deprecated: Default quota for resource: volumes_tempest-UserMessagesTest-volume-type-825924573 is set by the default quota flag: quota_volumes_tempest-UserMessagesTest-volume-type-825924573, it is now deprecated. Please use the default quota class for default quota.
Jul 12 13:29:37.899633 dv-cinder-793515-10-iscsi devstack@c-api.service[99680]: WARNING cinder.quota [None req-dd3da47c-0d7c-42cb-81b9-0accd06d35f6 tempest-UserMessagesTest-941029601 tempest-UserMessagesTest-941029601-project] Deprecated: Default quota for resource: gigabytes_tempest-UserMessagesTest-volume-type-825924573 is set by the default quota flag: quota_gigabytes_tempest-UserMessagesTest-volume-type-825924573, it is now deprecated. Please use the default quota class for default quota.
Jul 12 13:29:37.948496 dv-cinder-793515-10-iscsi devstack@c-api.service[99680]: DEBUG cinder.quota [None req-dd3da47c-0d7c-42cb-81b9-0accd06d35f6 tempest-UserMessagesTest-941029601 tempest-UserMessagesTest-941029601-project] Created reservations ['f4a2f027-9f17-44ed-a730-4775b0a7bcac', '2647d370-1b4b-4755-a551-470954761ac4', 'b2d55b65-fd54-4688-894a-f49d7e9c8fb9', '9c11a249-2ca5-466a-829b-2b433461e0de'] {{(pid=99680) reserve /opt/stack/cinder/cinder/quota.py:755}}
Jul 12 13:29:37.950311 dv-cinder-793515-10-iscsi devstack@c-api.service[99680]: DEBUG cinder.volume.api [None req-dd3da47c-0d7c-42cb-81b9-0accd06d35f6 tempest-UserMessagesTest-941029601 tempest-UserMessagesTest-941029601-project] Task 'cinder.volume.flows.api.create_volume.QuotaReserveTask;volume:create' (c5b97713-f0c7-444f-a2d4-4d11908f0085) transitioned into state 'SUCCESS' from state 'RUNNING' with result '{'reservations': ['f4a2f027-9f17-44ed-a730-4775b0a7bcac', '2647d370-1b4b-4755-a551-470954761ac4', 'b2d55b65-fd54-4688-894a-f49d7e9c8fb9', '9c11a249-2ca5-466a-829b-2b433461e0de']}' {{(pid=99680) _task_receiver /usr/local/lib/python3.8/dist-packages/taskflow/listeners/logging.py:178}}
Jul 12 13:29:37.952177 dv-cinder-793515-10-iscsi devstack@c-api.service[99680]: DEBUG cinder.volume.api [None req-dd3da47c-0d7c-42cb-81b9-0accd06d35f6 tempest-UserMessagesTest-941029601 tempest-UserMessagesTest-941029601-project] Task 'cinder.volume.flows.api.create_volume.EntryCreateTask;volume:create' (5c6cc41f-7f26-443c-b96b-9727554fbe0d) transitioned into state 'RUNNING' from state 'PENDING' {{(pid=99680) _task_receiver /usr/local/lib/python3.8/dist-packages/taskflow/listeners/logging.py:190}}
Jul 12 13:29:37.976961 dv-cinder-793515-10-iscsi devstack@c-api.service[99680]: DEBUG cinder.volume.api [None req-dd3da47c-0d7c-42cb-81b9-0accd06d35f6 tempest-UserMessagesTest-941029601 tempest-UserMessagesTest-941029601-project] Task 'cinder.volume.flows.api.create_volume.EntryCreateTask;volume:create' (5c6cc41f-7f26-443c-b96b-9727554fbe0d) transitioned into state 'SUCCESS' from state 'RUNNING' with result '{'volume_id': 'dfc0b809-e3d5-46a7-a86c-71347fe565a8', 'volume_properties': VolumeProperties(attach_status='detached',availability_zone='nova',cgsnapshot_id=None,consistencygroup_id=None,display_description=None,display_name='tempest-UserMessagesTest-Volume-387478342',encryption_key_id=None,group_id=None,group_type_id=,metadata={},multiattach=False,project_id='5d756de049a9485db5709b5fcd161ed4',qos_specs=None,replication_status=,reservations=['f4a2f027-9f17-44ed-a730-4775b0a7bcac','2647d370-1b4b-4755-a551-470954761ac4','b2d55b65-fd54-4688-894a-f49d7e9c8fb9','9c11a249-2ca5-466a-829b-2b433461e0de'],size=1,snapshot_id=None,source_replicaid=,source_volid=None,status='creating',user_id='bbf30954080e4d08932f8310c9087e3e',volume_type_id=ac77b947-b5a9-4f9a-8bdc-dc67ba93e33c), 'volume': Volume(_name_id=None,admin_metadata=,attach_status='detached',availability_zone='nova',bootable=False,cluster=,cluster_name=None,consistencygroup=,consistencygroup_id=None,created_at=2021-07-12T13:29:37Z,deleted=False,deleted_at=None,display_description=None,display_name='tempest-UserMessagesTest-Volume-387478342',ec2_id=None,encryption_key_id=None,glance_metadata=,group=,group_id=None,host=None,id=dfc0b809-e3d5-46a7-a86c-71347fe565a8,launched_at=None,metadata={},migration_status=None,multiattach=False,previous_status=None,project_id='5d756de049a9485db5709b5fcd161ed4',provider_auth=None,provider_geometry=None,provider_id=None,provider_location=None,replication_driver_data=None,replication_extended_status=None,replication_status=None,scheduled_at=None,service_uuid=None,shared_targets=True,size=1,snapshot_id=None,snapshots=,source_volid=None,status='creating',terminated_at=None,updated_at=None,user_id='bbf30954080e4d08932f8310c9087e3e',volume_attachment=,volume_type=VolumeType(ac77b947-b5a9-4f9a-8bdc-dc67ba93e33c),volume_type_id=ac77b947-b5a9-4f9a-8bdc-dc67ba93e33c)}' {{(pid=99680) _task_receiver /usr/local/lib/python3.8/dist-packages/taskflow/listeners/logging.py:178}}
Jul 12 13:29:37.978659 dv-cinder-793515-10-iscsi devstack@c-api.service[99680]: DEBUG cinder.volume.api [None req-dd3da47c-0d7c-42cb-81b9-0accd06d35f6 tempest-UserMessagesTest-941029601 tempest-UserMessagesTest-941029601-project] Task 'cinder.volume.flows.api.create_volume.QuotaCommitTask;volume:create' (eb03ccf5-ba44-4533-8db9-3f627230a2df) transitioned into state 'RUNNING' from state 'PENDING' {{(pid=99680) _task_receiver /usr/local/lib/python3.8/dist-packages/taskflow/listeners/logging.py:190}}
Jul 12 13:29:38.002918 dv-cinder-793515-10-iscsi devstack@c-api.service[99680]: DEBUG cinder.volume.api [None req-dd3da47c-0d7c-42cb-81b9-0accd06d35f6 tempest-UserMessagesTest-941029601 tempest-UserMessagesTest-941029601-project] Task 'cinder.volume.flows.api.create_volume.QuotaCommitTask;volume:create' (eb03ccf5-ba44-4533-8db9-3f627230a2df) transitioned into state 'SUCCESS' from state 'RUNNING' with result '{'volume_properties': VolumeProperties(attach_status='detached',availability_zone='nova',cgsnapshot_id=None,consistencygroup_id=None,display_description=None,display_name='tempest-UserMessagesTest-Volume-387478342',encryption_key_id=None,group_id=None,group_type_id=,metadata={},multiattach=False,project_id='5d756de049a9485db5709b5fcd161ed4',qos_specs=None,replication_status=,reservations=['f4a2f027-9f17-44ed-a730-4775b0a7bcac','2647d370-1b4b-4755-a551-470954761ac4','b2d55b65-fd54-4688-894a-f49d7e9c8fb9','9c11a249-2ca5-466a-829b-2b433461e0de'],size=1,snapshot_id=None,source_replicaid=,source_volid=None,status='creating',user_id='bbf30954080e4d08932f8310c9087e3e',volume_type_id=ac77b947-b5a9-4f9a-8bdc-dc67ba93e33c)}' {{(pid=99680) _task_receiver /usr/local/lib/python3.8/dist-packages/taskflow/listeners/logging.py:178}}
Jul 12 13:29:38.004801 dv-cinder-793515-10-iscsi devstack@c-api.service[99680]: DEBUG cinder.volume.api [None req-dd3da47c-0d7c-42cb-81b9-0accd06d35f6 tempest-UserMessagesTest-941029601 tempest-UserMessagesTest-941029601-project] Task 'cinder.volume.flows.api.create_volume.VolumeCastTask;volume:create' (bd6b5192-125c-43fc-be8f-232c4bbae5bb) transitioned into state 'RUNNING' from state 'PENDING' {{(pid=99680) _task_receiver /usr/local/lib/python3.8/dist-packages/taskflow/listeners/logging.py:190}}
Jul 12 13:29:38.020394 dv-cinder-793515-10-iscsi devstack@c-api.service[99680]: DEBUG cinder.volume.api [None req-dd3da47c-0d7c-42cb-81b9-0accd06d35f6 tempest-UserMessagesTest-941029601 tempest-UserMessagesTest-941029601-project] Task 'cinder.volume.flows.api.create_volume.VolumeCastTask;volume:create' (bd6b5192-125c-43fc-be8f-232c4bbae5bb) transitioned into state 'SUCCESS' from state 'RUNNING' with result 'None' {{(pid=99680) _task_receiver /usr/local/lib/python3.8/dist-packages/taskflow/listeners/logging.py:178}}
Jul 12 13:29:38.022969 dv-cinder-793515-10-iscsi devstack@c-api.service[99680]: DEBUG cinder.volume.api [None req-dd3da47c-0d7c-42cb-81b9-0accd06d35f6 tempest-UserMessagesTest-941029601 tempest-UserMessagesTest-941029601-project] Flow 'volume_create_api' (960fb490-a99e-4162-966a-46de1ae4a5b0) transitioned into state 'SUCCESS' from state 'RUNNING' {{(pid=99680) _flow_receiver /usr/local/lib/python3.8/dist-packages/taskflow/listeners/logging.py:141}}
Jul 12 13:29:38.023812 dv-cinder-793515-10-iscsi devstack@c-api.service[99680]: INFO cinder.volume.api [None req-dd3da47c-0d7c-42cb-81b9-0accd06d35f6 tempest-UserMessagesTest-941029601 tempest-UserMessagesTest-941029601-project] Create volume request issued successfully.
Jul 12 13:29:38.031213 dv-cinder-793515-10-iscsi devstack@c-api.service[99680]: INFO cinder.api.openstack.wsgi [None req-dd3da47c-0d7c-42cb-81b9-0accd06d35f6 tempest-UserMessagesTest-941029601 tempest-UserMessagesTest-941029601-project] http://10.222.0.35/volume/v3/5d756de049a9485db5709b5fcd161ed4/volumes returned with HTTP 202
Jul 12 13:29:38.032097 dv-cinder-793515-10-iscsi devstack@c-api.service[99680]: [pid: 99680|app: 0|req: 154/313] 10.222.0.35 () {62 vars in 1276 bytes} [Mon Jul 12 13:29:37 2021] POST /volume/v3/5d756de049a9485db5709b5fcd161ed4/volumes => generated 850 bytes in 358 msecs (HTTP/1.1 202) 7 headers in 291 bytes (2 switches on core 0)
Jul 12 13:29:38.045657 dv-cinder-793515-10-iscsi devstack@c-api.service[99681]: INFO cinder.api.openstack.wsgi [None req-3fd59d1c-30f9-4918-ae1a-947c4aca59f1 tempest-UserMessagesTest-941029601 tempest-UserMessagesTest-941029601-project] GET http://10.222.0.35/volume/v3/5d756de049a9485db5709b5fcd161ed4/volumes/dfc0b809-e3d5-46a7-a86c-71347fe565a8
Jul 12 13:29:38.046396 dv-cinder-793515-10-iscsi devstack@c-api.service[99681]: DEBUG cinder.api.openstack.wsgi [None req-3fd59d1c-30f9-4918-ae1a-947c4aca59f1 tempest-UserMessagesTest-941029601 tempest-UserMessagesTest-941029601-project] Empty body provided in request {{(pid=99681) get_body /opt/stack/cinder/cinder/api/openstack/wsgi.py:713}}
Jul 12 13:29:38.046964 dv-cinder-793515-10-iscsi devstack@c-api.service[99681]: DEBUG cinder.api.openstack.wsgi [None req-3fd59d1c-30f9-4918-ae1a-947c4aca59f1 tempest-UserMessagesTest-941029601 tempest-UserMessagesTest-941029601-project] Calling method 'show' {{(pid=99681) _process_stack /opt/stack/cinder/cinder/api/openstack/wsgi.py:866}}
Jul 12 13:29:38.063703 dv-cinder-793515-10-iscsi devstack@c-api.service[99681]: /usr/local/lib/python3.8/dist-packages/oslo_context/context.py:105: DeprecationWarning: Policy enforcement is depending on the value of is_admin. This key is deprecated. Please update your policy file to use the standard policy values.
Jul 12 13:29:38.063703 dv-cinder-793515-10-iscsi devstack@c-api.service[99681]: warnings.warn('Policy enforcement is depending on the value of '
Jul 12 13:29:38.072856 dv-cinder-793515-10-iscsi devstack@c-api.service[99681]: INFO cinder.volume.api [None req-3fd59d1c-30f9-4918-ae1a-947c4aca59f1 tempest-UserMessagesTest-941029601 tempest-UserMessagesTest-941029601-project] Volume info retrieved successfully.
Jul 12 13:29:38.087649 dv-cinder-793515-10-iscsi devstack@c-api.service[99681]: INFO cinder.api.openstack.wsgi [None req-3fd59d1c-30f9-4918-ae1a-947c4aca59f1 tempest-UserMessagesTest-941029601 tempest-UserMessagesTest-941029601-project] http://10.222.0.35/volume/v3/5d756de049a9485db5709b5fcd161ed4/volumes/dfc0b809-e3d5-46a7-a86c-71347fe565a8 returned with HTTP 200
Jul 12 13:29:38.088351 dv-cinder-793515-10-iscsi devstack@c-api.service[99681]: [pid: 99681|app: 0|req: 160/314] 10.222.0.35 () {60 vars in 1365 bytes} [Mon Jul 12 13:29:38 2021] GET /volume/v3/5d756de049a9485db5709b5fcd161ed4/volumes/dfc0b809-e3d5-46a7-a86c-71347fe565a8 => generated 918 bytes in 47 msecs (HTTP/1.1 200) 7 headers in 285 bytes (1 switches on core 0)
Jul 12 13:29:38.165220 dv-cinder-793515-10-iscsi devstack@c-api.service[99681]: INFO cinder.api.openstack.wsgi [None req-fe303ba9-1d2d-4297-b055-f056e2ccf4f6 tempest-VolumesListAdminTestJSON-1960808482 tempest-VolumesListAdminTestJSON-1960808482-project] GET http://10.222.0.35/volume/v3/cbf6b761c36643128c28f3ea564248b5/volumes/8cf3c5f3-1688-4d3d-93bc-1d43c69109f4
Jul 12 13:29:38.165807 dv-cinder-793515-10-iscsi devstack@c-api.service[99681]: DEBUG cinder.api.openstack.wsgi [None req-fe303ba9-1d2d-4297-b055-f056e2ccf4f6 tempest-VolumesListAdminTestJSON-1960808482 tempest-VolumesListAdminTestJSON-1960808482-project] Empty body provided in request {{(pid=99681) get_body /opt/stack/cinder/cinder/api/openstack/wsgi.py:713}}
Jul 12 13:29:38.165807 dv-cinder-793515-10-iscsi devstack@c-api.service[99681]: /usr/local/lib/python3.8/dist-packages/webob/acceptparse.py:1047: DeprecationWarning: The behavior of AcceptValidHeader.best_match is currently being maintained for backward compatibility, but it will be deprecated in the future, as it does not conform to the RFC.
Jul 12 13:29:38.165807 dv-cinder-793515-10-iscsi devstack@c-api.service[99681]: warnings.warn(
Jul 12 13:29:38.166121 dv-cinder-793515-10-iscsi devstack@c-api.service[99681]: DEBUG cinder.api.openstack.wsgi [None req-fe303ba9-1d2d-4297-b055-f056e2ccf4f6 tempest-VolumesListAdminTestJSON-1960808482 tempest-VolumesListAdminTestJSON-1960808482-project] Calling method 'show' {{(pid=99681) _process_stack /opt/stack/cinder/cinder/api/openstack/wsgi.py:866}}
Jul 12 13:29:38.168523 dv-cinder-793515-10-iscsi devstack@c-api.service[99680]: INFO cinder.api.openstack.wsgi [None req-a63e25eb-fd4b-4a2a-ad86-a15474b0e616 tempest-VolumesServicesTestJSON-224940825 tempest-VolumesServicesTestJSON-224940825-project-admin] GET http://10.222.0.35/volume/v3/b6c5611154504b36b04aa253aecd65d6/os-services
Jul 12 13:29:38.168986 dv-cinder-793515-10-iscsi devstack@c-api.service[99680]: DEBUG cinder.api.openstack.wsgi [None req-a63e25eb-fd4b-4a2a-ad86-a15474b0e616 tempest-VolumesServicesTestJSON-224940825 tempest-VolumesServicesTestJSON-224940825-project-admin] Empty body provided in request {{(pid=99680) get_body /opt/stack/cinder/cinder/api/openstack/wsgi.py:713}}
Jul 12 13:29:38.169156 dv-cinder-793515-10-iscsi devstack@c-api.service[99680]: /usr/local/lib/python3.8/dist-packages/webob/acceptparse.py:1047: DeprecationWarning: The behavior of AcceptValidHeader.best_match is currently being maintained for backward compatibility, but it will be deprecated in the future, as it does not conform to the RFC.
Jul 12 13:29:38.169156 dv-cinder-793515-10-iscsi devstack@c-api.service[99680]: warnings.warn(
Jul 12 13:29:38.169477 dv-cinder-793515-10-iscsi devstack@c-api.service[99680]: DEBUG cinder.api.openstack.wsgi [None req-a63e25eb-fd4b-4a2a-ad86-a15474b0e616 tempest-VolumesServicesTestJSON-224940825 tempest-VolumesServicesTestJSON-224940825-project-admin] Calling method 'index' {{(pid=99680) _process_stack /opt/stack/cinder/cinder/api/openstack/wsgi.py:866}}
Jul 12 13:29:38.170138 dv-cinder-793515-10-iscsi devstack@c-api.service[99680]: /usr/local/lib/python3.8/dist-packages/oslo_context/context.py:105: DeprecationWarning: Policy enforcement is depending on the value of is_admin. This key is deprecated. Please update your policy file to use the standard policy values.
Jul 12 13:29:38.170138 dv-cinder-793515-10-iscsi devstack@c-api.service[99680]: warnings.warn('Policy enforcement is depending on the value of '
Jul 12 13:29:38.176684 dv-cinder-793515-10-iscsi devstack@c-api.service[99680]: INFO cinder.api.openstack.wsgi [None req-a63e25eb-fd4b-4a2a-ad86-a15474b0e616 tempest-VolumesServicesTestJSON-224940825 tempest-VolumesServicesTestJSON-224940825-project-admin] http://10.222.0.35/volume/v3/b6c5611154504b36b04aa253aecd65d6/os-services returned with HTTP 200
Jul 12 13:29:38.177397 dv-cinder-793515-10-iscsi devstack@c-api.service[99680]: [pid: 99680|app: 0|req: 155/315] 10.222.0.35 () {58 vars in 1226 bytes} [Mon Jul 12 13:29:38 2021] GET /volume/v3/b6c5611154504b36b04aa253aecd65d6/os-services => generated 643 bytes in 99 msecs (HTTP/1.1 200) 7 headers in 285 bytes (2 switches on core 0)
Jul 12 13:29:38.182473 dv-cinder-793515-10-iscsi devstack@c-api.service[99681]: /usr/local/lib/python3.8/dist-packages/oslo_context/context.py:105: DeprecationWarning: Policy enforcement is depending on the value of is_admin. This key is deprecated. Please update your policy file to use the standard policy values.
Jul 12 13:29:38.182473 dv-cinder-793515-10-iscsi devstack@c-api.service[99681]: warnings.warn('Policy enforcement is depending on the value of '
Jul 12 13:29:38.188174 dv-cinder-793515-10-iscsi devstack@c-api.service[99680]: INFO cinder.api.openstack.wsgi [None req-51eb5a45-8a8c-4a38-a551-bfb82e2f1ef4 tempest-VolumesServicesTestJSON-224940825 tempest-VolumesServicesTestJSON-224940825-project-admin] GET http://10.222.0.35/volume/v3/b6c5611154504b36b04aa253aecd65d6/os-services?host=dv-cinder-793515-10-iscsi
Jul 12 13:29:38.188619 dv-cinder-793515-10-iscsi devstack@c-api.service[99680]: DEBUG cinder.api.openstack.wsgi [None req-51eb5a45-8a8c-4a38-a551-bfb82e2f1ef4 tempest-VolumesServicesTestJSON-224940825 tempest-VolumesServicesTestJSON-224940825-project-admin] Empty body provided in request {{(pid=99680) get_body /opt/stack/cinder/cinder/api/openstack/wsgi.py:713}}
Jul 12 13:29:38.189519 dv-cinder-793515-10-iscsi devstack@c-api.service[99681]: INFO cinder.volume.api [None req-fe303ba9-1d2d-4297-b055-f056e2ccf4f6 tempest-VolumesListAdminTestJSON-1960808482 tempest-VolumesListAdminTestJSON-1960808482-project] Volume info retrieved successfully.
Jul 12 13:29:38.191014 dv-cinder-793515-10-iscsi devstack@c-api.service[99680]: DEBUG cinder.api.openstack.wsgi [None req-51eb5a45-8a8c-4a38-a551-bfb82e2f1ef4 tempest-VolumesServicesTestJSON-224940825 tempest-VolumesServicesTestJSON-224940825-project-admin] Calling method 'index' {{(pid=99680) _process_stack /opt/stack/cinder/cinder/api/openstack/wsgi.py:866}}
Jul 12 13:29:38.199390 dv-cinder-793515-10-iscsi devstack@c-api.service[99680]: INFO cinder.api.openstack.wsgi [None req-51eb5a45-8a8c-4a38-a551-bfb82e2f1ef4 tempest-VolumesServicesTestJSON-224940825 tempest-VolumesServicesTestJSON-224940825-project-admin] http://10.222.0.35/volume/v3/b6c5611154504b36b04aa253aecd65d6/os-services?host=dv-cinder-793515-10-iscsi returned with HTTP 200
Jul 12 13:29:38.200109 dv-cinder-793515-10-iscsi devstack@c-api.service[99680]: [pid: 99680|app: 0|req: 156/316] 10.222.0.35 () {58 vars in 1287 bytes} [Mon Jul 12 13:29:38 2021] GET /volume/v3/b6c5611154504b36b04aa253aecd65d6/os-services?host=dv-cinder-793515-10-iscsi => generated 204 bytes in 16 msecs (HTTP/1.1 200) 7 headers in 285 bytes (2 switches on core 0)
Jul 12 13:29:38.203975 dv-cinder-793515-10-iscsi devstack@c-api.service[99681]: INFO cinder.api.openstack.wsgi [None req-fe303ba9-1d2d-4297-b055-f056e2ccf4f6 tempest-VolumesListAdminTestJSON-1960808482 tempest-VolumesListAdminTestJSON-1960808482-project] http://10.222.0.35/volume/v3/cbf6b761c36643128c28f3ea564248b5/volumes/8cf3c5f3-1688-4d3d-93bc-1d43c69109f4 returned with HTTP 200
Jul 12 13:29:38.205254 dv-cinder-793515-10-iscsi devstack@c-api.service[99681]: [pid: 99681|app: 0|req: 161/317] 10.222.0.35 () {58 vars in 1325 bytes} [Mon Jul 12 13:29:38 2021] GET /volume/v3/cbf6b761c36643128c28f3ea564248b5/volumes/8cf3c5f3-1688-4d3d-93bc-1d43c69109f4 => generated 916 bytes in 43 msecs (HTTP/1.1 200) 7 headers in 285 bytes (2 switches on core 0)
Jul 12 13:29:38.207205 dv-cinder-793515-10-iscsi devstack@c-api.service[99680]: INFO cinder.api.openstack.wsgi [None req-72e3bace-00e9-4898-8ab4-88e961e0217c tempest-VolumesCloneTest-816243695 tempest-VolumesCloneTest-816243695-project] GET http://10.222.0.35/volume/v3/434200afdaf2450fb4cb36c567888cfe/volumes/40e270ad-15af-46d9-b7fd-3fff29eb1c6a
Jul 12 13:29:38.207675 dv-cinder-793515-10-iscsi devstack@c-api.service[99680]: DEBUG cinder.api.openstack.wsgi [None req-72e3bace-00e9-4898-8ab4-88e961e0217c tempest-VolumesCloneTest-816243695 tempest-VolumesCloneTest-816243695-project] Empty body provided in request {{(pid=99680) get_body /opt/stack/cinder/cinder/api/openstack/wsgi.py:713}}
Jul 12 13:29:38.208121 dv-cinder-793515-10-iscsi devstack@c-api.service[99680]: DEBUG cinder.api.openstack.wsgi [None req-72e3bace-00e9-4898-8ab4-88e961e0217c tempest-VolumesCloneTest-816243695 tempest-VolumesCloneTest-816243695-project] Calling method 'show' {{(pid=99680) _process_stack /opt/stack/cinder/cinder/api/openstack/wsgi.py:866}}
Jul 12 13:29:38.218252 dv-cinder-793515-10-iscsi devstack@c-api.service[99681]: INFO cinder.api.openstack.wsgi [None req-cfc27a0d-9d38-40b4-9c60-7773a94ccf47 tempest-VolumesServicesTestJSON-224940825 tempest-VolumesServicesTestJSON-224940825-project-admin] GET http://10.222.0.35/volume/v3/b6c5611154504b36b04aa253aecd65d6/os-services?host=dv-cinder-793515-10-iscsi&binary=cinder-scheduler
Jul 12 13:29:38.218699 dv-cinder-793515-10-iscsi devstack@c-api.service[99681]: DEBUG cinder.api.openstack.wsgi [None req-cfc27a0d-9d38-40b4-9c60-7773a94ccf47 tempest-VolumesServicesTestJSON-224940825 tempest-VolumesServicesTestJSON-224940825-project-admin] Empty body provided in request {{(pid=99681) get_body /opt/stack/cinder/cinder/api/openstack/wsgi.py:713}}
Jul 12 13:29:38.218866 dv-cinder-793515-10-iscsi devstack@c-api.service[99681]: /usr/local/lib/python3.8/dist-packages/webob/acceptparse.py:1047: DeprecationWarning: The behavior of AcceptValidHeader.best_match is currently being maintained for backward compatibility, but it will be deprecated in the future, as it does not conform to the RFC.
Jul 12 13:29:38.218866 dv-cinder-793515-10-iscsi devstack@c-api.service[99681]: warnings.warn(
Jul 12 13:29:38.219418 dv-cinder-793515-10-iscsi devstack@c-api.service[99681]: DEBUG cinder.api.openstack.wsgi [None req-cfc27a0d-9d38-40b4-9c60-7773a94ccf47 tempest-VolumesServicesTestJSON-224940825 tempest-VolumesServicesTestJSON-224940825-project-admin] Calling method 'index' {{(pid=99681) _process_stack /opt/stack/cinder/cinder/api/openstack/wsgi.py:866}}
Jul 12 13:29:38.221905 dv-cinder-793515-10-iscsi devstack@c-api.service[99680]: /usr/local/lib/python3.8/dist-packages/oslo_context/context.py:105: DeprecationWarning: Policy enforcement is depending on the value of is_admin. This key is deprecated. Please update your policy file to use the standard policy values.
Jul 12 13:29:38.221905 dv-cinder-793515-10-iscsi devstack@c-api.service[99680]: warnings.warn('Policy enforcement is depending on the value of '
Jul 12 13:29:38.228437 dv-cinder-793515-10-iscsi devstack@c-api.service[99681]: INFO cinder.api.openstack.wsgi [None req-cfc27a0d-9d38-40b4-9c60-7773a94ccf47 tempest-VolumesServicesTestJSON-224940825 tempest-VolumesServicesTestJSON-224940825-project-admin] http://10.222.0.35/volume/v3/b6c5611154504b36b04aa253aecd65d6/os-services?host=dv-cinder-793515-10-iscsi&binary=cinder-scheduler returned with HTTP 200
Jul 12 13:29:38.229400 dv-cinder-793515-10-iscsi devstack@c-api.service[99680]: INFO cinder.volume.api [None req-72e3bace-00e9-4898-8ab4-88e961e0217c tempest-VolumesCloneTest-816243695 tempest-VolumesCloneTest-816243695-project] Volume info retrieved successfully.
Jul 12 13:29:38.230669 dv-cinder-793515-10-iscsi devstack@c-api.service[99681]: [pid: 99681|app: 0|req: 162/318] 10.222.0.35 () {58 vars in 1335 bytes} [Mon Jul 12 13:29:38 2021] GET /volume/v3/b6c5611154504b36b04aa253aecd65d6/os-services?host=dv-cinder-793515-10-iscsi&binary=cinder-scheduler => generated 204 bytes in 16 msecs (HTTP/1.1 200) 7 headers in 285 bytes (2 switches on core 0)
Jul 12 13:29:38.241081 dv-cinder-793515-10-iscsi devstack@c-api.service[99681]: INFO cinder.api.openstack.wsgi [None req-218cb879-c933-40cd-93fc-732651ab129d tempest-VolumesServicesTestJSON-224940825 tempest-VolumesServicesTestJSON-224940825-project-admin] GET http://10.222.0.35/volume/v3/b6c5611154504b36b04aa253aecd65d6/os-services?binary=cinder-scheduler
Jul 12 13:29:38.241702 dv-cinder-793515-10-iscsi devstack@c-api.service[99681]: DEBUG cinder.api.openstack.wsgi [None req-218cb879-c933-40cd-93fc-732651ab129d tempest-VolumesServicesTestJSON-224940825 tempest-VolumesServicesTestJSON-224940825-project-admin] Empty body provided in request {{(pid=99681) get_body /opt/stack/cinder/cinder/api/openstack/wsgi.py:713}}
Jul 12 13:29:38.242208 dv-cinder-793515-10-iscsi devstack@c-api.service[99681]: DEBUG cinder.api.openstack.wsgi [None req-218cb879-c933-40cd-93fc-732651ab129d tempest-VolumesServicesTestJSON-224940825 tempest-VolumesServicesTestJSON-224940825-project-admin] Calling method 'index' {{(pid=99681) _process_stack /opt/stack/cinder/cinder/api/openstack/wsgi.py:866}}
Jul 12 13:29:38.248304 dv-cinder-793515-10-iscsi devstack@c-api.service[99681]: INFO cinder.api.openstack.wsgi [None req-218cb879-c933-40cd-93fc-732651ab129d tempest-VolumesServicesTestJSON-224940825 tempest-VolumesServicesTestJSON-224940825-project-admin] http://10.222.0.35/volume/v3/b6c5611154504b36b04aa253aecd65d6/os-services?binary=cinder-scheduler returned with HTTP 200
Jul 12 13:29:38.249548 dv-cinder-793515-10-iscsi devstack@c-api.service[99680]: INFO cinder.api.openstack.wsgi [None req-72e3bace-00e9-4898-8ab4-88e961e0217c tempest-VolumesCloneTest-816243695 tempest-VolumesCloneTest-816243695-project] http://10.222.0.35/volume/v3/434200afdaf2450fb4cb36c567888cfe/volumes/40e270ad-15af-46d9-b7fd-3fff29eb1c6a returned with HTTP 200
Jul 12 13:29:38.250764 dv-cinder-793515-10-iscsi devstack@c-api.service[99680]: [pid: 99680|app: 0|req: 157/319] 10.222.0.35 () {58 vars in 1325 bytes} [Mon Jul 12 13:29:38 2021] GET /volume/v3/434200afdaf2450fb4cb36c567888cfe/volumes/40e270ad-15af-46d9-b7fd-3fff29eb1c6a => generated 907 bytes in 47 msecs (HTTP/1.1 200) 7 headers in 285 bytes (1 switches on core 0)
Jul 12 13:29:38.251169 dv-cinder-793515-10-iscsi devstack@c-api.service[99681]: [pid: 99681|app: 0|req: 163/320] 10.222.0.35 () {58 vars in 1273 bytes} [Mon Jul 12 13:29:38 2021] GET /volume/v3/b6c5611154504b36b04aa253aecd65d6/os-services?binary=cinder-scheduler => generated 204 bytes in 15 msecs (HTTP/1.1 200) 7 headers in 285 bytes (2 switches on core 0)
Jul 12 13:29:38.345692 dv-cinder-793515-10-iscsi devstack@c-api.service[99680]: INFO cinder.api.openstack.wsgi [None req-1a16dee1-2ac6-4e63-a573-743f21f85b1d tempest-VolumesServicesTestJSON-299339177 tempest-VolumesServicesTestJSON-299339177-project] POST http://10.222.0.35/volume/v3/e9ea1c287a574418a29e05253ccf636c/volumes
Jul 12 13:29:38.346070 dv-cinder-793515-10-iscsi devstack@c-api.service[99680]: /usr/local/lib/python3.8/dist-packages/webob/acceptparse.py:1047: DeprecationWarning: The behavior of AcceptValidHeader.best_match is currently being maintained for backward compatibility, but it will be deprecated in the future, as it does not conform to the RFC.
Jul 12 13:29:38.346070 dv-cinder-793515-10-iscsi devstack@c-api.service[99680]: warnings.warn(
Jul 12 13:29:38.346424 dv-cinder-793515-10-iscsi devstack@c-api.service[99680]: DEBUG cinder.api.openstack.wsgi [None req-1a16dee1-2ac6-4e63-a573-743f21f85b1d tempest-VolumesServicesTestJSON-299339177 tempest-VolumesServicesTestJSON-299339177-project] Action: 'create', calling method: create, body: {"volume": {"size": 1, "name": "tempest-VolumesServicesTestJSON-Volume-1032255698"}} {{(pid=99680) _process_stack /opt/stack/cinder/cinder/api/openstack/wsgi.py:864}}
Jul 12 13:29:38.347393 dv-cinder-793515-10-iscsi devstack@c-api.service[99680]: DEBUG cinder.api.v3.volumes [None req-1a16dee1-2ac6-4e63-a573-743f21f85b1d tempest-VolumesServicesTestJSON-299339177 tempest-VolumesServicesTestJSON-299339177-project] Create volume request body: {'volume': {'size': 1, 'name': 'tempest-VolumesServicesTestJSON-Volume-1032255698'}} {{(pid=99680) create /opt/stack/cinder/cinder/api/v3/volumes.py:289}}
Jul 12 13:29:38.347766 dv-cinder-793515-10-iscsi devstack@c-api.service[99680]: INFO cinder.api.v3.volumes [None req-1a16dee1-2ac6-4e63-a573-743f21f85b1d tempest-VolumesServicesTestJSON-299339177 tempest-VolumesServicesTestJSON-299339177-project] Create volume of 1 GB
Jul 12 13:29:38.353629 dv-cinder-793515-10-iscsi devstack@c-api.service[99680]: INFO cinder.volume.api [None req-1a16dee1-2ac6-4e63-a573-743f21f85b1d tempest-VolumesServicesTestJSON-299339177 tempest-VolumesServicesTestJSON-299339177-project] Availability Zones retrieved successfully.
Jul 12 13:29:38.369139 dv-cinder-793515-10-iscsi devstack@c-api.service[99680]: DEBUG cinder.volume.api [None req-1a16dee1-2ac6-4e63-a573-743f21f85b1d tempest-VolumesServicesTestJSON-299339177 tempest-VolumesServicesTestJSON-299339177-project] Flow 'volume_create_api' (d3886e31-23b6-4fdc-af16-8ccf7b1c1878) transitioned into state 'RUNNING' from state 'PENDING' {{(pid=99680) _flow_receiver /usr/local/lib/python3.8/dist-packages/taskflow/listeners/logging.py:141}}
Jul 12 13:29:38.371658 dv-cinder-793515-10-iscsi devstack@c-api.service[99680]: DEBUG cinder.volume.api [None req-1a16dee1-2ac6-4e63-a573-743f21f85b1d tempest-VolumesServicesTestJSON-299339177 tempest-VolumesServicesTestJSON-299339177-project] Task 'cinder.volume.flows.api.create_volume.ExtractVolumeRequestTask;volume:create' (1210436e-5269-455d-ae01-4317871543dd) transitioned into state 'RUNNING' from state 'PENDING' {{(pid=99680) _task_receiver /usr/local/lib/python3.8/dist-packages/taskflow/listeners/logging.py:190}}
Jul 12 13:29:38.373707 dv-cinder-793515-10-iscsi devstack@c-api.service[99680]: DEBUG cinder.volume.flows.api.create_volume [None req-1a16dee1-2ac6-4e63-a573-743f21f85b1d tempest-VolumesServicesTestJSON-299339177 tempest-VolumesServicesTestJSON-299339177-project] Validating volume size '1' using validate_int {{(pid=99680) _extract_size /opt/stack/cinder/cinder/volume/flows/api/create_volume.py:201}}
Jul 12 13:29:38.415128 dv-cinder-793515-10-iscsi devstack@c-api.service[99680]: DEBUG cinder.volume.api [None req-1a16dee1-2ac6-4e63-a573-743f21f85b1d tempest-VolumesServicesTestJSON-299339177 tempest-VolumesServicesTestJSON-299339177-project] Task 'cinder.volume.flows.api.create_volume.ExtractVolumeRequestTask;volume:create' (1210436e-5269-455d-ae01-4317871543dd) transitioned into state 'SUCCESS' from state 'RUNNING' with result '{'size': 1, 'snapshot_id': None, 'source_volid': None, 'volume_type': VolumeType(created_at=2021-07-12T13:19:41Z,deleted=False,deleted_at=None,description='Default Volume Type',extra_specs={},id=305a8e6e-d46a-46c5-8179-5ef6eb1d4464,is_public=True,name='__DEFAULT__',projects=[],qos_specs=,qos_specs_id=None,updated_at=2021-07-12T13:19:41Z), 'volume_type_id': '305a8e6e-d46a-46c5-8179-5ef6eb1d4464', 'encryption_key_id': None, 'qos_specs': None, 'consistencygroup_id': None, 'cgsnapshot_id': None, 'group_id': None, 'replication_status': 'disabled', 'refresh_az': False, 'backup_id': None, 'multiattach': False, 'availability_zones': ['nova']}' {{(pid=99680) _task_receiver /usr/local/lib/python3.8/dist-packages/taskflow/listeners/logging.py:178}}
Jul 12 13:29:38.417246 dv-cinder-793515-10-iscsi devstack@c-api.service[99680]: DEBUG cinder.volume.api [None req-1a16dee1-2ac6-4e63-a573-743f21f85b1d tempest-VolumesServicesTestJSON-299339177 tempest-VolumesServicesTestJSON-299339177-project] Task 'cinder.volume.flows.api.create_volume.QuotaReserveTask;volume:create' (3fd353a1-4073-4c66-becd-8a6dd6dc80f9) transitioned into state 'RUNNING' from state 'PENDING' {{(pid=99680) _task_receiver /usr/local/lib/python3.8/dist-packages/taskflow/listeners/logging.py:190}}
Jul 12 13:29:38.503442 dv-cinder-793515-10-iscsi devstack@c-api.service[99680]: DEBUG cinder.quota [None req-1a16dee1-2ac6-4e63-a573-743f21f85b1d tempest-VolumesServicesTestJSON-299339177 tempest-VolumesServicesTestJSON-299339177-project] Created reservations ['eae0b1ff-bc4b-42ad-bfbf-0013edc46ed0', '42d7d45b-161d-40db-b1f0-69a81ba48bf8', '7f6722ed-2c01-4de1-9ba4-b56d8eb0086e', '9a4f51d4-d5bb-435a-83f1-a54e664a0c9a'] {{(pid=99680) reserve /opt/stack/cinder/cinder/quota.py:755}}
Jul 12 13:29:38.505577 dv-cinder-793515-10-iscsi devstack@c-api.service[99680]: DEBUG cinder.volume.api [None req-1a16dee1-2ac6-4e63-a573-743f21f85b1d tempest-VolumesServicesTestJSON-299339177 tempest-VolumesServicesTestJSON-299339177-project] Task 'cinder.volume.flows.api.create_volume.QuotaReserveTask;volume:create' (3fd353a1-4073-4c66-becd-8a6dd6dc80f9) transitioned into state 'SUCCESS' from state 'RUNNING' with result '{'reservations': ['eae0b1ff-bc4b-42ad-bfbf-0013edc46ed0', '42d7d45b-161d-40db-b1f0-69a81ba48bf8', '7f6722ed-2c01-4de1-9ba4-b56d8eb0086e', '9a4f51d4-d5bb-435a-83f1-a54e664a0c9a']}' {{(pid=99680) _task_receiver /usr/local/lib/python3.8/dist-packages/taskflow/listeners/logging.py:178}}
Jul 12 13:29:38.507709 dv-cinder-793515-10-iscsi devstack@c-api.service[99680]: DEBUG cinder.volume.api [None req-1a16dee1-2ac6-4e63-a573-743f21f85b1d tempest-VolumesServicesTestJSON-299339177 tempest-VolumesServicesTestJSON-299339177-project] Task 'cinder.volume.flows.api.create_volume.EntryCreateTask;volume:create' (77b6ed3d-87e3-48b5-b8f6-5f6680964ab3) transitioned into state 'RUNNING' from state 'PENDING' {{(pid=99680) _task_receiver /usr/local/lib/python3.8/dist-packages/taskflow/listeners/logging.py:190}}
Jul 12 13:29:38.531384 dv-cinder-793515-10-iscsi devstack@c-api.service[99680]: DEBUG cinder.volume.api [None req-1a16dee1-2ac6-4e63-a573-743f21f85b1d tempest-VolumesServicesTestJSON-299339177 tempest-VolumesServicesTestJSON-299339177-project] Task 'cinder.volume.flows.api.create_volume.EntryCreateTask;volume:create' (77b6ed3d-87e3-48b5-b8f6-5f6680964ab3) transitioned into state 'SUCCESS' from state 'RUNNING' with result '{'volume_id': '6c7d06aa-b597-4f7d-b8b7-cfdc37696cff', 'volume_properties': VolumeProperties(attach_status='detached',availability_zone='nova',cgsnapshot_id=None,consistencygroup_id=None,display_description=None,display_name='tempest-VolumesServicesTestJSON-Volume-1032255698',encryption_key_id=None,group_id=None,group_type_id=,metadata={},multiattach=False,project_id='e9ea1c287a574418a29e05253ccf636c',qos_specs=None,replication_status=,reservations=['eae0b1ff-bc4b-42ad-bfbf-0013edc46ed0','42d7d45b-161d-40db-b1f0-69a81ba48bf8','7f6722ed-2c01-4de1-9ba4-b56d8eb0086e','9a4f51d4-d5bb-435a-83f1-a54e664a0c9a'],size=1,snapshot_id=None,source_replicaid=,source_volid=None,status='creating',user_id='14a3536c1c604965b8d623883792e4e6',volume_type_id=305a8e6e-d46a-46c5-8179-5ef6eb1d4464), 'volume': Volume(_name_id=None,admin_metadata=,attach_status='detached',availability_zone='nova',bootable=False,cluster=,cluster_name=None,consistencygroup=,consistencygroup_id=None,created_at=2021-07-12T13:29:38Z,deleted=False,deleted_at=None,display_description=None,display_name='tempest-VolumesServicesTestJSON-Volume-1032255698',ec2_id=None,encryption_key_id=None,glance_metadata=,group=,group_id=None,host=None,id=6c7d06aa-b597-4f7d-b8b7-cfdc37696cff,launched_at=None,metadata={},migration_status=None,multiattach=False,previous_status=None,project_id='e9ea1c287a574418a29e05253ccf636c',provider_auth=None,provider_geometry=None,provider_id=None,provider_location=None,replication_driver_data=None,replication_extended_status=None,replication_status=None,scheduled_at=None,service_uuid=None,shared_targets=True,size=1,snapshot_id=None,snapshots=,source_volid=None,status='creating',terminated_at=None,updated_at=None,user_id='14a3536c1c604965b8d623883792e4e6',volume_attachment=,volume_type=VolumeType(305a8e6e-d46a-46c5-8179-5ef6eb1d4464),volume_type_id=305a8e6e-d46a-46c5-8179-5ef6eb1d4464)}' {{(pid=99680) _task_receiver /usr/local/lib/python3.8/dist-packages/taskflow/listeners/logging.py:178}}
Jul 12 13:29:38.534927 dv-cinder-793515-10-iscsi devstack@c-api.service[99680]: DEBUG cinder.volume.api [None req-1a16dee1-2ac6-4e63-a573-743f21f85b1d tempest-VolumesServicesTestJSON-299339177 tempest-VolumesServicesTestJSON-299339177-project] Task 'cinder.volume.flows.api.create_volume.QuotaCommitTask;volume:create' (29bc048e-f01a-42ec-a5fa-56d30f970f7a) transitioned into state 'RUNNING' from state 'PENDING' {{(pid=99680) _task_receiver /usr/local/lib/python3.8/dist-packages/taskflow/listeners/logging.py:190}}
Jul 12 13:29:38.560951 dv-cinder-793515-10-iscsi devstack@c-api.service[99680]: DEBUG cinder.volume.api [None req-1a16dee1-2ac6-4e63-a573-743f21f85b1d tempest-VolumesServicesTestJSON-299339177 tempest-VolumesServicesTestJSON-299339177-project] Task 'cinder.volume.flows.api.create_volume.QuotaCommitTask;volume:create' (29bc048e-f01a-42ec-a5fa-56d30f970f7a) transitioned into state 'SUCCESS' from state 'RUNNING' with result '{'volume_properties': VolumeProperties(attach_status='detached',availability_zone='nova',cgsnapshot_id=None,consistencygroup_id=None,display_description=None,display_name='tempest-VolumesServicesTestJSON-Volume-1032255698',encryption_key_id=None,group_id=None,group_type_id=,metadata={},multiattach=False,project_id='e9ea1c287a574418a29e05253ccf636c',qos_specs=None,replication_status=,reservations=['eae0b1ff-bc4b-42ad-bfbf-0013edc46ed0','42d7d45b-161d-40db-b1f0-69a81ba48bf8','7f6722ed-2c01-4de1-9ba4-b56d8eb0086e','9a4f51d4-d5bb-435a-83f1-a54e664a0c9a'],size=1,snapshot_id=None,source_replicaid=,source_volid=None,status='creating',user_id='14a3536c1c604965b8d623883792e4e6',volume_type_id=305a8e6e-d46a-46c5-8179-5ef6eb1d4464)}' {{(pid=99680) _task_receiver /usr/local/lib/python3.8/dist-packages/taskflow/listeners/logging.py:178}}
Jul 12 13:29:38.562856 dv-cinder-793515-10-iscsi devstack@c-api.service[99680]: DEBUG cinder.volume.api [None req-1a16dee1-2ac6-4e63-a573-743f21f85b1d tempest-VolumesServicesTestJSON-299339177 tempest-VolumesServicesTestJSON-299339177-project] Task 'cinder.volume.flows.api.create_volume.VolumeCastTask;volume:create' (9deac9ac-c433-4b90-ad69-a50ed013c87d) transitioned into state 'RUNNING' from state 'PENDING' {{(pid=99680) _task_receiver /usr/local/lib/python3.8/dist-packages/taskflow/listeners/logging.py:190}}
