Jul 19 09:29:11.560254 dv-cinder-793386-2-smb devstack@c-api.service[100227]: INFO cinder.api.openstack.wsgi [None req-54ae7498-ea9f-4ab7-b395-b10aa832ae91 tempest-QosSpecsTestJSON-1726228565 tempest-QosSpecsTestJSON-1726228565-project-admin] http://10.222.0.24/volume/v3/16d2bd5778334d91b1d541c22b511973/qos-specs/b2ab4f50-d217-494e-b2c4-5bf6b90193e2/delete_keys returned with HTTP 202
Jul 19 09:29:11.564455 dv-cinder-793386-2-smb devstack@c-api.service[100227]: [pid: 100227|app: 0|req: 155/295] 10.222.0.24 () {60 vars in 1387 bytes} [Mon Jul 19 09:29:11 2021] PUT /volume/v3/16d2bd5778334d91b1d541c22b511973/qos-specs/b2ab4f50-d217-494e-b2c4-5bf6b90193e2/delete_keys => generated 0 bytes in 61 msecs (HTTP/1.1 202) 6 headers in 233 bytes (1 switches on core 0)
Jul 19 09:29:11.566624 dv-cinder-793386-2-smb devstack@c-api.service[100228]: /usr/local/lib/python3.8/dist-packages/oslo_context/context.py:105: DeprecationWarning: Policy enforcement is depending on the value of is_admin. This key is deprecated. Please update your policy file to use the standard policy values.
Jul 19 09:29:11.566624 dv-cinder-793386-2-smb devstack@c-api.service[100228]: warnings.warn('Policy enforcement is depending on the value of '
Jul 19 09:29:11.576184 dv-cinder-793386-2-smb devstack@c-api.service[100228]: INFO cinder.volume.api [None req-5a3f1e28-9bae-43e1-a5f2-286287b077de tempest-VolumesServicesTestJSON-278911638 tempest-VolumesServicesTestJSON-278911638-project] Volume info retrieved successfully.
Jul 19 09:29:11.584546 dv-cinder-793386-2-smb devstack@c-api.service[100227]: INFO cinder.api.openstack.wsgi [None req-ffe81bbf-0487-48b5-a56a-317577f63117 tempest-QosSpecsTestJSON-1726228565 tempest-QosSpecsTestJSON-1726228565-project-admin] GET http://10.222.0.24/volume/v3/16d2bd5778334d91b1d541c22b511973/qos-specs/b2ab4f50-d217-494e-b2c4-5bf6b90193e2
Jul 19 09:29:11.585220 dv-cinder-793386-2-smb devstack@c-api.service[100227]: DEBUG cinder.api.openstack.wsgi [None req-ffe81bbf-0487-48b5-a56a-317577f63117 tempest-QosSpecsTestJSON-1726228565 tempest-QosSpecsTestJSON-1726228565-project-admin] Empty body provided in request {{(pid=100227) get_body /opt/stack/cinder/cinder/api/openstack/wsgi.py:713}}
Jul 19 09:29:11.586707 dv-cinder-793386-2-smb devstack@c-api.service[100227]: /usr/local/lib/python3.8/dist-packages/webob/acceptparse.py:1047: DeprecationWarning: The behavior of AcceptValidHeader.best_match is currently being maintained for backward compatibility, but it will be deprecated in the future, as it does not conform to the RFC.
Jul 19 09:29:11.586707 dv-cinder-793386-2-smb devstack@c-api.service[100227]: warnings.warn(
Jul 19 09:29:11.587700 dv-cinder-793386-2-smb devstack@c-api.service[100227]: DEBUG cinder.api.openstack.wsgi [None req-ffe81bbf-0487-48b5-a56a-317577f63117 tempest-QosSpecsTestJSON-1726228565 tempest-QosSpecsTestJSON-1726228565-project-admin] Calling method 'show' {{(pid=100227) _process_stack /opt/stack/cinder/cinder/api/openstack/wsgi.py:866}}
Jul 19 09:29:11.590599 dv-cinder-793386-2-smb devstack@c-api.service[100227]: /usr/local/lib/python3.8/dist-packages/oslo_context/context.py:105: DeprecationWarning: Policy enforcement is depending on the value of is_admin. This key is deprecated. Please update your policy file to use the standard policy values.
Jul 19 09:29:11.590599 dv-cinder-793386-2-smb devstack@c-api.service[100227]: warnings.warn('Policy enforcement is depending on the value of '
Jul 19 09:29:11.597634 dv-cinder-793386-2-smb devstack@c-api.service[100228]: INFO cinder.api.openstack.wsgi [None req-5a3f1e28-9bae-43e1-a5f2-286287b077de tempest-VolumesServicesTestJSON-278911638 tempest-VolumesServicesTestJSON-278911638-project] http://10.222.0.24/volume/v3/01abcbe7b99f4890ba37049dbb9798a9/volumes/b8b5bf8f-fc70-454d-99c6-a538e13e91ef returned with HTTP 200
Jul 19 09:29:11.598623 dv-cinder-793386-2-smb devstack@c-api.service[100228]: [pid: 100228|app: 0|req: 141/296] 10.222.0.24 () {58 vars in 1325 bytes} [Mon Jul 19 09:29:11 2021] GET /volume/v3/01abcbe7b99f4890ba37049dbb9798a9/volumes/b8b5bf8f-fc70-454d-99c6-a538e13e91ef => generated 915 bytes in 56 msecs (HTTP/1.1 200) 7 headers in 285 bytes (2 switches on core 0)
Jul 19 09:29:11.605945 dv-cinder-793386-2-smb devstack@c-api.service[100227]: INFO cinder.api.openstack.wsgi [None req-ffe81bbf-0487-48b5-a56a-317577f63117 tempest-QosSpecsTestJSON-1726228565 tempest-QosSpecsTestJSON-1726228565-project-admin] http://10.222.0.24/volume/v3/16d2bd5778334d91b1d541c22b511973/qos-specs/b2ab4f50-d217-494e-b2c4-5bf6b90193e2 returned with HTTP 200
Jul 19 09:29:11.605945 dv-cinder-793386-2-smb devstack@c-api.service[100227]: [pid: 100227|app: 0|req: 156/297] 10.222.0.24 () {58 vars in 1331 bytes} [Mon Jul 19 09:29:11 2021] GET /volume/v3/16d2bd5778334d91b1d541c22b511973/qos-specs/b2ab4f50-d217-494e-b2c4-5bf6b90193e2 => generated 459 bytes in 35 msecs (HTTP/1.1 200) 7 headers in 285 bytes (1 switches on core 0)
Jul 19 09:29:11.619291 dv-cinder-793386-2-smb devstack@c-api.service[100227]: INFO cinder.api.openstack.wsgi [None req-3ebcc8e6-4f04-4dd1-84cf-d9b4c1d1a652 tempest-VolumesServicesTestJSON-1558594251 tempest-VolumesServicesTestJSON-1558594251-project-admin] GET http://10.222.0.24/volume/v3/46746e36309e403792ccb9daace4ce05/volumes/b8b5bf8f-fc70-454d-99c6-a538e13e91ef
Jul 19 09:29:11.620543 dv-cinder-793386-2-smb devstack@c-api.service[100227]: DEBUG cinder.api.openstack.wsgi [None req-3ebcc8e6-4f04-4dd1-84cf-d9b4c1d1a652 tempest-VolumesServicesTestJSON-1558594251 tempest-VolumesServicesTestJSON-1558594251-project-admin] Empty body provided in request {{(pid=100227) get_body /opt/stack/cinder/cinder/api/openstack/wsgi.py:713}}
Jul 19 09:29:11.621072 dv-cinder-793386-2-smb devstack@c-api.service[100227]: /usr/local/lib/python3.8/dist-packages/webob/acceptparse.py:1047: DeprecationWarning: The behavior of AcceptValidHeader.best_match is currently being maintained for backward compatibility, but it will be deprecated in the future, as it does not conform to the RFC.
Jul 19 09:29:11.621072 dv-cinder-793386-2-smb devstack@c-api.service[100227]: warnings.warn(
Jul 19 09:29:11.622506 dv-cinder-793386-2-smb devstack@c-api.service[100227]: DEBUG cinder.api.openstack.wsgi [None req-3ebcc8e6-4f04-4dd1-84cf-d9b4c1d1a652 tempest-VolumesServicesTestJSON-1558594251 tempest-VolumesServicesTestJSON-1558594251-project-admin] Calling method 'show' {{(pid=100227) _process_stack /opt/stack/cinder/cinder/api/openstack/wsgi.py:866}}
Jul 19 09:29:11.627367 dv-cinder-793386-2-smb devstack@c-api.service[100228]: INFO cinder.api.openstack.wsgi [None req-7b429a2b-a591-4ba1-8139-7b54964f0f57 tempest-QosSpecsTestJSON-1726228565 tempest-QosSpecsTestJSON-1726228565-project-admin] GET http://10.222.0.24/volume/v3/16d2bd5778334d91b1d541c22b511973/qos-specs/b2ab4f50-d217-494e-b2c4-5bf6b90193e2
Jul 19 09:29:11.628023 dv-cinder-793386-2-smb devstack@c-api.service[100228]: DEBUG cinder.api.openstack.wsgi [None req-7b429a2b-a591-4ba1-8139-7b54964f0f57 tempest-QosSpecsTestJSON-1726228565 tempest-QosSpecsTestJSON-1726228565-project-admin] Empty body provided in request {{(pid=100228) get_body /opt/stack/cinder/cinder/api/openstack/wsgi.py:713}}
Jul 19 09:29:11.628329 dv-cinder-793386-2-smb devstack@c-api.service[100228]: /usr/local/lib/python3.8/dist-packages/webob/acceptparse.py:1047: DeprecationWarning: The behavior of AcceptValidHeader.best_match is currently being maintained for backward compatibility, but it will be deprecated in the future, as it does not conform to the RFC.
Jul 19 09:29:11.628329 dv-cinder-793386-2-smb devstack@c-api.service[100228]: warnings.warn(
Jul 19 09:29:11.629222 dv-cinder-793386-2-smb devstack@c-api.service[100228]: DEBUG cinder.api.openstack.wsgi [None req-7b429a2b-a591-4ba1-8139-7b54964f0f57 tempest-QosSpecsTestJSON-1726228565 tempest-QosSpecsTestJSON-1726228565-project-admin] Calling method 'show' {{(pid=100228) _process_stack /opt/stack/cinder/cinder/api/openstack/wsgi.py:866}}
Jul 19 09:29:11.641478 dv-cinder-793386-2-smb devstack@c-api.service[100228]: INFO cinder.api.openstack.wsgi [None req-7b429a2b-a591-4ba1-8139-7b54964f0f57 tempest-QosSpecsTestJSON-1726228565 tempest-QosSpecsTestJSON-1726228565-project-admin] http://10.222.0.24/volume/v3/16d2bd5778334d91b1d541c22b511973/qos-specs/b2ab4f50-d217-494e-b2c4-5bf6b90193e2 returned with HTTP 200
Jul 19 09:29:11.643126 dv-cinder-793386-2-smb devstack@c-api.service[100228]: [pid: 100228|app: 0|req: 142/298] 10.222.0.24 () {58 vars in 1331 bytes} [Mon Jul 19 09:29:11 2021] GET /volume/v3/16d2bd5778334d91b1d541c22b511973/qos-specs/b2ab4f50-d217-494e-b2c4-5bf6b90193e2 => generated 459 bytes in 28 msecs (HTTP/1.1 200) 7 headers in 285 bytes (2 switches on core 0)
Jul 19 09:29:11.685543 dv-cinder-793386-2-smb devstack@c-api.service[100228]: INFO cinder.api.openstack.wsgi [None req-58e032c2-4c60-4ec8-9129-cd22d5e0f180 tempest-QosSpecsTestJSON-1726228565 tempest-QosSpecsTestJSON-1726228565-project-admin] DELETE http://10.222.0.24/volume/v3/16d2bd5778334d91b1d541c22b511973/qos-specs/92440d67-b140-48b1-97fa-7b4ce37a0565?force=False
Jul 19 09:29:11.686289 dv-cinder-793386-2-smb devstack@c-api.service[100228]: DEBUG cinder.api.openstack.wsgi [None req-58e032c2-4c60-4ec8-9129-cd22d5e0f180 tempest-QosSpecsTestJSON-1726228565 tempest-QosSpecsTestJSON-1726228565-project-admin] Empty body provided in request {{(pid=100228) get_body /opt/stack/cinder/cinder/api/openstack/wsgi.py:713}}
Jul 19 09:29:11.686678 dv-cinder-793386-2-smb devstack@c-api.service[100228]: /usr/local/lib/python3.8/dist-packages/webob/acceptparse.py:1047: DeprecationWarning: The behavior of AcceptValidHeader.best_match is currently being maintained for backward compatibility, but it will be deprecated in the future, as it does not conform to the RFC.
Jul 19 09:29:11.686678 dv-cinder-793386-2-smb devstack@c-api.service[100228]: warnings.warn(
Jul 19 09:29:11.687870 dv-cinder-793386-2-smb devstack@c-api.service[100228]: DEBUG cinder.api.openstack.wsgi [None req-58e032c2-4c60-4ec8-9129-cd22d5e0f180 tempest-QosSpecsTestJSON-1726228565 tempest-QosSpecsTestJSON-1726228565-project-admin] Calling method 'delete' {{(pid=100228) _process_stack /opt/stack/cinder/cinder/api/openstack/wsgi.py:866}}
Jul 19 09:29:11.688933 dv-cinder-793386-2-smb devstack@c-api.service[100228]: /usr/local/lib/python3.8/dist-packages/oslo_context/context.py:105: DeprecationWarning: Policy enforcement is depending on the value of is_admin. This key is deprecated. Please update your policy file to use the standard policy values.
Jul 19 09:29:11.688933 dv-cinder-793386-2-smb devstack@c-api.service[100228]: warnings.warn('Policy enforcement is depending on the value of '
Jul 19 09:29:11.690345 dv-cinder-793386-2-smb devstack@c-api.service[100228]: DEBUG cinder.api.contrib.qos_specs_manage [None req-58e032c2-4c60-4ec8-9129-cd22d5e0f180 tempest-QosSpecsTestJSON-1726228565 tempest-QosSpecsTestJSON-1726228565-project-admin] Delete qos_spec: 92440d67-b140-48b1-97fa-7b4ce37a0565, force: False {{(pid=100228) delete /opt/stack/cinder/cinder/api/contrib/qos_specs_manage.py:168}}
Jul 19 09:29:11.697501 dv-cinder-793386-2-smb devstack@c-api.service[100228]: INFO cinder.api.openstack.wsgi [None req-58e032c2-4c60-4ec8-9129-cd22d5e0f180 tempest-QosSpecsTestJSON-1726228565 tempest-QosSpecsTestJSON-1726228565-project-admin] http://10.222.0.24/volume/v3/16d2bd5778334d91b1d541c22b511973/qos-specs/92440d67-b140-48b1-97fa-7b4ce37a0565?force=False returned with HTTP 404
Jul 19 09:29:11.701110 dv-cinder-793386-2-smb devstack@c-api.service[100228]: [pid: 100228|app: 0|req: 143/299] 10.222.0.24 () {58 vars in 1357 bytes} [Mon Jul 19 09:29:11 2021] DELETE /volume/v3/16d2bd5778334d91b1d541c22b511973/qos-specs/92440d67-b140-48b1-97fa-7b4ce37a0565?force=False => generated 100 bytes in 46 msecs (HTTP/1.1 404) 7 headers in 292 bytes (1 switches on core 0)
Jul 19 09:29:11.714753 dv-cinder-793386-2-smb devstack@c-api.service[100228]: INFO cinder.api.openstack.wsgi [None req-5b34e5eb-bee5-46eb-8883-89c397cee5f1 tempest-QosSpecsTestJSON-1726228565 tempest-QosSpecsTestJSON-1726228565-project-admin] GET http://10.222.0.24/volume/v3/16d2bd5778334d91b1d541c22b511973/qos-specs/92440d67-b140-48b1-97fa-7b4ce37a0565
Jul 19 09:29:11.715564 dv-cinder-793386-2-smb devstack@c-api.service[100228]: DEBUG cinder.api.openstack.wsgi [None req-5b34e5eb-bee5-46eb-8883-89c397cee5f1 tempest-QosSpecsTestJSON-1726228565 tempest-QosSpecsTestJSON-1726228565-project-admin] Empty body provided in request {{(pid=100228) get_body /opt/stack/cinder/cinder/api/openstack/wsgi.py:713}}
Jul 19 09:29:11.716230 dv-cinder-793386-2-smb devstack@c-api.service[100228]: DEBUG cinder.api.openstack.wsgi [None req-5b34e5eb-bee5-46eb-8883-89c397cee5f1 tempest-QosSpecsTestJSON-1726228565 tempest-QosSpecsTestJSON-1726228565-project-admin] Calling method 'show' {{(pid=100228) _process_stack /opt/stack/cinder/cinder/api/openstack/wsgi.py:866}}
Jul 19 09:29:11.723272 dv-cinder-793386-2-smb devstack@c-api.service[100228]: INFO cinder.api.openstack.wsgi [None req-5b34e5eb-bee5-46eb-8883-89c397cee5f1 tempest-QosSpecsTestJSON-1726228565 tempest-QosSpecsTestJSON-1726228565-project-admin] http://10.222.0.24/volume/v3/16d2bd5778334d91b1d541c22b511973/qos-specs/92440d67-b140-48b1-97fa-7b4ce37a0565 returned with HTTP 404
Jul 19 09:29:11.724454 dv-cinder-793386-2-smb devstack@c-api.service[100228]: [pid: 100228|app: 0|req: 144/300] 10.222.0.24 () {58 vars in 1331 bytes} [Mon Jul 19 09:29:11 2021] GET /volume/v3/16d2bd5778334d91b1d541c22b511973/qos-specs/92440d67-b140-48b1-97fa-7b4ce37a0565 => generated 100 bytes in 15 msecs (HTTP/1.1 404) 7 headers in 292 bytes (2 switches on core 0)
Jul 19 09:29:11.735896 dv-cinder-793386-2-smb devstack@c-api.service[100228]: INFO cinder.api.openstack.wsgi [None req-d2a1acb1-f1bb-40b1-afd4-9243c9a43437 tempest-QosSpecsTestJSON-1726228565 tempest-QosSpecsTestJSON-1726228565-project-admin] DELETE http://10.222.0.24/volume/v3/16d2bd5778334d91b1d541c22b511973/qos-specs/3a4e38a0-0748-4de6-928d-f16da2388a3f?force=False
Jul 19 09:29:11.736902 dv-cinder-793386-2-smb devstack@c-api.service[100228]: DEBUG cinder.api.openstack.wsgi [None req-d2a1acb1-f1bb-40b1-afd4-9243c9a43437 tempest-QosSpecsTestJSON-1726228565 tempest-QosSpecsTestJSON-1726228565-project-admin] Empty body provided in request {{(pid=100228) get_body /opt/stack/cinder/cinder/api/openstack/wsgi.py:713}}
Jul 19 09:29:11.737721 dv-cinder-793386-2-smb devstack@c-api.service[100228]: DEBUG cinder.api.openstack.wsgi [None req-d2a1acb1-f1bb-40b1-afd4-9243c9a43437 tempest-QosSpecsTestJSON-1726228565 tempest-QosSpecsTestJSON-1726228565-project-admin] Calling method 'delete' {{(pid=100228) _process_stack /opt/stack/cinder/cinder/api/openstack/wsgi.py:866}}
Jul 19 09:29:11.739368 dv-cinder-793386-2-smb devstack@c-api.service[100228]: DEBUG cinder.api.contrib.qos_specs_manage [None req-d2a1acb1-f1bb-40b1-afd4-9243c9a43437 tempest-QosSpecsTestJSON-1726228565 tempest-QosSpecsTestJSON-1726228565-project-admin] Delete qos_spec: 3a4e38a0-0748-4de6-928d-f16da2388a3f, force: False {{(pid=100228) delete /opt/stack/cinder/cinder/api/contrib/qos_specs_manage.py:168}}
Jul 19 09:29:11.745794 dv-cinder-793386-2-smb devstack@c-api.service[100228]: INFO cinder.api.openstack.wsgi [None req-d2a1acb1-f1bb-40b1-afd4-9243c9a43437 tempest-QosSpecsTestJSON-1726228565 tempest-QosSpecsTestJSON-1726228565-project-admin] http://10.222.0.24/volume/v3/16d2bd5778334d91b1d541c22b511973/qos-specs/3a4e38a0-0748-4de6-928d-f16da2388a3f?force=False returned with HTTP 404
Jul 19 09:29:11.747415 dv-cinder-793386-2-smb devstack@c-api.service[100228]: [pid: 100228|app: 0|req: 145/301] 10.222.0.24 () {58 vars in 1357 bytes} [Mon Jul 19 09:29:11 2021] DELETE /volume/v3/16d2bd5778334d91b1d541c22b511973/qos-specs/3a4e38a0-0748-4de6-928d-f16da2388a3f?force=False => generated 100 bytes in 18 msecs (HTTP/1.1 404) 7 headers in 292 bytes (1 switches on core 0)
Jul 19 09:29:11.756685 dv-cinder-793386-2-smb devstack@c-api.service[100228]: INFO cinder.api.openstack.wsgi [None req-78cbef4d-cf0a-4d14-b460-20c9664a845a tempest-QosSpecsTestJSON-1726228565 tempest-QosSpecsTestJSON-1726228565-project-admin] GET http://10.222.0.24/volume/v3/16d2bd5778334d91b1d541c22b511973/qos-specs/3a4e38a0-0748-4de6-928d-f16da2388a3f
Jul 19 09:29:11.760505 dv-cinder-793386-2-smb devstack@c-api.service[100228]: DEBUG cinder.api.openstack.wsgi [None req-78cbef4d-cf0a-4d14-b460-20c9664a845a tempest-QosSpecsTestJSON-1726228565 tempest-QosSpecsTestJSON-1726228565-project-admin] Empty body provided in request {{(pid=100228) get_body /opt/stack/cinder/cinder/api/openstack/wsgi.py:713}}
Jul 19 09:29:11.761770 dv-cinder-793386-2-smb devstack@c-api.service[100228]: DEBUG cinder.api.openstack.wsgi [None req-78cbef4d-cf0a-4d14-b460-20c9664a845a tempest-QosSpecsTestJSON-1726228565 tempest-QosSpecsTestJSON-1726228565-project-admin] Calling method 'show' {{(pid=100228) _process_stack /opt/stack/cinder/cinder/api/openstack/wsgi.py:866}}
Jul 19 09:29:11.768855 dv-cinder-793386-2-smb devstack@c-api.service[100227]: /usr/local/lib/python3.8/dist-packages/oslo_context/context.py:105: DeprecationWarning: Policy enforcement is depending on the value of is_admin. This key is deprecated. Please update your policy file to use the standard policy values.
Jul 19 09:29:11.768855 dv-cinder-793386-2-smb devstack@c-api.service[100227]: warnings.warn('Policy enforcement is depending on the value of '
Jul 19 09:29:11.769771 dv-cinder-793386-2-smb devstack@c-api.service[100228]: INFO cinder.api.openstack.wsgi [None req-78cbef4d-cf0a-4d14-b460-20c9664a845a tempest-QosSpecsTestJSON-1726228565 tempest-QosSpecsTestJSON-1726228565-project-admin] http://10.222.0.24/volume/v3/16d2bd5778334d91b1d541c22b511973/qos-specs/3a4e38a0-0748-4de6-928d-f16da2388a3f returned with HTTP 404
Jul 19 09:29:11.771991 dv-cinder-793386-2-smb devstack@c-api.service[100228]: [pid: 100228|app: 0|req: 146/302] 10.222.0.24 () {58 vars in 1331 bytes} [Mon Jul 19 09:29:11 2021] GET /volume/v3/16d2bd5778334d91b1d541c22b511973/qos-specs/3a4e38a0-0748-4de6-928d-f16da2388a3f => generated 100 bytes in 21 msecs (HTTP/1.1 404) 7 headers in 292 bytes (1 switches on core 0)
Jul 19 09:29:11.783801 dv-cinder-793386-2-smb devstack@c-api.service[100228]: INFO cinder.api.openstack.wsgi [None req-1ac78077-6352-426a-9263-4f33bbd260fe tempest-QosSpecsTestJSON-1726228565 tempest-QosSpecsTestJSON-1726228565-project-admin] DELETE http://10.222.0.24/volume/v3/16d2bd5778334d91b1d541c22b511973/qos-specs/99f7f8ce-b8d2-4d5d-bf8b-b936fb9aa680?force=False
Jul 19 09:29:11.784937 dv-cinder-793386-2-smb devstack@c-api.service[100228]: DEBUG cinder.api.openstack.wsgi [None req-1ac78077-6352-426a-9263-4f33bbd260fe tempest-QosSpecsTestJSON-1726228565 tempest-QosSpecsTestJSON-1726228565-project-admin] Empty body provided in request {{(pid=100228) get_body /opt/stack/cinder/cinder/api/openstack/wsgi.py:713}}
Jul 19 09:29:11.785811 dv-cinder-793386-2-smb devstack@c-api.service[100228]: DEBUG cinder.api.openstack.wsgi [None req-1ac78077-6352-426a-9263-4f33bbd260fe tempest-QosSpecsTestJSON-1726228565 tempest-QosSpecsTestJSON-1726228565-project-admin] Calling method 'delete' {{(pid=100228) _process_stack /opt/stack/cinder/cinder/api/openstack/wsgi.py:866}}
Jul 19 09:29:11.787392 dv-cinder-793386-2-smb devstack@c-api.service[100227]: INFO cinder.volume.api [None req-3ebcc8e6-4f04-4dd1-84cf-d9b4c1d1a652 tempest-VolumesServicesTestJSON-1558594251 tempest-VolumesServicesTestJSON-1558594251-project-admin] Volume info retrieved successfully.
Jul 19 09:29:11.788597 dv-cinder-793386-2-smb devstack@c-api.service[100228]: DEBUG cinder.api.contrib.qos_specs_manage [None req-1ac78077-6352-426a-9263-4f33bbd260fe tempest-QosSpecsTestJSON-1726228565 tempest-QosSpecsTestJSON-1726228565-project-admin] Delete qos_spec: 99f7f8ce-b8d2-4d5d-bf8b-b936fb9aa680, force: False {{(pid=100228) delete /opt/stack/cinder/cinder/api/contrib/qos_specs_manage.py:168}}
Jul 19 09:29:11.795903 dv-cinder-793386-2-smb devstack@c-api.service[100228]: INFO cinder.api.openstack.wsgi [None req-1ac78077-6352-426a-9263-4f33bbd260fe tempest-QosSpecsTestJSON-1726228565 tempest-QosSpecsTestJSON-1726228565-project-admin] http://10.222.0.24/volume/v3/16d2bd5778334d91b1d541c22b511973/qos-specs/99f7f8ce-b8d2-4d5d-bf8b-b936fb9aa680?force=False returned with HTTP 404
Jul 19 09:29:11.797734 dv-cinder-793386-2-smb devstack@c-api.service[100228]: [pid: 100228|app: 0|req: 147/303] 10.222.0.24 () {58 vars in 1357 bytes} [Mon Jul 19 09:29:11 2021] DELETE /volume/v3/16d2bd5778334d91b1d541c22b511973/qos-specs/99f7f8ce-b8d2-4d5d-bf8b-b936fb9aa680?force=False => generated 100 bytes in 22 msecs (HTTP/1.1 404) 7 headers in 292 bytes (1 switches on core 0)
Jul 19 09:29:11.816831 dv-cinder-793386-2-smb devstack@c-api.service[100228]: INFO cinder.api.openstack.wsgi [None req-7a51b3c0-64b7-490b-813e-cff08a34d10c tempest-QosSpecsTestJSON-1726228565 tempest-QosSpecsTestJSON-1726228565-project-admin] GET http://10.222.0.24/volume/v3/16d2bd5778334d91b1d541c22b511973/qos-specs/99f7f8ce-b8d2-4d5d-bf8b-b936fb9aa680
Jul 19 09:29:11.817620 dv-cinder-793386-2-smb devstack@c-api.service[100228]: DEBUG cinder.api.openstack.wsgi [None req-7a51b3c0-64b7-490b-813e-cff08a34d10c tempest-QosSpecsTestJSON-1726228565 tempest-QosSpecsTestJSON-1726228565-project-admin] Empty body provided in request {{(pid=100228) get_body /opt/stack/cinder/cinder/api/openstack/wsgi.py:713}}
Jul 19 09:29:11.818315 dv-cinder-793386-2-smb devstack@c-api.service[100228]: DEBUG cinder.api.openstack.wsgi [None req-7a51b3c0-64b7-490b-813e-cff08a34d10c tempest-QosSpecsTestJSON-1726228565 tempest-QosSpecsTestJSON-1726228565-project-admin] Calling method 'show' {{(pid=100228) _process_stack /opt/stack/cinder/cinder/api/openstack/wsgi.py:866}}
Jul 19 09:29:11.830560 dv-cinder-793386-2-smb devstack@c-api.service[100228]: INFO cinder.api.openstack.wsgi [None req-7a51b3c0-64b7-490b-813e-cff08a34d10c tempest-QosSpecsTestJSON-1726228565 tempest-QosSpecsTestJSON-1726228565-project-admin] http://10.222.0.24/volume/v3/16d2bd5778334d91b1d541c22b511973/qos-specs/99f7f8ce-b8d2-4d5d-bf8b-b936fb9aa680 returned with HTTP 404
Jul 19 09:29:11.838378 dv-cinder-793386-2-smb devstack@c-api.service[100227]: INFO cinder.api.openstack.wsgi [None req-3ebcc8e6-4f04-4dd1-84cf-d9b4c1d1a652 tempest-VolumesServicesTestJSON-1558594251 tempest-VolumesServicesTestJSON-1558594251-project-admin] http://10.222.0.24/volume/v3/46746e36309e403792ccb9daace4ce05/volumes/b8b5bf8f-fc70-454d-99c6-a538e13e91ef returned with HTTP 200
Jul 19 09:29:11.839156 dv-cinder-793386-2-smb devstack@c-api.service[100227]: [pid: 100227|app: 0|req: 157/305] 10.222.0.24 () {58 vars in 1325 bytes} [Mon Jul 19 09:29:11 2021] GET /volume/v3/46746e36309e403792ccb9daace4ce05/volumes/b8b5bf8f-fc70-454d-99c6-a538e13e91ef => generated 1081 bytes in 230 msecs (HTTP/1.1 200) 7 headers in 286 bytes (1 switches on core 0)
Jul 19 09:29:11.845718 dv-cinder-793386-2-smb devstack@c-api.service[100228]: [pid: 100228|app: 0|req: 148/305] 10.222.0.24 () {58 vars in 1331 bytes} [Mon Jul 19 09:29:11 2021] GET /volume/v3/16d2bd5778334d91b1d541c22b511973/qos-specs/99f7f8ce-b8d2-4d5d-bf8b-b936fb9aa680 => generated 100 bytes in 31 msecs (HTTP/1.1 404) 7 headers in 292 bytes (1 switches on core 0)
Jul 19 09:29:11.846159 dv-cinder-793386-2-smb devstack@c-api.service[100227]: INFO cinder.api.openstack.wsgi [None req-356e533e-d9a8-4d91-9800-cc3a75df4588 tempest-QosSpecsTestJSON-1726228565 tempest-QosSpecsTestJSON-1726228565-project-admin] DELETE http://10.222.0.24/volume/v3/16d2bd5778334d91b1d541c22b511973/types/b6b8693d-4cd9-4386-9362-64205c7a61d8
Jul 19 09:29:11.846641 dv-cinder-793386-2-smb devstack@c-api.service[100227]: DEBUG cinder.api.openstack.wsgi [None req-356e533e-d9a8-4d91-9800-cc3a75df4588 tempest-QosSpecsTestJSON-1726228565 tempest-QosSpecsTestJSON-1726228565-project-admin] Empty body provided in request {{(pid=100227) get_body /opt/stack/cinder/cinder/api/openstack/wsgi.py:713}}
Jul 19 09:29:11.846824 dv-cinder-793386-2-smb devstack@c-api.service[100227]: /usr/local/lib/python3.8/dist-packages/webob/acceptparse.py:1047: DeprecationWarning: The behavior of AcceptValidHeader.best_match is currently being maintained for backward compatibility, but it will be deprecated in the future, as it does not conform to the RFC.
Jul 19 09:29:11.846824 dv-cinder-793386-2-smb devstack@c-api.service[100227]: warnings.warn(
Jul 19 09:29:11.847172 dv-cinder-793386-2-smb devstack@c-api.service[100227]: DEBUG cinder.api.openstack.wsgi [None req-356e533e-d9a8-4d91-9800-cc3a75df4588 tempest-QosSpecsTestJSON-1726228565 tempest-QosSpecsTestJSON-1726228565-project-admin] Calling method '_delete' {{(pid=100227) _process_stack /opt/stack/cinder/cinder/api/openstack/wsgi.py:866}}
Jul 19 09:29:11.860909 dv-cinder-793386-2-smb devstack@c-api.service[100228]: INFO cinder.api.openstack.wsgi [None req-5010c54d-57e9-40c2-bfa4-ece3f0dad59c tempest-VolumesServicesTestJSON-1558594251 tempest-VolumesServicesTestJSON-1558594251-project-admin] GET http://10.222.0.24/volume/v3/46746e36309e403792ccb9daace4ce05/os-services?host=hv-cinder-79338&binary=cinder-volume
Jul 19 09:29:11.862619 dv-cinder-793386-2-smb devstack@c-api.service[100228]: DEBUG cinder.api.openstack.wsgi [None req-5010c54d-57e9-40c2-bfa4-ece3f0dad59c tempest-VolumesServicesTestJSON-1558594251 tempest-VolumesServicesTestJSON-1558594251-project-admin] Empty body provided in request {{(pid=100228) get_body /opt/stack/cinder/cinder/api/openstack/wsgi.py:713}}
Jul 19 09:29:11.863863 dv-cinder-793386-2-smb devstack@c-api.service[100228]: DEBUG cinder.api.openstack.wsgi [None req-5010c54d-57e9-40c2-bfa4-ece3f0dad59c tempest-VolumesServicesTestJSON-1558594251 tempest-VolumesServicesTestJSON-1558594251-project-admin] Calling method 'index' {{(pid=100228) _process_stack /opt/stack/cinder/cinder/api/openstack/wsgi.py:866}}
Jul 19 09:29:11.892535 dv-cinder-793386-2-smb devstack@c-api.service[100228]: INFO cinder.api.openstack.wsgi [None req-5010c54d-57e9-40c2-bfa4-ece3f0dad59c tempest-VolumesServicesTestJSON-1558594251 tempest-VolumesServicesTestJSON-1558594251-project-admin] http://10.222.0.24/volume/v3/46746e36309e403792ccb9daace4ce05/os-services?host=hv-cinder-79338&binary=cinder-volume returned with HTTP 200
Jul 19 09:29:11.895300 dv-cinder-793386-2-smb devstack@c-api.service[100228]: [pid: 100228|app: 0|req: 149/306] 10.222.0.24 () {58 vars in 1309 bytes} [Mon Jul 19 09:29:11 2021] GET /volume/v3/46746e36309e403792ccb9daace4ce05/os-services?host=hv-cinder-79338&binary=cinder-volume => generated 276 bytes in 45 msecs (HTTP/1.1 200) 7 headers in 285 bytes (1 switches on core 0)
Jul 19 09:29:11.896428 dv-cinder-793386-2-smb devstack@c-api.service[100227]: INFO cinder.api.openstack.wsgi [None req-356e533e-d9a8-4d91-9800-cc3a75df4588 tempest-QosSpecsTestJSON-1726228565 tempest-QosSpecsTestJSON-1726228565-project-admin] http://10.222.0.24/volume/v3/16d2bd5778334d91b1d541c22b511973/types/b6b8693d-4cd9-4386-9362-64205c7a61d8 returned with HTTP 202
Jul 19 09:29:11.897590 dv-cinder-793386-2-smb devstack@c-api.service[100227]: [pid: 100227|app: 0|req: 158/307] 10.222.0.24 () {58 vars in 1322 bytes} [Mon Jul 19 09:29:11 2021] DELETE /volume/v3/16d2bd5778334d91b1d541c22b511973/types/b6b8693d-4cd9-4386-9362-64205c7a61d8 => generated 0 bytes in 55 msecs (HTTP/1.1 202) 6 headers in 233 bytes (1 switches on core 0)
Jul 19 09:29:11.910004 dv-cinder-793386-2-smb devstack@c-api.service[100228]: INFO cinder.api.openstack.wsgi [None req-fd1b3d27-4aa8-4d43-bb07-2816b649f219 tempest-QosSpecsTestJSON-1726228565 tempest-QosSpecsTestJSON-1726228565-project-admin] GET http://10.222.0.24/volume/v3/16d2bd5778334d91b1d541c22b511973/types/b6b8693d-4cd9-4386-9362-64205c7a61d8
Jul 19 09:29:11.910582 dv-cinder-793386-2-smb devstack@c-api.service[100228]: DEBUG cinder.api.openstack.wsgi [None req-fd1b3d27-4aa8-4d43-bb07-2816b649f219 tempest-QosSpecsTestJSON-1726228565 tempest-QosSpecsTestJSON-1726228565-project-admin] Empty body provided in request {{(pid=100228) get_body /opt/stack/cinder/cinder/api/openstack/wsgi.py:713}}
Jul 19 09:29:11.911109 dv-cinder-793386-2-smb devstack@c-api.service[100228]: DEBUG cinder.api.openstack.wsgi [None req-fd1b3d27-4aa8-4d43-bb07-2816b649f219 tempest-QosSpecsTestJSON-1726228565 tempest-QosSpecsTestJSON-1726228565-project-admin] Calling method 'show' {{(pid=100228) _process_stack /opt/stack/cinder/cinder/api/openstack/wsgi.py:866}}
Jul 19 09:29:11.921083 dv-cinder-793386-2-smb devstack@c-api.service[100228]: INFO cinder.api.openstack.wsgi [None req-fd1b3d27-4aa8-4d43-bb07-2816b649f219 tempest-QosSpecsTestJSON-1726228565 tempest-QosSpecsTestJSON-1726228565-project-admin] http://10.222.0.24/volume/v3/16d2bd5778334d91b1d541c22b511973/types/b6b8693d-4cd9-4386-9362-64205c7a61d8 returned with HTTP 404
Jul 19 09:29:11.926378 dv-cinder-793386-2-smb devstack@c-api.service[100228]: [pid: 100228|app: 0|req: 150/308] 10.222.0.24 () {58 vars in 1319 bytes} [Mon Jul 19 09:29:11 2021] GET /volume/v3/16d2bd5778334d91b1d541c22b511973/types/b6b8693d-4cd9-4386-9362-64205c7a61d8 => generated 114 bytes in 19 msecs (HTTP/1.1 404) 7 headers in 292 bytes (1 switches on core 0)
Jul 19 09:29:11.926606 dv-cinder-793386-2-smb devstack@c-api.service[100227]: INFO cinder.api.openstack.wsgi [None req-590f9a29-1adc-4483-a2d2-268915ecce92 tempest-VolumesServicesTestJSON-1558594251 tempest-VolumesServicesTestJSON-1558594251-project-admin] GET http://10.222.0.24/volume/v3/46746e36309e403792ccb9daace4ce05/os-services
Jul 19 09:29:11.929386 dv-cinder-793386-2-smb devstack@c-api.service[100227]: DEBUG cinder.api.openstack.wsgi [None req-590f9a29-1adc-4483-a2d2-268915ecce92 tempest-VolumesServicesTestJSON-1558594251 tempest-VolumesServicesTestJSON-1558594251-project-admin] Empty body provided in request {{(pid=100227) get_body /opt/stack/cinder/cinder/api/openstack/wsgi.py:713}}
Jul 19 09:29:11.933870 dv-cinder-793386-2-smb devstack@c-api.service[100227]: DEBUG cinder.api.openstack.wsgi [None req-590f9a29-1adc-4483-a2d2-268915ecce92 tempest-VolumesServicesTestJSON-1558594251 tempest-VolumesServicesTestJSON-1558594251-project-admin] Calling method 'index' {{(pid=100227) _process_stack /opt/stack/cinder/cinder/api/openstack/wsgi.py:866}}
Jul 19 09:29:11.948060 dv-cinder-793386-2-smb devstack@c-api.service[100228]: INFO cinder.api.openstack.wsgi [None req-2f6664f0-4225-47f8-85b1-2702d44c3631 tempest-QosSpecsTestJSON-1726228565 tempest-QosSpecsTestJSON-1726228565-project-admin] DELETE http://10.222.0.24/volume/v3/16d2bd5778334d91b1d541c22b511973/types/1464b14e-031f-465f-a678-ad38f542145a
Jul 19 09:29:11.948909 dv-cinder-793386-2-smb devstack@c-api.service[100228]: DEBUG cinder.api.openstack.wsgi [None req-2f6664f0-4225-47f8-85b1-2702d44c3631 tempest-QosSpecsTestJSON-1726228565 tempest-QosSpecsTestJSON-1726228565-project-admin] Empty body provided in request {{(pid=100228) get_body /opt/stack/cinder/cinder/api/openstack/wsgi.py:713}}
Jul 19 09:29:11.950530 dv-cinder-793386-2-smb devstack@c-api.service[100228]: DEBUG cinder.api.openstack.wsgi [None req-2f6664f0-4225-47f8-85b1-2702d44c3631 tempest-QosSpecsTestJSON-1726228565 tempest-QosSpecsTestJSON-1726228565-project-admin] Calling method '_delete' {{(pid=100228) _process_stack /opt/stack/cinder/cinder/api/openstack/wsgi.py:866}}
Jul 19 09:29:11.956899 dv-cinder-793386-2-smb devstack@c-api.service[100227]: INFO cinder.api.openstack.wsgi [None req-590f9a29-1adc-4483-a2d2-268915ecce92 tempest-VolumesServicesTestJSON-1558594251 tempest-VolumesServicesTestJSON-1558594251-project-admin] http://10.222.0.24/volume/v3/46746e36309e403792ccb9daace4ce05/os-services returned with HTTP 200
Jul 19 09:29:11.958425 dv-cinder-793386-2-smb devstack@c-api.service[100227]: [pid: 100227|app: 0|req: 159/309] 10.222.0.24 () {58 vars in 1226 bytes} [Mon Jul 19 09:29:11 2021] GET /volume/v3/46746e36309e403792ccb9daace4ce05/os-services => generated 640 bytes in 54 msecs (HTTP/1.1 200) 7 headers in 285 bytes (1 switches on core 0)
Jul 19 09:29:11.975435 dv-cinder-793386-2-smb devstack@c-api.service[100227]: INFO cinder.api.openstack.wsgi [None req-8f373b5d-1bb9-4003-bc46-5689adfd6df7 tempest-VolumesServicesTestJSON-278911638 tempest-VolumesServicesTestJSON-278911638-project] DELETE http://10.222.0.24/volume/v3/01abcbe7b99f4890ba37049dbb9798a9/volumes/b8b5bf8f-fc70-454d-99c6-a538e13e91ef
Jul 19 09:29:11.978996 dv-cinder-793386-2-smb devstack@c-api.service[100227]: DEBUG cinder.api.openstack.wsgi [None req-8f373b5d-1bb9-4003-bc46-5689adfd6df7 tempest-VolumesServicesTestJSON-278911638 tempest-VolumesServicesTestJSON-278911638-project] Empty body provided in request {{(pid=100227) get_body /opt/stack/cinder/cinder/api/openstack/wsgi.py:713}}
Jul 19 09:29:11.980596 dv-cinder-793386-2-smb devstack@c-api.service[100227]: DEBUG cinder.api.openstack.wsgi [None req-8f373b5d-1bb9-4003-bc46-5689adfd6df7 tempest-VolumesServicesTestJSON-278911638 tempest-VolumesServicesTestJSON-278911638-project] Calling method 'delete' {{(pid=100227) _process_stack /opt/stack/cinder/cinder/api/openstack/wsgi.py:866}}
Jul 19 09:29:11.983509 dv-cinder-793386-2-smb devstack@c-api.service[100227]: INFO cinder.api.v3.volumes [None req-8f373b5d-1bb9-4003-bc46-5689adfd6df7 tempest-VolumesServicesTestJSON-278911638 tempest-VolumesServicesTestJSON-278911638-project] Delete volume with id: b8b5bf8f-fc70-454d-99c6-a538e13e91ef
Jul 19 09:29:12.009651 dv-cinder-793386-2-smb devstack@c-api.service[100227]: /usr/local/lib/python3.8/dist-packages/oslo_context/context.py:105: DeprecationWarning: Policy enforcement is depending on the value of is_admin. This key is deprecated. Please update your policy file to use the standard policy values.
Jul 19 09:29:12.009651 dv-cinder-793386-2-smb devstack@c-api.service[100227]: warnings.warn('Policy enforcement is depending on the value of '
Jul 19 09:29:12.010938 dv-cinder-793386-2-smb devstack@c-api.service[100227]: INFO cinder.volume.api [None req-8f373b5d-1bb9-4003-bc46-5689adfd6df7 tempest-VolumesServicesTestJSON-278911638 tempest-VolumesServicesTestJSON-278911638-project] Volume info retrieved successfully.
Jul 19 09:29:12.064390 dv-cinder-793386-2-smb devstack@c-api.service[100228]: INFO cinder.api.openstack.wsgi [None req-2f6664f0-4225-47f8-85b1-2702d44c3631 tempest-QosSpecsTestJSON-1726228565 tempest-QosSpecsTestJSON-1726228565-project-admin] http://10.222.0.24/volume/v3/16d2bd5778334d91b1d541c22b511973/types/1464b14e-031f-465f-a678-ad38f542145a returned with HTTP 202
Jul 19 09:29:12.066399 dv-cinder-793386-2-smb devstack@c-api.service[100228]: [pid: 100228|app: 0|req: 151/310] 10.222.0.24 () {58 vars in 1322 bytes} [Mon Jul 19 09:29:11 2021] DELETE /volume/v3/16d2bd5778334d91b1d541c22b511973/types/1464b14e-031f-465f-a678-ad38f542145a => generated 0 bytes in 137 msecs (HTTP/1.1 202) 6 headers in 233 bytes (1 switches on core 0)
Jul 19 09:29:12.073094 dv-cinder-793386-2-smb devstack@c-api.service[100227]: INFO cinder.volume.api [None req-8f373b5d-1bb9-4003-bc46-5689adfd6df7 tempest-VolumesServicesTestJSON-278911638 tempest-VolumesServicesTestJSON-278911638-project] Delete volume request issued successfully.
Jul 19 09:29:12.074824 dv-cinder-793386-2-smb devstack@c-api.service[100227]: INFO cinder.api.openstack.wsgi [None req-8f373b5d-1bb9-4003-bc46-5689adfd6df7 tempest-VolumesServicesTestJSON-278911638 tempest-VolumesServicesTestJSON-278911638-project] http://10.222.0.24/volume/v3/01abcbe7b99f4890ba37049dbb9798a9/volumes/b8b5bf8f-fc70-454d-99c6-a538e13e91ef returned with HTTP 202
Jul 19 09:29:12.079588 dv-cinder-793386-2-smb devstack@c-api.service[100227]: [pid: 100227|app: 0|req: 160/311] 10.222.0.24 () {58 vars in 1328 bytes} [Mon Jul 19 09:29:11 2021] DELETE /volume/v3/01abcbe7b99f4890ba37049dbb9798a9/volumes/b8b5bf8f-fc70-454d-99c6-a538e13e91ef => generated 0 bytes in 110 msecs (HTTP/1.1 202) 6 headers in 233 bytes (1 switches on core 0)
Jul 19 09:29:12.081736 dv-cinder-793386-2-smb devstack@c-api.service[100228]: INFO cinder.api.openstack.wsgi [None req-205fb202-d4ff-4c6c-9a67-037e97f9af9d tempest-QosSpecsTestJSON-1726228565 tempest-QosSpecsTestJSON-1726228565-project-admin] GET http://10.222.0.24/volume/v3/16d2bd5778334d91b1d541c22b511973/types/1464b14e-031f-465f-a678-ad38f542145a
Jul 19 09:29:12.088767 dv-cinder-793386-2-smb devstack@c-api.service[100228]: DEBUG cinder.api.openstack.wsgi [None req-205fb202-d4ff-4c6c-9a67-037e97f9af9d tempest-QosSpecsTestJSON-1726228565 tempest-QosSpecsTestJSON-1726228565-project-admin] Empty body provided in request {{(pid=100228) get_body /opt/stack/cinder/cinder/api/openstack/wsgi.py:713}}
Jul 19 09:29:12.090230 dv-cinder-793386-2-smb devstack@c-api.service[100228]: DEBUG cinder.api.openstack.wsgi [None req-205fb202-d4ff-4c6c-9a67-037e97f9af9d tempest-QosSpecsTestJSON-1726228565 tempest-QosSpecsTestJSON-1726228565-project-admin] Calling method 'show' {{(pid=100228) _process_stack /opt/stack/cinder/cinder/api/openstack/wsgi.py:866}}
Jul 19 09:29:12.094709 dv-cinder-793386-2-smb devstack@c-api.service[100227]: INFO cinder.api.openstack.wsgi [None req-b45617b0-8dbc-4602-8369-488f5ccce10d tempest-VolumesServicesTestJSON-278911638 tempest-VolumesServicesTestJSON-278911638-project] GET http://10.222.0.24/volume/v3/01abcbe7b99f4890ba37049dbb9798a9/volumes/b8b5bf8f-fc70-454d-99c6-a538e13e91ef
Jul 19 09:29:12.096959 dv-cinder-793386-2-smb devstack@c-api.service[100227]: DEBUG cinder.api.openstack.wsgi [None req-b45617b0-8dbc-4602-8369-488f5ccce10d tempest-VolumesServicesTestJSON-278911638 tempest-VolumesServicesTestJSON-278911638-project] Empty body provided in request {{(pid=100227) get_body /opt/stack/cinder/cinder/api/openstack/wsgi.py:713}}
Jul 19 09:29:12.098760 dv-cinder-793386-2-smb devstack@c-api.service[100227]: /usr/local/lib/python3.8/dist-packages/webob/acceptparse.py:1047: DeprecationWarning: The behavior of AcceptValidHeader.best_match is currently being maintained for backward compatibility, but it will be deprecated in the future, as it does not conform to the RFC.
Jul 19 09:29:12.098760 dv-cinder-793386-2-smb devstack@c-api.service[100227]: warnings.warn(
Jul 19 09:29:12.099061 dv-cinder-793386-2-smb devstack@c-api.service[100228]: INFO cinder.api.openstack.wsgi [None req-205fb202-d4ff-4c6c-9a67-037e97f9af9d tempest-QosSpecsTestJSON-1726228565 tempest-QosSpecsTestJSON-1726228565-project-admin] http://10.222.0.24/volume/v3/16d2bd5778334d91b1d541c22b511973/types/1464b14e-031f-465f-a678-ad38f542145a returned with HTTP 404
Jul 19 09:29:12.100649 dv-cinder-793386-2-smb devstack@c-api.service[100227]: DEBUG cinder.api.openstack.wsgi [None req-b45617b0-8dbc-4602-8369-488f5ccce10d tempest-VolumesServicesTestJSON-278911638 tempest-VolumesServicesTestJSON-278911638-project] Calling method 'show' {{(pid=100227) _process_stack /opt/stack/cinder/cinder/api/openstack/wsgi.py:866}}
Jul 19 09:29:12.102404 dv-cinder-793386-2-smb devstack@c-api.service[100228]: [pid: 100228|app: 0|req: 152/312] 10.222.0.24 () {58 vars in 1319 bytes} [Mon Jul 19 09:29:12 2021] GET /volume/v3/16d2bd5778334d91b1d541c22b511973/types/1464b14e-031f-465f-a678-ad38f542145a => generated 114 bytes in 31 msecs (HTTP/1.1 404) 7 headers in 292 bytes (1 switches on core 0)
Jul 19 09:29:12.121621 dv-cinder-793386-2-smb devstack@c-api.service[100228]: INFO cinder.api.openstack.wsgi [None req-4964bcf3-da95-46f5-a9fd-ca250220d3b1 tempest-QosSpecsTestJSON-1726228565 tempest-QosSpecsTestJSON-1726228565-project-admin] DELETE http://10.222.0.24/volume/v3/16d2bd5778334d91b1d541c22b511973/types/59cda1b8-a0cf-4782-829e-6c3cba616eb9
Jul 19 09:29:12.122230 dv-cinder-793386-2-smb devstack@c-api.service[100227]: /usr/local/lib/python3.8/dist-packages/oslo_context/context.py:105: DeprecationWarning: Policy enforcement is depending on the value of is_admin. This key is deprecated. Please update your policy file to use the standard policy values.
Jul 19 09:29:12.122230 dv-cinder-793386-2-smb devstack@c-api.service[100227]: warnings.warn('Policy enforcement is depending on the value of '
Jul 19 09:29:12.123531 dv-cinder-793386-2-smb devstack@c-api.service[100228]: DEBUG cinder.api.openstack.wsgi [None req-4964bcf3-da95-46f5-a9fd-ca250220d3b1 tempest-QosSpecsTestJSON-1726228565 tempest-QosSpecsTestJSON-1726228565-project-admin] Empty body provided in request {{(pid=100228) get_body /opt/stack/cinder/cinder/api/openstack/wsgi.py:713}}
Jul 19 09:29:12.125132 dv-cinder-793386-2-smb devstack@c-api.service[100228]: DEBUG cinder.api.openstack.wsgi [None req-4964bcf3-da95-46f5-a9fd-ca250220d3b1 tempest-QosSpecsTestJSON-1726228565 tempest-QosSpecsTestJSON-1726228565-project-admin] Calling method '_delete' {{(pid=100228) _process_stack /opt/stack/cinder/cinder/api/openstack/wsgi.py:866}}
Jul 19 09:29:12.133722 dv-cinder-793386-2-smb devstack@c-api.service[100227]: INFO cinder.volume.api [None req-b45617b0-8dbc-4602-8369-488f5ccce10d tempest-VolumesServicesTestJSON-278911638 tempest-VolumesServicesTestJSON-278911638-project] Volume info retrieved successfully.
Jul 19 09:29:12.152398 dv-cinder-793386-2-smb devstack@c-api.service[100227]: INFO cinder.api.openstack.wsgi [None req-b45617b0-8dbc-4602-8369-488f5ccce10d tempest-VolumesServicesTestJSON-278911638 tempest-VolumesServicesTestJSON-278911638-project] http://10.222.0.24/volume/v3/01abcbe7b99f4890ba37049dbb9798a9/volumes/b8b5bf8f-fc70-454d-99c6-a538e13e91ef returned with HTTP 200
Jul 19 09:29:12.153566 dv-cinder-793386-2-smb devstack@c-api.service[100227]: [pid: 100227|app: 0|req: 161/313] 10.222.0.24 () {58 vars in 1325 bytes} [Mon Jul 19 09:29:12 2021] GET /volume/v3/01abcbe7b99f4890ba37049dbb9798a9/volumes/b8b5bf8f-fc70-454d-99c6-a538e13e91ef => generated 914 bytes in 70 msecs (HTTP/1.1 200) 7 headers in 285 bytes (1 switches on core 0)
Jul 19 09:29:12.226039 dv-cinder-793386-2-smb devstack@c-api.service[100228]: INFO cinder.api.openstack.wsgi [None req-4964bcf3-da95-46f5-a9fd-ca250220d3b1 tempest-QosSpecsTestJSON-1726228565 tempest-QosSpecsTestJSON-1726228565-project-admin] http://10.222.0.24/volume/v3/16d2bd5778334d91b1d541c22b511973/types/59cda1b8-a0cf-4782-829e-6c3cba616eb9 returned with HTTP 202
Jul 19 09:29:12.228179 dv-cinder-793386-2-smb devstack@c-api.service[100228]: [pid: 100228|app: 0|req: 153/314] 10.222.0.24 () {58 vars in 1322 bytes} [Mon Jul 19 09:29:12 2021] DELETE /volume/v3/16d2bd5778334d91b1d541c22b511973/types/59cda1b8-a0cf-4782-829e-6c3cba616eb9 => generated 0 bytes in 121 msecs (HTTP/1.1 202) 6 headers in 233 bytes (1 switches on core 0)
Jul 19 09:29:12.235322 dv-cinder-793386-2-smb devstack@c-api.service[100227]: INFO cinder.api.openstack.wsgi [None req-0a57596f-53c7-4e17-91a3-5d030659834a tempest-QosSpecsTestJSON-1726228565 tempest-QosSpecsTestJSON-1726228565-project-admin] GET http://10.222.0.24/volume/v3/16d2bd5778334d91b1d541c22b511973/types/59cda1b8-a0cf-4782-829e-6c3cba616eb9
Jul 19 09:29:12.235940 dv-cinder-793386-2-smb devstack@c-api.service[100227]: DEBUG cinder.api.openstack.wsgi [None req-0a57596f-53c7-4e17-91a3-5d030659834a tempest-QosSpecsTestJSON-1726228565 tempest-QosSpecsTestJSON-1726228565-project-admin] Empty body provided in request {{(pid=100227) get_body /opt/stack/cinder/cinder/api/openstack/wsgi.py:713}}
Jul 19 09:29:12.235940 dv-cinder-793386-2-smb devstack@c-api.service[100227]: /usr/local/lib/python3.8/dist-packages/webob/acceptparse.py:1047: DeprecationWarning: The behavior of AcceptValidHeader.best_match is currently being maintained for backward compatibility, but it will be deprecated in the future, as it does not conform to the RFC.
Jul 19 09:29:12.235940 dv-cinder-793386-2-smb devstack@c-api.service[100227]: warnings.warn(
Jul 19 09:29:12.236285 dv-cinder-793386-2-smb devstack@c-api.service[100227]: DEBUG cinder.api.openstack.wsgi [None req-0a57596f-53c7-4e17-91a3-5d030659834a tempest-QosSpecsTestJSON-1726228565 tempest-QosSpecsTestJSON-1726228565-project-admin] Calling method 'show' {{(pid=100227) _process_stack /opt/stack/cinder/cinder/api/openstack/wsgi.py:866}}
Jul 19 09:29:12.241483 dv-cinder-793386-2-smb devstack@c-api.service[100227]: INFO cinder.api.openstack.wsgi [None req-0a57596f-53c7-4e17-91a3-5d030659834a tempest-QosSpecsTestJSON-1726228565 tempest-QosSpecsTestJSON-1726228565-project-admin] http://10.222.0.24/volume/v3/16d2bd5778334d91b1d541c22b511973/types/59cda1b8-a0cf-4782-829e-6c3cba616eb9 returned with HTTP 404
Jul 19 09:29:12.242917 dv-cinder-793386-2-smb devstack@c-api.service[100227]: [pid: 100227|app: 0|req: 162/315] 10.222.0.24 () {58 vars in 1319 bytes} [Mon Jul 19 09:29:12 2021] GET /volume/v3/16d2bd5778334d91b1d541c22b511973/types/59cda1b8-a0cf-4782-829e-6c3cba616eb9 => generated 114 bytes in 11 msecs (HTTP/1.1 404) 7 headers in 292 bytes (1 switches on core 0)
Jul 19 09:29:12.254824 dv-cinder-793386-2-smb devstack@c-api.service[100228]: INFO cinder.api.openstack.wsgi [None req-f721408f-3eac-40d2-b104-6e1af53133d2 tempest-QosSpecsTestJSON-1726228565 tempest-QosSpecsTestJSON-1726228565-project-admin] DELETE http://10.222.0.24/volume/v3/16d2bd5778334d91b1d541c22b511973/qos-specs/b2ab4f50-d217-494e-b2c4-5bf6b90193e2?force=False
Jul 19 09:29:12.255617 dv-cinder-793386-2-smb devstack@c-api.service[100228]: DEBUG cinder.api.openstack.wsgi [None req-f721408f-3eac-40d2-b104-6e1af53133d2 tempest-QosSpecsTestJSON-1726228565 tempest-QosSpecsTestJSON-1726228565-project-admin] Empty body provided in request {{(pid=100228) get_body /opt/stack/cinder/cinder/api/openstack/wsgi.py:713}}
Jul 19 09:29:12.256225 dv-cinder-793386-2-smb devstack@c-api.service[100228]: DEBUG cinder.api.openstack.wsgi [None req-f721408f-3eac-40d2-b104-6e1af53133d2 tempest-QosSpecsTestJSON-1726228565 tempest-QosSpecsTestJSON-1726228565-project-admin] Calling method 'delete' {{(pid=100228) _process_stack /opt/stack/cinder/cinder/api/openstack/wsgi.py:866}}
Jul 19 09:29:12.258494 dv-cinder-793386-2-smb devstack@c-api.service[100228]: DEBUG cinder.api.contrib.qos_specs_manage [None req-f721408f-3eac-40d2-b104-6e1af53133d2 tempest-QosSpecsTestJSON-1726228565 tempest-QosSpecsTestJSON-1726228565-project-admin] Delete qos_spec: b2ab4f50-d217-494e-b2c4-5bf6b90193e2, force: False {{(pid=100228) delete /opt/stack/cinder/cinder/api/contrib/qos_specs_manage.py:168}}
Jul 19 09:29:12.315277 dv-cinder-793386-2-smb devstack@c-api.service[100228]: INFO cinder.api.openstack.wsgi [None req-f721408f-3eac-40d2-b104-6e1af53133d2 tempest-QosSpecsTestJSON-1726228565 tempest-QosSpecsTestJSON-1726228565-project-admin] http://10.222.0.24/volume/v3/16d2bd5778334d91b1d541c22b511973/qos-specs/b2ab4f50-d217-494e-b2c4-5bf6b90193e2?force=False returned with HTTP 202
Jul 19 09:29:12.317695 dv-cinder-793386-2-smb devstack@c-api.service[100228]: [pid: 100228|app: 0|req: 154/316] 10.222.0.24 () {58 vars in 1357 bytes} [Mon Jul 19 09:29:12 2021] DELETE /volume/v3/16d2bd5778334d91b1d541c22b511973/qos-specs/b2ab4f50-d217-494e-b2c4-5bf6b90193e2?force=False => generated 0 bytes in 71 msecs (HTTP/1.1 202) 6 headers in 233 bytes (1 switches on core 0)
Jul 19 09:29:12.332405 dv-cinder-793386-2-smb devstack@c-api.service[100227]: INFO cinder.api.openstack.wsgi [None req-05677c4b-b8f5-4ab8-865f-eb0a576ea200 tempest-QosSpecsTestJSON-1726228565 tempest-QosSpecsTestJSON-1726228565-project-admin] GET http://10.222.0.24/volume/v3/16d2bd5778334d91b1d541c22b511973/qos-specs/b2ab4f50-d217-494e-b2c4-5bf6b90193e2
Jul 19 09:29:12.332967 dv-cinder-793386-2-smb devstack@c-api.service[100227]: DEBUG cinder.api.openstack.wsgi [None req-05677c4b-b8f5-4ab8-865f-eb0a576ea200 tempest-QosSpecsTestJSON-1726228565 tempest-QosSpecsTestJSON-1726228565-project-admin] Empty body provided in request {{(pid=100227) get_body /opt/stack/cinder/cinder/api/openstack/wsgi.py:713}}
Jul 19 09:29:12.333400 dv-cinder-793386-2-smb devstack@c-api.service[100227]: DEBUG cinder.api.openstack.wsgi [None req-05677c4b-b8f5-4ab8-865f-eb0a576ea200 tempest-QosSpecsTestJSON-1726228565 tempest-QosSpecsTestJSON-1726228565-project-admin] Calling method 'show' {{(pid=100227) _process_stack /opt/stack/cinder/cinder/api/openstack/wsgi.py:866}}
Jul 19 09:29:12.342508 dv-cinder-793386-2-smb devstack@c-api.service[100227]: INFO cinder.api.openstack.wsgi [None req-05677c4b-b8f5-4ab8-865f-eb0a576ea200 tempest-QosSpecsTestJSON-1726228565 tempest-QosSpecsTestJSON-1726228565-project-admin] http://10.222.0.24/volume/v3/16d2bd5778334d91b1d541c22b511973/qos-specs/b2ab4f50-d217-494e-b2c4-5bf6b90193e2 returned with HTTP 404
Jul 19 09:29:12.343646 dv-cinder-793386-2-smb devstack@c-api.service[100227]: [pid: 100227|app: 0|req: 163/317] 10.222.0.24 () {58 vars in 1331 bytes} [Mon Jul 19 09:29:12 2021] GET /volume/v3/16d2bd5778334d91b1d541c22b511973/qos-specs/b2ab4f50-d217-494e-b2c4-5bf6b90193e2 => generated 100 bytes in 21 msecs (HTTP/1.1 404) 7 headers in 292 bytes (1 switches on core 0)
Jul 19 09:29:13.172202 dv-cinder-793386-2-smb devstack@c-api.service[100228]: INFO cinder.api.openstack.wsgi [None req-cae7be02-ae2a-41b4-bee9-d5f625a64b29 tempest-VolumesServicesTestJSON-278911638 tempest-VolumesServicesTestJSON-278911638-project] GET http://10.222.0.24/volume/v3/01abcbe7b99f4890ba37049dbb9798a9/volumes/b8b5bf8f-fc70-454d-99c6-a538e13e91ef
Jul 19 09:29:13.173176 dv-cinder-793386-2-smb devstack@c-api.service[100228]: DEBUG cinder.api.openstack.wsgi [None req-cae7be02-ae2a-41b4-bee9-d5f625a64b29 tempest-VolumesServicesTestJSON-278911638 tempest-VolumesServicesTestJSON-278911638-project] Empty body provided in request {{(pid=100228) get_body /opt/stack/cinder/cinder/api/openstack/wsgi.py:713}}
Jul 19 09:29:13.173519 dv-cinder-793386-2-smb devstack@c-api.service[100228]: /usr/local/lib/python3.8/dist-packages/webob/acceptparse.py:1047: DeprecationWarning: The behavior of AcceptValidHeader.best_match is currently being maintained for backward compatibility, but it will be deprecated in the future, as it does not conform to the RFC.
Jul 19 09:29:13.173519 dv-cinder-793386-2-smb devstack@c-api.service[100228]: warnings.warn(
