May 31 12:54:49.757953 dv-cinder-793264-2-iscsi devstack@n-api.service[91097]: /usr/local/lib/python3.8/dist-packages/oslo_policy/policy.py:1064: UserWarning: Policy os_compute_api:os-flavor-extra-specs:create failed scope check. The token used to make the request was project scoped but the policy requires ['system'] scope. This behavior may change in the future where using the intended scope is required
May 31 12:54:49.757953 dv-cinder-793264-2-iscsi devstack@n-api.service[91097]: warnings.warn(msg)
May 31 12:54:49.794420 dv-cinder-793264-2-iscsi devstack@n-api.service[91097]: INFO nova.api.openstack.requestlog [None req-ccf13e00-2d85-457e-a17b-efe0154c1f3a admin admin] 10.222.0.20 "POST /compute/v2.1/flavors/d1/os-extra_specs" status: 200 len: 43 microversion: 2.61 time: 0.042197
May 31 12:54:49.795108 dv-cinder-793264-2-iscsi devstack@n-api.service[91097]: [pid: 91097|app: 0|req: 4/9] 10.222.0.20 () {64 vars in 1335 bytes} [Mon May 31 12:54:49 2021] POST /compute/v2.1/flavors/d1/os-extra_specs => generated 43 bytes in 44 msecs (HTTP/1.1 200) 9 headers in 358 bytes (2 switches on core 0)
May 31 12:54:51.920966 dv-cinder-793264-2-iscsi devstack@n-api.service[91096]: DEBUG nova.api.openstack.wsgi [None req-8afb0cb6-43f0-4e2b-bbfe-621ece8ba67c admin admin] Calling method '>' {{(pid=91096) _process_stack /opt/stack/nova/nova/api/openstack/wsgi.py:513}}
May 31 12:54:51.922012 dv-cinder-793264-2-iscsi devstack@n-api.service[91096]: INFO nova.api.openstack.requestlog [None req-8afb0cb6-43f0-4e2b-bbfe-621ece8ba67c admin admin] 10.222.0.20 "GET /compute/v2.1" status: 200 len: 388 microversion: 2.1 time: 0.001531
May 31 12:54:51.922425 dv-cinder-793264-2-iscsi devstack@n-api.service[91096]: [pid: 91096|app: 0|req: 6/10] 10.222.0.20 () {54 vars in 930 bytes} [Mon May 31 12:54:51 2021] GET /compute/v2.1 => generated 388 bytes in 3 msecs (HTTP/1.1 200) 9 headers in 357 bytes (1 switches on core 0)
May 31 12:54:51.983205 dv-cinder-793264-2-iscsi devstack@n-api.service[91097]: DEBUG nova.api.openstack.wsgi [None req-57d7c5b3-3cb4-4229-a106-e5698e1e3c17 admin admin] Action: 'create', calling method: >, body: {"flavor": {"rxtx_factor": 1.0, "ram": 1024, "OS-FLV-EXT-DATA:ephemeral": 0, "swap": 0, "name": "ds1G", "os-flavor-access:is_public": true, "disk": 10, "id": "d2", "vcpus": 1}} {{(pid=91097) _process_stack /opt/stack/nova/nova/api/openstack/wsgi.py:511}}
May 31 12:54:52.008100 dv-cinder-793264-2-iscsi devstack@n-api.service[91097]: INFO nova.api.openstack.requestlog [None req-57d7c5b3-3cb4-4229-a106-e5698e1e3c17 admin admin] 10.222.0.20 "POST /compute/v2.1/flavors" status: 200 len: 404 microversion: 2.61 time: 0.078995
May 31 12:54:52.008900 dv-cinder-793264-2-iscsi devstack@n-api.service[91097]: [pid: 91097|app: 0|req: 5/11] 10.222.0.20 () {64 vars in 1282 bytes} [Mon May 31 12:54:51 2021] POST /compute/v2.1/flavors => generated 404 bytes in 80 msecs (HTTP/1.1 200) 9 headers in 359 bytes (1 switches on core 0)
May 31 12:54:52.020237 dv-cinder-793264-2-iscsi devstack@n-api.service[91096]: DEBUG nova.api.openstack.wsgi [None req-4abc96e7-d817-4442-81bc-fdddad7d7603 admin admin] Action: 'create', calling method: >, body: {"extra_specs": {"hw_rng:allowed": "True"}} {{(pid=91096) _process_stack /opt/stack/nova/nova/api/openstack/wsgi.py:511}}
May 31 12:54:52.057691 dv-cinder-793264-2-iscsi devstack@n-api.service[91096]: INFO nova.api.openstack.requestlog [None req-4abc96e7-d817-4442-81bc-fdddad7d7603 admin admin] 10.222.0.20 "POST /compute/v2.1/flavors/d2/os-extra_specs" status: 200 len: 43 microversion: 2.61 time: 0.041017
May 31 12:54:52.058532 dv-cinder-793264-2-iscsi devstack@n-api.service[91096]: [pid: 91096|app: 0|req: 7/12] 10.222.0.20 () {64 vars in 1335 bytes} [Mon May 31 12:54:52 2021] POST /compute/v2.1/flavors/d2/os-extra_specs => generated 43 bytes in 42 msecs (HTTP/1.1 200) 9 headers in 358 bytes (2 switches on core 0)
May 31 12:54:54.256875 dv-cinder-793264-2-iscsi devstack@n-api.service[91097]: DEBUG nova.api.openstack.wsgi [None req-57d7c5b3-3cb4-4229-a106-e5698e1e3c17 admin admin] Calling method '>' {{(pid=91097) _process_stack /opt/stack/nova/nova/api/openstack/wsgi.py:513}}
May 31 12:54:54.257883 dv-cinder-793264-2-iscsi devstack@n-api.service[91097]: INFO nova.api.openstack.requestlog [None req-57d7c5b3-3cb4-4229-a106-e5698e1e3c17 admin admin] 10.222.0.20 "GET /compute/v2.1" status: 200 len: 388 microversion: 2.1 time: 0.001522
May 31 12:54:54.258289 dv-cinder-793264-2-iscsi devstack@n-api.service[91097]: [pid: 91097|app: 0|req: 6/13] 10.222.0.20 () {54 vars in 930 bytes} [Mon May 31 12:54:54 2021] GET /compute/v2.1 => generated 388 bytes in 2 msecs (HTTP/1.1 200) 9 headers in 357 bytes (1 switches on core 0)
May 31 12:54:54.318628 dv-cinder-793264-2-iscsi devstack@n-api.service[91096]: DEBUG nova.api.openstack.wsgi [None req-f5b2e26e-9663-49fd-9983-713957c0863e admin admin] Action: 'create', calling method: >, body: {"flavor": {"rxtx_factor": 1.0, "id": "d3", "vcpus": 2, "name": "ds2G", "os-flavor-access:is_public": true, "disk": 10, "ram": 2048, "swap": 0, "OS-FLV-EXT-DATA:ephemeral": 0}} {{(pid=91096) _process_stack /opt/stack/nova/nova/api/openstack/wsgi.py:511}}
May 31 12:54:54.345409 dv-cinder-793264-2-iscsi devstack@n-api.service[91096]: INFO nova.api.openstack.requestlog [None req-f5b2e26e-9663-49fd-9983-713957c0863e admin admin] 10.222.0.20 "POST /compute/v2.1/flavors" status: 200 len: 404 microversion: 2.61 time: 0.080690
May 31 12:54:54.345973 dv-cinder-793264-2-iscsi devstack@n-api.service[91096]: [pid: 91096|app: 0|req: 8/14] 10.222.0.20 () {64 vars in 1282 bytes} [Mon May 31 12:54:54 2021] POST /compute/v2.1/flavors => generated 404 bytes in 82 msecs (HTTP/1.1 200) 9 headers in 359 bytes (2 switches on core 0)
May 31 12:54:54.358180 dv-cinder-793264-2-iscsi devstack@n-api.service[91097]: DEBUG nova.api.openstack.wsgi [None req-d9b87d93-1d33-4d35-a0a6-81489a6ff2ff admin admin] Action: 'create', calling method: >, body: {"extra_specs": {"hw_rng:allowed": "True"}} {{(pid=91097) _process_stack /opt/stack/nova/nova/api/openstack/wsgi.py:511}}
May 31 12:54:54.396639 dv-cinder-793264-2-iscsi devstack@n-api.service[91097]: INFO nova.api.openstack.requestlog [None req-d9b87d93-1d33-4d35-a0a6-81489a6ff2ff admin admin] 10.222.0.20 "POST /compute/v2.1/flavors/d3/os-extra_specs" status: 200 len: 43 microversion: 2.61 time: 0.042643
May 31 12:54:54.397262 dv-cinder-793264-2-iscsi devstack@n-api.service[91097]: [pid: 91097|app: 0|req: 7/15] 10.222.0.20 () {64 vars in 1335 bytes} [Mon May 31 12:54:54 2021] POST /compute/v2.1/flavors/d3/os-extra_specs => generated 43 bytes in 44 msecs (HTTP/1.1 200) 9 headers in 358 bytes (2 switches on core 0)
May 31 12:54:56.528878 dv-cinder-793264-2-iscsi devstack@n-api.service[91096]: DEBUG nova.api.openstack.wsgi [None req-f5b2e26e-9663-49fd-9983-713957c0863e admin admin] Calling method '>' {{(pid=91096) _process_stack /opt/stack/nova/nova/api/openstack/wsgi.py:513}}
May 31 12:54:56.529422 dv-cinder-793264-2-iscsi devstack@n-api.service[91096]: INFO nova.api.openstack.requestlog [None req-f5b2e26e-9663-49fd-9983-713957c0863e admin admin] 10.222.0.20 "GET /compute/v2.1" status: 200 len: 388 microversion: 2.1 time: 0.001475
May 31 12:54:56.530531 dv-cinder-793264-2-iscsi devstack@n-api.service[91096]: [pid: 91096|app: 0|req: 9/16] 10.222.0.20 () {54 vars in 930 bytes} [Mon May 31 12:54:56 2021] GET /compute/v2.1 => generated 388 bytes in 3 msecs (HTTP/1.1 200) 9 headers in 357 bytes (1 switches on core 0)
May 31 12:54:56.595221 dv-cinder-793264-2-iscsi devstack@n-api.service[91097]: DEBUG nova.api.openstack.wsgi [None req-6a5e4435-93be-4b1c-b8b0-97b71fc19f77 admin admin] Action: 'create', calling method: >, body: {"flavor": {"disk": 20, "OS-FLV-EXT-DATA:ephemeral": 0, "os-flavor-access:is_public": true, "id": "d4", "ram": 4096, "name": "ds4G", "vcpus": 4, "swap": 0, "rxtx_factor": 1.0}} {{(pid=91097) _process_stack /opt/stack/nova/nova/api/openstack/wsgi.py:511}}
May 31 12:54:56.623827 dv-cinder-793264-2-iscsi devstack@n-api.service[91097]: INFO nova.api.openstack.requestlog [None req-6a5e4435-93be-4b1c-b8b0-97b71fc19f77 admin admin] 10.222.0.20 "POST /compute/v2.1/flavors" status: 200 len: 404 microversion: 2.61 time: 0.088365
May 31 12:54:56.624492 dv-cinder-793264-2-iscsi devstack@n-api.service[91097]: [pid: 91097|app: 0|req: 8/17] 10.222.0.20 () {64 vars in 1282 bytes} [Mon May 31 12:54:56 2021] POST /compute/v2.1/flavors => generated 404 bytes in 90 msecs (HTTP/1.1 200) 9 headers in 359 bytes (1 switches on core 0)
May 31 12:54:56.636183 dv-cinder-793264-2-iscsi devstack@n-api.service[91096]: DEBUG nova.api.openstack.wsgi [None req-4779daae-27fb-470c-bdcd-76d7cb89a19a admin admin] Action: 'create', calling method: >, body: {"extra_specs": {"hw_rng:allowed": "True"}} {{(pid=91096) _process_stack /opt/stack/nova/nova/api/openstack/wsgi.py:511}}
May 31 12:54:56.673597 dv-cinder-793264-2-iscsi devstack@n-api.service[91096]: INFO nova.api.openstack.requestlog [None req-4779daae-27fb-470c-bdcd-76d7cb89a19a admin admin] 10.222.0.20 "POST /compute/v2.1/flavors/d4/os-extra_specs" status: 200 len: 43 microversion: 2.61 time: 0.041134
May 31 12:54:56.674171 dv-cinder-793264-2-iscsi devstack@n-api.service[91096]: [pid: 91096|app: 0|req: 10/18] 10.222.0.20 () {64 vars in 1335 bytes} [Mon May 31 12:54:56 2021] POST /compute/v2.1/flavors/d4/os-extra_specs => generated 43 bytes in 42 msecs (HTTP/1.1 200) 9 headers in 358 bytes (2 switches on core 0)
May 31 12:54:58.782021 dv-cinder-793264-2-iscsi devstack@n-api.service[91097]: DEBUG nova.api.openstack.wsgi [None req-6a5e4435-93be-4b1c-b8b0-97b71fc19f77 admin admin] Calling method '>' {{(pid=91097) _process_stack /opt/stack/nova/nova/api/openstack/wsgi.py:513}}
May 31 12:54:58.783058 dv-cinder-793264-2-iscsi devstack@n-api.service[91097]: INFO nova.api.openstack.requestlog [None req-6a5e4435-93be-4b1c-b8b0-97b71fc19f77 admin admin] 10.222.0.20 "GET /compute/v2.1" status: 200 len: 388 microversion: 2.1 time: 0.001493
May 31 12:54:58.783487 dv-cinder-793264-2-iscsi devstack@n-api.service[91097]: [pid: 91097|app: 0|req: 9/19] 10.222.0.20 () {54 vars in 930 bytes} [Mon May 31 12:54:58 2021] GET /compute/v2.1 => generated 388 bytes in 2 msecs (HTTP/1.1 200) 9 headers in 357 bytes (1 switches on core 0)
May 31 12:54:58.850126 dv-cinder-793264-2-iscsi devstack@n-api.service[91096]: DEBUG nova.api.openstack.wsgi [None req-9a0cc57d-2374-4be6-b5aa-6fd11e251055 admin admin] Calling method '>' {{(pid=91096) _process_stack /opt/stack/nova/nova/api/openstack/wsgi.py:513}}
May 31 12:54:58.873710 dv-cinder-793264-2-iscsi devstack@n-api.service[91096]: INFO nova.api.openstack.requestlog [None req-9a0cc57d-2374-4be6-b5aa-6fd11e251055 admin admin] 10.222.0.20 "GET /compute/v2.1/flavors/detail?is_public=True" status: 200 len: 2106 microversion: 2.61 time: 0.083173
May 31 12:54:58.874346 dv-cinder-793264-2-iscsi devstack@n-api.service[91096]: [pid: 91096|app: 0|req: 11/20] 10.222.0.20 () {60 vars in 1291 bytes} [Mon May 31 12:54:58 2021] GET /compute/v2.1/flavors/detail?is_public=True => generated 2106 bytes in 84 msecs (HTTP/1.1 200) 9 headers in 360 bytes (1 switches on core 0)
May 31 12:55:01.003767 dv-cinder-793264-2-iscsi devstack@n-api.service[91097]: DEBUG nova.api.openstack.wsgi [None req-6a5e4435-93be-4b1c-b8b0-97b71fc19f77 admin admin] Calling method '>' {{(pid=91097) _process_stack /opt/stack/nova/nova/api/openstack/wsgi.py:513}}
May 31 12:55:01.004869 dv-cinder-793264-2-iscsi devstack@n-api.service[91097]: INFO nova.api.openstack.requestlog [None req-6a5e4435-93be-4b1c-b8b0-97b71fc19f77 admin admin] 10.222.0.20 "GET /compute/v2.1" status: 200 len: 388 microversion: 2.1 time: 0.001494
May 31 12:55:01.005291 dv-cinder-793264-2-iscsi devstack@n-api.service[91097]: [pid: 91097|app: 0|req: 10/21] 10.222.0.20 () {54 vars in 930 bytes} [Mon May 31 12:55:01 2021] GET /compute/v2.1 => generated 388 bytes in 2 msecs (HTTP/1.1 200) 9 headers in 357 bytes (1 switches on core 0)
May 31 12:55:01.065807 dv-cinder-793264-2-iscsi devstack@n-api.service[91096]: DEBUG nova.api.openstack.wsgi [None req-98c3c0b9-fa61-4a33-aff5-12288d22a75f admin admin] Action: 'create', calling method: >, body: {"flavor": {"disk": 1, "swap": 0, "ram": 512, "name": "m1.tiny", "OS-FLV-EXT-DATA:ephemeral": 0, "id": "1", "vcpus": 1, "rxtx_factor": 1.0, "os-flavor-access:is_public": true}} {{(pid=91096) _process_stack /opt/stack/nova/nova/api/openstack/wsgi.py:511}}
May 31 12:55:01.092397 dv-cinder-793264-2-iscsi devstack@n-api.service[91096]: INFO nova.api.openstack.requestlog [None req-98c3c0b9-fa61-4a33-aff5-12288d22a75f admin admin] 10.222.0.20 "POST /compute/v2.1/flavors" status: 200 len: 402 microversion: 2.61 time: 0.079955
May 31 12:55:01.092994 dv-cinder-793264-2-iscsi devstack@n-api.service[91096]: [pid: 91096|app: 0|req: 12/22] 10.222.0.20 () {64 vars in 1282 bytes} [Mon May 31 12:55:01 2021] POST /compute/v2.1/flavors => generated 402 bytes in 81 msecs (HTTP/1.1 200) 9 headers in 359 bytes (2 switches on core 0)
May 31 12:55:01.105018 dv-cinder-793264-2-iscsi devstack@n-api.service[91097]: DEBUG nova.api.openstack.wsgi [None req-50e296cd-5f84-4958-8d9e-4b73d954b5f4 admin admin] Action: 'create', calling method: >, body: {"extra_specs": {"hw_rng:allowed": "True"}} {{(pid=91097) _process_stack /opt/stack/nova/nova/api/openstack/wsgi.py:511}}
May 31 12:55:01.145107 dv-cinder-793264-2-iscsi devstack@n-api.service[91097]: INFO nova.api.openstack.requestlog [None req-50e296cd-5f84-4958-8d9e-4b73d954b5f4 admin admin] 10.222.0.20 "POST /compute/v2.1/flavors/1/os-extra_specs" status: 200 len: 43 microversion: 2.61 time: 0.043843
May 31 12:55:01.145848 dv-cinder-793264-2-iscsi devstack@n-api.service[91097]: [pid: 91097|app: 0|req: 11/23] 10.222.0.20 () {64 vars in 1332 bytes} [Mon May 31 12:55:01 2021] POST /compute/v2.1/flavors/1/os-extra_specs => generated 43 bytes in 45 msecs (HTTP/1.1 200) 9 headers in 358 bytes (2 switches on core 0)
May 31 12:55:03.292132 dv-cinder-793264-2-iscsi devstack@n-api.service[91096]: DEBUG nova.api.openstack.wsgi [None req-98c3c0b9-fa61-4a33-aff5-12288d22a75f admin admin] Calling method '>' {{(pid=91096) _process_stack /opt/stack/nova/nova/api/openstack/wsgi.py:513}}
May 31 12:55:03.293190 dv-cinder-793264-2-iscsi devstack@n-api.service[91096]: INFO nova.api.openstack.requestlog [None req-98c3c0b9-fa61-4a33-aff5-12288d22a75f admin admin] 10.222.0.20 "GET /compute/v2.1" status: 200 len: 388 microversion: 2.1 time: 0.001459
May 31 12:55:03.293592 dv-cinder-793264-2-iscsi devstack@n-api.service[91096]: [pid: 91096|app: 0|req: 13/24] 10.222.0.20 () {54 vars in 930 bytes} [Mon May 31 12:55:03 2021] GET /compute/v2.1 => generated 388 bytes in 2 msecs (HTTP/1.1 200) 9 headers in 357 bytes (1 switches on core 0)
May 31 12:55:03.353636 dv-cinder-793264-2-iscsi devstack@n-api.service[91097]: DEBUG nova.api.openstack.wsgi [None req-a4268497-07e0-4c05-81f4-7f415a6658c3 admin admin] Action: 'create', calling method: >, body: {"flavor": {"os-flavor-access:is_public": true, "ram": 2048, "disk": 20, "vcpus": 1, "rxtx_factor": 1.0, "OS-FLV-EXT-DATA:ephemeral": 0, "id": "2", "swap": 0, "name": "m1.small"}} {{(pid=91097) _process_stack /opt/stack/nova/nova/api/openstack/wsgi.py:511}}
May 31 12:55:03.386856 dv-cinder-793264-2-iscsi devstack@n-api.service[91097]: INFO nova.api.openstack.requestlog [None req-a4268497-07e0-4c05-81f4-7f415a6658c3 admin admin] 10.222.0.20 "POST /compute/v2.1/flavors" status: 200 len: 405 microversion: 2.61 time: 0.086392
May 31 12:55:03.387777 dv-cinder-793264-2-iscsi devstack@n-api.service[91097]: [pid: 91097|app: 0|req: 12/25] 10.222.0.20 () {64 vars in 1282 bytes} [Mon May 31 12:55:03 2021] POST /compute/v2.1/flavors => generated 405 bytes in 88 msecs (HTTP/1.1 200) 9 headers in 359 bytes (1 switches on core 0)
May 31 12:55:03.399466 dv-cinder-793264-2-iscsi devstack@n-api.service[91096]: DEBUG nova.api.openstack.wsgi [None req-ea994665-953e-482b-acb1-38090fc2e338 admin admin] Action: 'create', calling method: >, body: {"extra_specs": {"hw_rng:allowed": "True"}} {{(pid=91096) _process_stack /opt/stack/nova/nova/api/openstack/wsgi.py:511}}
May 31 12:55:03.436544 dv-cinder-793264-2-iscsi devstack@n-api.service[91096]: INFO nova.api.openstack.requestlog [None req-ea994665-953e-482b-acb1-38090fc2e338 admin admin] 10.222.0.20 "POST /compute/v2.1/flavors/2/os-extra_specs" status: 200 len: 43 microversion: 2.61 time: 0.040759
May 31 12:55:03.437186 dv-cinder-793264-2-iscsi devstack@n-api.service[91096]: [pid: 91096|app: 0|req: 14/26] 10.222.0.20 () {64 vars in 1332 bytes} [Mon May 31 12:55:03 2021] POST /compute/v2.1/flavors/2/os-extra_specs => generated 43 bytes in 42 msecs (HTTP/1.1 200) 9 headers in 358 bytes (1 switches on core 0)
May 31 12:55:05.606241 dv-cinder-793264-2-iscsi devstack@n-api.service[91097]: DEBUG nova.api.openstack.wsgi [None req-a4268497-07e0-4c05-81f4-7f415a6658c3 admin admin] Calling method '>' {{(pid=91097) _process_stack /opt/stack/nova/nova/api/openstack/wsgi.py:513}}
May 31 12:55:05.607822 dv-cinder-793264-2-iscsi devstack@n-api.service[91097]: INFO nova.api.openstack.requestlog [None req-a4268497-07e0-4c05-81f4-7f415a6658c3 admin admin] 10.222.0.20 "GET /compute/v2.1" status: 200 len: 388 microversion: 2.1 time: 0.002023
May 31 12:55:05.608223 dv-cinder-793264-2-iscsi devstack@n-api.service[91097]: [pid: 91097|app: 0|req: 13/27] 10.222.0.20 () {54 vars in 930 bytes} [Mon May 31 12:55:05 2021] GET /compute/v2.1 => generated 388 bytes in 3 msecs (HTTP/1.1 200) 9 headers in 357 bytes (2 switches on core 0)
May 31 12:55:05.664763 dv-cinder-793264-2-iscsi devstack@n-api.service[91096]: DEBUG nova.api.openstack.wsgi [None req-3bed0a89-c4f6-45fe-9089-7c39c2c74511 admin admin] Action: 'create', calling method: >, body: {"flavor": {"name": "m1.medium", "os-flavor-access:is_public": true, "id": "3", "vcpus": 2, "disk": 40, "swap": 0, "ram": 4096, "OS-FLV-EXT-DATA:ephemeral": 0, "rxtx_factor": 1.0}} {{(pid=91096) _process_stack /opt/stack/nova/nova/api/openstack/wsgi.py:511}}
May 31 12:55:05.689497 dv-cinder-793264-2-iscsi devstack@n-api.service[91096]: INFO nova.api.openstack.requestlog [None req-3bed0a89-c4f6-45fe-9089-7c39c2c74511 admin admin] 10.222.0.20 "POST /compute/v2.1/flavors" status: 200 len: 406 microversion: 2.61 time: 0.075256
May 31 12:55:05.690058 dv-cinder-793264-2-iscsi devstack@n-api.service[91096]: [pid: 91096|app: 0|req: 15/28] 10.222.0.20 () {64 vars in 1282 bytes} [Mon May 31 12:55:05 2021] POST /compute/v2.1/flavors => generated 406 bytes in 76 msecs (HTTP/1.1 200) 9 headers in 359 bytes (2 switches on core 0)
May 31 12:55:05.702075 dv-cinder-793264-2-iscsi devstack@n-api.service[91097]: DEBUG nova.api.openstack.wsgi [None req-3d56ae51-4935-4f41-9392-c9f6695416e5 admin admin] Action: 'create', calling method: >, body: {"extra_specs": {"hw_rng:allowed": "True"}} {{(pid=91097) _process_stack /opt/stack/nova/nova/api/openstack/wsgi.py:511}}
May 31 12:55:05.737151 dv-cinder-793264-2-iscsi devstack@n-api.service[91097]: INFO nova.api.openstack.requestlog [None req-3d56ae51-4935-4f41-9392-c9f6695416e5 admin admin] 10.222.0.20 "POST /compute/v2.1/flavors/3/os-extra_specs" status: 200 len: 43 microversion: 2.61 time: 0.039214
May 31 12:55:05.737740 dv-cinder-793264-2-iscsi devstack@n-api.service[91097]: [pid: 91097|app: 0|req: 14/29] 10.222.0.20 () {64 vars in 1332 bytes} [Mon May 31 12:55:05 2021] POST /compute/v2.1/flavors/3/os-extra_specs => generated 43 bytes in 40 msecs (HTTP/1.1 200) 9 headers in 358 bytes (2 switches on core 0)
May 31 12:55:07.840669 dv-cinder-793264-2-iscsi devstack@n-api.service[91096]: DEBUG nova.api.openstack.wsgi [None req-3bed0a89-c4f6-45fe-9089-7c39c2c74511 admin admin] Calling method '>' {{(pid=91096) _process_stack /opt/stack/nova/nova/api/openstack/wsgi.py:513}}
May 31 12:55:07.841769 dv-cinder-793264-2-iscsi devstack@n-api.service[91096]: INFO nova.api.openstack.requestlog [None req-3bed0a89-c4f6-45fe-9089-7c39c2c74511 admin admin] 10.222.0.20 "GET /compute/v2.1" status: 200 len: 388 microversion: 2.1 time: 0.001473
May 31 12:55:07.842205 dv-cinder-793264-2-iscsi devstack@n-api.service[91096]: [pid: 91096|app: 0|req: 16/30] 10.222.0.20 () {54 vars in 930 bytes} [Mon May 31 12:55:07 2021] GET /compute/v2.1 => generated 388 bytes in 2 msecs (HTTP/1.1 200) 9 headers in 357 bytes (1 switches on core 0)
May 31 12:55:07.897093 dv-cinder-793264-2-iscsi devstack@n-api.service[91097]: DEBUG nova.api.openstack.wsgi [None req-da7737d9-b78c-4560-80b0-dae12094bd16 admin admin] Action: 'create', calling method: >, body: {"flavor": {"ram": 8192, "swap": 0, "vcpus": 4, "OS-FLV-EXT-DATA:ephemeral": 0, "rxtx_factor": 1.0, "os-flavor-access:is_public": true, "name": "m1.large", "disk": 80, "id": "4"}} {{(pid=91097) _process_stack /opt/stack/nova/nova/api/openstack/wsgi.py:511}}
May 31 12:55:07.920892 dv-cinder-793264-2-iscsi devstack@n-api.service[91097]: INFO nova.api.openstack.requestlog [None req-da7737d9-b78c-4560-80b0-dae12094bd16 admin admin] 10.222.0.20 "POST /compute/v2.1/flavors" status: 200 len: 405 microversion: 2.61 time: 0.072904
May 31 12:55:07.921731 dv-cinder-793264-2-iscsi devstack@n-api.service[91097]: [pid: 91097|app: 0|req: 15/31] 10.222.0.20 () {64 vars in 1282 bytes} [Mon May 31 12:55:07 2021] POST /compute/v2.1/flavors => generated 405 bytes in 74 msecs (HTTP/1.1 200) 9 headers in 359 bytes (1 switches on core 0)
May 31 12:55:07.932776 dv-cinder-793264-2-iscsi devstack@n-api.service[91096]: DEBUG nova.api.openstack.wsgi [None req-212c0ac4-e764-415c-a457-fe93410bd27d admin admin] Action: 'create', calling method: >, body: {"extra_specs": {"hw_rng:allowed": "True"}} {{(pid=91096) _process_stack /opt/stack/nova/nova/api/openstack/wsgi.py:511}}
May 31 12:55:07.969570 dv-cinder-793264-2-iscsi devstack@n-api.service[91096]: INFO nova.api.openstack.requestlog [None req-212c0ac4-e764-415c-a457-fe93410bd27d admin admin] 10.222.0.20 "POST /compute/v2.1/flavors/4/os-extra_specs" status: 200 len: 43 microversion: 2.61 time: 0.040406
May 31 12:55:07.970239 dv-cinder-793264-2-iscsi devstack@n-api.service[91096]: [pid: 91096|app: 0|req: 17/32] 10.222.0.20 () {64 vars in 1332 bytes} [Mon May 31 12:55:07 2021] POST /compute/v2.1/flavors/4/os-extra_specs => generated 43 bytes in 42 msecs (HTTP/1.1 200) 9 headers in 358 bytes (1 switches on core 0)
May 31 12:55:10.095429 dv-cinder-793264-2-iscsi devstack@n-api.service[91097]: DEBUG nova.api.openstack.wsgi [None req-da7737d9-b78c-4560-80b0-dae12094bd16 admin admin] Calling method '>' {{(pid=91097) _process_stack /opt/stack/nova/nova/api/openstack/wsgi.py:513}}
May 31 12:55:10.096444 dv-cinder-793264-2-iscsi devstack@n-api.service[91097]: INFO nova.api.openstack.requestlog [None req-da7737d9-b78c-4560-80b0-dae12094bd16 admin admin] 10.222.0.20 "GET /compute/v2.1" status: 200 len: 388 microversion: 2.1 time: 0.001456
May 31 12:55:10.096940 dv-cinder-793264-2-iscsi devstack@n-api.service[91097]: [pid: 91097|app: 0|req: 16/33] 10.222.0.20 () {54 vars in 930 bytes} [Mon May 31 12:55:10 2021] GET /compute/v2.1 => generated 388 bytes in 2 msecs (HTTP/1.1 200) 9 headers in 357 bytes (1 switches on core 0)
May 31 12:55:10.157654 dv-cinder-793264-2-iscsi devstack@n-api.service[91096]: DEBUG nova.api.openstack.wsgi [None req-49175bce-7327-4a0a-b57f-51a844006437 admin admin] Action: 'create', calling method: >, body: {"flavor": {"ram": 16384, "id": "5", "swap": 0, "vcpus": 8, "os-flavor-access:is_public": true, "disk": 160, "name": "m1.xlarge", "OS-FLV-EXT-DATA:ephemeral": 0, "rxtx_factor": 1.0}} {{(pid=91096) _process_stack /opt/stack/nova/nova/api/openstack/wsgi.py:511}}
May 31 12:55:10.186039 dv-cinder-793264-2-iscsi devstack@n-api.service[91096]: INFO nova.api.openstack.requestlog [None req-49175bce-7327-4a0a-b57f-51a844006437 admin admin] 10.222.0.20 "POST /compute/v2.1/flavors" status: 200 len: 408 microversion: 2.61 time: 0.083459
May 31 12:55:10.189231 dv-cinder-793264-2-iscsi devstack@n-api.service[91096]: [pid: 91096|app: 0|req: 18/34] 10.222.0.20 () {64 vars in 1282 bytes} [Mon May 31 12:55:10 2021] POST /compute/v2.1/flavors => generated 408 bytes in 87 msecs (HTTP/1.1 200) 9 headers in 359 bytes (2 switches on core 0)
May 31 12:55:10.198017 dv-cinder-793264-2-iscsi devstack@n-api.service[91097]: DEBUG nova.api.openstack.wsgi [None req-5be86508-b5c4-4c6e-bb43-42f2aa4a7f90 admin admin] Action: 'create', calling method: >, body: {"extra_specs": {"hw_rng:allowed": "True"}} {{(pid=91097) _process_stack /opt/stack/nova/nova/api/openstack/wsgi.py:511}}
May 31 12:55:10.239814 dv-cinder-793264-2-iscsi devstack@n-api.service[91097]: INFO nova.api.openstack.requestlog [None req-5be86508-b5c4-4c6e-bb43-42f2aa4a7f90 admin admin] 10.222.0.20 "POST /compute/v2.1/flavors/5/os-extra_specs" status: 200 len: 43 microversion: 2.61 time: 0.045420
May 31 12:55:10.240728 dv-cinder-793264-2-iscsi devstack@n-api.service[91097]: [pid: 91097|app: 0|req: 17/35] 10.222.0.20 () {64 vars in 1332 bytes} [Mon May 31 12:55:10 2021] POST /compute/v2.1/flavors/5/os-extra_specs => generated 43 bytes in 47 msecs (HTTP/1.1 200) 9 headers in 358 bytes (1 switches on core 0)
May 31 12:55:48.645298 dv-cinder-793264-2-iscsi devstack@n-api.service[91096]: DEBUG nova.api.openstack.wsgi [None req-49175bce-7327-4a0a-b57f-51a844006437 admin admin] Calling method '>' {{(pid=91096) _process_stack /opt/stack/nova/nova/api/openstack/wsgi.py:513}}
May 31 12:55:48.646303 dv-cinder-793264-2-iscsi devstack@n-api.service[91096]: INFO nova.api.openstack.requestlog [None req-49175bce-7327-4a0a-b57f-51a844006437 admin admin] 10.222.0.20 "GET /compute/v2.1" status: 200 len: 388 microversion: 2.1 time: 0.001446
May 31 12:55:48.646702 dv-cinder-793264-2-iscsi devstack@n-api.service[91096]: [pid: 91096|app: 0|req: 19/36] 10.222.0.20 () {54 vars in 930 bytes} [Mon May 31 12:55:48 2021] GET /compute/v2.1 => generated 388 bytes in 2 msecs (HTTP/1.1 200) 9 headers in 357 bytes (1 switches on core 0)
May 31 12:55:48.701601 dv-cinder-793264-2-iscsi devstack@n-api.service[91097]: DEBUG nova.api.openstack.wsgi [None req-a7d6d63f-4a33-4d4e-8058-aee58b2071c6 admin admin] Calling method '>' {{(pid=91097) _process_stack /opt/stack/nova/nova/api/openstack/wsgi.py:513}}
May 31 12:55:48.724808 dv-cinder-793264-2-iscsi devstack@n-api.service[91097]: INFO nova.api.openstack.requestlog [None req-a7d6d63f-4a33-4d4e-8058-aee58b2071c6 admin admin] 10.222.0.20 "GET /compute/v2.1/flavors/detail?is_public=True" status: 200 len: 4202 microversion: 2.61 time: 0.072247
May 31 12:55:48.725354 dv-cinder-793264-2-iscsi devstack@n-api.service[91097]: [pid: 91097|app: 0|req: 18/37] 10.222.0.20 () {60 vars in 1291 bytes} [Mon May 31 12:55:48 2021] GET /compute/v2.1/flavors/detail?is_public=True => generated 4202 bytes in 73 msecs (HTTP/1.1 200) 9 headers in 360 bytes (1 switches on core 0)
May 31 12:55:50.077239 dv-cinder-793264-2-iscsi devstack@n-api.service[91096]: DEBUG nova.api.openstack.wsgi [None req-49175bce-7327-4a0a-b57f-51a844006437 admin admin] Calling method '>' {{(pid=91096) _process_stack /opt/stack/nova/nova/api/openstack/wsgi.py:513}}
May 31 12:55:50.078252 dv-cinder-793264-2-iscsi devstack@n-api.service[91096]: INFO nova.api.openstack.requestlog [None req-49175bce-7327-4a0a-b57f-51a844006437 admin admin] 10.222.0.20 "GET /compute/v2.1" status: 200 len: 388 microversion: 2.1 time: 0.001450
May 31 12:55:50.078651 dv-cinder-793264-2-iscsi devstack@n-api.service[91096]: [pid: 91096|app: 0|req: 20/38] 10.222.0.20 () {56 vars in 1075 bytes} [Mon May 31 12:55:50 2021] GET /compute/v2.1 => generated 388 bytes in 2 msecs (HTTP/1.1 200) 9 headers in 357 bytes (1 switches on core 0)
May 31 12:55:50.261060 dv-cinder-793264-2-iscsi devstack@n-api.service[91097]: DEBUG nova.api.openstack.wsgi [None req-216af81d-050b-44bd-8acd-85cb76188cb5 admin admin] Calling method '>' {{(pid=91097) _process_stack /opt/stack/nova/nova/api/openstack/wsgi.py:513}}
May 31 12:55:50.274145 dv-cinder-793264-2-iscsi devstack@n-api.service[91097]: INFO nova.api.openstack.wsgi [None req-216af81d-050b-44bd-8acd-85cb76188cb5 admin admin] HTTP exception thrown: Flavor 42 could not be found.
May 31 12:55:50.274735 dv-cinder-793264-2-iscsi devstack@n-api.service[91097]: DEBUG nova.api.openstack.wsgi [None req-216af81d-050b-44bd-8acd-85cb76188cb5 admin admin] Returning 404 to user: Flavor 42 could not be found. {{(pid=91097) __call__ /opt/stack/nova/nova/api/openstack/wsgi.py:927}}
May 31 12:55:50.275542 dv-cinder-793264-2-iscsi devstack@n-api.service[91097]: INFO nova.api.openstack.requestlog [None req-216af81d-050b-44bd-8acd-85cb76188cb5 admin admin] 10.222.0.20 "GET /compute/v2.1/flavors/42" status: 404 len: 75 microversion: 2.88 time: 0.063639
May 31 12:55:50.276069 dv-cinder-793264-2-iscsi devstack@n-api.service[91097]: [pid: 91097|app: 0|req: 19/39] 10.222.0.20 () {60 vars in 1191 bytes} [Mon May 31 12:55:50 2021] GET /compute/v2.1/flavors/42 => generated 75 bytes in 65 msecs (HTTP/1.1 404) 9 headers in 380 bytes (1 switches on core 0)
May 31 12:55:50.286519 dv-cinder-793264-2-iscsi devstack@n-api.service[91096]: DEBUG nova.api.openstack.wsgi [None req-b6ee3ae0-7d24-45df-843d-344e0a9d8393 admin admin] Calling method '>' {{(pid=91096) _process_stack /opt/stack/nova/nova/api/openstack/wsgi.py:513}}
May 31 12:55:50.305918 dv-cinder-793264-2-iscsi devstack@n-api.service[91096]: INFO nova.api.openstack.requestlog [None req-b6ee3ae0-7d24-45df-843d-344e0a9d8393 admin admin] 10.222.0.20 "GET /compute/v2.1/flavors?is_public=None" status: 200 len: 2056 microversion: 2.88 time: 0.023525
May 31 12:55:50.306465 dv-cinder-793264-2-iscsi devstack@n-api.service[91096]: [pid: 91096|app: 0|req: 21/40] 10.222.0.20 () {60 vars in 1211 bytes} [Mon May 31 12:55:50 2021] GET /compute/v2.1/flavors?is_public=None => generated 2056 bytes in 25 msecs (HTTP/1.1 200) 9 headers in 360 bytes (2 switches on core 0)
May 31 12:55:50.316551 dv-cinder-793264-2-iscsi devstack@n-api.service[91097]: DEBUG nova.api.openstack.wsgi [None req-1f388d65-be03-414f-9c74-a85d85a62320 admin admin] Calling method '>' {{(pid=91097) _process_stack /opt/stack/nova/nova/api/openstack/wsgi.py:513}}
May 31 12:55:50.337217 dv-cinder-793264-2-iscsi devstack@n-api.service[91097]: INFO nova.api.openstack.requestlog [None req-1f388d65-be03-414f-9c74-a85d85a62320 admin admin] 10.222.0.20 "GET /compute/v2.1/flavors?is_public=None" status: 200 len: 2056 microversion: 2.88 time: 0.024138
May 31 12:55:50.337764 dv-cinder-793264-2-iscsi devstack@n-api.service[91097]: [pid: 91097|app: 0|req: 20/41] 10.222.0.20 () {60 vars in 1211 bytes} [Mon May 31 12:55:50 2021] GET /compute/v2.1/flavors?is_public=None => generated 2056 bytes in 25 msecs (HTTP/1.1 200) 9 headers in 360 bytes (2 switches on core 0)
May 31 12:55:50.347144 dv-cinder-793264-2-iscsi devstack@n-api.service[91096]: DEBUG nova.api.openstack.wsgi [None req-52c818e1-24fd-4af1-b901-c6836ec4b732 admin admin] Calling method '>' {{(pid=91096) _process_stack /opt/stack/nova/nova/api/openstack/wsgi.py:513}}
May 31 12:55:50.359345 dv-cinder-793264-2-iscsi devstack@n-api.service[91096]: INFO nova.api.openstack.wsgi [None req-52c818e1-24fd-4af1-b901-c6836ec4b732 admin admin] HTTP exception thrown: Flavor 42 could not be found.
May 31 12:55:50.359937 dv-cinder-793264-2-iscsi devstack@n-api.service[91096]: DEBUG nova.api.openstack.wsgi [None req-52c818e1-24fd-4af1-b901-c6836ec4b732 admin admin] Returning 404 to user: Flavor 42 could not be found. {{(pid=91096) __call__ /opt/stack/nova/nova/api/openstack/wsgi.py:927}}
May 31 12:55:50.360747 dv-cinder-793264-2-iscsi devstack@n-api.service[91096]: INFO nova.api.openstack.requestlog [None req-52c818e1-24fd-4af1-b901-c6836ec4b732 admin admin] 10.222.0.20 "GET /compute/v2.1/flavors/42" status: 404 len: 75 microversion: 2.88 time: 0.017297
May 31 12:55:50.361541 dv-cinder-793264-2-iscsi devstack@n-api.service[91096]: [pid: 91096|app: 0|req: 22/42] 10.222.0.20 () {60 vars in 1191 bytes} [Mon May 31 12:55:50 2021] GET /compute/v2.1/flavors/42 => generated 75 bytes in 19 msecs (HTTP/1.1 404) 9 headers in 380 bytes (1 switches on core 0)
May 31 12:55:51.669272 dv-cinder-793264-2-iscsi devstack@n-api.service[91097]: DEBUG nova.api.openstack.wsgi [None req-1f388d65-be03-414f-9c74-a85d85a62320 admin admin] Calling method '>' {{(pid=91097) _process_stack /opt/stack/nova/nova/api/openstack/wsgi.py:513}}
May 31 12:55:51.670273 dv-cinder-793264-2-iscsi devstack@n-api.service[91097]: INFO nova.api.openstack.requestlog [None req-1f388d65-be03-414f-9c74-a85d85a62320 admin admin] 10.222.0.20 "GET /compute/v2.1" status: 200 len: 388 microversion: 2.1 time: 0.001442
May 31 12:55:51.670670 dv-cinder-793264-2-iscsi devstack@n-api.service[91097]: [pid: 91097|app: 0|req: 21/43] 10.222.0.20 () {56 vars in 1075 bytes} [Mon May 31 12:55:51 2021] GET /compute/v2.1 => generated 388 bytes in 2 msecs (HTTP/1.1 200) 9 headers in 357 bytes (1 switches on core 0)
May 31 12:55:51.853599 dv-cinder-793264-2-iscsi devstack@n-api.service[91096]: DEBUG nova.api.openstack.wsgi [None req-192e3300-5163-48b6-b2e6-f8f5304b676f admin admin] Calling method '>' {{(pid=91096) _process_stack /opt/stack/nova/nova/api/openstack/wsgi.py:513}}
May 31 12:55:51.865787 dv-cinder-793264-2-iscsi devstack@n-api.service[91096]: INFO nova.api.openstack.wsgi [None req-192e3300-5163-48b6-b2e6-f8f5304b676f admin admin] HTTP exception thrown: Flavor 84 could not be found.
May 31 12:55:51.866379 dv-cinder-793264-2-iscsi devstack@n-api.service[91096]: DEBUG nova.api.openstack.wsgi [None req-192e3300-5163-48b6-b2e6-f8f5304b676f admin admin] Returning 404 to user: Flavor 84 could not be found. {{(pid=91096) __call__ /opt/stack/nova/nova/api/openstack/wsgi.py:927}}
May 31 12:55:51.867159 dv-cinder-793264-2-iscsi devstack@n-api.service[91096]: INFO nova.api.openstack.requestlog [None req-192e3300-5163-48b6-b2e6-f8f5304b676f admin admin] 10.222.0.20 "GET /compute/v2.1/flavors/84" status: 404 len: 75 microversion: 2.88 time: 0.062886
May 31 12:55:51.867670 dv-cinder-793264-2-iscsi devstack@n-api.service[91096]: [pid: 91096|app: 0|req: 23/44] 10.222.0.20 () {60 vars in 1191 bytes} [Mon May 31 12:55:51 2021] GET /compute/v2.1/flavors/84 => generated 75 bytes in 64 msecs (HTTP/1.1 404) 9 headers in 380 bytes (1 switches on core 0)
May 31 12:55:51.877351 dv-cinder-793264-2-iscsi devstack@n-api.service[91097]: DEBUG nova.api.openstack.wsgi [None req-876f39c5-e331-424b-8edb-d409b7cb8555 admin admin] Calling method '>' {{(pid=91097) _process_stack /opt/stack/nova/nova/api/openstack/wsgi.py:513}}
May 31 12:55:51.897999 dv-cinder-793264-2-iscsi devstack@n-api.service[91097]: INFO nova.api.openstack.requestlog [None req-876f39c5-e331-424b-8edb-d409b7cb8555 admin admin] 10.222.0.20 "GET /compute/v2.1/flavors?is_public=None" status: 200 len: 2056 microversion: 2.88 time: 0.024289
May 31 12:55:51.898551 dv-cinder-793264-2-iscsi devstack@n-api.service[91097]: [pid: 91097|app: 0|req: 22/45] 10.222.0.20 () {60 vars in 1211 bytes} [Mon May 31 12:55:51 2021] GET /compute/v2.1/flavors?is_public=None => generated 2056 bytes in 25 msecs (HTTP/1.1 200) 9 headers in 360 bytes (1 switches on core 0)
May 31 12:55:51.907910 dv-cinder-793264-2-iscsi devstack@n-api.service[91096]: DEBUG nova.api.openstack.wsgi [None req-aff7a3b9-57aa-4916-b975-8393f8bfb5ba admin admin] Calling method '>' {{(pid=91096) _process_stack /opt/stack/nova/nova/api/openstack/wsgi.py:513}}
May 31 12:55:51.927159 dv-cinder-793264-2-iscsi devstack@n-api.service[91096]: INFO nova.api.openstack.requestlog [None req-aff7a3b9-57aa-4916-b975-8393f8bfb5ba admin admin] 10.222.0.20 "GET /compute/v2.1/flavors?is_public=None" status: 200 len: 2056 microversion: 2.88 time: 0.022760
May 31 12:55:51.927677 dv-cinder-793264-2-iscsi devstack@n-api.service[91096]: [pid: 91096|app: 0|req: 24/46] 10.222.0.20 () {60 vars in 1211 bytes} [Mon May 31 12:55:51 2021] GET /compute/v2.1/flavors?is_public=None => generated 2056 bytes in 24 msecs (HTTP/1.1 200) 9 headers in 360 bytes (2 switches on core 0)
May 31 12:55:51.937070 dv-cinder-793264-2-iscsi devstack@n-api.service[91097]: DEBUG nova.api.openstack.wsgi [None req-1139a48f-984e-4169-b4fa-c80135ab873a admin admin] Calling method '>' {{(pid=91097) _process_stack /opt/stack/nova/nova/api/openstack/wsgi.py:513}}
May 31 12:55:51.952927 dv-cinder-793264-2-iscsi devstack@n-api.service[91097]: INFO nova.api.openstack.wsgi [None req-1139a48f-984e-4169-b4fa-c80135ab873a admin admin] HTTP exception thrown: Flavor 84 could not be found.
May 31 12:55:51.953507 dv-cinder-793264-2-iscsi devstack@n-api.service[91097]: DEBUG nova.api.openstack.wsgi [None req-1139a48f-984e-4169-b4fa-c80135ab873a admin admin] Returning 404 to user: Flavor 84 could not be found. {{(pid=91097) __call__ /opt/stack/nova/nova/api/openstack/wsgi.py:927}}
May 31 12:55:51.954333 dv-cinder-793264-2-iscsi devstack@n-api.service[91097]: INFO nova.api.openstack.requestlog [None req-1139a48f-984e-4169-b4fa-c80135ab873a admin admin] 10.222.0.20 "GET /compute/v2.1/flavors/84" status: 404 len: 75 microversion: 2.88 time: 0.021273
May 31 12:55:51.954854 dv-cinder-793264-2-iscsi devstack@n-api.service[91097]: [pid: 91097|app: 0|req: 23/47] 10.222.0.20 () {60 vars in 1191 bytes} [Mon May 31 12:55:51 2021] GET /compute/v2.1/flavors/84 => generated 75 bytes in 22 msecs (HTTP/1.1 404) 9 headers in 380 bytes (2 switches on core 0)
May 31 12:55:53.245950 dv-cinder-793264-2-iscsi devstack@n-api.service[91096]: DEBUG nova.api.openstack.wsgi [None req-aff7a3b9-57aa-4916-b975-8393f8bfb5ba admin admin] Calling method '>' {{(pid=91096) _process_stack /opt/stack/nova/nova/api/openstack/wsgi.py:513}}
May 31 12:55:53.246954 dv-cinder-793264-2-iscsi devstack@n-api.service[91096]: INFO nova.api.openstack.requestlog [None req-aff7a3b9-57aa-4916-b975-8393f8bfb5ba admin admin] 10.222.0.20 "GET /compute/v2.1" status: 200 len: 388 microversion: 2.1 time: 0.001409
May 31 12:55:53.247350 dv-cinder-793264-2-iscsi devstack@n-api.service[91096]: [pid: 91096|app: 0|req: 25/48] 10.222.0.20 () {56 vars in 1075 bytes} [Mon May 31 12:55:53 2021] GET /compute/v2.1 => generated 388 bytes in 2 msecs (HTTP/1.1 200) 9 headers in 357 bytes (1 switches on core 0)
May 31 12:55:53.431801 dv-cinder-793264-2-iscsi devstack@n-api.service[91097]: DEBUG nova.api.openstack.wsgi [None req-02ef66b6-30ef-428d-998a-cb1239ea3966 admin admin] Calling method '>' {{(pid=91097) _process_stack /opt/stack/nova/nova/api/openstack/wsgi.py:513}}
May 31 12:55:53.446356 dv-cinder-793264-2-iscsi devstack@n-api.service[91097]: INFO nova.api.openstack.wsgi [None req-02ef66b6-30ef-428d-998a-cb1239ea3966 admin admin] HTTP exception thrown: Flavor 451 could not be found.
May 31 12:55:53.446931 dv-cinder-793264-2-iscsi devstack@n-api.service[91097]: DEBUG nova.api.openstack.wsgi [None req-02ef66b6-30ef-428d-998a-cb1239ea3966 admin admin] Returning 404 to user: Flavor 451 could not be found. {{(pid=91097) __call__ /opt/stack/nova/nova/api/openstack/wsgi.py:927}}
May 31 12:55:53.447730 dv-cinder-793264-2-iscsi devstack@n-api.service[91097]: INFO nova.api.openstack.requestlog [None req-02ef66b6-30ef-428d-998a-cb1239ea3966 admin admin] 10.222.0.20 "GET /compute/v2.1/flavors/451" status: 404 len: 76 microversion: 2.88 time: 0.065372
May 31 12:55:53.448242 dv-cinder-793264-2-iscsi devstack@n-api.service[91097]: [pid: 91097|app: 0|req: 24/49] 10.222.0.20 () {60 vars in 1194 bytes} [Mon May 31 12:55:53 2021] GET /compute/v2.1/flavors/451 => generated 76 bytes in 66 msecs (HTTP/1.1 404) 9 headers in 380 bytes (2 switches on core 0)
May 31 12:55:53.457929 dv-cinder-793264-2-iscsi devstack@n-api.service[91096]: DEBUG nova.api.openstack.wsgi [None req-73c07c29-933b-4270-9992-17fcfcfc516e admin admin] Calling method '>' {{(pid=91096) _process_stack /opt/stack/nova/nova/api/openstack/wsgi.py:513}}
May 31 12:55:53.478430 dv-cinder-793264-2-iscsi devstack@n-api.service[91096]: INFO nova.api.openstack.requestlog [None req-73c07c29-933b-4270-9992-17fcfcfc516e admin admin] 10.222.0.20 "GET /compute/v2.1/flavors?is_public=None" status: 200 len: 2056 microversion: 2.88 time: 0.024047
May 31 12:55:53.478981 dv-cinder-793264-2-iscsi devstack@n-api.service[91096]: [pid: 91096|app: 0|req: 26/50] 10.222.0.20 () {60 vars in 1211 bytes} [Mon May 31 12:55:53 2021] GET /compute/v2.1/flavors?is_public=None => generated 2056 bytes in 25 msecs (HTTP/1.1 200) 9 headers in 360 bytes (2 switches on core 0)
May 31 12:55:53.488687 dv-cinder-793264-2-iscsi devstack@n-api.service[91097]: DEBUG nova.api.openstack.wsgi [None req-4f179148-b0c1-42e4-96e0-aa5ecf1f7db2 admin admin] Calling method '>' {{(pid=91097) _process_stack /opt/stack/nova/nova/api/openstack/wsgi.py:513}}
May 31 12:55:53.508760 dv-cinder-793264-2-iscsi devstack@n-api.service[91097]: INFO nova.api.openstack.requestlog [None req-4f179148-b0c1-42e4-96e0-aa5ecf1f7db2 admin admin] 10.222.0.20 "GET /compute/v2.1/flavors?is_public=None" status: 200 len: 2056 microversion: 2.88 time: 0.023755
May 31 12:55:53.509320 dv-cinder-793264-2-iscsi devstack@n-api.service[91097]: [pid: 91097|app: 0|req: 25/51] 10.222.0.20 () {60 vars in 1211 bytes} [Mon May 31 12:55:53 2021] GET /compute/v2.1/flavors?is_public=None => generated 2056 bytes in 25 msecs (HTTP/1.1 200) 9 headers in 360 bytes (2 switches on core 0)
May 31 12:55:53.519032 dv-cinder-793264-2-iscsi devstack@n-api.service[91096]: DEBUG nova.api.openstack.wsgi [None req-d44a3698-a4be-4d4c-bff4-04d2f06c7480 admin admin] Calling method '>' {{(pid=91096) _process_stack /opt/stack/nova/nova/api/openstack/wsgi.py:513}}
May 31 12:55:53.530806 dv-cinder-793264-2-iscsi devstack@n-api.service[91096]: INFO nova.api.openstack.wsgi [None req-d44a3698-a4be-4d4c-bff4-04d2f06c7480 admin admin] HTTP exception thrown: Flavor 451 could not be found.
May 31 12:55:53.531381 dv-cinder-793264-2-iscsi devstack@n-api.service[91096]: DEBUG nova.api.openstack.wsgi [None req-d44a3698-a4be-4d4c-bff4-04d2f06c7480 admin admin] Returning 404 to user: Flavor 451 could not be found. {{(pid=91096) __call__ /opt/stack/nova/nova/api/openstack/wsgi.py:927}}
May 31 12:55:53.532169 dv-cinder-793264-2-iscsi devstack@n-api.service[91096]: INFO nova.api.openstack.requestlog [None req-d44a3698-a4be-4d4c-bff4-04d2f06c7480 admin admin] 10.222.0.20 "GET /compute/v2.1/flavors/451" status: 404 len: 76 microversion: 2.88 time: 0.016688
May 31 12:55:53.532660 dv-cinder-793264-2-iscsi devstack@n-api.service[91096]: [pid: 91096|app: 0|req: 27/52] 10.222.0.20 () {60 vars in 1194 bytes} [Mon May 31 12:55:53 2021] GET /compute/v2.1/flavors/451 => generated 76 bytes in 18 msecs (HTTP/1.1 404) 9 headers in 380 bytes (2 switches on core 0)
May 31 12:55:54.844088 dv-cinder-793264-2-iscsi devstack@n-api.service[91097]: DEBUG nova.api.openstack.wsgi [None req-4f179148-b0c1-42e4-96e0-aa5ecf1f7db2 admin admin] Calling method '>' {{(pid=91097) _process_stack /opt/stack/nova/nova/api/openstack/wsgi.py:513}}
May 31 12:55:54.845156 dv-cinder-793264-2-iscsi devstack@n-api.service[91097]: INFO nova.api.openstack.requestlog [None req-4f179148-b0c1-42e4-96e0-aa5ecf1f7db2 admin admin] 10.222.0.20 "GET /compute/v2.1" status: 200 len: 388 microversion: 2.1 time: 0.001410
May 31 12:55:54.845558 dv-cinder-793264-2-iscsi devstack@n-api.service[91097]: [pid: 91097|app: 0|req: 26/53] 10.222.0.20 () {56 vars in 1075 bytes} [Mon May 31 12:55:54 2021] GET /compute/v2.1 => generated 388 bytes in 2 msecs (HTTP/1.1 200) 9 headers in 357 bytes (1 switches on core 0)
May 31 12:55:55.028752 dv-cinder-793264-2-iscsi devstack@n-api.service[91096]: DEBUG nova.api.openstack.wsgi [None req-98f7d6d4-38c8-4e3c-a5d3-e601c4549d59 admin admin] Action: 'create', calling method: >, body: {"flavor": {"name": "m1.nano", "ram": 256, "vcpus": 1, "disk": 1, "id": "42", "swap": 0, "OS-FLV-EXT-DATA:ephemeral": 0, "rxtx_factor": 1.0, "os-flavor-access:is_public": true}} {{(pid=91096) _process_stack /opt/stack/nova/nova/api/openstack/wsgi.py:511}}
May 31 12:55:55.054582 dv-cinder-793264-2-iscsi devstack@n-api.service[91096]: INFO nova.api.openstack.requestlog [None req-98f7d6d4-38c8-4e3c-a5d3-e601c4549d59 admin admin] 10.222.0.20 "POST /compute/v2.1/flavors" status: 200 len: 404 microversion: 2.88 time: 0.075477
May 31 12:55:55.055065 dv-cinder-793264-2-iscsi devstack@n-api.service[91096]: [pid: 91096|app: 0|req: 28/54] 10.222.0.20 () {64 vars in 1236 bytes} [Mon May 31 12:55:54 2021] POST /compute/v2.1/flavors => generated 404 bytes in 77 msecs (HTTP/1.1 200) 9 headers in 359 bytes (1 switches on core 0)
May 31 12:55:56.422897 dv-cinder-793264-2-iscsi devstack@n-api.service[91097]: DEBUG nova.api.openstack.wsgi [None req-4f179148-b0c1-42e4-96e0-aa5ecf1f7db2 admin admin] Calling method '>' {{(pid=91097) _process_stack /opt/stack/nova/nova/api/openstack/wsgi.py:513}}
May 31 12:55:56.423933 dv-cinder-793264-2-iscsi devstack@n-api.service[91097]: INFO nova.api.openstack.requestlog [None req-4f179148-b0c1-42e4-96e0-aa5ecf1f7db2 admin admin] 10.222.0.20 "GET /compute/v2.1" status: 200 len: 388 microversion: 2.1 time: 0.001406
May 31 12:55:56.424332 dv-cinder-793264-2-iscsi devstack@n-api.service[91097]: [pid: 91097|app: 0|req: 27/55] 10.222.0.20 () {56 vars in 1075 bytes} [Mon May 31 12:55:56 2021] GET /compute/v2.1 => generated 388 bytes in 2 msecs (HTTP/1.1 200) 9 headers in 357 bytes (1 switches on core 0)
May 31 12:55:56.609810 dv-cinder-793264-2-iscsi devstack@n-api.service[91096]: DEBUG nova.api.openstack.wsgi [None req-6685a88d-8bed-4b75-a9a0-542469852588 admin admin] Action: 'create', calling method: >, body: {"flavor": {"name": "m1.micro", "ram": 256, "vcpus": 1, "disk": 2, "id": "84", "swap": 0, "OS-FLV-EXT-DATA:ephemeral": 0, "rxtx_factor": 1.0, "os-flavor-access:is_public": true}} {{(pid=91096) _process_stack /opt/stack/nova/nova/api/openstack/wsgi.py:511}}
May 31 12:55:56.632642 dv-cinder-793264-2-iscsi devstack@n-api.service[91096]: INFO nova.api.openstack.requestlog [None req-6685a88d-8bed-4b75-a9a0-542469852588 admin admin] 10.222.0.20 "POST /compute/v2.1/flavors" status: 200 len: 405 microversion: 2.88 time: 0.073076
May 31 12:55:56.633228 dv-cinder-793264-2-iscsi devstack@n-api.service[91096]: [pid: 91096|app: 0|req: 29/56] 10.222.0.20 () {64 vars in 1236 bytes} [Mon May 31 12:55:56 2021] POST /compute/v2.1/flavors => generated 405 bytes in 74 msecs (HTTP/1.1 200) 9 headers in 359 bytes (1 switches on core 0)
May 31 12:55:57.948757 dv-cinder-793264-2-iscsi devstack@n-api.service[91097]: DEBUG nova.api.openstack.wsgi [None req-4f179148-b0c1-42e4-96e0-aa5ecf1f7db2 admin admin] Calling method '>' {{(pid=91097) _process_stack /opt/stack/nova/nova/api/openstack/wsgi.py:513}}
May 31 12:55:57.949810 dv-cinder-793264-2-iscsi devstack@n-api.service[91097]: INFO nova.api.openstack.requestlog [None req-4f179148-b0c1-42e4-96e0-aa5ecf1f7db2 admin admin] 10.222.0.20 "GET /compute/v2.1" status: 200 len: 388 microversion: 2.1 time: 0.001465
May 31 12:55:57.950204 dv-cinder-793264-2-iscsi devstack@n-api.service[91097]: [pid: 91097|app: 0|req: 28/57] 10.222.0.20 () {56 vars in 1075 bytes} [Mon May 31 12:55:57 2021] GET /compute/v2.1 => generated 388 bytes in 2 msecs (HTTP/1.1 200) 9 headers in 357 bytes (1 switches on core 0)
May 31 12:55:58.133813 dv-cinder-793264-2-iscsi devstack@n-api.service[91096]: DEBUG nova.api.openstack.wsgi [None req-bd053061-8649-4912-8c40-08c148452b44 admin admin] Action: 'create', calling method: >, body: {"flavor": {"name": "m1.heat", "ram": 512, "vcpus": 1, "disk": 1, "id": "451", "swap": 0, "OS-FLV-EXT-DATA:ephemeral": 0, "rxtx_factor": 1.0, "os-flavor-access:is_public": true}} {{(pid=91096) _process_stack /opt/stack/nova/nova/api/openstack/wsgi.py:511}}
May 31 12:55:58.157867 dv-cinder-793264-2-iscsi devstack@n-api.service[91096]: INFO nova.api.openstack.requestlog [None req-bd053061-8649-4912-8c40-08c148452b44 admin admin] 10.222.0.20 "POST /compute/v2.1/flavors" status: 200 len: 407 microversion: 2.88 time: 0.073602
May 31 12:55:58.158346 dv-cinder-793264-2-iscsi devstack@n-api.service[91096]: [pid: 91096|app: 0|req: 30/58] 10.222.0.20 () {64 vars in 1236 bytes} [Mon May 31 12:55:58 2021] POST /compute/v2.1/flavors => generated 407 bytes in 75 msecs (HTTP/1.1 200) 9 headers in 359 bytes (2 switches on core 0)
May 31 12:55:59.447427 dv-cinder-793264-2-iscsi devstack@n-api.service[91097]: DEBUG nova.api.openstack.wsgi [None req-4f179148-b0c1-42e4-96e0-aa5ecf1f7db2 admin admin] Calling method '>' {{(pid=91097) _process_stack /opt/stack/nova/nova/api/openstack/wsgi.py:513}}
May 31 12:55:59.448415 dv-cinder-793264-2-iscsi devstack@n-api.service[91097]: INFO nova.api.openstack.requestlog [None req-4f179148-b0c1-42e4-96e0-aa5ecf1f7db2 admin admin] 10.222.0.20 "GET /compute/v2.1" status: 200 len: 388 microversion: 2.1 time: 0.001398
May 31 12:55:59.448850 dv-cinder-793264-2-iscsi devstack@n-api.service[91097]: [pid: 91097|app: 0|req: 29/59] 10.222.0.20 () {56 vars in 1075 bytes} [Mon May 31 12:55:59 2021] GET /compute/v2.1 => generated 388 bytes in 2 msecs (HTTP/1.1 200) 9 headers in 357 bytes (1 switches on core 0)
May 31 12:55:59.632529 dv-cinder-793264-2-iscsi devstack@n-api.service[91096]: DEBUG nova.api.openstack.wsgi [None req-3ceb701c-0096-449f-b46b-ac55e3ab46ba admin admin] Action: 'create', calling method: >, body: {"flavor": {"name": "m1.heat2", "ram": 1024, "vcpus": 1, "disk": 1, "id": "452", "swap": 0, "OS-FLV-EXT-DATA:ephemeral": 0, "rxtx_factor": 1.0, "os-flavor-access:is_public": true}} {{(pid=91096) _process_stack /opt/stack/nova/nova/api/openstack/wsgi.py:511}}
May 31 12:55:59.656355 dv-cinder-793264-2-iscsi devstack@n-api.service[91096]: INFO nova.api.openstack.requestlog [None req-3ceb701c-0096-449f-b46b-ac55e3ab46ba admin admin] 10.222.0.20 "POST /compute/v2.1/flavors" status: 200 len: 409 microversion: 2.88 time: 0.073699
May 31 12:55:59.656856 dv-cinder-793264-2-iscsi devstack@n-api.service[91096]: [pid: 91096|app: 0|req: 31/60] 10.222.0.20 () {64 vars in 1236 bytes} [Mon May 31 12:55:59 2021] POST /compute/v2.1/flavors => generated 409 bytes in 75 msecs (HTTP/1.1 200) 9 headers in 359 bytes (2 switches on core 0)
