May 21 16:09:28.681860 dv-cinder-792462-8-smb devstack@c-api.service[98561]: /usr/local/lib/python3.8/dist-packages/webob/acceptparse.py:1047: DeprecationWarning: The behavior of AcceptValidHeader.best_match is currently being maintained for backward compatibility, but it will be deprecated in the future, as it does not conform to the RFC.
May 21 16:09:28.681860 dv-cinder-792462-8-smb devstack@c-api.service[98561]: warnings.warn(
May 21 16:09:28.682213 dv-cinder-792462-8-smb devstack@c-api.service[98561]: DEBUG cinder.api.openstack.wsgi [None req-b62523f8-63b3-4efb-9a85-341b2d96474a tempest-VolumeSnapshotQuotasNegativeTestJSON-1785812368 tempest-VolumeSnapshotQuotasNegativeTestJSON-1785812368-project] Calling method 'delete' {{(pid=98561) _process_stack /opt/stack/cinder/cinder/api/openstack/wsgi.py:866}}
May 21 16:09:28.682533 dv-cinder-792462-8-smb devstack@c-api.service[98561]: INFO cinder.api.v2.snapshots [None req-b62523f8-63b3-4efb-9a85-341b2d96474a tempest-VolumeSnapshotQuotasNegativeTestJSON-1785812368 tempest-VolumeSnapshotQuotasNegativeTestJSON-1785812368-project] Delete snapshot with id: e59f3fc5-8ef7-403f-8146-d1d1cb97e6c9
May 21 16:09:28.693429 dv-cinder-792462-8-smb devstack@c-api.service[98562]: /usr/local/lib/python3.8/dist-packages/oslo_context/context.py:105: DeprecationWarning: Policy enforcement is depending on the value of is_admin. This key is deprecated. Please update your policy file to use the standard policy values.
May 21 16:09:28.693429 dv-cinder-792462-8-smb devstack@c-api.service[98562]: warnings.warn('Policy enforcement is depending on the value of '
May 21 16:09:28.704272 dv-cinder-792462-8-smb devstack@c-api.service[98562]: INFO cinder.api.openstack.wsgi [None req-4bcce9d7-0f76-4988-b496-79b07cf33628 tempest-AttachVolumeNegativeTest-1651531538 tempest-AttachVolumeNegativeTest-1651531538-project] http://10.222.0.91/volume/v3/06997d78033c4441a9f5f2a805cd7538/volumes/1f9c6ba5-2f9c-4037-9a10-c03459a5bf61 returned with HTTP 200
May 21 16:09:28.706277 dv-cinder-792462-8-smb devstack@c-api.service[98562]: [pid: 98562|app: 0|req: 185/356] 10.222.0.91 () {58 vars in 1325 bytes} [Fri May 21 16:09:28 2021] GET /volume/v3/06997d78033c4441a9f5f2a805cd7538/volumes/1f9c6ba5-2f9c-4037-9a10-c03459a5bf61 => generated 1209 bytes in 113 msecs (HTTP/1.1 200) 7 headers in 286 bytes (1 switches on core 0)
May 21 16:09:28.732436 dv-cinder-792462-8-smb devstack@c-api.service[98561]: /usr/local/lib/python3.8/dist-packages/oslo_context/context.py:105: DeprecationWarning: Policy enforcement is depending on the value of is_admin. This key is deprecated. Please update your policy file to use the standard policy values.
May 21 16:09:28.732436 dv-cinder-792462-8-smb devstack@c-api.service[98561]: warnings.warn('Policy enforcement is depending on the value of '
May 21 16:09:28.733802 dv-cinder-792462-8-smb devstack@c-api.service[98561]: INFO cinder.volume.api [None req-b62523f8-63b3-4efb-9a85-341b2d96474a tempest-VolumeSnapshotQuotasNegativeTestJSON-1785812368 tempest-VolumeSnapshotQuotasNegativeTestJSON-1785812368-project] Snapshot retrieved successfully.
May 21 16:09:28.807377 dv-cinder-792462-8-smb devstack@c-api.service[98561]: INFO cinder.volume.api [None req-b62523f8-63b3-4efb-9a85-341b2d96474a tempest-VolumeSnapshotQuotasNegativeTestJSON-1785812368 tempest-VolumeSnapshotQuotasNegativeTestJSON-1785812368-project] Snapshot delete request issued successfully.
May 21 16:09:28.807852 dv-cinder-792462-8-smb devstack@c-api.service[98561]: INFO cinder.api.openstack.wsgi [None req-b62523f8-63b3-4efb-9a85-341b2d96474a tempest-VolumeSnapshotQuotasNegativeTestJSON-1785812368 tempest-VolumeSnapshotQuotasNegativeTestJSON-1785812368-project] http://10.222.0.91/volume/v3/c1f8d7f98bcb47d98ddb30d5660bb923/snapshots/e59f3fc5-8ef7-403f-8146-d1d1cb97e6c9 returned with HTTP 202
May 21 16:09:28.811681 dv-cinder-792462-8-smb devstack@c-api.service[98561]: [pid: 98561|app: 0|req: 172/357] 10.222.0.91 () {58 vars in 1334 bytes} [Fri May 21 16:09:28 2021] DELETE /volume/v3/c1f8d7f98bcb47d98ddb30d5660bb923/snapshots/e59f3fc5-8ef7-403f-8146-d1d1cb97e6c9 => generated 0 bytes in 134 msecs (HTTP/1.1 202) 6 headers in 233 bytes (2 switches on core 0)
May 21 16:09:28.823567 dv-cinder-792462-8-smb devstack@c-api.service[98562]: INFO cinder.api.openstack.wsgi [None req-db079808-c049-4a67-a739-a4cdbf75951d tempest-VolumeSnapshotQuotasNegativeTestJSON-1785812368 tempest-VolumeSnapshotQuotasNegativeTestJSON-1785812368-project] GET http://10.222.0.91/volume/v3/c1f8d7f98bcb47d98ddb30d5660bb923/snapshots/e59f3fc5-8ef7-403f-8146-d1d1cb97e6c9
May 21 16:09:28.825032 dv-cinder-792462-8-smb devstack@c-api.service[98562]: DEBUG cinder.api.openstack.wsgi [None req-db079808-c049-4a67-a739-a4cdbf75951d tempest-VolumeSnapshotQuotasNegativeTestJSON-1785812368 tempest-VolumeSnapshotQuotasNegativeTestJSON-1785812368-project] Empty body provided in request {{(pid=98562) get_body /opt/stack/cinder/cinder/api/openstack/wsgi.py:713}}
May 21 16:09:28.825605 dv-cinder-792462-8-smb devstack@c-api.service[98562]: /usr/local/lib/python3.8/dist-packages/webob/acceptparse.py:1047: DeprecationWarning: The behavior of AcceptValidHeader.best_match is currently being maintained for backward compatibility, but it will be deprecated in the future, as it does not conform to the RFC.
May 21 16:09:28.825605 dv-cinder-792462-8-smb devstack@c-api.service[98562]: warnings.warn(
May 21 16:09:28.826415 dv-cinder-792462-8-smb devstack@c-api.service[98562]: DEBUG cinder.api.openstack.wsgi [None req-db079808-c049-4a67-a739-a4cdbf75951d tempest-VolumeSnapshotQuotasNegativeTestJSON-1785812368 tempest-VolumeSnapshotQuotasNegativeTestJSON-1785812368-project] Calling method 'show' {{(pid=98562) _process_stack /opt/stack/cinder/cinder/api/openstack/wsgi.py:866}}
May 21 16:09:28.858704 dv-cinder-792462-8-smb devstack@c-api.service[98562]: /usr/local/lib/python3.8/dist-packages/oslo_context/context.py:105: DeprecationWarning: Policy enforcement is depending on the value of is_admin. This key is deprecated. Please update your policy file to use the standard policy values.
May 21 16:09:28.858704 dv-cinder-792462-8-smb devstack@c-api.service[98562]: warnings.warn('Policy enforcement is depending on the value of '
May 21 16:09:28.860249 dv-cinder-792462-8-smb devstack@c-api.service[98562]: INFO cinder.volume.api [None req-db079808-c049-4a67-a739-a4cdbf75951d tempest-VolumeSnapshotQuotasNegativeTestJSON-1785812368 tempest-VolumeSnapshotQuotasNegativeTestJSON-1785812368-project] Snapshot retrieved successfully.
May 21 16:09:28.862344 dv-cinder-792462-8-smb devstack@c-api.service[98562]: INFO cinder.api.openstack.wsgi [None req-db079808-c049-4a67-a739-a4cdbf75951d tempest-VolumeSnapshotQuotasNegativeTestJSON-1785812368 tempest-VolumeSnapshotQuotasNegativeTestJSON-1785812368-project] http://10.222.0.91/volume/v3/c1f8d7f98bcb47d98ddb30d5660bb923/snapshots/e59f3fc5-8ef7-403f-8146-d1d1cb97e6c9 returned with HTTP 200
May 21 16:09:28.871134 dv-cinder-792462-8-smb devstack@c-api.service[98562]: [pid: 98562|app: 0|req: 186/358] 10.222.0.91 () {58 vars in 1331 bytes} [Fri May 21 16:09:28 2021] GET /volume/v3/c1f8d7f98bcb47d98ddb30d5660bb923/snapshots/e59f3fc5-8ef7-403f-8146-d1d1cb97e6c9 => generated 547 bytes in 58 msecs (HTTP/1.1 200) 7 headers in 285 bytes (1 switches on core 0)
May 21 16:09:28.875369 dv-cinder-792462-8-smb devstack@c-api.service[98561]: INFO cinder.api.openstack.wsgi [req-625b7b4a-d754-48c4-a6ad-1f8309163b4f req-19a3d44e-7cb6-40ba-86e6-c13a76a9f912 tempest-AttachVolumeNegativeTest-1651531538 tempest-AttachVolumeNegativeTest-1651531538-project] GET http://10.222.0.91/volume/v3/06997d78033c4441a9f5f2a805cd7538/volumes/1f9c6ba5-2f9c-4037-9a10-c03459a5bf61
May 21 16:09:28.875862 dv-cinder-792462-8-smb devstack@c-api.service[98561]: DEBUG cinder.api.openstack.wsgi [req-625b7b4a-d754-48c4-a6ad-1f8309163b4f req-19a3d44e-7cb6-40ba-86e6-c13a76a9f912 tempest-AttachVolumeNegativeTest-1651531538 tempest-AttachVolumeNegativeTest-1651531538-project] Empty body provided in request {{(pid=98561) get_body /opt/stack/cinder/cinder/api/openstack/wsgi.py:713}}
May 21 16:09:28.876014 dv-cinder-792462-8-smb devstack@c-api.service[98561]: /usr/local/lib/python3.8/dist-packages/webob/acceptparse.py:1047: DeprecationWarning: The behavior of AcceptValidHeader.best_match is currently being maintained for backward compatibility, but it will be deprecated in the future, as it does not conform to the RFC.
May 21 16:09:28.876014 dv-cinder-792462-8-smb devstack@c-api.service[98561]: warnings.warn(
May 21 16:09:28.876429 dv-cinder-792462-8-smb devstack@c-api.service[98561]: DEBUG cinder.api.openstack.wsgi [req-625b7b4a-d754-48c4-a6ad-1f8309163b4f req-19a3d44e-7cb6-40ba-86e6-c13a76a9f912 tempest-AttachVolumeNegativeTest-1651531538 tempest-AttachVolumeNegativeTest-1651531538-project] Calling method 'show' {{(pid=98561) _process_stack /opt/stack/cinder/cinder/api/openstack/wsgi.py:866}}
May 21 16:09:28.926853 dv-cinder-792462-8-smb devstack@c-api.service[98561]: /usr/local/lib/python3.8/dist-packages/oslo_context/context.py:105: DeprecationWarning: Policy enforcement is depending on the value of is_admin. This key is deprecated. Please update your policy file to use the standard policy values.
May 21 16:09:28.926853 dv-cinder-792462-8-smb devstack@c-api.service[98561]: warnings.warn('Policy enforcement is depending on the value of '
May 21 16:09:28.935460 dv-cinder-792462-8-smb devstack@c-api.service[98561]: INFO cinder.volume.api [req-625b7b4a-d754-48c4-a6ad-1f8309163b4f req-19a3d44e-7cb6-40ba-86e6-c13a76a9f912 tempest-AttachVolumeNegativeTest-1651531538 tempest-AttachVolumeNegativeTest-1651531538-project] Volume info retrieved successfully.
May 21 16:09:28.953571 dv-cinder-792462-8-smb devstack@c-api.service[98561]: /usr/local/lib/python3.8/dist-packages/oslo_context/context.py:105: DeprecationWarning: Policy enforcement is depending on the value of is_admin. This key is deprecated. Please update your policy file to use the standard policy values.
May 21 16:09:28.953571 dv-cinder-792462-8-smb devstack@c-api.service[98561]: warnings.warn('Policy enforcement is depending on the value of '
May 21 16:09:28.963762 dv-cinder-792462-8-smb devstack@c-api.service[98561]: INFO cinder.api.openstack.wsgi [req-625b7b4a-d754-48c4-a6ad-1f8309163b4f req-19a3d44e-7cb6-40ba-86e6-c13a76a9f912 tempest-AttachVolumeNegativeTest-1651531538 tempest-AttachVolumeNegativeTest-1651531538-project] http://10.222.0.91/volume/v3/06997d78033c4441a9f5f2a805cd7538/volumes/1f9c6ba5-2f9c-4037-9a10-c03459a5bf61 returned with HTTP 200
May 21 16:09:28.964803 dv-cinder-792462-8-smb devstack@c-api.service[98561]: [pid: 98561|app: 0|req: 173/359] 10.222.0.91 () {60 vars in 1579 bytes} [Fri May 21 16:09:28 2021] GET /volume/v3/06997d78033c4441a9f5f2a805cd7538/volumes/1f9c6ba5-2f9c-4037-9a10-c03459a5bf61 => generated 1209 bytes in 94 msecs (HTTP/1.1 200) 7 headers in 286 bytes (1 switches on core 0)
May 21 16:09:29.089334 dv-cinder-792462-8-smb devstack@c-api.service[98562]: INFO cinder.api.openstack.wsgi [req-625b7b4a-d754-48c4-a6ad-1f8309163b4f req-046f1dc0-ffd0-47c5-9903-b234764b65de tempest-AttachVolumeNegativeTest-1651531538 tempest-AttachVolumeNegativeTest-1651531538-project] POST http://10.222.0.91/volume/v3/06997d78033c4441a9f5f2a805cd7538/volumes/1f9c6ba5-2f9c-4037-9a10-c03459a5bf61/action
May 21 16:09:29.089821 dv-cinder-792462-8-smb devstack@c-api.service[98562]: /usr/local/lib/python3.8/dist-packages/webob/acceptparse.py:1047: DeprecationWarning: The behavior of AcceptValidHeader.best_match is currently being maintained for backward compatibility, but it will be deprecated in the future, as it does not conform to the RFC.
May 21 16:09:29.089821 dv-cinder-792462-8-smb devstack@c-api.service[98562]: warnings.warn(
May 21 16:09:29.090210 dv-cinder-792462-8-smb devstack@c-api.service[98562]: DEBUG cinder.api.openstack.wsgi [req-625b7b4a-d754-48c4-a6ad-1f8309163b4f req-046f1dc0-ffd0-47c5-9903-b234764b65de tempest-AttachVolumeNegativeTest-1651531538 tempest-AttachVolumeNegativeTest-1651531538-project] Action body: b'{"os-begin_detaching": null}' {{(pid=98562) get_method /opt/stack/cinder/cinder/api/openstack/wsgi.py:981}}
May 21 16:09:29.090565 dv-cinder-792462-8-smb devstack@c-api.service[98562]: DEBUG cinder.api.openstack.wsgi [req-625b7b4a-d754-48c4-a6ad-1f8309163b4f req-046f1dc0-ffd0-47c5-9903-b234764b65de tempest-AttachVolumeNegativeTest-1651531538 tempest-AttachVolumeNegativeTest-1651531538-project] Action: 'action', calling method: _begin_detaching, body: {"os-begin_detaching": null} {{(pid=98562) _process_stack /opt/stack/cinder/cinder/api/openstack/wsgi.py:864}}
May 21 16:09:29.144659 dv-cinder-792462-8-smb devstack@c-api.service[98562]: /usr/local/lib/python3.8/dist-packages/oslo_context/context.py:105: DeprecationWarning: Policy enforcement is depending on the value of is_admin. This key is deprecated. Please update your policy file to use the standard policy values.
May 21 16:09:29.144659 dv-cinder-792462-8-smb devstack@c-api.service[98562]: warnings.warn('Policy enforcement is depending on the value of '
May 21 16:09:29.145759 dv-cinder-792462-8-smb devstack@c-api.service[98562]: INFO cinder.volume.api [req-625b7b4a-d754-48c4-a6ad-1f8309163b4f req-046f1dc0-ffd0-47c5-9903-b234764b65de tempest-AttachVolumeNegativeTest-1651531538 tempest-AttachVolumeNegativeTest-1651531538-project] Volume info retrieved successfully.
May 21 16:09:29.165578 dv-cinder-792462-8-smb devstack@c-api.service[98562]: INFO cinder.volume.api [req-625b7b4a-d754-48c4-a6ad-1f8309163b4f req-046f1dc0-ffd0-47c5-9903-b234764b65de tempest-AttachVolumeNegativeTest-1651531538 tempest-AttachVolumeNegativeTest-1651531538-project] Begin detaching volume completed successfully.
May 21 16:09:29.166701 dv-cinder-792462-8-smb devstack@c-api.service[98562]: INFO cinder.api.openstack.wsgi [req-625b7b4a-d754-48c4-a6ad-1f8309163b4f req-046f1dc0-ffd0-47c5-9903-b234764b65de tempest-AttachVolumeNegativeTest-1651531538 tempest-AttachVolumeNegativeTest-1651531538-project] http://10.222.0.91/volume/v3/06997d78033c4441a9f5f2a805cd7538/volumes/1f9c6ba5-2f9c-4037-9a10-c03459a5bf61/action returned with HTTP 202
May 21 16:09:29.168138 dv-cinder-792462-8-smb devstack@c-api.service[98562]: [pid: 98562|app: 0|req: 187/360] 10.222.0.91 () {64 vars in 1653 bytes} [Fri May 21 16:09:29 2021] POST /volume/v3/06997d78033c4441a9f5f2a805cd7538/volumes/1f9c6ba5-2f9c-4037-9a10-c03459a5bf61/action => generated 0 bytes in 83 msecs (HTTP/1.1 202) 7 headers in 289 bytes (1 switches on core 0)
May 21 16:09:29.197978 dv-cinder-792462-8-smb devstack@c-api.service[98561]: INFO cinder.api.openstack.wsgi [None req-3945e8de-b293-4d7f-80f6-840f3b72e8cc tempest-AttachVolumeNegativeTest-1651531538 tempest-AttachVolumeNegativeTest-1651531538-project] GET http://10.222.0.91/volume/v3/06997d78033c4441a9f5f2a805cd7538/volumes/1f9c6ba5-2f9c-4037-9a10-c03459a5bf61
May 21 16:09:29.198849 dv-cinder-792462-8-smb devstack@c-api.service[98561]: DEBUG cinder.api.openstack.wsgi [None req-3945e8de-b293-4d7f-80f6-840f3b72e8cc tempest-AttachVolumeNegativeTest-1651531538 tempest-AttachVolumeNegativeTest-1651531538-project] Empty body provided in request {{(pid=98561) get_body /opt/stack/cinder/cinder/api/openstack/wsgi.py:713}}
May 21 16:09:29.199060 dv-cinder-792462-8-smb devstack@c-api.service[98561]: /usr/local/lib/python3.8/dist-packages/webob/acceptparse.py:1047: DeprecationWarning: The behavior of AcceptValidHeader.best_match is currently being maintained for backward compatibility, but it will be deprecated in the future, as it does not conform to the RFC.
May 21 16:09:29.199060 dv-cinder-792462-8-smb devstack@c-api.service[98561]: warnings.warn(
May 21 16:09:29.199401 dv-cinder-792462-8-smb devstack@c-api.service[98561]: DEBUG cinder.api.openstack.wsgi [None req-3945e8de-b293-4d7f-80f6-840f3b72e8cc tempest-AttachVolumeNegativeTest-1651531538 tempest-AttachVolumeNegativeTest-1651531538-project] Calling method 'show' {{(pid=98561) _process_stack /opt/stack/cinder/cinder/api/openstack/wsgi.py:866}}
May 21 16:09:29.230207 dv-cinder-792462-8-smb devstack@c-api.service[98562]: INFO cinder.api.openstack.wsgi [None req-cf3dae35-e0a0-4aa5-b0bd-491a24d62ded tempest-VolumesDeleteCascade-290301892 tempest-VolumesDeleteCascade-290301892-project] GET http://10.222.0.91/volume/v3/f7c1088c0d2749e8a600d030e830dc2c/volumes/5d35f0c6-b0b5-41d4-888f-af7cbb38d038
May 21 16:09:29.230207 dv-cinder-792462-8-smb devstack@c-api.service[98562]: DEBUG cinder.api.openstack.wsgi [None req-cf3dae35-e0a0-4aa5-b0bd-491a24d62ded tempest-VolumesDeleteCascade-290301892 tempest-VolumesDeleteCascade-290301892-project] Empty body provided in request {{(pid=98562) get_body /opt/stack/cinder/cinder/api/openstack/wsgi.py:713}}
May 21 16:09:29.230451 dv-cinder-792462-8-smb devstack@c-api.service[98562]: /usr/local/lib/python3.8/dist-packages/webob/acceptparse.py:1047: DeprecationWarning: The behavior of AcceptValidHeader.best_match is currently being maintained for backward compatibility, but it will be deprecated in the future, as it does not conform to the RFC.
May 21 16:09:29.230451 dv-cinder-792462-8-smb devstack@c-api.service[98562]: warnings.warn(
May 21 16:09:29.230751 dv-cinder-792462-8-smb devstack@c-api.service[98562]: DEBUG cinder.api.openstack.wsgi [None req-cf3dae35-e0a0-4aa5-b0bd-491a24d62ded tempest-VolumesDeleteCascade-290301892 tempest-VolumesDeleteCascade-290301892-project] Calling method 'show' {{(pid=98562) _process_stack /opt/stack/cinder/cinder/api/openstack/wsgi.py:866}}
May 21 16:09:29.288565 dv-cinder-792462-8-smb devstack@c-api.service[98561]: /usr/local/lib/python3.8/dist-packages/oslo_context/context.py:105: DeprecationWarning: Policy enforcement is depending on the value of is_admin. This key is deprecated. Please update your policy file to use the standard policy values.
May 21 16:09:29.288565 dv-cinder-792462-8-smb devstack@c-api.service[98561]: warnings.warn('Policy enforcement is depending on the value of '
May 21 16:09:29.300288 dv-cinder-792462-8-smb devstack@c-api.service[98561]: INFO cinder.volume.api [None req-3945e8de-b293-4d7f-80f6-840f3b72e8cc tempest-AttachVolumeNegativeTest-1651531538 tempest-AttachVolumeNegativeTest-1651531538-project] Volume info retrieved successfully.
May 21 16:09:29.311218 dv-cinder-792462-8-smb devstack@c-api.service[98562]: INFO cinder.api.openstack.wsgi [None req-cf3dae35-e0a0-4aa5-b0bd-491a24d62ded tempest-VolumesDeleteCascade-290301892 tempest-VolumesDeleteCascade-290301892-project] http://10.222.0.91/volume/v3/f7c1088c0d2749e8a600d030e830dc2c/volumes/5d35f0c6-b0b5-41d4-888f-af7cbb38d038 returned with HTTP 404
May 21 16:09:29.312943 dv-cinder-792462-8-smb devstack@c-api.service[98562]: [pid: 98562|app: 0|req: 188/361] 10.222.0.91 () {58 vars in 1325 bytes} [Fri May 21 16:09:29 2021] GET /volume/v3/f7c1088c0d2749e8a600d030e830dc2c/volumes/5d35f0c6-b0b5-41d4-888f-af7cbb38d038 => generated 109 bytes in 86 msecs (HTTP/1.1 404) 7 headers in 292 bytes (2 switches on core 0)
May 21 16:09:29.314122 dv-cinder-792462-8-smb devstack@c-api.service[98562]: INFO cinder.api.openstack.wsgi [None req-cf3dae35-e0a0-4aa5-b0bd-491a24d62ded tempest-VolumesDeleteCascade-290301892 tempest-VolumesDeleteCascade-290301892-project] GET http://10.222.0.91/volume//
May 21 16:09:29.314747 dv-cinder-792462-8-smb devstack@c-api.service[98562]: DEBUG cinder.api.openstack.wsgi [None req-cf3dae35-e0a0-4aa5-b0bd-491a24d62ded tempest-VolumesDeleteCascade-290301892 tempest-VolumesDeleteCascade-290301892-project] Empty body provided in request {{(pid=98562) get_body /opt/stack/cinder/cinder/api/openstack/wsgi.py:713}}
May 21 16:09:29.315376 dv-cinder-792462-8-smb devstack@c-api.service[98562]: DEBUG cinder.api.openstack.wsgi [None req-cf3dae35-e0a0-4aa5-b0bd-491a24d62ded tempest-VolumesDeleteCascade-290301892 tempest-VolumesDeleteCascade-290301892-project] Calling method 'all' {{(pid=98562) _process_stack /opt/stack/cinder/cinder/api/openstack/wsgi.py:866}}
May 21 16:09:29.317006 dv-cinder-792462-8-smb devstack@c-api.service[98562]: INFO cinder.api.openstack.wsgi [None req-cf3dae35-e0a0-4aa5-b0bd-491a24d62ded tempest-VolumesDeleteCascade-290301892 tempest-VolumesDeleteCascade-290301892-project] http://10.222.0.91/volume// returned with HTTP 300
May 21 16:09:29.318189 dv-cinder-792462-8-smb devstack@c-api.service[98562]: [pid: 98562|app: 0|req: 189/362] 10.222.0.84 () {56 vars in 1099 bytes} [Fri May 21 16:09:29 2021] GET /volume/ => generated 754 bytes in 4 msecs (HTTP/1.1 300) 5 headers in 169 bytes (1 switches on core 0)
May 21 16:09:29.322155 dv-cinder-792462-8-smb devstack@c-api.service[98562]: INFO cinder.api.openstack.wsgi [None req-bb499754-ceaa-41c2-83b8-117706918f9c tempest-VolumesDeleteCascade-290301892 tempest-VolumesDeleteCascade-290301892-project] GET http://10.222.0.91/volume/v3/f7c1088c0d2749e8a600d030e830dc2c/volumes
May 21 16:09:29.322887 dv-cinder-792462-8-smb devstack@c-api.service[98562]: DEBUG cinder.api.openstack.wsgi [None req-bb499754-ceaa-41c2-83b8-117706918f9c tempest-VolumesDeleteCascade-290301892 tempest-VolumesDeleteCascade-290301892-project] Empty body provided in request {{(pid=98562) get_body /opt/stack/cinder/cinder/api/openstack/wsgi.py:713}}
May 21 16:09:29.323566 dv-cinder-792462-8-smb devstack@c-api.service[98562]: DEBUG cinder.api.openstack.wsgi [None req-bb499754-ceaa-41c2-83b8-117706918f9c tempest-VolumesDeleteCascade-290301892 tempest-VolumesDeleteCascade-290301892-project] Calling method 'index' {{(pid=98562) _process_stack /opt/stack/cinder/cinder/api/openstack/wsgi.py:866}}
May 21 16:09:29.324402 dv-cinder-792462-8-smb devstack@c-api.service[98562]: DEBUG cinder.api.api_utils [None req-bb499754-ceaa-41c2-83b8-117706918f9c tempest-VolumesDeleteCascade-290301892 tempest-VolumesDeleteCascade-290301892-project] Removing options '' from query. {{(pid=98562) remove_invalid_filter_options /opt/stack/cinder/cinder/api/api_utils.py:73}}
May 21 16:09:29.326664 dv-cinder-792462-8-smb devstack@c-api.service[98562]: DEBUG cinder.volume.api [None req-bb499754-ceaa-41c2-83b8-117706918f9c tempest-VolumesDeleteCascade-290301892 tempest-VolumesDeleteCascade-290301892-project] Searching by: MultiDict([('no_migration_targets', True)]). {{(pid=98562) get_all /opt/stack/cinder/cinder/volume/api.py:617}}
May 21 16:09:29.336944 dv-cinder-792462-8-smb devstack@c-api.service[98561]: /usr/local/lib/python3.8/dist-packages/oslo_context/context.py:105: DeprecationWarning: Policy enforcement is depending on the value of is_admin. This key is deprecated. Please update your policy file to use the standard policy values.
May 21 16:09:29.336944 dv-cinder-792462-8-smb devstack@c-api.service[98561]: warnings.warn('Policy enforcement is depending on the value of '
May 21 16:09:29.373423 dv-cinder-792462-8-smb devstack@c-api.service[98561]: INFO cinder.api.openstack.wsgi [None req-3945e8de-b293-4d7f-80f6-840f3b72e8cc tempest-AttachVolumeNegativeTest-1651531538 tempest-AttachVolumeNegativeTest-1651531538-project] http://10.222.0.91/volume/v3/06997d78033c4441a9f5f2a805cd7538/volumes/1f9c6ba5-2f9c-4037-9a10-c03459a5bf61 returned with HTTP 200
May 21 16:09:29.375692 dv-cinder-792462-8-smb devstack@c-api.service[98561]: [pid: 98561|app: 0|req: 174/363] 10.222.0.91 () {58 vars in 1325 bytes} [Fri May 21 16:09:29 2021] GET /volume/v3/06997d78033c4441a9f5f2a805cd7538/volumes/1f9c6ba5-2f9c-4037-9a10-c03459a5bf61 => generated 1212 bytes in 182 msecs (HTTP/1.1 200) 7 headers in 286 bytes (1 switches on core 0)
May 21 16:09:29.379338 dv-cinder-792462-8-smb devstack@c-api.service[98561]: INFO cinder.api.openstack.wsgi [req-625b7b4a-d754-48c4-a6ad-1f8309163b4f req-a1627614-2d64-45ab-8b6e-3c18b4bcc142 tempest-AttachVolumeNegativeTest-1651531538 tempest-AttachVolumeNegativeTest-1651531538-project] GET http://10.222.0.91/volume/v3/06997d78033c4441a9f5f2a805cd7538/volumes/1f9c6ba5-2f9c-4037-9a10-c03459a5bf61
May 21 16:09:29.379848 dv-cinder-792462-8-smb devstack@c-api.service[98561]: DEBUG cinder.api.openstack.wsgi [req-625b7b4a-d754-48c4-a6ad-1f8309163b4f req-a1627614-2d64-45ab-8b6e-3c18b4bcc142 tempest-AttachVolumeNegativeTest-1651531538 tempest-AttachVolumeNegativeTest-1651531538-project] Empty body provided in request {{(pid=98561) get_body /opt/stack/cinder/cinder/api/openstack/wsgi.py:713}}
May 21 16:09:29.380003 dv-cinder-792462-8-smb devstack@c-api.service[98561]: /usr/local/lib/python3.8/dist-packages/webob/acceptparse.py:1047: DeprecationWarning: The behavior of AcceptValidHeader.best_match is currently being maintained for backward compatibility, but it will be deprecated in the future, as it does not conform to the RFC.
May 21 16:09:29.380003 dv-cinder-792462-8-smb devstack@c-api.service[98561]: warnings.warn(
May 21 16:09:29.380339 dv-cinder-792462-8-smb devstack@c-api.service[98561]: DEBUG cinder.api.openstack.wsgi [req-625b7b4a-d754-48c4-a6ad-1f8309163b4f req-a1627614-2d64-45ab-8b6e-3c18b4bcc142 tempest-AttachVolumeNegativeTest-1651531538 tempest-AttachVolumeNegativeTest-1651531538-project] Calling method 'show' {{(pid=98561) _process_stack /opt/stack/cinder/cinder/api/openstack/wsgi.py:866}}
May 21 16:09:29.384632 dv-cinder-792462-8-smb devstack@c-api.service[98562]: INFO cinder.volume.api [None req-bb499754-ceaa-41c2-83b8-117706918f9c tempest-VolumesDeleteCascade-290301892 tempest-VolumesDeleteCascade-290301892-project] Get all volumes completed successfully.
May 21 16:09:29.385441 dv-cinder-792462-8-smb devstack@c-api.service[98562]: INFO cinder.api.openstack.wsgi [None req-bb499754-ceaa-41c2-83b8-117706918f9c tempest-VolumesDeleteCascade-290301892 tempest-VolumesDeleteCascade-290301892-project] http://10.222.0.91/volume/v3/f7c1088c0d2749e8a600d030e830dc2c/volumes returned with HTTP 200
May 21 16:09:29.387090 dv-cinder-792462-8-smb devstack@c-api.service[98562]: [pid: 98562|app: 0|req: 190/364] 10.222.0.91 () {58 vars in 1214 bytes} [Fri May 21 16:09:29 2021] GET /volume/v3/f7c1088c0d2749e8a600d030e830dc2c/volumes => generated 15 bytes in 68 msecs (HTTP/1.1 200) 7 headers in 284 bytes (1 switches on core 0)
May 21 16:09:29.408536 dv-cinder-792462-8-smb devstack@c-api.service[98562]: INFO cinder.api.openstack.wsgi [None req-5a41de03-2220-45c4-b408-c8cd3d3334a0 tempest-VolumesDeleteCascade-290301892 tempest-VolumesDeleteCascade-290301892-project] GET http://10.222.0.91/volume/v3/f7c1088c0d2749e8a600d030e830dc2c/snapshots
May 21 16:09:29.415741 dv-cinder-792462-8-smb devstack@c-api.service[98562]: DEBUG cinder.api.openstack.wsgi [None req-5a41de03-2220-45c4-b408-c8cd3d3334a0 tempest-VolumesDeleteCascade-290301892 tempest-VolumesDeleteCascade-290301892-project] Empty body provided in request {{(pid=98562) get_body /opt/stack/cinder/cinder/api/openstack/wsgi.py:713}}
May 21 16:09:29.416241 dv-cinder-792462-8-smb devstack@c-api.service[98562]: DEBUG cinder.api.openstack.wsgi [None req-5a41de03-2220-45c4-b408-c8cd3d3334a0 tempest-VolumesDeleteCascade-290301892 tempest-VolumesDeleteCascade-290301892-project] Calling method 'index' {{(pid=98562) _process_stack /opt/stack/cinder/cinder/api/openstack/wsgi.py:866}}
May 21 16:09:29.417907 dv-cinder-792462-8-smb devstack@c-api.service[98562]: DEBUG cinder.api.api_utils [None req-5a41de03-2220-45c4-b408-c8cd3d3334a0 tempest-VolumesDeleteCascade-290301892 tempest-VolumesDeleteCascade-290301892-project] Removing options '' from query. {{(pid=98562) remove_invalid_filter_options /opt/stack/cinder/cinder/api/api_utils.py:73}}
May 21 16:09:29.424286 dv-cinder-792462-8-smb devstack@c-api.service[98562]: DEBUG cinder.db.sqlalchemy.api [None req-5a41de03-2220-45c4-b408-c8cd3d3334a0 tempest-VolumesDeleteCascade-290301892 tempest-VolumesDeleteCascade-290301892-project] Building query based on filter {{(pid=98562) _process_snaps_filters /opt/stack/cinder/cinder/db/sqlalchemy/api.py:3138}}
May 21 16:09:29.454355 dv-cinder-792462-8-smb devstack@c-api.service[98561]: /usr/local/lib/python3.8/dist-packages/oslo_context/context.py:105: DeprecationWarning: Policy enforcement is depending on the value of is_admin. This key is deprecated. Please update your policy file to use the standard policy values.
May 21 16:09:29.454355 dv-cinder-792462-8-smb devstack@c-api.service[98561]: warnings.warn('Policy enforcement is depending on the value of '
May 21 16:09:29.466366 dv-cinder-792462-8-smb devstack@c-api.service[98562]: INFO cinder.volume.api [None req-5a41de03-2220-45c4-b408-c8cd3d3334a0 tempest-VolumesDeleteCascade-290301892 tempest-VolumesDeleteCascade-290301892-project] Get all snapshots completed successfully.
May 21 16:09:29.467010 dv-cinder-792462-8-smb devstack@c-api.service[98562]: INFO cinder.api.openstack.wsgi [None req-5a41de03-2220-45c4-b408-c8cd3d3334a0 tempest-VolumesDeleteCascade-290301892 tempest-VolumesDeleteCascade-290301892-project] http://10.222.0.91/volume/v3/f7c1088c0d2749e8a600d030e830dc2c/snapshots returned with HTTP 200
May 21 16:09:29.469132 dv-cinder-792462-8-smb devstack@c-api.service[98561]: INFO cinder.volume.api [req-625b7b4a-d754-48c4-a6ad-1f8309163b4f req-a1627614-2d64-45ab-8b6e-3c18b4bcc142 tempest-AttachVolumeNegativeTest-1651531538 tempest-AttachVolumeNegativeTest-1651531538-project] Volume info retrieved successfully.
May 21 16:09:29.470214 dv-cinder-792462-8-smb devstack@c-api.service[98562]: [pid: 98562|app: 0|req: 191/365] 10.222.0.91 () {58 vars in 1220 bytes} [Fri May 21 16:09:29 2021] GET /volume/v3/f7c1088c0d2749e8a600d030e830dc2c/snapshots => generated 17 bytes in 77 msecs (HTTP/1.1 200) 7 headers in 284 bytes (1 switches on core 0)
May 21 16:09:29.485488 dv-cinder-792462-8-smb devstack@c-api.service[98562]: INFO cinder.api.openstack.wsgi [None req-a7a7e1a7-6734-49c9-a675-9ec661fe84a3 tempest-VolumesDeleteCascade-290301892 tempest-VolumesDeleteCascade-290301892-project] POST http://10.222.0.91/volume/v3/f7c1088c0d2749e8a600d030e830dc2c/volumes
May 21 16:09:29.490910 dv-cinder-792462-8-smb devstack@c-api.service[98562]: DEBUG cinder.api.openstack.wsgi [None req-a7a7e1a7-6734-49c9-a675-9ec661fe84a3 tempest-VolumesDeleteCascade-290301892 tempest-VolumesDeleteCascade-290301892-project] Action: 'create', calling method: create, body: {"volume": {"size": 1, "name": "tempest-VolumesDeleteCascade-Volume-135540968"}} {{(pid=98562) _process_stack /opt/stack/cinder/cinder/api/openstack/wsgi.py:864}}
May 21 16:09:29.490910 dv-cinder-792462-8-smb devstack@c-api.service[98562]: DEBUG cinder.api.v3.volumes [None req-a7a7e1a7-6734-49c9-a675-9ec661fe84a3 tempest-VolumesDeleteCascade-290301892 tempest-VolumesDeleteCascade-290301892-project] Create volume request body: {'volume': {'size': 1, 'name': 'tempest-VolumesDeleteCascade-Volume-135540968'}} {{(pid=98562) create /opt/stack/cinder/cinder/api/v3/volumes.py:289}}
May 21 16:09:29.490910 dv-cinder-792462-8-smb devstack@c-api.service[98562]: INFO cinder.api.v3.volumes [None req-a7a7e1a7-6734-49c9-a675-9ec661fe84a3 tempest-VolumesDeleteCascade-290301892 tempest-VolumesDeleteCascade-290301892-project] Create volume of 1 GB
May 21 16:09:29.511773 dv-cinder-792462-8-smb devstack@c-api.service[98562]: INFO cinder.volume.api [None req-a7a7e1a7-6734-49c9-a675-9ec661fe84a3 tempest-VolumesDeleteCascade-290301892 tempest-VolumesDeleteCascade-290301892-project] Availability Zones retrieved successfully.
May 21 16:09:29.515762 dv-cinder-792462-8-smb devstack@c-api.service[98561]: /usr/local/lib/python3.8/dist-packages/oslo_context/context.py:105: DeprecationWarning: Policy enforcement is depending on the value of is_admin. This key is deprecated. Please update your policy file to use the standard policy values.
May 21 16:09:29.515762 dv-cinder-792462-8-smb devstack@c-api.service[98561]: warnings.warn('Policy enforcement is depending on the value of '
May 21 16:09:29.525066 dv-cinder-792462-8-smb devstack@c-api.service[98561]: INFO cinder.api.openstack.wsgi [req-625b7b4a-d754-48c4-a6ad-1f8309163b4f req-a1627614-2d64-45ab-8b6e-3c18b4bcc142 tempest-AttachVolumeNegativeTest-1651531538 tempest-AttachVolumeNegativeTest-1651531538-project] http://10.222.0.91/volume/v3/06997d78033c4441a9f5f2a805cd7538/volumes/1f9c6ba5-2f9c-4037-9a10-c03459a5bf61 returned with HTTP 200
May 21 16:09:29.526912 dv-cinder-792462-8-smb devstack@c-api.service[98561]: [pid: 98561|app: 0|req: 175/366] 10.222.0.84 () {60 vars in 1413 bytes} [Fri May 21 16:09:29 2021] GET /volume/v3/06997d78033c4441a9f5f2a805cd7538/volumes/1f9c6ba5-2f9c-4037-9a10-c03459a5bf61 => generated 1311 bytes in 151 msecs (HTTP/1.1 200) 7 headers in 287 bytes (1 switches on core 0)
May 21 16:09:29.547250 dv-cinder-792462-8-smb devstack@c-api.service[98562]: DEBUG cinder.volume.api [None req-a7a7e1a7-6734-49c9-a675-9ec661fe84a3 tempest-VolumesDeleteCascade-290301892 tempest-VolumesDeleteCascade-290301892-project] Flow 'volume_create_api' (d3f2ce52-466a-40ab-89e8-b35444e613ca) transitioned into state 'RUNNING' from state 'PENDING' {{(pid=98562) _flow_receiver /usr/local/lib/python3.8/dist-packages/taskflow/listeners/logging.py:141}}
May 21 16:09:29.549221 dv-cinder-792462-8-smb devstack@c-api.service[98561]: INFO cinder.api.openstack.wsgi [None req-4349e501-c1be-4fe6-98c7-cc8b9248a83e tempest-VolumesImageMetadata-1130726382 tempest-VolumesImageMetadata-1130726382-project] GET http://10.222.0.91/volume/v3/4e62a54526be44989ede70e628c767f7/volumes/8b9baa71-c8a6-4226-b731-b012efd7b1d5
May 21 16:09:29.549913 dv-cinder-792462-8-smb devstack@c-api.service[98561]: DEBUG cinder.api.openstack.wsgi [None req-4349e501-c1be-4fe6-98c7-cc8b9248a83e tempest-VolumesImageMetadata-1130726382 tempest-VolumesImageMetadata-1130726382-project] Empty body provided in request {{(pid=98561) get_body /opt/stack/cinder/cinder/api/openstack/wsgi.py:713}}
May 21 16:09:29.550085 dv-cinder-792462-8-smb devstack@c-api.service[98562]: DEBUG cinder.volume.api [None req-a7a7e1a7-6734-49c9-a675-9ec661fe84a3 tempest-VolumesDeleteCascade-290301892 tempest-VolumesDeleteCascade-290301892-project] Task 'cinder.volume.flows.api.create_volume.ExtractVolumeRequestTask;volume:create' (8ed93ed5-89e9-47f4-a182-2ba7ec14b7c8) transitioned into state 'RUNNING' from state 'PENDING' {{(pid=98562) _task_receiver /usr/local/lib/python3.8/dist-packages/taskflow/listeners/logging.py:190}}
May 21 16:09:29.550460 dv-cinder-792462-8-smb devstack@c-api.service[98561]: /usr/local/lib/python3.8/dist-packages/webob/acceptparse.py:1047: DeprecationWarning: The behavior of AcceptValidHeader.best_match is currently being maintained for backward compatibility, but it will be deprecated in the future, as it does not conform to the RFC.
May 21 16:09:29.550460 dv-cinder-792462-8-smb devstack@c-api.service[98561]: warnings.warn(
May 21 16:09:29.551020 dv-cinder-792462-8-smb devstack@c-api.service[98561]: DEBUG cinder.api.openstack.wsgi [None req-4349e501-c1be-4fe6-98c7-cc8b9248a83e tempest-VolumesImageMetadata-1130726382 tempest-VolumesImageMetadata-1130726382-project] Calling method 'show' {{(pid=98561) _process_stack /opt/stack/cinder/cinder/api/openstack/wsgi.py:866}}
May 21 16:09:29.552168 dv-cinder-792462-8-smb devstack@c-api.service[98562]: DEBUG cinder.volume.flows.api.create_volume [None req-a7a7e1a7-6734-49c9-a675-9ec661fe84a3 tempest-VolumesDeleteCascade-290301892 tempest-VolumesDeleteCascade-290301892-project] Validating volume size '1' using validate_int {{(pid=98562) _extract_size /opt/stack/cinder/cinder/volume/flows/api/create_volume.py:201}}
May 21 16:09:29.632135 dv-cinder-792462-8-smb devstack@c-api.service[98562]: DEBUG cinder.volume.api [None req-a7a7e1a7-6734-49c9-a675-9ec661fe84a3 tempest-VolumesDeleteCascade-290301892 tempest-VolumesDeleteCascade-290301892-project] Task 'cinder.volume.flows.api.create_volume.ExtractVolumeRequestTask;volume:create' (8ed93ed5-89e9-47f4-a182-2ba7ec14b7c8) transitioned into state 'SUCCESS' from state 'RUNNING' with result '{'size': 1, 'snapshot_id': None, 'source_volid': None, 'volume_type': VolumeType(created_at=2021-05-21T15:58:58Z,deleted=False,deleted_at=None,description='Default Volume Type',extra_specs={},id=64ad1a8f-0f74-400e-a13b-7431ed1797a1,is_public=True,name='__DEFAULT__',projects=[],qos_specs=,qos_specs_id=None,updated_at=2021-05-21T15:58:58Z), 'volume_type_id': '64ad1a8f-0f74-400e-a13b-7431ed1797a1', 'encryption_key_id': None, 'qos_specs': None, 'consistencygroup_id': None, 'cgsnapshot_id': None, 'group_id': None, 'replication_status': 'disabled', 'refresh_az': False, 'backup_id': None, 'multiattach': False, 'availability_zones': ['nova']}' {{(pid=98562) _task_receiver /usr/local/lib/python3.8/dist-packages/taskflow/listeners/logging.py:178}}
May 21 16:09:29.634175 dv-cinder-792462-8-smb devstack@c-api.service[98561]: /usr/local/lib/python3.8/dist-packages/oslo_context/context.py:105: DeprecationWarning: Policy enforcement is depending on the value of is_admin. This key is deprecated. Please update your policy file to use the standard policy values.
May 21 16:09:29.634175 dv-cinder-792462-8-smb devstack@c-api.service[98561]: warnings.warn('Policy enforcement is depending on the value of '
May 21 16:09:29.635820 dv-cinder-792462-8-smb devstack@c-api.service[98562]: DEBUG cinder.volume.api [None req-a7a7e1a7-6734-49c9-a675-9ec661fe84a3 tempest-VolumesDeleteCascade-290301892 tempest-VolumesDeleteCascade-290301892-project] Task 'cinder.volume.flows.api.create_volume.QuotaReserveTask;volume:create' (cfbb75ee-fc96-4356-81fc-930d6636c454) transitioned into state 'RUNNING' from state 'PENDING' {{(pid=98562) _task_receiver /usr/local/lib/python3.8/dist-packages/taskflow/listeners/logging.py:190}}
May 21 16:09:29.651686 dv-cinder-792462-8-smb devstack@c-api.service[98561]: INFO cinder.volume.api [None req-4349e501-c1be-4fe6-98c7-cc8b9248a83e tempest-VolumesImageMetadata-1130726382 tempest-VolumesImageMetadata-1130726382-project] Volume info retrieved successfully.
May 21 16:09:29.687929 dv-cinder-792462-8-smb devstack@c-api.service[98561]: INFO cinder.api.openstack.wsgi [None req-4349e501-c1be-4fe6-98c7-cc8b9248a83e tempest-VolumesImageMetadata-1130726382 tempest-VolumesImageMetadata-1130726382-project] http://10.222.0.91/volume/v3/4e62a54526be44989ede70e628c767f7/volumes/8b9baa71-c8a6-4226-b731-b012efd7b1d5 returned with HTTP 200
May 21 16:09:29.689108 dv-cinder-792462-8-smb devstack@c-api.service[98561]: [pid: 98561|app: 0|req: 176/367] 10.222.0.91 () {58 vars in 1325 bytes} [Fri May 21 16:09:29 2021] GET /volume/v3/4e62a54526be44989ede70e628c767f7/volumes/8b9baa71-c8a6-4226-b731-b012efd7b1d5 => generated 912 bytes in 145 msecs (HTTP/1.1 200) 7 headers in 285 bytes (1 switches on core 0)
May 21 16:09:29.730624 dv-cinder-792462-8-smb devstack@c-api.service[98562]: DEBUG cinder.quota [None req-a7a7e1a7-6734-49c9-a675-9ec661fe84a3 tempest-VolumesDeleteCascade-290301892 tempest-VolumesDeleteCascade-290301892-project] Created reservations ['b94ae6a4-8aec-45c0-8d08-551d30d604ab', 'fc454d74-6e92-4383-99d8-a4f208f22b90', 'ff2adeb1-0e5d-4bc1-a539-d1bdf1516889', 'b5e6fecf-3d1c-4288-8d40-39ada261eacd'] {{(pid=98562) reserve /opt/stack/cinder/cinder/quota.py:755}}
May 21 16:09:29.733246 dv-cinder-792462-8-smb devstack@c-api.service[98562]: DEBUG cinder.volume.api [None req-a7a7e1a7-6734-49c9-a675-9ec661fe84a3 tempest-VolumesDeleteCascade-290301892 tempest-VolumesDeleteCascade-290301892-project] Task 'cinder.volume.flows.api.create_volume.QuotaReserveTask;volume:create' (cfbb75ee-fc96-4356-81fc-930d6636c454) transitioned into state 'SUCCESS' from state 'RUNNING' with result '{'reservations': ['b94ae6a4-8aec-45c0-8d08-551d30d604ab', 'fc454d74-6e92-4383-99d8-a4f208f22b90', 'ff2adeb1-0e5d-4bc1-a539-d1bdf1516889', 'b5e6fecf-3d1c-4288-8d40-39ada261eacd']}' {{(pid=98562) _task_receiver /usr/local/lib/python3.8/dist-packages/taskflow/listeners/logging.py:178}}
May 21 16:09:29.738112 dv-cinder-792462-8-smb devstack@c-api.service[98562]: DEBUG cinder.volume.api [None req-a7a7e1a7-6734-49c9-a675-9ec661fe84a3 tempest-VolumesDeleteCascade-290301892 tempest-VolumesDeleteCascade-290301892-project] Task 'cinder.volume.flows.api.create_volume.EntryCreateTask;volume:create' (330c33c6-0397-409d-91b0-cfbc6e139fde) transitioned into state 'RUNNING' from state 'PENDING' {{(pid=98562) _task_receiver /usr/local/lib/python3.8/dist-packages/taskflow/listeners/logging.py:190}}
May 21 16:09:29.818208 dv-cinder-792462-8-smb devstack@c-api.service[98562]: DEBUG cinder.volume.api [None req-a7a7e1a7-6734-49c9-a675-9ec661fe84a3 tempest-VolumesDeleteCascade-290301892 tempest-VolumesDeleteCascade-290301892-project] Task 'cinder.volume.flows.api.create_volume.EntryCreateTask;volume:create' (330c33c6-0397-409d-91b0-cfbc6e139fde) transitioned into state 'SUCCESS' from state 'RUNNING' with result '{'volume_id': '318ba1d6-75e4-4f73-b0ba-e10e2ac7c569', 'volume_properties': VolumeProperties(attach_status='detached',availability_zone='nova',cgsnapshot_id=None,consistencygroup_id=None,display_description=None,display_name='tempest-VolumesDeleteCascade-Volume-135540968',encryption_key_id=None,group_id=None,group_type_id=,metadata={},multiattach=False,project_id='f7c1088c0d2749e8a600d030e830dc2c',qos_specs=None,replication_status=,reservations=['b94ae6a4-8aec-45c0-8d08-551d30d604ab','fc454d74-6e92-4383-99d8-a4f208f22b90','ff2adeb1-0e5d-4bc1-a539-d1bdf1516889','b5e6fecf-3d1c-4288-8d40-39ada261eacd'],size=1,snapshot_id=None,source_replicaid=,source_volid=None,status='creating',user_id='7e99dc51cc7a4a7ab5d607277dbc1bf4',volume_type_id=64ad1a8f-0f74-400e-a13b-7431ed1797a1), 'volume': Volume(_name_id=None,admin_metadata=,attach_status='detached',availability_zone='nova',bootable=False,cluster=,cluster_name=None,consistencygroup=,consistencygroup_id=None,created_at=2021-05-21T16:09:29Z,deleted=False,deleted_at=None,display_description=None,display_name='tempest-VolumesDeleteCascade-Volume-135540968',ec2_id=None,encryption_key_id=None,glance_metadata=,group=,group_id=None,host=None,id=318ba1d6-75e4-4f73-b0ba-e10e2ac7c569,launched_at=None,metadata={},migration_status=None,multiattach=False,previous_status=None,project_id='f7c1088c0d2749e8a600d030e830dc2c',provider_auth=None,provider_geometry=None,provider_id=None,provider_location=None,replication_driver_data=None,replication_extended_status=None,replication_status=None,scheduled_at=None,service_uuid=None,shared_targets=True,size=1,snapshot_id=None,snapshots=,source_volid=None,status='creating',terminated_at=None,updated_at=None,user_id='7e99dc51cc7a4a7ab5d607277dbc1bf4',volume_attachment=,volume_type=VolumeType(64ad1a8f-0f74-400e-a13b-7431ed1797a1),volume_type_id=64ad1a8f-0f74-400e-a13b-7431ed1797a1)}' {{(pid=98562) _task_receiver /usr/local/lib/python3.8/dist-packages/taskflow/listeners/logging.py:178}}
May 21 16:09:29.820256 dv-cinder-792462-8-smb devstack@c-api.service[98562]: DEBUG cinder.volume.api [None req-a7a7e1a7-6734-49c9-a675-9ec661fe84a3 tempest-VolumesDeleteCascade-290301892 tempest-VolumesDeleteCascade-290301892-project] Task 'cinder.volume.flows.api.create_volume.QuotaCommitTask;volume:create' (d5618c57-7047-49f4-ad4a-a9e69d9144f6) transitioned into state 'RUNNING' from state 'PENDING' {{(pid=98562) _task_receiver /usr/local/lib/python3.8/dist-packages/taskflow/listeners/logging.py:190}}
May 21 16:09:29.854264 dv-cinder-792462-8-smb devstack@c-api.service[98562]: DEBUG cinder.volume.api [None req-a7a7e1a7-6734-49c9-a675-9ec661fe84a3 tempest-VolumesDeleteCascade-290301892 tempest-VolumesDeleteCascade-290301892-project] Task 'cinder.volume.flows.api.create_volume.QuotaCommitTask;volume:create' (d5618c57-7047-49f4-ad4a-a9e69d9144f6) transitioned into state 'SUCCESS' from state 'RUNNING' with result '{'volume_properties': VolumeProperties(attach_status='detached',availability_zone='nova',cgsnapshot_id=None,consistencygroup_id=None,display_description=None,display_name='tempest-VolumesDeleteCascade-Volume-135540968',encryption_key_id=None,group_id=None,group_type_id=,metadata={},multiattach=False,project_id='f7c1088c0d2749e8a600d030e830dc2c',qos_specs=None,replication_status=,reservations=['b94ae6a4-8aec-45c0-8d08-551d30d604ab','fc454d74-6e92-4383-99d8-a4f208f22b90','ff2adeb1-0e5d-4bc1-a539-d1bdf1516889','b5e6fecf-3d1c-4288-8d40-39ada261eacd'],size=1,snapshot_id=None,source_replicaid=,source_volid=None,status='creating',user_id='7e99dc51cc7a4a7ab5d607277dbc1bf4',volume_type_id=64ad1a8f-0f74-400e-a13b-7431ed1797a1)}' {{(pid=98562) _task_receiver /usr/local/lib/python3.8/dist-packages/taskflow/listeners/logging.py:178}}
May 21 16:09:29.856629 dv-cinder-792462-8-smb devstack@c-api.service[98562]: DEBUG cinder.volume.api [None req-a7a7e1a7-6734-49c9-a675-9ec661fe84a3 tempest-VolumesDeleteCascade-290301892 tempest-VolumesDeleteCascade-290301892-project] Task 'cinder.volume.flows.api.create_volume.VolumeCastTask;volume:create' (b248d2ed-0bf2-4857-97d3-5828d133967c) transitioned into state 'RUNNING' from state 'PENDING' {{(pid=98562) _task_receiver /usr/local/lib/python3.8/dist-packages/taskflow/listeners/logging.py:190}}
May 21 16:09:29.878117 dv-cinder-792462-8-smb devstack@c-api.service[98561]: INFO cinder.api.openstack.wsgi [None req-a689302b-3e3e-48ba-99cc-64a12895910e tempest-VolumeSnapshotQuotasNegativeTestJSON-1785812368 tempest-VolumeSnapshotQuotasNegativeTestJSON-1785812368-project] GET http://10.222.0.91/volume/v3/c1f8d7f98bcb47d98ddb30d5660bb923/snapshots/e59f3fc5-8ef7-403f-8146-d1d1cb97e6c9
May 21 16:09:29.879040 dv-cinder-792462-8-smb devstack@c-api.service[98561]: DEBUG cinder.api.openstack.wsgi [None req-a689302b-3e3e-48ba-99cc-64a12895910e tempest-VolumeSnapshotQuotasNegativeTestJSON-1785812368 tempest-VolumeSnapshotQuotasNegativeTestJSON-1785812368-project] Empty body provided in request {{(pid=98561) get_body /opt/stack/cinder/cinder/api/openstack/wsgi.py:713}}
May 21 16:09:29.879352 dv-cinder-792462-8-smb devstack@c-api.service[98561]: /usr/local/lib/python3.8/dist-packages/webob/acceptparse.py:1047: DeprecationWarning: The behavior of AcceptValidHeader.best_match is currently being maintained for backward compatibility, but it will be deprecated in the future, as it does not conform to the RFC.
May 21 16:09:29.879352 dv-cinder-792462-8-smb devstack@c-api.service[98561]: warnings.warn(
May 21 16:09:29.879836 dv-cinder-792462-8-smb devstack@c-api.service[98561]: DEBUG cinder.api.openstack.wsgi [None req-a689302b-3e3e-48ba-99cc-64a12895910e tempest-VolumeSnapshotQuotasNegativeTestJSON-1785812368 tempest-VolumeSnapshotQuotasNegativeTestJSON-1785812368-project] Calling method 'show' {{(pid=98561) _process_stack /opt/stack/cinder/cinder/api/openstack/wsgi.py:866}}
May 21 16:09:29.883872 dv-cinder-792462-8-smb devstack@c-api.service[98562]: DEBUG cinder.volume.api [None req-a7a7e1a7-6734-49c9-a675-9ec661fe84a3 tempest-VolumesDeleteCascade-290301892 tempest-VolumesDeleteCascade-290301892-project] Task 'cinder.volume.flows.api.create_volume.VolumeCastTask;volume:create' (b248d2ed-0bf2-4857-97d3-5828d133967c) transitioned into state 'SUCCESS' from state 'RUNNING' with result 'None' {{(pid=98562) _task_receiver /usr/local/lib/python3.8/dist-packages/taskflow/listeners/logging.py:178}}
May 21 16:09:29.887393 dv-cinder-792462-8-smb devstack@c-api.service[98562]: DEBUG cinder.volume.api [None req-a7a7e1a7-6734-49c9-a675-9ec661fe84a3 tempest-VolumesDeleteCascade-290301892 tempest-VolumesDeleteCascade-290301892-project] Flow 'volume_create_api' (d3f2ce52-466a-40ab-89e8-b35444e613ca) transitioned into state 'SUCCESS' from state 'RUNNING' {{(pid=98562) _flow_receiver /usr/local/lib/python3.8/dist-packages/taskflow/listeners/logging.py:141}}
May 21 16:09:29.888177 dv-cinder-792462-8-smb devstack@c-api.service[98562]: INFO cinder.volume.api [None req-a7a7e1a7-6734-49c9-a675-9ec661fe84a3 tempest-VolumesDeleteCascade-290301892 tempest-VolumesDeleteCascade-290301892-project] Create volume request issued successfully.
May 21 16:09:29.909155 dv-cinder-792462-8-smb devstack@c-api.service[98561]: INFO cinder.api.openstack.wsgi [None req-a689302b-3e3e-48ba-99cc-64a12895910e tempest-VolumeSnapshotQuotasNegativeTestJSON-1785812368 tempest-VolumeSnapshotQuotasNegativeTestJSON-1785812368-project] http://10.222.0.91/volume/v3/c1f8d7f98bcb47d98ddb30d5660bb923/snapshots/e59f3fc5-8ef7-403f-8146-d1d1cb97e6c9 returned with HTTP 404
May 21 16:09:29.910345 dv-cinder-792462-8-smb devstack@c-api.service[98561]: [pid: 98561|app: 0|req: 177/368] 10.222.0.91 () {58 vars in 1331 bytes} [Fri May 21 16:09:29 2021] GET /volume/v3/c1f8d7f98bcb47d98ddb30d5660bb923/snapshots/e59f3fc5-8ef7-403f-8146-d1d1cb97e6c9 => generated 111 bytes in 40 msecs (HTTP/1.1 404) 7 headers in 292 bytes (1 switches on core 0)
May 21 16:09:29.913856 dv-cinder-792462-8-smb devstack@c-api.service[98562]: INFO cinder.api.openstack.wsgi [None req-a7a7e1a7-6734-49c9-a675-9ec661fe84a3 tempest-VolumesDeleteCascade-290301892 tempest-VolumesDeleteCascade-290301892-project] http://10.222.0.91/volume/v3/f7c1088c0d2749e8a600d030e830dc2c/volumes returned with HTTP 202
May 21 16:09:29.914932 dv-cinder-792462-8-smb devstack@c-api.service[98562]: [pid: 98562|app: 0|req: 192/369] 10.222.0.91 () {60 vars in 1235 bytes} [Fri May 21 16:09:29 2021] POST /volume/v3/f7c1088c0d2749e8a600d030e830dc2c/volumes => generated 819 bytes in 434 msecs (HTTP/1.1 202) 7 headers in 291 bytes (2 switches on core 0)
May 21 16:09:29.918894 dv-cinder-792462-8-smb devstack@c-api.service[98561]: INFO cinder.api.openstack.wsgi [None req-c6abd03b-8251-43d8-9bf9-fe9aaa8c86d3 tempest-VolumeSnapshotQuotasNegativeTestJSON-1785812368 tempest-VolumeSnapshotQuotasNegativeTestJSON-1785812368-project] DELETE http://10.222.0.91/volume/v3/c1f8d7f98bcb47d98ddb30d5660bb923/volumes/b3eb0468-8b90-4bdd-8267-3fcec7cf0940
May 21 16:09:29.919625 dv-cinder-792462-8-smb devstack@c-api.service[98561]: DEBUG cinder.api.openstack.wsgi [None req-c6abd03b-8251-43d8-9bf9-fe9aaa8c86d3 tempest-VolumeSnapshotQuotasNegativeTestJSON-1785812368 tempest-VolumeSnapshotQuotasNegativeTestJSON-1785812368-project] Empty body provided in request {{(pid=98561) get_body /opt/stack/cinder/cinder/api/openstack/wsgi.py:713}}
