May 20 21:42:31.315227 dv-cinder-792462-4-smb devstack@c-api.service[105152]: INFO cinder.api.openstack.wsgi [None req-c9d253eb-6eea-4926-a0e3-45cf700155f8 tempest-GroupsTest-1315425107 tempest-GroupsTest-1315425107-project] GET http://10.222.0.78/volume/v3/9f3ee62bb6d54095b18481535497e9e3/groups/230b88fa-94b3-4aaa-848b-42054a29114b
May 20 21:42:31.315770 dv-cinder-792462-4-smb devstack@c-api.service[105152]: DEBUG cinder.api.openstack.wsgi [None req-c9d253eb-6eea-4926-a0e3-45cf700155f8 tempest-GroupsTest-1315425107 tempest-GroupsTest-1315425107-project] Empty body provided in request {{(pid=105152) get_body /opt/stack/cinder/cinder/api/openstack/wsgi.py:713}}
May 20 21:42:31.316295 dv-cinder-792462-4-smb devstack@c-api.service[105152]: DEBUG cinder.api.openstack.wsgi [None req-c9d253eb-6eea-4926-a0e3-45cf700155f8 tempest-GroupsTest-1315425107 tempest-GroupsTest-1315425107-project] Calling method 'version_select' {{(pid=105152) _process_stack /opt/stack/cinder/cinder/api/openstack/wsgi.py:866}}
May 20 21:42:31.316907 dv-cinder-792462-4-smb devstack@c-api.service[105152]: DEBUG cinder.api.v3.groups [None req-c9d253eb-6eea-4926-a0e3-45cf700155f8 tempest-GroupsTest-1315425107 tempest-GroupsTest-1315425107-project] show called for member 230b88fa-94b3-4aaa-848b-42054a29114b {{(pid=105152) show /opt/stack/cinder/cinder/api/v3/groups.py:58}}
May 20 21:42:31.342570 dv-cinder-792462-4-smb devstack@c-api.service[105152]: /usr/local/lib/python3.8/dist-packages/oslo_context/context.py:105: DeprecationWarning: Policy enforcement is depending on the value of is_admin. This key is deprecated. Please update your policy file to use the standard policy values.
May 20 21:42:31.342570 dv-cinder-792462-4-smb devstack@c-api.service[105152]: warnings.warn('Policy enforcement is depending on the value of '
May 20 21:42:31.404364 dv-cinder-792462-4-smb devstack@c-api.service[105152]: INFO cinder.api.openstack.wsgi [None req-c9d253eb-6eea-4926-a0e3-45cf700155f8 tempest-GroupsTest-1315425107 tempest-GroupsTest-1315425107-project] http://10.222.0.78/volume/v3/9f3ee62bb6d54095b18481535497e9e3/groups/230b88fa-94b3-4aaa-848b-42054a29114b returned with HTTP 200
May 20 21:42:31.406105 dv-cinder-792462-4-smb devstack@c-api.service[105152]: [pid: 105152|app: 0|req: 9/29] 10.222.0.78 () {60 vars in 1363 bytes} [Thu May 20 21:42:31 2021] GET /volume/v3/9f3ee62bb6d54095b18481535497e9e3/groups/230b88fa-94b3-4aaa-848b-42054a29114b => generated 323 bytes in 96 msecs (HTTP/1.1 200) 7 headers in 286 bytes (1 switches on core 0)
May 20 21:42:31.424701 dv-cinder-792462-4-smb devstack@c-api.service[105152]: INFO cinder.api.openstack.wsgi [None req-f3a7b2d4-67ed-478b-ae56-53ac910dc0c2 tempest-GroupsTest-1315425107 tempest-GroupsTest-1315425107-project] POST http://10.222.0.78/volume/v3/9f3ee62bb6d54095b18481535497e9e3/groups
May 20 21:42:31.428764 dv-cinder-792462-4-smb devstack@c-api.service[105152]: /usr/local/lib/python3.8/dist-packages/webob/acceptparse.py:1047: DeprecationWarning: The behavior of AcceptValidHeader.best_match is currently being maintained for backward compatibility, but it will be deprecated in the future, as it does not conform to the RFC.
May 20 21:42:31.428764 dv-cinder-792462-4-smb devstack@c-api.service[105152]: warnings.warn(
May 20 21:42:31.429809 dv-cinder-792462-4-smb devstack@c-api.service[105152]: DEBUG cinder.api.openstack.wsgi [None req-f3a7b2d4-67ed-478b-ae56-53ac910dc0c2 tempest-GroupsTest-1315425107 tempest-GroupsTest-1315425107-project] Action: 'create', calling method: version_select, body: {"group": {"group_type": "dea7fdc7-0c54-4b2e-b4a0-fc53e741cb46", "volume_types": ["e48d9f22-0457-4302-a043-e1d44b3ca3e9"], "name": "tempest-Group2-1064439548"}} {{(pid=105152) _process_stack /opt/stack/cinder/cinder/api/openstack/wsgi.py:864}}
May 20 21:42:31.441155 dv-cinder-792462-4-smb devstack@c-api.service[105152]: DEBUG cinder.api.v3.groups [None req-f3a7b2d4-67ed-478b-ae56-53ac910dc0c2 tempest-GroupsTest-1315425107 tempest-GroupsTest-1315425107-project] Creating new group {'group': {'group_type': 'dea7fdc7-0c54-4b2e-b4a0-fc53e741cb46', 'volume_types': ['e48d9f22-0457-4302-a043-e1d44b3ca3e9'], 'name': 'tempest-Group2-1064439548'}} {{(pid=105152) create /opt/stack/cinder/cinder/api/v3/groups.py:190}}
May 20 21:42:31.475703 dv-cinder-792462-4-smb devstack@c-api.service[105152]: INFO cinder.api.v3.groups [None req-f3a7b2d4-67ed-478b-ae56-53ac910dc0c2 tempest-GroupsTest-1315425107 tempest-GroupsTest-1315425107-project] Creating group tempest-Group2-1064439548.
May 20 21:42:31.476160 dv-cinder-792462-4-smb devstack@c-api.service[105151]: INFO cinder.api.openstack.wsgi [req-4df5e823-84ca-48a3-84cd-c3dcde4bc26f req-6e447209-b8ea-48b3-b07b-d8877d2f8c49 tempest-VolumesGetTestJSON-1136495755 tempest-VolumesGetTestJSON-1136495755-project] http://10.222.0.78/volume/v3/e062382f6d8f46ae81661bd23e2b3c01/volumes/a62d2b43-c62d-4658-bb2a-c565ebf0a086 returned with HTTP 200
May 20 21:42:31.477885 dv-cinder-792462-4-smb devstack@c-api.service[105152]: /usr/local/lib/python3.8/dist-packages/oslo_context/context.py:105: DeprecationWarning: Policy enforcement is depending on the value of is_admin. This key is deprecated. Please update your policy file to use the standard policy values.
May 20 21:42:31.477885 dv-cinder-792462-4-smb devstack@c-api.service[105152]: warnings.warn('Policy enforcement is depending on the value of '
May 20 21:42:31.481421 dv-cinder-792462-4-smb devstack@c-api.service[105151]: [pid: 105151|app: 0|req: 21/30] 10.222.0.78 () {60 vars in 1579 bytes} [Thu May 20 21:42:31 2021] GET /volume/v3/e062382f6d8f46ae81661bd23e2b3c01/volumes/a62d2b43-c62d-4658-bb2a-c565ebf0a086 => generated 900 bytes in 347 msecs (HTTP/1.1 200) 7 headers in 285 bytes (1 switches on core 0)
May 20 21:42:31.534636 dv-cinder-792462-4-smb devstack@c-api.service[105151]: INFO cinder.api.openstack.wsgi [req-9fb1afbe-d38c-4b41-a495-e54579c71436 req-1798ea7f-5734-4408-964c-dd6cfc0bfbd3 tempest-VolumesNegativeTest-1884484100 tempest-VolumesNegativeTest-1884484100-project] GET http://10.222.0.78/volume/v3/08a93847069a4e1c939978ede2cb1346/volumes/e4b86fd6-e0d6-4c4b-9205-36bdb2a9db19
May 20 21:42:31.537485 dv-cinder-792462-4-smb devstack@c-api.service[105151]: DEBUG cinder.api.openstack.wsgi [req-9fb1afbe-d38c-4b41-a495-e54579c71436 req-1798ea7f-5734-4408-964c-dd6cfc0bfbd3 tempest-VolumesNegativeTest-1884484100 tempest-VolumesNegativeTest-1884484100-project] Empty body provided in request {{(pid=105151) get_body /opt/stack/cinder/cinder/api/openstack/wsgi.py:713}}
May 20 21:42:31.538728 dv-cinder-792462-4-smb devstack@c-api.service[105151]: /usr/local/lib/python3.8/dist-packages/webob/acceptparse.py:1047: DeprecationWarning: The behavior of AcceptValidHeader.best_match is currently being maintained for backward compatibility, but it will be deprecated in the future, as it does not conform to the RFC.
May 20 21:42:31.538728 dv-cinder-792462-4-smb devstack@c-api.service[105151]: warnings.warn(
May 20 21:42:31.540783 dv-cinder-792462-4-smb devstack@c-api.service[105151]: DEBUG cinder.api.openstack.wsgi [req-9fb1afbe-d38c-4b41-a495-e54579c71436 req-1798ea7f-5734-4408-964c-dd6cfc0bfbd3 tempest-VolumesNegativeTest-1884484100 tempest-VolumesNegativeTest-1884484100-project] Calling method 'show' {{(pid=105151) _process_stack /opt/stack/cinder/cinder/api/openstack/wsgi.py:866}}
May 20 21:42:31.578782 dv-cinder-792462-4-smb devstack@c-api.service[105152]: DEBUG cinder.volume.api [None req-f3a7b2d4-67ed-478b-ae56-53ac910dc0c2 tempest-GroupsTest-1315425107 tempest-GroupsTest-1315425107-project] Availability zone cache updated, next update will occur around 2021-05-20 22:42:31.564907. {{(pid=105152) list_availability_zones /opt/stack/cinder/cinder/volume/api.py:148}}
May 20 21:42:31.579930 dv-cinder-792462-4-smb devstack@c-api.service[105152]: INFO cinder.volume.api [None req-f3a7b2d4-67ed-478b-ae56-53ac910dc0c2 tempest-GroupsTest-1315425107 tempest-GroupsTest-1315425107-project] Availability Zones retrieved successfully.
May 20 21:42:31.655485 dv-cinder-792462-4-smb devstack@c-api.service[105152]: DEBUG cinder.quota [None req-f3a7b2d4-67ed-478b-ae56-53ac910dc0c2 tempest-GroupsTest-1315425107 tempest-GroupsTest-1315425107-project] Created reservations ['9dc84f67-72c1-43ac-8345-27581e4b3235'] {{(pid=105152) reserve /opt/stack/cinder/cinder/quota.py:755}}
May 20 21:42:31.700698 dv-cinder-792462-4-smb devstack@c-api.service[105151]: INFO cinder.api.openstack.wsgi [req-9fb1afbe-d38c-4b41-a495-e54579c71436 req-1798ea7f-5734-4408-964c-dd6cfc0bfbd3 tempest-VolumesNegativeTest-1884484100 tempest-VolumesNegativeTest-1884484100-project] http://10.222.0.78/volume/v3/08a93847069a4e1c939978ede2cb1346/volumes/e4b86fd6-e0d6-4c4b-9205-36bdb2a9db19 returned with HTTP 404
May 20 21:42:31.704738 dv-cinder-792462-4-smb devstack@c-api.service[105151]: [pid: 105151|app: 0|req: 22/31] 10.222.0.78 () {60 vars in 1579 bytes} [Thu May 20 21:42:31 2021] GET /volume/v3/08a93847069a4e1c939978ede2cb1346/volumes/e4b86fd6-e0d6-4c4b-9205-36bdb2a9db19 => generated 109 bytes in 178 msecs (HTTP/1.1 404) 7 headers in 292 bytes (1 switches on core 0)
May 20 21:42:31.759536 dv-cinder-792462-4-smb devstack@c-api.service[105151]: INFO cinder.api.openstack.wsgi [req-c49f7a15-032e-420f-84ed-d3a7a8fa92a7 req-245fe615-7e83-40fb-90ed-29b9da45cd35 tempest-VolumesGetTestJSON-1136495755 tempest-VolumesGetTestJSON-1136495755-project] GET http://10.222.0.78/volume/v3/e062382f6d8f46ae81661bd23e2b3c01/volumes/a62d2b43-c62d-4658-bb2a-c565ebf0a086
May 20 21:42:31.761200 dv-cinder-792462-4-smb devstack@c-api.service[105151]: DEBUG cinder.api.openstack.wsgi [req-c49f7a15-032e-420f-84ed-d3a7a8fa92a7 req-245fe615-7e83-40fb-90ed-29b9da45cd35 tempest-VolumesGetTestJSON-1136495755 tempest-VolumesGetTestJSON-1136495755-project] Empty body provided in request {{(pid=105151) get_body /opt/stack/cinder/cinder/api/openstack/wsgi.py:713}}
May 20 21:42:31.762385 dv-cinder-792462-4-smb devstack@c-api.service[105151]: DEBUG cinder.api.openstack.wsgi [req-c49f7a15-032e-420f-84ed-d3a7a8fa92a7 req-245fe615-7e83-40fb-90ed-29b9da45cd35 tempest-VolumesGetTestJSON-1136495755 tempest-VolumesGetTestJSON-1136495755-project] Calling method 'show' {{(pid=105151) _process_stack /opt/stack/cinder/cinder/api/openstack/wsgi.py:866}}
May 20 21:42:31.800370 dv-cinder-792462-4-smb devstack@c-api.service[105152]: INFO cinder.api.openstack.wsgi [None req-f3a7b2d4-67ed-478b-ae56-53ac910dc0c2 tempest-GroupsTest-1315425107 tempest-GroupsTest-1315425107-project] http://10.222.0.78/volume/v3/9f3ee62bb6d54095b18481535497e9e3/groups returned with HTTP 202
May 20 21:42:31.801578 dv-cinder-792462-4-smb devstack@c-api.service[105152]: [pid: 105152|app: 0|req: 10/32] 10.222.0.78 () {62 vars in 1274 bytes} [Thu May 20 21:42:31 2021] POST /volume/v3/9f3ee62bb6d54095b18481535497e9e3/groups => generated 94 bytes in 383 msecs (HTTP/1.1 202) 7 headers in 291 bytes (1 switches on core 0)
May 20 21:42:31.813461 dv-cinder-792462-4-smb devstack@c-api.service[105152]: INFO cinder.api.openstack.wsgi [None req-2980d259-b32e-499b-abd6-5cb0786dc5d3 tempest-GroupsTest-1315425107 tempest-GroupsTest-1315425107-project] GET http://10.222.0.78/volume/v3/9f3ee62bb6d54095b18481535497e9e3/groups/f06aa959-0320-4135-8e6c-489e68d18f03
May 20 21:42:31.815904 dv-cinder-792462-4-smb devstack@c-api.service[105152]: DEBUG cinder.api.openstack.wsgi [None req-2980d259-b32e-499b-abd6-5cb0786dc5d3 tempest-GroupsTest-1315425107 tempest-GroupsTest-1315425107-project] Empty body provided in request {{(pid=105152) get_body /opt/stack/cinder/cinder/api/openstack/wsgi.py:713}}
May 20 21:42:31.817718 dv-cinder-792462-4-smb devstack@c-api.service[105152]: /usr/local/lib/python3.8/dist-packages/webob/acceptparse.py:1047: DeprecationWarning: The behavior of AcceptValidHeader.best_match is currently being maintained for backward compatibility, but it will be deprecated in the future, as it does not conform to the RFC.
May 20 21:42:31.817718 dv-cinder-792462-4-smb devstack@c-api.service[105152]: warnings.warn(
May 20 21:42:31.818102 dv-cinder-792462-4-smb devstack@c-api.service[105152]: DEBUG cinder.api.openstack.wsgi [None req-2980d259-b32e-499b-abd6-5cb0786dc5d3 tempest-GroupsTest-1315425107 tempest-GroupsTest-1315425107-project] Calling method 'version_select' {{(pid=105152) _process_stack /opt/stack/cinder/cinder/api/openstack/wsgi.py:866}}
May 20 21:42:31.818486 dv-cinder-792462-4-smb devstack@c-api.service[105152]: DEBUG cinder.api.v3.groups [None req-2980d259-b32e-499b-abd6-5cb0786dc5d3 tempest-GroupsTest-1315425107 tempest-GroupsTest-1315425107-project] show called for member f06aa959-0320-4135-8e6c-489e68d18f03 {{(pid=105152) show /opt/stack/cinder/cinder/api/v3/groups.py:58}}
May 20 21:42:31.843236 dv-cinder-792462-4-smb devstack@c-api.service[105152]: /usr/local/lib/python3.8/dist-packages/oslo_context/context.py:105: DeprecationWarning: Policy enforcement is depending on the value of is_admin. This key is deprecated. Please update your policy file to use the standard policy values.
May 20 21:42:31.843236 dv-cinder-792462-4-smb devstack@c-api.service[105152]: warnings.warn('Policy enforcement is depending on the value of '
May 20 21:42:31.895294 dv-cinder-792462-4-smb devstack@c-api.service[105151]: /usr/local/lib/python3.8/dist-packages/oslo_context/context.py:105: DeprecationWarning: Policy enforcement is depending on the value of is_admin. This key is deprecated. Please update your policy file to use the standard policy values.
May 20 21:42:31.895294 dv-cinder-792462-4-smb devstack@c-api.service[105151]: warnings.warn('Policy enforcement is depending on the value of '
May 20 21:42:31.910540 dv-cinder-792462-4-smb devstack@c-api.service[105152]: INFO cinder.api.openstack.wsgi [None req-2980d259-b32e-499b-abd6-5cb0786dc5d3 tempest-GroupsTest-1315425107 tempest-GroupsTest-1315425107-project] http://10.222.0.78/volume/v3/9f3ee62bb6d54095b18481535497e9e3/groups/f06aa959-0320-4135-8e6c-489e68d18f03 returned with HTTP 200
May 20 21:42:31.914752 dv-cinder-792462-4-smb devstack@c-api.service[105152]: [pid: 105152|app: 0|req: 11/33] 10.222.0.78 () {60 vars in 1363 bytes} [Thu May 20 21:42:31 2021] GET /volume/v3/9f3ee62bb6d54095b18481535497e9e3/groups/f06aa959-0320-4135-8e6c-489e68d18f03 => generated 322 bytes in 107 msecs (HTTP/1.1 200) 7 headers in 286 bytes (2 switches on core 0)
May 20 21:42:31.915746 dv-cinder-792462-4-smb devstack@c-api.service[105151]: INFO cinder.volume.api [req-c49f7a15-032e-420f-84ed-d3a7a8fa92a7 req-245fe615-7e83-40fb-90ed-29b9da45cd35 tempest-VolumesGetTestJSON-1136495755 tempest-VolumesGetTestJSON-1136495755-project] Volume info retrieved successfully.
May 20 21:42:31.946907 dv-cinder-792462-4-smb devstack@c-api.service[105151]: INFO cinder.api.openstack.wsgi [req-c49f7a15-032e-420f-84ed-d3a7a8fa92a7 req-245fe615-7e83-40fb-90ed-29b9da45cd35 tempest-VolumesGetTestJSON-1136495755 tempest-VolumesGetTestJSON-1136495755-project] http://10.222.0.78/volume/v3/e062382f6d8f46ae81661bd23e2b3c01/volumes/a62d2b43-c62d-4658-bb2a-c565ebf0a086 returned with HTTP 200
May 20 21:42:31.960261 dv-cinder-792462-4-smb devstack@c-api.service[105151]: [pid: 105151|app: 0|req: 23/34] 10.222.0.78 () {60 vars in 1579 bytes} [Thu May 20 21:42:31 2021] GET /volume/v3/e062382f6d8f46ae81661bd23e2b3c01/volumes/a62d2b43-c62d-4658-bb2a-c565ebf0a086 => generated 924 bytes in 206 msecs (HTTP/1.1 200) 7 headers in 285 bytes (2 switches on core 0)
May 20 21:42:32.925693 dv-cinder-792462-4-smb devstack@c-api.service[105152]: INFO cinder.api.openstack.wsgi [None req-c2885104-e08a-4ae9-b4aa-4708ee1f17ed tempest-GroupsTest-1315425107 tempest-GroupsTest-1315425107-project] GET http://10.222.0.78/volume/v3/9f3ee62bb6d54095b18481535497e9e3/groups/f06aa959-0320-4135-8e6c-489e68d18f03
May 20 21:42:32.928037 dv-cinder-792462-4-smb devstack@c-api.service[105152]: DEBUG cinder.api.openstack.wsgi [None req-c2885104-e08a-4ae9-b4aa-4708ee1f17ed tempest-GroupsTest-1315425107 tempest-GroupsTest-1315425107-project] Empty body provided in request {{(pid=105152) get_body /opt/stack/cinder/cinder/api/openstack/wsgi.py:713}}
May 20 21:42:32.928521 dv-cinder-792462-4-smb devstack@c-api.service[105152]: /usr/local/lib/python3.8/dist-packages/webob/acceptparse.py:1047: DeprecationWarning: The behavior of AcceptValidHeader.best_match is currently being maintained for backward compatibility, but it will be deprecated in the future, as it does not conform to the RFC.
May 20 21:42:32.928521 dv-cinder-792462-4-smb devstack@c-api.service[105152]: warnings.warn(
May 20 21:42:32.929157 dv-cinder-792462-4-smb devstack@c-api.service[105152]: DEBUG cinder.api.openstack.wsgi [None req-c2885104-e08a-4ae9-b4aa-4708ee1f17ed tempest-GroupsTest-1315425107 tempest-GroupsTest-1315425107-project] Calling method 'version_select' {{(pid=105152) _process_stack /opt/stack/cinder/cinder/api/openstack/wsgi.py:866}}
May 20 21:42:32.929770 dv-cinder-792462-4-smb devstack@c-api.service[105152]: DEBUG cinder.api.v3.groups [None req-c2885104-e08a-4ae9-b4aa-4708ee1f17ed tempest-GroupsTest-1315425107 tempest-GroupsTest-1315425107-project] show called for member f06aa959-0320-4135-8e6c-489e68d18f03 {{(pid=105152) show /opt/stack/cinder/cinder/api/v3/groups.py:58}}
May 20 21:42:32.949909 dv-cinder-792462-4-smb devstack@c-api.service[105152]: /usr/local/lib/python3.8/dist-packages/oslo_context/context.py:105: DeprecationWarning: Policy enforcement is depending on the value of is_admin. This key is deprecated. Please update your policy file to use the standard policy values.
May 20 21:42:32.949909 dv-cinder-792462-4-smb devstack@c-api.service[105152]: warnings.warn('Policy enforcement is depending on the value of '
May 20 21:42:33.060176 dv-cinder-792462-4-smb devstack@c-api.service[105151]: INFO cinder.api.openstack.wsgi [req-ac5e3120-4e88-4bae-a4bf-f52ff54abc99 req-668be9c6-f4fa-4335-96f1-705cd9a5e90e tempest-VolumesGetTestJSON-1136495755 tempest-VolumesGetTestJSON-1136495755-project] GET http://10.222.0.78/volume/v3/e062382f6d8f46ae81661bd23e2b3c01/volumes/a62d2b43-c62d-4658-bb2a-c565ebf0a086
May 20 21:42:33.061436 dv-cinder-792462-4-smb devstack@c-api.service[105151]: DEBUG cinder.api.openstack.wsgi [req-ac5e3120-4e88-4bae-a4bf-f52ff54abc99 req-668be9c6-f4fa-4335-96f1-705cd9a5e90e tempest-VolumesGetTestJSON-1136495755 tempest-VolumesGetTestJSON-1136495755-project] Empty body provided in request {{(pid=105151) get_body /opt/stack/cinder/cinder/api/openstack/wsgi.py:713}}
May 20 21:42:33.061871 dv-cinder-792462-4-smb devstack@c-api.service[105151]: /usr/local/lib/python3.8/dist-packages/webob/acceptparse.py:1047: DeprecationWarning: The behavior of AcceptValidHeader.best_match is currently being maintained for backward compatibility, but it will be deprecated in the future, as it does not conform to the RFC.
May 20 21:42:33.061871 dv-cinder-792462-4-smb devstack@c-api.service[105151]: warnings.warn(
May 20 21:42:33.062849 dv-cinder-792462-4-smb devstack@c-api.service[105151]: DEBUG cinder.api.openstack.wsgi [req-ac5e3120-4e88-4bae-a4bf-f52ff54abc99 req-668be9c6-f4fa-4335-96f1-705cd9a5e90e tempest-VolumesGetTestJSON-1136495755 tempest-VolumesGetTestJSON-1136495755-project] Calling method 'show' {{(pid=105151) _process_stack /opt/stack/cinder/cinder/api/openstack/wsgi.py:866}}
May 20 21:42:33.187285 dv-cinder-792462-4-smb devstack@c-api.service[105152]: INFO cinder.api.openstack.wsgi [None req-c2885104-e08a-4ae9-b4aa-4708ee1f17ed tempest-GroupsTest-1315425107 tempest-GroupsTest-1315425107-project] http://10.222.0.78/volume/v3/9f3ee62bb6d54095b18481535497e9e3/groups/f06aa959-0320-4135-8e6c-489e68d18f03 returned with HTTP 200
May 20 21:42:33.197923 dv-cinder-792462-4-smb devstack@c-api.service[105152]: [pid: 105152|app: 0|req: 12/35] 10.222.0.78 () {60 vars in 1363 bytes} [Thu May 20 21:42:32 2021] GET /volume/v3/9f3ee62bb6d54095b18481535497e9e3/groups/f06aa959-0320-4135-8e6c-489e68d18f03 => generated 323 bytes in 276 msecs (HTTP/1.1 200) 7 headers in 286 bytes (1 switches on core 0)
May 20 21:42:33.209579 dv-cinder-792462-4-smb devstack@c-api.service[105152]: INFO cinder.api.openstack.wsgi [None req-d8cdc93b-783d-4a4c-a5dd-81a9dd76e470 tempest-GroupsTest-1315425107 tempest-GroupsTest-1315425107-project] POST http://10.222.0.78/volume/v3/9f3ee62bb6d54095b18481535497e9e3/volumes
May 20 21:42:33.210044 dv-cinder-792462-4-smb devstack@c-api.service[105152]: /usr/local/lib/python3.8/dist-packages/webob/acceptparse.py:1047: DeprecationWarning: The behavior of AcceptValidHeader.best_match is currently being maintained for backward compatibility, but it will be deprecated in the future, as it does not conform to the RFC.
May 20 21:42:33.210044 dv-cinder-792462-4-smb devstack@c-api.service[105152]: warnings.warn(
May 20 21:42:33.210524 dv-cinder-792462-4-smb devstack@c-api.service[105152]: DEBUG cinder.api.openstack.wsgi [None req-d8cdc93b-783d-4a4c-a5dd-81a9dd76e470 tempest-GroupsTest-1315425107 tempest-GroupsTest-1315425107-project] Action: 'create', calling method: create, body: {"volume": {"name": "tempest-volume-1954040927", "volume_type": "e48d9f22-0457-4302-a043-e1d44b3ca3e9", "group_id": "230b88fa-94b3-4aaa-848b-42054a29114b", "size": 1}} {{(pid=105152) _process_stack /opt/stack/cinder/cinder/api/openstack/wsgi.py:864}}
May 20 21:42:33.211621 dv-cinder-792462-4-smb devstack@c-api.service[105152]: DEBUG cinder.api.v3.volumes [None req-d8cdc93b-783d-4a4c-a5dd-81a9dd76e470 tempest-GroupsTest-1315425107 tempest-GroupsTest-1315425107-project] Create volume request body: {'volume': {'name': 'tempest-volume-1954040927', 'volume_type': 'e48d9f22-0457-4302-a043-e1d44b3ca3e9', 'group_id': '230b88fa-94b3-4aaa-848b-42054a29114b', 'size': 1}} {{(pid=105152) create /opt/stack/cinder/cinder/api/v3/volumes.py:289}}
May 20 21:42:33.297650 dv-cinder-792462-4-smb devstack@c-api.service[105152]: /usr/local/lib/python3.8/dist-packages/oslo_context/context.py:105: DeprecationWarning: Policy enforcement is depending on the value of is_admin. This key is deprecated. Please update your policy file to use the standard policy values.
May 20 21:42:33.297650 dv-cinder-792462-4-smb devstack@c-api.service[105152]: warnings.warn('Policy enforcement is depending on the value of '
May 20 21:42:33.299011 dv-cinder-792462-4-smb devstack@c-api.service[105152]: INFO cinder.api.v3.volumes [None req-d8cdc93b-783d-4a4c-a5dd-81a9dd76e470 tempest-GroupsTest-1315425107 tempest-GroupsTest-1315425107-project] Create volume of 1 GB
May 20 21:42:33.299847 dv-cinder-792462-4-smb devstack@c-api.service[105151]: /usr/local/lib/python3.8/dist-packages/oslo_context/context.py:105: DeprecationWarning: Policy enforcement is depending on the value of is_admin. This key is deprecated. Please update your policy file to use the standard policy values.
May 20 21:42:33.299847 dv-cinder-792462-4-smb devstack@c-api.service[105151]: warnings.warn('Policy enforcement is depending on the value of '
May 20 21:42:33.326366 dv-cinder-792462-4-smb devstack@c-api.service[105151]: INFO cinder.volume.api [req-ac5e3120-4e88-4bae-a4bf-f52ff54abc99 req-668be9c6-f4fa-4335-96f1-705cd9a5e90e tempest-VolumesGetTestJSON-1136495755 tempest-VolumesGetTestJSON-1136495755-project] Volume info retrieved successfully.
May 20 21:42:33.345278 dv-cinder-792462-4-smb devstack@c-api.service[105152]: INFO cinder.volume.api [None req-d8cdc93b-783d-4a4c-a5dd-81a9dd76e470 tempest-GroupsTest-1315425107 tempest-GroupsTest-1315425107-project] Availability Zones retrieved successfully.
May 20 21:42:33.376242 dv-cinder-792462-4-smb devstack@c-api.service[105151]: INFO cinder.api.openstack.wsgi [req-ac5e3120-4e88-4bae-a4bf-f52ff54abc99 req-668be9c6-f4fa-4335-96f1-705cd9a5e90e tempest-VolumesGetTestJSON-1136495755 tempest-VolumesGetTestJSON-1136495755-project] http://10.222.0.78/volume/v3/e062382f6d8f46ae81661bd23e2b3c01/volumes/a62d2b43-c62d-4658-bb2a-c565ebf0a086 returned with HTTP 200
May 20 21:42:33.391628 dv-cinder-792462-4-smb devstack@c-api.service[105151]: [pid: 105151|app: 0|req: 24/36] 10.222.0.78 () {60 vars in 1579 bytes} [Thu May 20 21:42:33 2021] GET /volume/v3/e062382f6d8f46ae81661bd23e2b3c01/volumes/a62d2b43-c62d-4658-bb2a-c565ebf0a086 => generated 925 bytes in 339 msecs (HTTP/1.1 200) 7 headers in 285 bytes (1 switches on core 0)
May 20 21:42:33.409459 dv-cinder-792462-4-smb devstack@c-api.service[105152]: DEBUG cinder.volume.api [None req-d8cdc93b-783d-4a4c-a5dd-81a9dd76e470 tempest-GroupsTest-1315425107 tempest-GroupsTest-1315425107-project] Flow 'volume_create_api' (dbb8ff7d-8913-424e-a1b6-ad3c27091af7) transitioned into state 'RUNNING' from state 'PENDING' {{(pid=105152) _flow_receiver /usr/local/lib/python3.8/dist-packages/taskflow/listeners/logging.py:141}}
May 20 21:42:33.429858 dv-cinder-792462-4-smb devstack@c-api.service[105152]: DEBUG cinder.volume.api [None req-d8cdc93b-783d-4a4c-a5dd-81a9dd76e470 tempest-GroupsTest-1315425107 tempest-GroupsTest-1315425107-project] Task 'cinder.volume.flows.api.create_volume.ExtractVolumeRequestTask;volume:create' (4f61b84f-c98d-4401-9099-f32e740fc9a2) transitioned into state 'RUNNING' from state 'PENDING' {{(pid=105152) _task_receiver /usr/local/lib/python3.8/dist-packages/taskflow/listeners/logging.py:190}}
May 20 21:42:33.431508 dv-cinder-792462-4-smb devstack@c-api.service[105152]: /usr/local/lib/python3.8/dist-packages/oslo_context/context.py:105: DeprecationWarning: Policy enforcement is depending on the value of is_admin. This key is deprecated. Please update your policy file to use the standard policy values.
May 20 21:42:33.431508 dv-cinder-792462-4-smb devstack@c-api.service[105152]: warnings.warn('Policy enforcement is depending on the value of '
May 20 21:42:33.432058 dv-cinder-792462-4-smb devstack@c-api.service[105152]: DEBUG cinder.volume.flows.api.create_volume [None req-d8cdc93b-783d-4a4c-a5dd-81a9dd76e470 tempest-GroupsTest-1315425107 tempest-GroupsTest-1315425107-project] Validating volume size '1' using validate_int {{(pid=105152) _extract_size /opt/stack/cinder/cinder/volume/flows/api/create_volume.py:201}}
May 20 21:42:33.495483 dv-cinder-792462-4-smb devstack@c-api.service[105152]: DEBUG cinder.volume.api [None req-d8cdc93b-783d-4a4c-a5dd-81a9dd76e470 tempest-GroupsTest-1315425107 tempest-GroupsTest-1315425107-project] Task 'cinder.volume.flows.api.create_volume.ExtractVolumeRequestTask;volume:create' (4f61b84f-c98d-4401-9099-f32e740fc9a2) transitioned into state 'SUCCESS' from state 'RUNNING' with result '{'size': 1, 'snapshot_id': None, 'source_volid': None, 'volume_type': VolumeType(created_at=2021-05-20T21:42:29Z,deleted=False,deleted_at=None,description=None,extra_specs={},id=e48d9f22-0457-4302-a043-e1d44b3ca3e9,is_public=True,name='tempest-GroupsTest-volume-type-1276123069',projects=[],qos_specs=,qos_specs_id=None,updated_at=None), 'volume_type_id': 'e48d9f22-0457-4302-a043-e1d44b3ca3e9', 'encryption_key_id': None, 'qos_specs': None, 'consistencygroup_id': None, 'cgsnapshot_id': None, 'group_id': '230b88fa-94b3-4aaa-848b-42054a29114b', 'replication_status': 'disabled', 'refresh_az': False, 'backup_id': None, 'multiattach': False, 'availability_zones': ['nova']}' {{(pid=105152) _task_receiver /usr/local/lib/python3.8/dist-packages/taskflow/listeners/logging.py:178}}
May 20 21:42:33.498272 dv-cinder-792462-4-smb devstack@c-api.service[105152]: DEBUG cinder.volume.api [None req-d8cdc93b-783d-4a4c-a5dd-81a9dd76e470 tempest-GroupsTest-1315425107 tempest-GroupsTest-1315425107-project] Task 'cinder.volume.flows.api.create_volume.QuotaReserveTask;volume:create' (11384278-6a66-4edb-b748-2c230ea67a5c) transitioned into state 'RUNNING' from state 'PENDING' {{(pid=105152) _task_receiver /usr/local/lib/python3.8/dist-packages/taskflow/listeners/logging.py:190}}
May 20 21:42:33.550387 dv-cinder-792462-4-smb devstack@c-api.service[105152]: WARNING cinder.quota [None req-d8cdc93b-783d-4a4c-a5dd-81a9dd76e470 tempest-GroupsTest-1315425107 tempest-GroupsTest-1315425107-project] Deprecated: Default quota for resource: volumes_tempest-GroupsTest-volume-type-1276123069 is set by the default quota flag: quota_volumes_tempest-GroupsTest-volume-type-1276123069, it is now deprecated. Please use the default quota class for default quota.
May 20 21:42:33.551341 dv-cinder-792462-4-smb devstack@c-api.service[105152]: WARNING cinder.quota [None req-d8cdc93b-783d-4a4c-a5dd-81a9dd76e470 tempest-GroupsTest-1315425107 tempest-GroupsTest-1315425107-project] Deprecated: Default quota for resource: gigabytes_tempest-GroupsTest-volume-type-1276123069 is set by the default quota flag: quota_gigabytes_tempest-GroupsTest-volume-type-1276123069, it is now deprecated. Please use the default quota class for default quota.
May 20 21:42:33.628133 dv-cinder-792462-4-smb devstack@c-api.service[105152]: DEBUG cinder.quota [None req-d8cdc93b-783d-4a4c-a5dd-81a9dd76e470 tempest-GroupsTest-1315425107 tempest-GroupsTest-1315425107-project] Created reservations ['59d092af-37ce-469b-b83a-485756fa411e', 'b6fb2e41-b93d-4235-9414-0c16b0862f27', '3a7f59b7-3368-4186-9dad-3e3164f72cc0', 'b6116298-537b-4140-860b-f0f160ee67a9'] {{(pid=105152) reserve /opt/stack/cinder/cinder/quota.py:755}}
May 20 21:42:33.630811 dv-cinder-792462-4-smb devstack@c-api.service[105152]: DEBUG cinder.volume.api [None req-d8cdc93b-783d-4a4c-a5dd-81a9dd76e470 tempest-GroupsTest-1315425107 tempest-GroupsTest-1315425107-project] Task 'cinder.volume.flows.api.create_volume.QuotaReserveTask;volume:create' (11384278-6a66-4edb-b748-2c230ea67a5c) transitioned into state 'SUCCESS' from state 'RUNNING' with result '{'reservations': ['59d092af-37ce-469b-b83a-485756fa411e', 'b6fb2e41-b93d-4235-9414-0c16b0862f27', '3a7f59b7-3368-4186-9dad-3e3164f72cc0', 'b6116298-537b-4140-860b-f0f160ee67a9']}' {{(pid=105152) _task_receiver /usr/local/lib/python3.8/dist-packages/taskflow/listeners/logging.py:178}}
May 20 21:42:33.634613 dv-cinder-792462-4-smb devstack@c-api.service[105152]: DEBUG cinder.volume.api [None req-d8cdc93b-783d-4a4c-a5dd-81a9dd76e470 tempest-GroupsTest-1315425107 tempest-GroupsTest-1315425107-project] Task 'cinder.volume.flows.api.create_volume.EntryCreateTask;volume:create' (2ea65f1c-6907-4823-808b-fcf2b76dc9cb) transitioned into state 'RUNNING' from state 'PENDING' {{(pid=105152) _task_receiver /usr/local/lib/python3.8/dist-packages/taskflow/listeners/logging.py:190}}
May 20 21:42:33.710313 dv-cinder-792462-4-smb devstack@c-api.service[105152]: DEBUG cinder.volume.api [None req-d8cdc93b-783d-4a4c-a5dd-81a9dd76e470 tempest-GroupsTest-1315425107 tempest-GroupsTest-1315425107-project] Task 'cinder.volume.flows.api.create_volume.EntryCreateTask;volume:create' (2ea65f1c-6907-4823-808b-fcf2b76dc9cb) transitioned into state 'SUCCESS' from state 'RUNNING' with result '{'volume_id': 'dfefd7d5-ffe9-4d4e-8351-b6e813acd941', 'volume_properties': VolumeProperties(attach_status='detached',availability_zone='nova',cgsnapshot_id=None,consistencygroup_id=None,display_description=None,display_name='tempest-volume-1954040927',encryption_key_id=None,group_id=230b88fa-94b3-4aaa-848b-42054a29114b,group_type_id=,metadata={},multiattach=False,project_id='9f3ee62bb6d54095b18481535497e9e3',qos_specs=None,replication_status=,reservations=['59d092af-37ce-469b-b83a-485756fa411e','b6fb2e41-b93d-4235-9414-0c16b0862f27','3a7f59b7-3368-4186-9dad-3e3164f72cc0','b6116298-537b-4140-860b-f0f160ee67a9'],size=1,snapshot_id=None,source_replicaid=,source_volid=None,status='creating',user_id='1a4f9a5bc6e8435092b7225d8513ab43',volume_type_id=e48d9f22-0457-4302-a043-e1d44b3ca3e9), 'volume': Volume(_name_id=None,admin_metadata=,attach_status='detached',availability_zone='nova',bootable=False,cluster=,cluster_name=None,consistencygroup=,consistencygroup_id=None,created_at=2021-05-20T21:42:33Z,deleted=False,deleted_at=None,display_description=None,display_name='tempest-volume-1954040927',ec2_id=None,encryption_key_id=None,glance_metadata=,group=,group_id=230b88fa-94b3-4aaa-848b-42054a29114b,host=None,id=dfefd7d5-ffe9-4d4e-8351-b6e813acd941,launched_at=None,metadata={},migration_status=None,multiattach=False,previous_status=None,project_id='9f3ee62bb6d54095b18481535497e9e3',provider_auth=None,provider_geometry=None,provider_id=None,provider_location=None,replication_driver_data=None,replication_extended_status=None,replication_status=None,scheduled_at=None,service_uuid=None,shared_targets=True,size=1,snapshot_id=None,snapshots=,source_volid=None,status='creating',terminated_at=None,updated_at=None,user_id='1a4f9a5bc6e8435092b7225d8513ab43',volume_attachment=,volume_type=VolumeType(e48d9f22-0457-4302-a043-e1d44b3ca3e9),volume_type_id=e48d9f22-0457-4302-a043-e1d44b3ca3e9)}' {{(pid=105152) _task_receiver /usr/local/lib/python3.8/dist-packages/taskflow/listeners/logging.py:178}}
May 20 21:42:33.713239 dv-cinder-792462-4-smb devstack@c-api.service[105152]: DEBUG cinder.volume.api [None req-d8cdc93b-783d-4a4c-a5dd-81a9dd76e470 tempest-GroupsTest-1315425107 tempest-GroupsTest-1315425107-project] Task 'cinder.volume.flows.api.create_volume.QuotaCommitTask;volume:create' (739448bb-f976-448b-adfa-e7546882b712) transitioned into state 'RUNNING' from state 'PENDING' {{(pid=105152) _task_receiver /usr/local/lib/python3.8/dist-packages/taskflow/listeners/logging.py:190}}
May 20 21:42:33.759895 dv-cinder-792462-4-smb devstack@c-api.service[105152]: DEBUG cinder.volume.api [None req-d8cdc93b-783d-4a4c-a5dd-81a9dd76e470 tempest-GroupsTest-1315425107 tempest-GroupsTest-1315425107-project] Task 'cinder.volume.flows.api.create_volume.QuotaCommitTask;volume:create' (739448bb-f976-448b-adfa-e7546882b712) transitioned into state 'SUCCESS' from state 'RUNNING' with result '{'volume_properties': VolumeProperties(attach_status='detached',availability_zone='nova',cgsnapshot_id=None,consistencygroup_id=None,display_description=None,display_name='tempest-volume-1954040927',encryption_key_id=None,group_id=230b88fa-94b3-4aaa-848b-42054a29114b,group_type_id=,metadata={},multiattach=False,project_id='9f3ee62bb6d54095b18481535497e9e3',qos_specs=None,replication_status=,reservations=['59d092af-37ce-469b-b83a-485756fa411e','b6fb2e41-b93d-4235-9414-0c16b0862f27','3a7f59b7-3368-4186-9dad-3e3164f72cc0','b6116298-537b-4140-860b-f0f160ee67a9'],size=1,snapshot_id=None,source_replicaid=,source_volid=None,status='creating',user_id='1a4f9a5bc6e8435092b7225d8513ab43',volume_type_id=e48d9f22-0457-4302-a043-e1d44b3ca3e9)}' {{(pid=105152) _task_receiver /usr/local/lib/python3.8/dist-packages/taskflow/listeners/logging.py:178}}
May 20 21:42:33.762482 dv-cinder-792462-4-smb devstack@c-api.service[105152]: DEBUG cinder.volume.api [None req-d8cdc93b-783d-4a4c-a5dd-81a9dd76e470 tempest-GroupsTest-1315425107 tempest-GroupsTest-1315425107-project] Task 'cinder.volume.flows.api.create_volume.VolumeCastTask;volume:create' (967624b9-e076-41e1-95cf-38c5a76dc092) transitioned into state 'RUNNING' from state 'PENDING' {{(pid=105152) _task_receiver /usr/local/lib/python3.8/dist-packages/taskflow/listeners/logging.py:190}}
May 20 21:42:33.796349 dv-cinder-792462-4-smb devstack@c-api.service[105152]: DEBUG cinder.volume.api [None req-d8cdc93b-783d-4a4c-a5dd-81a9dd76e470 tempest-GroupsTest-1315425107 tempest-GroupsTest-1315425107-project] Task 'cinder.volume.flows.api.create_volume.VolumeCastTask;volume:create' (967624b9-e076-41e1-95cf-38c5a76dc092) transitioned into state 'SUCCESS' from state 'RUNNING' with result 'None' {{(pid=105152) _task_receiver /usr/local/lib/python3.8/dist-packages/taskflow/listeners/logging.py:178}}
May 20 21:42:33.797663 dv-cinder-792462-4-smb devstack@c-api.service[105152]: DEBUG cinder.volume.api [None req-d8cdc93b-783d-4a4c-a5dd-81a9dd76e470 tempest-GroupsTest-1315425107 tempest-GroupsTest-1315425107-project] Flow 'volume_create_api' (dbb8ff7d-8913-424e-a1b6-ad3c27091af7) transitioned into state 'SUCCESS' from state 'RUNNING' {{(pid=105152) _flow_receiver /usr/local/lib/python3.8/dist-packages/taskflow/listeners/logging.py:141}}
May 20 21:42:33.798488 dv-cinder-792462-4-smb devstack@c-api.service[105152]: INFO cinder.volume.api [None req-d8cdc93b-783d-4a4c-a5dd-81a9dd76e470 tempest-GroupsTest-1315425107 tempest-GroupsTest-1315425107-project] Create volume request issued successfully.
May 20 21:42:33.822898 dv-cinder-792462-4-smb devstack@c-api.service[105152]: WARNING stevedore.named [None req-d8cdc93b-783d-4a4c-a5dd-81a9dd76e470 tempest-GroupsTest-1315425107 tempest-GroupsTest-1315425107-project] Could not load cinder.keymgr.conf_key_mgr.ConfKeyManager
May 20 21:42:33.823354 dv-cinder-792462-4-smb devstack@c-api.service[105152]: WARNING castellan.key_manager [None req-d8cdc93b-783d-4a4c-a5dd-81a9dd76e470 tempest-GroupsTest-1315425107 tempest-GroupsTest-1315425107-project] Deprecation Warning : cinder.keymgr.conf_key_mgr.ConfKeyManager is not a stevedore based driver, trying to load it as a class: stevedore.exception.NoMatches: No 'castellan.drivers' driver found, looking for 'cinder.keymgr.conf_key_mgr.ConfKeyManager'
May 20 21:42:33.837078 dv-cinder-792462-4-smb devstack@c-api.service[105152]: DEBUG oslo_db.sqlalchemy.engines [None req-d8cdc93b-783d-4a4c-a5dd-81a9dd76e470 tempest-GroupsTest-1315425107 tempest-GroupsTest-1315425107-project] MySQL server mode set to STRICT_TRANS_TABLES,STRICT_ALL_TABLES,NO_ZERO_IN_DATE,NO_ZERO_DATE,ERROR_FOR_DIVISION_BY_ZERO,TRADITIONAL,NO_ENGINE_SUBSTITUTION {{(pid=105152) _check_effective_sql_mode /usr/local/lib/python3.8/dist-packages/oslo_db/sqlalchemy/engines.py:314}}
May 20 21:42:33.847460 dv-cinder-792462-4-smb devstack@c-api.service[105152]: /usr/local/lib/python3.8/dist-packages/oslo_context/context.py:105: DeprecationWarning: Policy enforcement is depending on the value of is_admin. This key is deprecated. Please update your policy file to use the standard policy values.
May 20 21:42:33.847460 dv-cinder-792462-4-smb devstack@c-api.service[105152]: warnings.warn('Policy enforcement is depending on the value of '
May 20 21:42:33.865416 dv-cinder-792462-4-smb devstack@c-api.service[105152]: INFO cinder.api.openstack.wsgi [None req-d8cdc93b-783d-4a4c-a5dd-81a9dd76e470 tempest-GroupsTest-1315425107 tempest-GroupsTest-1315425107-project] http://10.222.0.78/volume/v3/9f3ee62bb6d54095b18481535497e9e3/volumes returned with HTTP 202
May 20 21:42:33.867508 dv-cinder-792462-4-smb devstack@c-api.service[105152]: [pid: 105152|app: 0|req: 13/37] 10.222.0.78 () {62 vars in 1277 bytes} [Thu May 20 21:42:33 2021] POST /volume/v3/9f3ee62bb6d54095b18481535497e9e3/volumes => generated 881 bytes in 663 msecs (HTTP/1.1 202) 7 headers in 292 bytes (1 switches on core 0)
May 20 21:42:33.884944 dv-cinder-792462-4-smb devstack@c-api.service[105151]: INFO cinder.api.openstack.wsgi [req-71f4d66e-7d29-46fc-8ffe-e6c85b849084 req-75441c1c-c3a3-4d09-8c62-9ef6213f7ae1 tempest-VolumesGetTestJSON-1136495755 tempest-VolumesGetTestJSON-1136495755-project] GET http://10.222.0.78/volume/v3/e062382f6d8f46ae81661bd23e2b3c01/volumes/a62d2b43-c62d-4658-bb2a-c565ebf0a086
May 20 21:42:33.884944 dv-cinder-792462-4-smb devstack@c-api.service[105151]: DEBUG cinder.api.openstack.wsgi [req-71f4d66e-7d29-46fc-8ffe-e6c85b849084 req-75441c1c-c3a3-4d09-8c62-9ef6213f7ae1 tempest-VolumesGetTestJSON-1136495755 tempest-VolumesGetTestJSON-1136495755-project] Empty body provided in request {{(pid=105151) get_body /opt/stack/cinder/cinder/api/openstack/wsgi.py:713}}
May 20 21:42:33.884944 dv-cinder-792462-4-smb devstack@c-api.service[105151]: /usr/local/lib/python3.8/dist-packages/webob/acceptparse.py:1047: DeprecationWarning: The behavior of AcceptValidHeader.best_match is currently being maintained for backward compatibility, but it will be deprecated in the future, as it does not conform to the RFC.
May 20 21:42:33.884944 dv-cinder-792462-4-smb devstack@c-api.service[105151]: warnings.warn(
May 20 21:42:33.889539 dv-cinder-792462-4-smb devstack@c-api.service[105151]: DEBUG cinder.api.openstack.wsgi [req-71f4d66e-7d29-46fc-8ffe-e6c85b849084 req-75441c1c-c3a3-4d09-8c62-9ef6213f7ae1 tempest-VolumesGetTestJSON-1136495755 tempest-VolumesGetTestJSON-1136495755-project] Calling method 'show' {{(pid=105151) _process_stack /opt/stack/cinder/cinder/api/openstack/wsgi.py:866}}
May 20 21:42:33.903493 dv-cinder-792462-4-smb devstack@c-api.service[105152]: INFO cinder.api.openstack.wsgi [None req-32cb5732-d206-4d76-9053-d005398fc2b2 tempest-GroupsTest-1315425107 tempest-GroupsTest-1315425107-project] GET http://10.222.0.78/volume/v3/9f3ee62bb6d54095b18481535497e9e3/volumes/dfefd7d5-ffe9-4d4e-8351-b6e813acd941
May 20 21:42:33.906694 dv-cinder-792462-4-smb devstack@c-api.service[105152]: DEBUG cinder.api.openstack.wsgi [None req-32cb5732-d206-4d76-9053-d005398fc2b2 tempest-GroupsTest-1315425107 tempest-GroupsTest-1315425107-project] Empty body provided in request {{(pid=105152) get_body /opt/stack/cinder/cinder/api/openstack/wsgi.py:713}}
May 20 21:42:33.908033 dv-cinder-792462-4-smb devstack@c-api.service[105152]: /usr/local/lib/python3.8/dist-packages/webob/acceptparse.py:1047: DeprecationWarning: The behavior of AcceptValidHeader.best_match is currently being maintained for backward compatibility, but it will be deprecated in the future, as it does not conform to the RFC.
May 20 21:42:33.908033 dv-cinder-792462-4-smb devstack@c-api.service[105152]: warnings.warn(
May 20 21:42:33.910844 dv-cinder-792462-4-smb devstack@c-api.service[105152]: DEBUG cinder.api.openstack.wsgi [None req-32cb5732-d206-4d76-9053-d005398fc2b2 tempest-GroupsTest-1315425107 tempest-GroupsTest-1315425107-project] Calling method 'show' {{(pid=105152) _process_stack /opt/stack/cinder/cinder/api/openstack/wsgi.py:866}}
May 20 21:42:34.073588 dv-cinder-792462-4-smb devstack@c-api.service[105151]: /usr/local/lib/python3.8/dist-packages/oslo_context/context.py:105: DeprecationWarning: Policy enforcement is depending on the value of is_admin. This key is deprecated. Please update your policy file to use the standard policy values.
May 20 21:42:34.073588 dv-cinder-792462-4-smb devstack@c-api.service[105151]: warnings.warn('Policy enforcement is depending on the value of '
May 20 21:42:34.092079 dv-cinder-792462-4-smb devstack@c-api.service[105152]: /usr/local/lib/python3.8/dist-packages/oslo_context/context.py:105: DeprecationWarning: Policy enforcement is depending on the value of is_admin. This key is deprecated. Please update your policy file to use the standard policy values.
May 20 21:42:34.092079 dv-cinder-792462-4-smb devstack@c-api.service[105152]: warnings.warn('Policy enforcement is depending on the value of '
May 20 21:42:34.100828 dv-cinder-792462-4-smb devstack@c-api.service[105151]: INFO cinder.volume.api [req-71f4d66e-7d29-46fc-8ffe-e6c85b849084 req-75441c1c-c3a3-4d09-8c62-9ef6213f7ae1 tempest-VolumesGetTestJSON-1136495755 tempest-VolumesGetTestJSON-1136495755-project] Volume info retrieved successfully.
May 20 21:42:34.136064 dv-cinder-792462-4-smb devstack@c-api.service[105152]: INFO cinder.volume.api [None req-32cb5732-d206-4d76-9053-d005398fc2b2 tempest-GroupsTest-1315425107 tempest-GroupsTest-1315425107-project] Volume info retrieved successfully.
May 20 21:42:34.170591 dv-cinder-792462-4-smb devstack@c-api.service[105151]: INFO cinder.api.openstack.wsgi [req-71f4d66e-7d29-46fc-8ffe-e6c85b849084 req-75441c1c-c3a3-4d09-8c62-9ef6213f7ae1 tempest-VolumesGetTestJSON-1136495755 tempest-VolumesGetTestJSON-1136495755-project] http://10.222.0.78/volume/v3/e062382f6d8f46ae81661bd23e2b3c01/volumes/a62d2b43-c62d-4658-bb2a-c565ebf0a086 returned with HTTP 200
May 20 21:42:34.171693 dv-cinder-792462-4-smb devstack@c-api.service[105151]: [pid: 105151|app: 0|req: 25/38] 10.222.0.78 () {60 vars in 1579 bytes} [Thu May 20 21:42:33 2021] GET /volume/v3/e062382f6d8f46ae81661bd23e2b3c01/volumes/a62d2b43-c62d-4658-bb2a-c565ebf0a086 => generated 925 bytes in 296 msecs (HTTP/1.1 200) 7 headers in 285 bytes (2 switches on core 0)
May 20 21:42:34.175446 dv-cinder-792462-4-smb devstack@c-api.service[105152]: WARNING stevedore.named [None req-32cb5732-d206-4d76-9053-d005398fc2b2 tempest-GroupsTest-1315425107 tempest-GroupsTest-1315425107-project] Could not load cinder.keymgr.conf_key_mgr.ConfKeyManager
May 20 21:42:34.188873 dv-cinder-792462-4-smb devstack@c-api.service[105152]: WARNING castellan.key_manager [None req-32cb5732-d206-4d76-9053-d005398fc2b2 tempest-GroupsTest-1315425107 tempest-GroupsTest-1315425107-project] Deprecation Warning : cinder.keymgr.conf_key_mgr.ConfKeyManager is not a stevedore based driver, trying to load it as a class: stevedore.exception.NoMatches: No 'castellan.drivers' driver found, looking for 'cinder.keymgr.conf_key_mgr.ConfKeyManager'
May 20 21:42:34.200963 dv-cinder-792462-4-smb devstack@c-api.service[105152]: DEBUG oslo_db.sqlalchemy.engines [None req-32cb5732-d206-4d76-9053-d005398fc2b2 tempest-GroupsTest-1315425107 tempest-GroupsTest-1315425107-project] MySQL server mode set to STRICT_TRANS_TABLES,STRICT_ALL_TABLES,NO_ZERO_IN_DATE,NO_ZERO_DATE,ERROR_FOR_DIVISION_BY_ZERO,TRADITIONAL,NO_ENGINE_SUBSTITUTION {{(pid=105152) _check_effective_sql_mode /usr/local/lib/python3.8/dist-packages/oslo_db/sqlalchemy/engines.py:314}}
May 20 21:42:34.211680 dv-cinder-792462-4-smb devstack@c-api.service[105152]: /usr/local/lib/python3.8/dist-packages/oslo_context/context.py:105: DeprecationWarning: Policy enforcement is depending on the value of is_admin. This key is deprecated. Please update your policy file to use the standard policy values.
May 20 21:42:34.211680 dv-cinder-792462-4-smb devstack@c-api.service[105152]: warnings.warn('Policy enforcement is depending on the value of '
May 20 21:42:34.259451 dv-cinder-792462-4-smb devstack@c-api.service[105152]: INFO cinder.api.openstack.wsgi [None req-32cb5732-d206-4d76-9053-d005398fc2b2 tempest-GroupsTest-1315425107 tempest-GroupsTest-1315425107-project] http://10.222.0.78/volume/v3/9f3ee62bb6d54095b18481535497e9e3/volumes/dfefd7d5-ffe9-4d4e-8351-b6e813acd941 returned with HTTP 200
May 20 21:42:34.272365 dv-cinder-792462-4-smb devstack@c-api.service[105152]: [pid: 105152|app: 0|req: 14/39] 10.222.0.78 () {60 vars in 1366 bytes} [Thu May 20 21:42:33 2021] GET /volume/v3/9f3ee62bb6d54095b18481535497e9e3/volumes/dfefd7d5-ffe9-4d4e-8351-b6e813acd941 => generated 949 bytes in 388 msecs (HTTP/1.1 200) 7 headers in 286 bytes (1 switches on core 0)
May 20 21:42:34.291824 dv-cinder-792462-4-smb devstack@c-api.service[105151]: INFO cinder.api.openstack.wsgi [req-b1b32c9e-60ad-4ce0-bca8-ffd90e9eff39 req-a83cd3f8-a2ca-4860-8042-40f2a132a9e8 tempest-VolumesGetTestJSON-1136495755 tempest-VolumesGetTestJSON-1136495755-project] DELETE http://10.222.0.78/volume/v3/e062382f6d8f46ae81661bd23e2b3c01/volumes/a62d2b43-c62d-4658-bb2a-c565ebf0a086
May 20 21:42:34.292383 dv-cinder-792462-4-smb devstack@c-api.service[105151]: DEBUG cinder.api.openstack.wsgi [req-b1b32c9e-60ad-4ce0-bca8-ffd90e9eff39 req-a83cd3f8-a2ca-4860-8042-40f2a132a9e8 tempest-VolumesGetTestJSON-1136495755 tempest-VolumesGetTestJSON-1136495755-project] Empty body provided in request {{(pid=105151) get_body /opt/stack/cinder/cinder/api/openstack/wsgi.py:713}}
May 20 21:42:34.292574 dv-cinder-792462-4-smb devstack@c-api.service[105151]: /usr/local/lib/python3.8/dist-packages/webob/acceptparse.py:1047: DeprecationWarning: The behavior of AcceptValidHeader.best_match is currently being maintained for backward compatibility, but it will be deprecated in the future, as it does not conform to the RFC.
May 20 21:42:34.292574 dv-cinder-792462-4-smb devstack@c-api.service[105151]: warnings.warn(
May 20 21:42:34.292918 dv-cinder-792462-4-smb devstack@c-api.service[105151]: DEBUG cinder.api.openstack.wsgi [req-b1b32c9e-60ad-4ce0-bca8-ffd90e9eff39 req-a83cd3f8-a2ca-4860-8042-40f2a132a9e8 tempest-VolumesGetTestJSON-1136495755 tempest-VolumesGetTestJSON-1136495755-project] Calling method 'delete' {{(pid=105151) _process_stack /opt/stack/cinder/cinder/api/openstack/wsgi.py:866}}
May 20 21:42:34.293467 dv-cinder-792462-4-smb devstack@c-api.service[105151]: INFO cinder.api.v3.volumes [req-b1b32c9e-60ad-4ce0-bca8-ffd90e9eff39 req-a83cd3f8-a2ca-4860-8042-40f2a132a9e8 tempest-VolumesGetTestJSON-1136495755 tempest-VolumesGetTestJSON-1136495755-project] Delete volume with id: a62d2b43-c62d-4658-bb2a-c565ebf0a086
May 20 21:42:34.504653 dv-cinder-792462-4-smb devstack@c-api.service[105151]: /usr/local/lib/python3.8/dist-packages/oslo_context/context.py:105: DeprecationWarning: Policy enforcement is depending on the value of is_admin. This key is deprecated. Please update your policy file to use the standard policy values.
May 20 21:42:34.504653 dv-cinder-792462-4-smb devstack@c-api.service[105151]: warnings.warn('Policy enforcement is depending on the value of '
May 20 21:42:34.507330 dv-cinder-792462-4-smb devstack@c-api.service[105151]: INFO cinder.volume.api [req-b1b32c9e-60ad-4ce0-bca8-ffd90e9eff39 req-a83cd3f8-a2ca-4860-8042-40f2a132a9e8 tempest-VolumesGetTestJSON-1136495755 tempest-VolumesGetTestJSON-1136495755-project] Volume info retrieved successfully.
May 20 21:42:34.597652 dv-cinder-792462-4-smb devstack@c-api.service[105151]: INFO cinder.volume.api [req-b1b32c9e-60ad-4ce0-bca8-ffd90e9eff39 req-a83cd3f8-a2ca-4860-8042-40f2a132a9e8 tempest-VolumesGetTestJSON-1136495755 tempest-VolumesGetTestJSON-1136495755-project] Delete volume request issued successfully.
May 20 21:42:34.598787 dv-cinder-792462-4-smb devstack@c-api.service[105151]: INFO cinder.api.openstack.wsgi [req-b1b32c9e-60ad-4ce0-bca8-ffd90e9eff39 req-a83cd3f8-a2ca-4860-8042-40f2a132a9e8 tempest-VolumesGetTestJSON-1136495755 tempest-VolumesGetTestJSON-1136495755-project] http://10.222.0.78/volume/v3/e062382f6d8f46ae81661bd23e2b3c01/volumes/a62d2b43-c62d-4658-bb2a-c565ebf0a086 returned with HTTP 202
May 20 21:42:34.601434 dv-cinder-792462-4-smb devstack@c-api.service[105151]: [pid: 105151|app: 0|req: 26/40] 10.222.0.78 () {62 vars in 1601 bytes} [Thu May 20 21:42:34 2021] DELETE /volume/v3/e062382f6d8f46ae81661bd23e2b3c01/volumes/a62d2b43-c62d-4658-bb2a-c565ebf0a086 => generated 0 bytes in 316 msecs (HTTP/1.1 202) 6 headers in 233 bytes (2 switches on core 0)
