May 20 21:43:27.938988 dv-cinder-792462-4-iscsi devstack@c-api.service[105013]: INFO cinder.api.openstack.wsgi [None req-c7a7c52d-7a13-44b9-9caf-e91f89a1860d tempest-AttachVolumeNegativeTest-651110563 tempest-AttachVolumeNegativeTest-651110563-project] GET http://10.222.0.82/volume/v3/2b000f63b1dc452bb37a233fd58b00af/volumes/487c81cc-a628-4c15-84d5-6a0abc97cc80
May 20 21:43:27.939612 dv-cinder-792462-4-iscsi devstack@c-api.service[105013]: DEBUG cinder.api.openstack.wsgi [None req-c7a7c52d-7a13-44b9-9caf-e91f89a1860d tempest-AttachVolumeNegativeTest-651110563 tempest-AttachVolumeNegativeTest-651110563-project] Empty body provided in request {{(pid=105013) get_body /opt/stack/cinder/cinder/api/openstack/wsgi.py:713}}
May 20 21:43:27.940021 dv-cinder-792462-4-iscsi devstack@c-api.service[105013]: /usr/local/lib/python3.8/dist-packages/webob/acceptparse.py:1047: DeprecationWarning: The behavior of AcceptValidHeader.best_match is currently being maintained for backward compatibility, but it will be deprecated in the future, as it does not conform to the RFC.
May 20 21:43:27.940021 dv-cinder-792462-4-iscsi devstack@c-api.service[105013]: warnings.warn(
May 20 21:43:27.945212 dv-cinder-792462-4-iscsi devstack@c-api.service[105013]: DEBUG cinder.api.openstack.wsgi [None req-c7a7c52d-7a13-44b9-9caf-e91f89a1860d tempest-AttachVolumeNegativeTest-651110563 tempest-AttachVolumeNegativeTest-651110563-project] Calling method 'show' {{(pid=105013) _process_stack /opt/stack/cinder/cinder/api/openstack/wsgi.py:866}}
May 20 21:43:27.950446 dv-cinder-792462-4-iscsi devstack@c-api.service[105014]: INFO cinder.volume.api [None req-b801c5a4-a680-4adf-9ecd-10e88de47068 tempest-VolumesActionsTest-1361099074 tempest-VolumesActionsTest-1361099074-project] Availability Zones retrieved successfully.
May 20 21:43:28.000679 dv-cinder-792462-4-iscsi devstack@c-api.service[105014]: DEBUG cinder.volume.api [None req-b801c5a4-a680-4adf-9ecd-10e88de47068 tempest-VolumesActionsTest-1361099074 tempest-VolumesActionsTest-1361099074-project] Flow 'volume_create_api' (81e01801-125e-42c5-9d9b-027479c58e7d) transitioned into state 'RUNNING' from state 'PENDING' {{(pid=105014) _flow_receiver /usr/local/lib/python3.8/dist-packages/taskflow/listeners/logging.py:141}}
May 20 21:43:28.006625 dv-cinder-792462-4-iscsi devstack@c-api.service[105014]: DEBUG cinder.volume.api [None req-b801c5a4-a680-4adf-9ecd-10e88de47068 tempest-VolumesActionsTest-1361099074 tempest-VolumesActionsTest-1361099074-project] Task 'cinder.volume.flows.api.create_volume.ExtractVolumeRequestTask;volume:create' (9a78081e-56c1-4d52-8797-083396240ba0) transitioned into state 'RUNNING' from state 'PENDING' {{(pid=105014) _task_receiver /usr/local/lib/python3.8/dist-packages/taskflow/listeners/logging.py:190}}
May 20 21:43:28.011350 dv-cinder-792462-4-iscsi devstack@c-api.service[105014]: DEBUG cinder.volume.flows.api.create_volume [None req-b801c5a4-a680-4adf-9ecd-10e88de47068 tempest-VolumesActionsTest-1361099074 tempest-VolumesActionsTest-1361099074-project] Validating volume size '1' using validate_int {{(pid=105014) _extract_size /opt/stack/cinder/cinder/volume/flows/api/create_volume.py:201}}
May 20 21:43:28.060906 dv-cinder-792462-4-iscsi devstack@c-api.service[105013]: /usr/local/lib/python3.8/dist-packages/oslo_context/context.py:105: DeprecationWarning: Policy enforcement is depending on the value of is_admin. This key is deprecated. Please update your policy file to use the standard policy values.
May 20 21:43:28.060906 dv-cinder-792462-4-iscsi devstack@c-api.service[105013]: warnings.warn('Policy enforcement is depending on the value of '
May 20 21:43:28.077617 dv-cinder-792462-4-iscsi devstack@c-api.service[105013]: INFO cinder.volume.api [None req-c7a7c52d-7a13-44b9-9caf-e91f89a1860d tempest-AttachVolumeNegativeTest-651110563 tempest-AttachVolumeNegativeTest-651110563-project] Volume info retrieved successfully.
May 20 21:43:28.117857 dv-cinder-792462-4-iscsi devstack@c-api.service[105013]: /usr/local/lib/python3.8/dist-packages/oslo_context/context.py:105: DeprecationWarning: Policy enforcement is depending on the value of is_admin. This key is deprecated. Please update your policy file to use the standard policy values.
May 20 21:43:28.117857 dv-cinder-792462-4-iscsi devstack@c-api.service[105013]: warnings.warn('Policy enforcement is depending on the value of '
May 20 21:43:28.137290 dv-cinder-792462-4-iscsi devstack@c-api.service[105013]: INFO cinder.api.openstack.wsgi [None req-c7a7c52d-7a13-44b9-9caf-e91f89a1860d tempest-AttachVolumeNegativeTest-651110563 tempest-AttachVolumeNegativeTest-651110563-project] http://10.222.0.82/volume/v3/2b000f63b1dc452bb37a233fd58b00af/volumes/487c81cc-a628-4c15-84d5-6a0abc97cc80 returned with HTTP 200
May 20 21:43:28.138666 dv-cinder-792462-4-iscsi devstack@c-api.service[105013]: [pid: 105013|app: 0|req: 160/308] 10.222.0.82 () {58 vars in 1325 bytes} [Thu May 20 21:43:27 2021] GET /volume/v3/2b000f63b1dc452bb37a233fd58b00af/volumes/487c81cc-a628-4c15-84d5-6a0abc97cc80 => generated 916 bytes in 211 msecs (HTTP/1.1 200) 7 headers in 285 bytes (1 switches on core 0)
May 20 21:43:28.151907 dv-cinder-792462-4-iscsi devstack@c-api.service[105013]: INFO cinder.api.openstack.wsgi [None req-89b5c568-b873-4194-bba0-b4bde5419354 tempest-VolumesServicesTestJSON-1197128546 tempest-VolumesServicesTestJSON-1197128546-project] GET http://10.222.0.82/volume/v3/c097115bd1e143f9b1e3e6fb09b0ecb3/volumes/257b074d-afdc-4473-8cb4-e543122d3a4c
May 20 21:43:28.151907 dv-cinder-792462-4-iscsi devstack@c-api.service[105013]: DEBUG cinder.api.openstack.wsgi [None req-89b5c568-b873-4194-bba0-b4bde5419354 tempest-VolumesServicesTestJSON-1197128546 tempest-VolumesServicesTestJSON-1197128546-project] Empty body provided in request {{(pid=105013) get_body /opt/stack/cinder/cinder/api/openstack/wsgi.py:713}}
May 20 21:43:28.151907 dv-cinder-792462-4-iscsi devstack@c-api.service[105013]: /usr/local/lib/python3.8/dist-packages/webob/acceptparse.py:1047: DeprecationWarning: The behavior of AcceptValidHeader.best_match is currently being maintained for backward compatibility, but it will be deprecated in the future, as it does not conform to the RFC.
May 20 21:43:28.151907 dv-cinder-792462-4-iscsi devstack@c-api.service[105013]: warnings.warn(
May 20 21:43:28.151907 dv-cinder-792462-4-iscsi devstack@c-api.service[105013]: DEBUG cinder.api.openstack.wsgi [None req-89b5c568-b873-4194-bba0-b4bde5419354 tempest-VolumesServicesTestJSON-1197128546 tempest-VolumesServicesTestJSON-1197128546-project] Calling method 'show' {{(pid=105013) _process_stack /opt/stack/cinder/cinder/api/openstack/wsgi.py:866}}
May 20 21:43:28.171796 dv-cinder-792462-4-iscsi devstack@c-api.service[105014]: DEBUG cinder.volume.api [None req-b801c5a4-a680-4adf-9ecd-10e88de47068 tempest-VolumesActionsTest-1361099074 tempest-VolumesActionsTest-1361099074-project] Task 'cinder.volume.flows.api.create_volume.ExtractVolumeRequestTask;volume:create' (9a78081e-56c1-4d52-8797-083396240ba0) transitioned into state 'SUCCESS' from state 'RUNNING' with result '{'size': 1, 'snapshot_id': None, 'source_volid': None, 'volume_type': VolumeType(created_at=2021-05-20T21:32:54Z,deleted=False,deleted_at=None,description='Default Volume Type',extra_specs={},id=f1451c54-98bd-425f-aec1-0ea4e9802e62,is_public=True,name='__DEFAULT__',projects=[],qos_specs=,qos_specs_id=None,updated_at=2021-05-20T21:32:54Z), 'volume_type_id': 'f1451c54-98bd-425f-aec1-0ea4e9802e62', 'encryption_key_id': None, 'qos_specs': None, 'consistencygroup_id': None, 'cgsnapshot_id': None, 'group_id': None, 'replication_status': 'disabled', 'refresh_az': False, 'backup_id': None, 'multiattach': False, 'availability_zones': ['nova']}' {{(pid=105014) _task_receiver /usr/local/lib/python3.8/dist-packages/taskflow/listeners/logging.py:178}}
May 20 21:43:28.178105 dv-cinder-792462-4-iscsi devstack@c-api.service[105014]: DEBUG cinder.volume.api [None req-b801c5a4-a680-4adf-9ecd-10e88de47068 tempest-VolumesActionsTest-1361099074 tempest-VolumesActionsTest-1361099074-project] Task 'cinder.volume.flows.api.create_volume.QuotaReserveTask;volume:create' (53201225-4b3f-4ffe-8865-14c086d8b820) transitioned into state 'RUNNING' from state 'PENDING' {{(pid=105014) _task_receiver /usr/local/lib/python3.8/dist-packages/taskflow/listeners/logging.py:190}}
May 20 21:43:28.224534 dv-cinder-792462-4-iscsi devstack@c-api.service[105013]: /usr/local/lib/python3.8/dist-packages/oslo_context/context.py:105: DeprecationWarning: Policy enforcement is depending on the value of is_admin. This key is deprecated. Please update your policy file to use the standard policy values.
May 20 21:43:28.224534 dv-cinder-792462-4-iscsi devstack@c-api.service[105013]: warnings.warn('Policy enforcement is depending on the value of '
May 20 21:43:28.236322 dv-cinder-792462-4-iscsi devstack@c-api.service[105013]: INFO cinder.volume.api [None req-89b5c568-b873-4194-bba0-b4bde5419354 tempest-VolumesServicesTestJSON-1197128546 tempest-VolumesServicesTestJSON-1197128546-project] Volume info retrieved successfully.
May 20 21:43:28.268240 dv-cinder-792462-4-iscsi devstack@c-api.service[105013]: INFO cinder.api.openstack.wsgi [None req-89b5c568-b873-4194-bba0-b4bde5419354 tempest-VolumesServicesTestJSON-1197128546 tempest-VolumesServicesTestJSON-1197128546-project] http://10.222.0.82/volume/v3/c097115bd1e143f9b1e3e6fb09b0ecb3/volumes/257b074d-afdc-4473-8cb4-e543122d3a4c returned with HTTP 200
May 20 21:43:28.269684 dv-cinder-792462-4-iscsi devstack@c-api.service[105013]: [pid: 105013|app: 0|req: 161/309] 10.222.0.82 () {58 vars in 1325 bytes} [Thu May 20 21:43:28 2021] GET /volume/v3/c097115bd1e143f9b1e3e6fb09b0ecb3/volumes/257b074d-afdc-4473-8cb4-e543122d3a4c => generated 915 bytes in 129 msecs (HTTP/1.1 200) 7 headers in 285 bytes (1 switches on core 0)
May 20 21:43:28.284554 dv-cinder-792462-4-iscsi devstack@c-api.service[105013]: INFO cinder.api.openstack.wsgi [None req-88785038-f948-4d6b-9c4d-e34e4f4c2baa tempest-VolumesServicesTestJSON-307252728 tempest-VolumesServicesTestJSON-307252728-project-admin] GET http://10.222.0.82/volume/v3/3354179aaaa24cc5b99db477a3a52549/volumes/257b074d-afdc-4473-8cb4-e543122d3a4c
May 20 21:43:28.285186 dv-cinder-792462-4-iscsi devstack@c-api.service[105013]: DEBUG cinder.api.openstack.wsgi [None req-88785038-f948-4d6b-9c4d-e34e4f4c2baa tempest-VolumesServicesTestJSON-307252728 tempest-VolumesServicesTestJSON-307252728-project-admin] Empty body provided in request {{(pid=105013) get_body /opt/stack/cinder/cinder/api/openstack/wsgi.py:713}}
May 20 21:43:28.285522 dv-cinder-792462-4-iscsi devstack@c-api.service[105013]: /usr/local/lib/python3.8/dist-packages/webob/acceptparse.py:1047: DeprecationWarning: The behavior of AcceptValidHeader.best_match is currently being maintained for backward compatibility, but it will be deprecated in the future, as it does not conform to the RFC.
May 20 21:43:28.285522 dv-cinder-792462-4-iscsi devstack@c-api.service[105013]: warnings.warn(
May 20 21:43:28.287176 dv-cinder-792462-4-iscsi devstack@c-api.service[105013]: DEBUG cinder.api.openstack.wsgi [None req-88785038-f948-4d6b-9c4d-e34e4f4c2baa tempest-VolumesServicesTestJSON-307252728 tempest-VolumesServicesTestJSON-307252728-project-admin] Calling method 'show' {{(pid=105013) _process_stack /opt/stack/cinder/cinder/api/openstack/wsgi.py:866}}
May 20 21:43:28.354886 dv-cinder-792462-4-iscsi devstack@c-api.service[105013]: /usr/local/lib/python3.8/dist-packages/oslo_context/context.py:105: DeprecationWarning: Policy enforcement is depending on the value of is_admin. This key is deprecated. Please update your policy file to use the standard policy values.
May 20 21:43:28.354886 dv-cinder-792462-4-iscsi devstack@c-api.service[105013]: warnings.warn('Policy enforcement is depending on the value of '
May 20 21:43:28.367682 dv-cinder-792462-4-iscsi devstack@c-api.service[105013]: INFO cinder.volume.api [None req-88785038-f948-4d6b-9c4d-e34e4f4c2baa tempest-VolumesServicesTestJSON-307252728 tempest-VolumesServicesTestJSON-307252728-project-admin] Volume info retrieved successfully.
May 20 21:43:28.399544 dv-cinder-792462-4-iscsi devstack@c-api.service[105013]: INFO cinder.api.openstack.wsgi [None req-88785038-f948-4d6b-9c4d-e34e4f4c2baa tempest-VolumesServicesTestJSON-307252728 tempest-VolumesServicesTestJSON-307252728-project-admin] http://10.222.0.82/volume/v3/3354179aaaa24cc5b99db477a3a52549/volumes/257b074d-afdc-4473-8cb4-e543122d3a4c returned with HTTP 200
May 20 21:43:28.400955 dv-cinder-792462-4-iscsi devstack@c-api.service[105013]: [pid: 105013|app: 0|req: 162/310] 10.222.0.82 () {58 vars in 1325 bytes} [Thu May 20 21:43:28 2021] GET /volume/v3/3354179aaaa24cc5b99db477a3a52549/volumes/257b074d-afdc-4473-8cb4-e543122d3a4c => generated 1091 bytes in 121 msecs (HTTP/1.1 200) 7 headers in 286 bytes (2 switches on core 0)
May 20 21:43:28.420106 dv-cinder-792462-4-iscsi devstack@c-api.service[105013]: INFO cinder.api.openstack.wsgi [None req-8562c8f0-378c-41f0-a81a-603fa5355179 tempest-VolumesServicesTestJSON-307252728 tempest-VolumesServicesTestJSON-307252728-project-admin] GET http://10.222.0.82/volume/v3/3354179aaaa24cc5b99db477a3a52549/os-services?host=hv-cinder-79246&binary=cinder-volume
May 20 21:43:28.420671 dv-cinder-792462-4-iscsi devstack@c-api.service[105013]: DEBUG cinder.api.openstack.wsgi [None req-8562c8f0-378c-41f0-a81a-603fa5355179 tempest-VolumesServicesTestJSON-307252728 tempest-VolumesServicesTestJSON-307252728-project-admin] Empty body provided in request {{(pid=105013) get_body /opt/stack/cinder/cinder/api/openstack/wsgi.py:713}}
May 20 21:43:28.420838 dv-cinder-792462-4-iscsi devstack@c-api.service[105013]: /usr/local/lib/python3.8/dist-packages/webob/acceptparse.py:1047: DeprecationWarning: The behavior of AcceptValidHeader.best_match is currently being maintained for backward compatibility, but it will be deprecated in the future, as it does not conform to the RFC.
May 20 21:43:28.420838 dv-cinder-792462-4-iscsi devstack@c-api.service[105013]: warnings.warn(
May 20 21:43:28.421177 dv-cinder-792462-4-iscsi devstack@c-api.service[105013]: DEBUG cinder.api.openstack.wsgi [None req-8562c8f0-378c-41f0-a81a-603fa5355179 tempest-VolumesServicesTestJSON-307252728 tempest-VolumesServicesTestJSON-307252728-project-admin] Calling method 'index' {{(pid=105013) _process_stack /opt/stack/cinder/cinder/api/openstack/wsgi.py:866}}
May 20 21:43:28.439886 dv-cinder-792462-4-iscsi devstack@c-api.service[105013]: INFO cinder.api.openstack.wsgi [None req-8562c8f0-378c-41f0-a81a-603fa5355179 tempest-VolumesServicesTestJSON-307252728 tempest-VolumesServicesTestJSON-307252728-project-admin] http://10.222.0.82/volume/v3/3354179aaaa24cc5b99db477a3a52549/os-services?host=hv-cinder-79246&binary=cinder-volume returned with HTTP 200
May 20 21:43:28.454102 dv-cinder-792462-4-iscsi devstack@c-api.service[105013]: [pid: 105013|app: 0|req: 163/311] 10.222.0.82 () {58 vars in 1309 bytes} [Thu May 20 21:43:28 2021] GET /volume/v3/3354179aaaa24cc5b99db477a3a52549/os-services?host=hv-cinder-79246&binary=cinder-volume => generated 276 bytes in 38 msecs (HTTP/1.1 200) 7 headers in 285 bytes (1 switches on core 0)
May 20 21:43:28.462351 dv-cinder-792462-4-iscsi devstack@c-api.service[105013]: INFO cinder.api.openstack.wsgi [None req-96ee3201-13f0-43b4-91d1-82d25edfa6ae tempest-VolumesServicesTestJSON-307252728 tempest-VolumesServicesTestJSON-307252728-project-admin] GET http://10.222.0.82/volume/v3/3354179aaaa24cc5b99db477a3a52549/os-services
May 20 21:43:28.462896 dv-cinder-792462-4-iscsi devstack@c-api.service[105013]: DEBUG cinder.api.openstack.wsgi [None req-96ee3201-13f0-43b4-91d1-82d25edfa6ae tempest-VolumesServicesTestJSON-307252728 tempest-VolumesServicesTestJSON-307252728-project-admin] Empty body provided in request {{(pid=105013) get_body /opt/stack/cinder/cinder/api/openstack/wsgi.py:713}}
May 20 21:43:28.463340 dv-cinder-792462-4-iscsi devstack@c-api.service[105013]: DEBUG cinder.api.openstack.wsgi [None req-96ee3201-13f0-43b4-91d1-82d25edfa6ae tempest-VolumesServicesTestJSON-307252728 tempest-VolumesServicesTestJSON-307252728-project-admin] Calling method 'index' {{(pid=105013) _process_stack /opt/stack/cinder/cinder/api/openstack/wsgi.py:866}}
May 20 21:43:28.497662 dv-cinder-792462-4-iscsi devstack@c-api.service[105013]: INFO cinder.api.openstack.wsgi [None req-96ee3201-13f0-43b4-91d1-82d25edfa6ae tempest-VolumesServicesTestJSON-307252728 tempest-VolumesServicesTestJSON-307252728-project-admin] http://10.222.0.82/volume/v3/3354179aaaa24cc5b99db477a3a52549/os-services returned with HTTP 200
May 20 21:43:28.498472 dv-cinder-792462-4-iscsi devstack@c-api.service[105013]: [pid: 105013|app: 0|req: 164/312] 10.222.0.82 () {58 vars in 1226 bytes} [Thu May 20 21:43:28 2021] GET /volume/v3/3354179aaaa24cc5b99db477a3a52549/os-services => generated 642 bytes in 44 msecs (HTTP/1.1 200) 7 headers in 285 bytes (1 switches on core 0)
May 20 21:43:28.512391 dv-cinder-792462-4-iscsi devstack@c-api.service[105013]: INFO cinder.api.openstack.wsgi [None req-662a5643-6a63-4908-bd54-9b8f2e208c4e tempest-VolumesServicesTestJSON-1197128546 tempest-VolumesServicesTestJSON-1197128546-project] DELETE http://10.222.0.82/volume/v3/c097115bd1e143f9b1e3e6fb09b0ecb3/volumes/257b074d-afdc-4473-8cb4-e543122d3a4c
May 20 21:43:28.513772 dv-cinder-792462-4-iscsi devstack@c-api.service[105013]: DEBUG cinder.api.openstack.wsgi [None req-662a5643-6a63-4908-bd54-9b8f2e208c4e tempest-VolumesServicesTestJSON-1197128546 tempest-VolumesServicesTestJSON-1197128546-project] Empty body provided in request {{(pid=105013) get_body /opt/stack/cinder/cinder/api/openstack/wsgi.py:713}}
May 20 21:43:28.513772 dv-cinder-792462-4-iscsi devstack@c-api.service[105013]: DEBUG cinder.api.openstack.wsgi [None req-662a5643-6a63-4908-bd54-9b8f2e208c4e tempest-VolumesServicesTestJSON-1197128546 tempest-VolumesServicesTestJSON-1197128546-project] Calling method 'delete' {{(pid=105013) _process_stack /opt/stack/cinder/cinder/api/openstack/wsgi.py:866}}
May 20 21:43:28.514032 dv-cinder-792462-4-iscsi devstack@c-api.service[105013]: INFO cinder.api.v3.volumes [None req-662a5643-6a63-4908-bd54-9b8f2e208c4e tempest-VolumesServicesTestJSON-1197128546 tempest-VolumesServicesTestJSON-1197128546-project] Delete volume with id: 257b074d-afdc-4473-8cb4-e543122d3a4c
May 20 21:43:28.576221 dv-cinder-792462-4-iscsi devstack@c-api.service[105014]: DEBUG cinder.quota [None req-b801c5a4-a680-4adf-9ecd-10e88de47068 tempest-VolumesActionsTest-1361099074 tempest-VolumesActionsTest-1361099074-project] Created reservations ['78d63406-5d2f-4fa1-89ef-9f5ea5b60940', '54eead85-a57c-4447-a77f-01bb7a167924', '9cd42b88-ca6b-449e-9b86-805f465d02f0', '162b14ac-26ac-483d-b170-7f63b008ff76'] {{(pid=105014) reserve /opt/stack/cinder/cinder/quota.py:755}}
May 20 21:43:28.580504 dv-cinder-792462-4-iscsi devstack@c-api.service[105014]: DEBUG cinder.volume.api [None req-b801c5a4-a680-4adf-9ecd-10e88de47068 tempest-VolumesActionsTest-1361099074 tempest-VolumesActionsTest-1361099074-project] Task 'cinder.volume.flows.api.create_volume.QuotaReserveTask;volume:create' (53201225-4b3f-4ffe-8865-14c086d8b820) transitioned into state 'SUCCESS' from state 'RUNNING' with result '{'reservations': ['78d63406-5d2f-4fa1-89ef-9f5ea5b60940', '54eead85-a57c-4447-a77f-01bb7a167924', '9cd42b88-ca6b-449e-9b86-805f465d02f0', '162b14ac-26ac-483d-b170-7f63b008ff76']}' {{(pid=105014) _task_receiver /usr/local/lib/python3.8/dist-packages/taskflow/listeners/logging.py:178}}
May 20 21:43:28.590256 dv-cinder-792462-4-iscsi devstack@c-api.service[105014]: DEBUG cinder.volume.api [None req-b801c5a4-a680-4adf-9ecd-10e88de47068 tempest-VolumesActionsTest-1361099074 tempest-VolumesActionsTest-1361099074-project] Task 'cinder.volume.flows.api.create_volume.EntryCreateTask;volume:create' (9f2c6ef7-6ac1-44ea-953e-1b27a50ea3be) transitioned into state 'RUNNING' from state 'PENDING' {{(pid=105014) _task_receiver /usr/local/lib/python3.8/dist-packages/taskflow/listeners/logging.py:190}}
May 20 21:43:28.621516 dv-cinder-792462-4-iscsi devstack@c-api.service[105013]: /usr/local/lib/python3.8/dist-packages/oslo_context/context.py:105: DeprecationWarning: Policy enforcement is depending on the value of is_admin. This key is deprecated. Please update your policy file to use the standard policy values.
May 20 21:43:28.621516 dv-cinder-792462-4-iscsi devstack@c-api.service[105013]: warnings.warn('Policy enforcement is depending on the value of '
May 20 21:43:28.622645 dv-cinder-792462-4-iscsi devstack@c-api.service[105013]: INFO cinder.volume.api [None req-662a5643-6a63-4908-bd54-9b8f2e208c4e tempest-VolumesServicesTestJSON-1197128546 tempest-VolumesServicesTestJSON-1197128546-project] Volume info retrieved successfully.
May 20 21:43:28.689228 dv-cinder-792462-4-iscsi devstack@c-api.service[105013]: INFO cinder.volume.api [None req-662a5643-6a63-4908-bd54-9b8f2e208c4e tempest-VolumesServicesTestJSON-1197128546 tempest-VolumesServicesTestJSON-1197128546-project] Delete volume request issued successfully.
May 20 21:43:28.690259 dv-cinder-792462-4-iscsi devstack@c-api.service[105013]: INFO cinder.api.openstack.wsgi [None req-662a5643-6a63-4908-bd54-9b8f2e208c4e tempest-VolumesServicesTestJSON-1197128546 tempest-VolumesServicesTestJSON-1197128546-project] http://10.222.0.82/volume/v3/c097115bd1e143f9b1e3e6fb09b0ecb3/volumes/257b074d-afdc-4473-8cb4-e543122d3a4c returned with HTTP 202
May 20 21:43:28.694279 dv-cinder-792462-4-iscsi devstack@c-api.service[105013]: [pid: 105013|app: 0|req: 165/313] 10.222.0.82 () {58 vars in 1328 bytes} [Thu May 20 21:43:28 2021] DELETE /volume/v3/c097115bd1e143f9b1e3e6fb09b0ecb3/volumes/257b074d-afdc-4473-8cb4-e543122d3a4c => generated 0 bytes in 186 msecs (HTTP/1.1 202) 6 headers in 233 bytes (1 switches on core 0)
May 20 21:43:28.697331 dv-cinder-792462-4-iscsi devstack@c-api.service[105014]: DEBUG cinder.volume.api [None req-b801c5a4-a680-4adf-9ecd-10e88de47068 tempest-VolumesActionsTest-1361099074 tempest-VolumesActionsTest-1361099074-project] Task 'cinder.volume.flows.api.create_volume.EntryCreateTask;volume:create' (9f2c6ef7-6ac1-44ea-953e-1b27a50ea3be) transitioned into state 'SUCCESS' from state 'RUNNING' with result '{'volume_id': 'ee8906cb-c72d-4cc0-9292-53f8c6f082a0', 'volume_properties': VolumeProperties(attach_status='detached',availability_zone='nova',cgsnapshot_id=None,consistencygroup_id=None,display_description=None,display_name='tempest-VolumesActionsTest-Volume-201499747',encryption_key_id=None,group_id=None,group_type_id=,metadata={},multiattach=False,project_id='b790122439244d5593a8610595b7bc1d',qos_specs=None,replication_status=,reservations=['78d63406-5d2f-4fa1-89ef-9f5ea5b60940','54eead85-a57c-4447-a77f-01bb7a167924','9cd42b88-ca6b-449e-9b86-805f465d02f0','162b14ac-26ac-483d-b170-7f63b008ff76'],size=1,snapshot_id=None,source_replicaid=,source_volid=None,status='creating',user_id='6d216d1bc5c748519163b93dd1237bd1',volume_type_id=f1451c54-98bd-425f-aec1-0ea4e9802e62), 'volume': Volume(_name_id=None,admin_metadata=,attach_status='detached',availability_zone='nova',bootable=False,cluster=,cluster_name=None,consistencygroup=,consistencygroup_id=None,created_at=2021-05-20T21:43:28Z,deleted=False,deleted_at=None,display_description=None,display_name='tempest-VolumesActionsTest-Volume-201499747',ec2_id=None,encryption_key_id=None,glance_metadata=,group=,group_id=None,host=None,id=ee8906cb-c72d-4cc0-9292-53f8c6f082a0,launched_at=None,metadata={},migration_status=None,multiattach=False,previous_status=None,project_id='b790122439244d5593a8610595b7bc1d',provider_auth=None,provider_geometry=None,provider_id=None,provider_location=None,replication_driver_data=None,replication_extended_status=None,replication_status=None,scheduled_at=None,service_uuid=None,shared_targets=True,size=1,snapshot_id=None,snapshots=,source_volid=None,status='creating',terminated_at=None,updated_at=None,user_id='6d216d1bc5c748519163b93dd1237bd1',volume_attachment=,volume_type=VolumeType(f1451c54-98bd-425f-aec1-0ea4e9802e62),volume_type_id=f1451c54-98bd-425f-aec1-0ea4e9802e62)}' {{(pid=105014) _task_receiver /usr/local/lib/python3.8/dist-packages/taskflow/listeners/logging.py:178}}
May 20 21:43:28.698506 dv-cinder-792462-4-iscsi devstack@c-api.service[105013]: INFO cinder.api.openstack.wsgi [None req-ab8aba7f-0400-4ac9-80d0-90b285820cf8 tempest-VolumesServicesTestJSON-1197128546 tempest-VolumesServicesTestJSON-1197128546-project] GET http://10.222.0.82/volume/v3/c097115bd1e143f9b1e3e6fb09b0ecb3/volumes/257b074d-afdc-4473-8cb4-e543122d3a4c
May 20 21:43:28.699052 dv-cinder-792462-4-iscsi devstack@c-api.service[105013]: DEBUG cinder.api.openstack.wsgi [None req-ab8aba7f-0400-4ac9-80d0-90b285820cf8 tempest-VolumesServicesTestJSON-1197128546 tempest-VolumesServicesTestJSON-1197128546-project] Empty body provided in request {{(pid=105013) get_body /opt/stack/cinder/cinder/api/openstack/wsgi.py:713}}
May 20 21:43:28.700509 dv-cinder-792462-4-iscsi devstack@c-api.service[105014]: DEBUG cinder.volume.api [None req-b801c5a4-a680-4adf-9ecd-10e88de47068 tempest-VolumesActionsTest-1361099074 tempest-VolumesActionsTest-1361099074-project] Task 'cinder.volume.flows.api.create_volume.QuotaCommitTask;volume:create' (03a40750-b73f-4f85-931c-7458649e8d45) transitioned into state 'RUNNING' from state 'PENDING' {{(pid=105014) _task_receiver /usr/local/lib/python3.8/dist-packages/taskflow/listeners/logging.py:190}}
May 20 21:43:28.701401 dv-cinder-792462-4-iscsi devstack@c-api.service[105013]: /usr/local/lib/python3.8/dist-packages/webob/acceptparse.py:1047: DeprecationWarning: The behavior of AcceptValidHeader.best_match is currently being maintained for backward compatibility, but it will be deprecated in the future, as it does not conform to the RFC.
May 20 21:43:28.701401 dv-cinder-792462-4-iscsi devstack@c-api.service[105013]: warnings.warn(
May 20 21:43:28.701844 dv-cinder-792462-4-iscsi devstack@c-api.service[105013]: DEBUG cinder.api.openstack.wsgi [None req-ab8aba7f-0400-4ac9-80d0-90b285820cf8 tempest-VolumesServicesTestJSON-1197128546 tempest-VolumesServicesTestJSON-1197128546-project] Calling method 'show' {{(pid=105013) _process_stack /opt/stack/cinder/cinder/api/openstack/wsgi.py:866}}
May 20 21:43:28.755006 dv-cinder-792462-4-iscsi devstack@c-api.service[105014]: DEBUG cinder.volume.api [None req-b801c5a4-a680-4adf-9ecd-10e88de47068 tempest-VolumesActionsTest-1361099074 tempest-VolumesActionsTest-1361099074-project] Task 'cinder.volume.flows.api.create_volume.QuotaCommitTask;volume:create' (03a40750-b73f-4f85-931c-7458649e8d45) transitioned into state 'SUCCESS' from state 'RUNNING' with result '{'volume_properties': VolumeProperties(attach_status='detached',availability_zone='nova',cgsnapshot_id=None,consistencygroup_id=None,display_description=None,display_name='tempest-VolumesActionsTest-Volume-201499747',encryption_key_id=None,group_id=None,group_type_id=,metadata={},multiattach=False,project_id='b790122439244d5593a8610595b7bc1d',qos_specs=None,replication_status=,reservations=['78d63406-5d2f-4fa1-89ef-9f5ea5b60940','54eead85-a57c-4447-a77f-01bb7a167924','9cd42b88-ca6b-449e-9b86-805f465d02f0','162b14ac-26ac-483d-b170-7f63b008ff76'],size=1,snapshot_id=None,source_replicaid=,source_volid=None,status='creating',user_id='6d216d1bc5c748519163b93dd1237bd1',volume_type_id=f1451c54-98bd-425f-aec1-0ea4e9802e62)}' {{(pid=105014) _task_receiver /usr/local/lib/python3.8/dist-packages/taskflow/listeners/logging.py:178}}
May 20 21:43:28.758342 dv-cinder-792462-4-iscsi devstack@c-api.service[105014]: DEBUG cinder.volume.api [None req-b801c5a4-a680-4adf-9ecd-10e88de47068 tempest-VolumesActionsTest-1361099074 tempest-VolumesActionsTest-1361099074-project] Task 'cinder.volume.flows.api.create_volume.VolumeCastTask;volume:create' (df72fabd-b908-42a7-892a-b63dddd11ee4) transitioned into state 'RUNNING' from state 'PENDING' {{(pid=105014) _task_receiver /usr/local/lib/python3.8/dist-packages/taskflow/listeners/logging.py:190}}
May 20 21:43:28.789381 dv-cinder-792462-4-iscsi devstack@c-api.service[105014]: DEBUG cinder.volume.api [None req-b801c5a4-a680-4adf-9ecd-10e88de47068 tempest-VolumesActionsTest-1361099074 tempest-VolumesActionsTest-1361099074-project] Task 'cinder.volume.flows.api.create_volume.VolumeCastTask;volume:create' (df72fabd-b908-42a7-892a-b63dddd11ee4) transitioned into state 'SUCCESS' from state 'RUNNING' with result 'None' {{(pid=105014) _task_receiver /usr/local/lib/python3.8/dist-packages/taskflow/listeners/logging.py:178}}
May 20 21:43:28.793049 dv-cinder-792462-4-iscsi devstack@c-api.service[105014]: DEBUG cinder.volume.api [None req-b801c5a4-a680-4adf-9ecd-10e88de47068 tempest-VolumesActionsTest-1361099074 tempest-VolumesActionsTest-1361099074-project] Flow 'volume_create_api' (81e01801-125e-42c5-9d9b-027479c58e7d) transitioned into state 'SUCCESS' from state 'RUNNING' {{(pid=105014) _flow_receiver /usr/local/lib/python3.8/dist-packages/taskflow/listeners/logging.py:141}}
May 20 21:43:28.794423 dv-cinder-792462-4-iscsi devstack@c-api.service[105014]: INFO cinder.volume.api [None req-b801c5a4-a680-4adf-9ecd-10e88de47068 tempest-VolumesActionsTest-1361099074 tempest-VolumesActionsTest-1361099074-project] Create volume request issued successfully.
May 20 21:43:28.814783 dv-cinder-792462-4-iscsi devstack@c-api.service[105014]: INFO cinder.api.openstack.wsgi [None req-b801c5a4-a680-4adf-9ecd-10e88de47068 tempest-VolumesActionsTest-1361099074 tempest-VolumesActionsTest-1361099074-project] http://10.222.0.82/volume/v3/b790122439244d5593a8610595b7bc1d/volumes returned with HTTP 202
May 20 21:43:28.820391 dv-cinder-792462-4-iscsi devstack@c-api.service[105014]: [pid: 105014|app: 0|req: 149/314] 10.222.0.82 () {60 vars in 1235 bytes} [Thu May 20 21:43:27 2021] POST /volume/v3/b790122439244d5593a8610595b7bc1d/volumes => generated 817 bytes in 1068 msecs (HTTP/1.1 202) 7 headers in 291 bytes (2 switches on core 0)
May 20 21:43:28.837083 dv-cinder-792462-4-iscsi devstack@c-api.service[105014]: INFO cinder.api.openstack.wsgi [None req-4a9ec962-0387-4279-ab39-f602c25c324f tempest-GroupSnapshotsTest-1666178297 tempest-GroupSnapshotsTest-1666178297-project] GET http://10.222.0.82/volume/v3/61bfc21e644c445c93984baa110961ec/group_snapshots/6d8c0474-9e4f-4d80-9a44-da1fb036e28b
May 20 21:43:28.840407 dv-cinder-792462-4-iscsi devstack@c-api.service[105013]: /usr/local/lib/python3.8/dist-packages/oslo_context/context.py:105: DeprecationWarning: Policy enforcement is depending on the value of is_admin. This key is deprecated. Please update your policy file to use the standard policy values.
May 20 21:43:28.840407 dv-cinder-792462-4-iscsi devstack@c-api.service[105013]: warnings.warn('Policy enforcement is depending on the value of '
May 20 21:43:28.842616 dv-cinder-792462-4-iscsi devstack@c-api.service[105014]: DEBUG cinder.api.openstack.wsgi [None req-4a9ec962-0387-4279-ab39-f602c25c324f tempest-GroupSnapshotsTest-1666178297 tempest-GroupSnapshotsTest-1666178297-project] Empty body provided in request {{(pid=105014) get_body /opt/stack/cinder/cinder/api/openstack/wsgi.py:713}}
May 20 21:43:28.845883 dv-cinder-792462-4-iscsi devstack@c-api.service[105014]: /usr/local/lib/python3.8/dist-packages/webob/acceptparse.py:1047: DeprecationWarning: The behavior of AcceptValidHeader.best_match is currently being maintained for backward compatibility, but it will be deprecated in the future, as it does not conform to the RFC.
May 20 21:43:28.845883 dv-cinder-792462-4-iscsi devstack@c-api.service[105014]: warnings.warn(
May 20 21:43:28.847077 dv-cinder-792462-4-iscsi devstack@c-api.service[105014]: DEBUG cinder.api.openstack.wsgi [None req-4a9ec962-0387-4279-ab39-f602c25c324f tempest-GroupSnapshotsTest-1666178297 tempest-GroupSnapshotsTest-1666178297-project] Calling method 'version_select' {{(pid=105014) _process_stack /opt/stack/cinder/cinder/api/openstack/wsgi.py:866}}
May 20 21:43:28.847792 dv-cinder-792462-4-iscsi devstack@c-api.service[105014]: DEBUG cinder.api.v3.group_snapshots [None req-4a9ec962-0387-4279-ab39-f602c25c324f tempest-GroupSnapshotsTest-1666178297 tempest-GroupSnapshotsTest-1666178297-project] show called for member 6d8c0474-9e4f-4d80-9a44-da1fb036e28b {{(pid=105014) show /opt/stack/cinder/cinder/api/v3/group_snapshots.py:58}}
May 20 21:43:28.857922 dv-cinder-792462-4-iscsi devstack@c-api.service[105014]: /usr/local/lib/python3.8/dist-packages/oslo_context/context.py:105: DeprecationWarning: Policy enforcement is depending on the value of is_admin. This key is deprecated. Please update your policy file to use the standard policy values.
May 20 21:43:28.857922 dv-cinder-792462-4-iscsi devstack@c-api.service[105014]: warnings.warn('Policy enforcement is depending on the value of '
May 20 21:43:28.887783 dv-cinder-792462-4-iscsi devstack@c-api.service[105013]: INFO cinder.volume.api [None req-ab8aba7f-0400-4ac9-80d0-90b285820cf8 tempest-VolumesServicesTestJSON-1197128546 tempest-VolumesServicesTestJSON-1197128546-project] Volume info retrieved successfully.
May 20 21:43:28.889763 dv-cinder-792462-4-iscsi devstack@c-api.service[105014]: INFO cinder.api.openstack.wsgi [None req-4a9ec962-0387-4279-ab39-f602c25c324f tempest-GroupSnapshotsTest-1666178297 tempest-GroupSnapshotsTest-1666178297-project] http://10.222.0.82/volume/v3/61bfc21e644c445c93984baa110961ec/group_snapshots/6d8c0474-9e4f-4d80-9a44-da1fb036e28b returned with HTTP 200
May 20 21:43:28.893448 dv-cinder-792462-4-iscsi devstack@c-api.service[105014]: [pid: 105014|app: 0|req: 150/315] 10.222.0.82 () {60 vars in 1390 bytes} [Thu May 20 21:43:28 2021] GET /volume/v3/61bfc21e644c445c93984baa110961ec/group_snapshots/6d8c0474-9e4f-4d80-9a44-da1fb036e28b => generated 308 bytes in 72 msecs (HTTP/1.1 200) 7 headers in 286 bytes (1 switches on core 0)
May 20 21:43:28.909418 dv-cinder-792462-4-iscsi devstack@c-api.service[105014]: INFO cinder.api.openstack.wsgi [None req-c6aff3e6-404c-454a-ae7b-665b23d7c02d tempest-VolumesActionsTest-1361099074 tempest-VolumesActionsTest-1361099074-project] GET http://10.222.0.82/volume/v3/b790122439244d5593a8610595b7bc1d/volumes/ee8906cb-c72d-4cc0-9292-53f8c6f082a0
May 20 21:43:28.910690 dv-cinder-792462-4-iscsi devstack@c-api.service[105014]: DEBUG cinder.api.openstack.wsgi [None req-c6aff3e6-404c-454a-ae7b-665b23d7c02d tempest-VolumesActionsTest-1361099074 tempest-VolumesActionsTest-1361099074-project] Empty body provided in request {{(pid=105014) get_body /opt/stack/cinder/cinder/api/openstack/wsgi.py:713}}
May 20 21:43:28.912312 dv-cinder-792462-4-iscsi devstack@c-api.service[105014]: /usr/local/lib/python3.8/dist-packages/webob/acceptparse.py:1047: DeprecationWarning: The behavior of AcceptValidHeader.best_match is currently being maintained for backward compatibility, but it will be deprecated in the future, as it does not conform to the RFC.
May 20 21:43:28.912312 dv-cinder-792462-4-iscsi devstack@c-api.service[105014]: warnings.warn(
May 20 21:43:28.914387 dv-cinder-792462-4-iscsi devstack@c-api.service[105014]: DEBUG cinder.api.openstack.wsgi [None req-c6aff3e6-404c-454a-ae7b-665b23d7c02d tempest-VolumesActionsTest-1361099074 tempest-VolumesActionsTest-1361099074-project] Calling method 'show' {{(pid=105014) _process_stack /opt/stack/cinder/cinder/api/openstack/wsgi.py:866}}
May 20 21:43:29.015832 dv-cinder-792462-4-iscsi devstack@c-api.service[105013]: INFO cinder.api.openstack.wsgi [None req-ab8aba7f-0400-4ac9-80d0-90b285820cf8 tempest-VolumesServicesTestJSON-1197128546 tempest-VolumesServicesTestJSON-1197128546-project] http://10.222.0.82/volume/v3/c097115bd1e143f9b1e3e6fb09b0ecb3/volumes/257b074d-afdc-4473-8cb4-e543122d3a4c returned with HTTP 200
May 20 21:43:29.027953 dv-cinder-792462-4-iscsi devstack@c-api.service[105013]: [pid: 105013|app: 0|req: 166/316] 10.222.0.82 () {58 vars in 1325 bytes} [Thu May 20 21:43:28 2021] GET /volume/v3/c097115bd1e143f9b1e3e6fb09b0ecb3/volumes/257b074d-afdc-4473-8cb4-e543122d3a4c => generated 914 bytes in 333 msecs (HTTP/1.1 200) 7 headers in 285 bytes (1 switches on core 0)
May 20 21:43:29.041578 dv-cinder-792462-4-iscsi devstack@c-api.service[105013]: INFO cinder.api.openstack.wsgi [None req-2e5987a6-5c5c-47f7-aa9b-8eb1a8440cd2 tempest-GroupSnapshotsTest-1666178297 tempest-GroupSnapshotsTest-1666178297-project] GET http://10.222.0.82/volume/v3/61bfc21e644c445c93984baa110961ec/snapshots/detail
May 20 21:43:29.042666 dv-cinder-792462-4-iscsi devstack@c-api.service[105013]: DEBUG cinder.api.openstack.wsgi [None req-2e5987a6-5c5c-47f7-aa9b-8eb1a8440cd2 tempest-GroupSnapshotsTest-1666178297 tempest-GroupSnapshotsTest-1666178297-project] Empty body provided in request {{(pid=105013) get_body /opt/stack/cinder/cinder/api/openstack/wsgi.py:713}}
May 20 21:43:29.042866 dv-cinder-792462-4-iscsi devstack@c-api.service[105013]: /usr/local/lib/python3.8/dist-packages/webob/acceptparse.py:1047: DeprecationWarning: The behavior of AcceptValidHeader.best_match is currently being maintained for backward compatibility, but it will be deprecated in the future, as it does not conform to the RFC.
May 20 21:43:29.042866 dv-cinder-792462-4-iscsi devstack@c-api.service[105013]: warnings.warn(
May 20 21:43:29.043236 dv-cinder-792462-4-iscsi devstack@c-api.service[105013]: DEBUG cinder.api.openstack.wsgi [None req-2e5987a6-5c5c-47f7-aa9b-8eb1a8440cd2 tempest-GroupSnapshotsTest-1666178297 tempest-GroupSnapshotsTest-1666178297-project] Calling method 'detail' {{(pid=105013) _process_stack /opt/stack/cinder/cinder/api/openstack/wsgi.py:866}}
May 20 21:43:29.044684 dv-cinder-792462-4-iscsi devstack@c-api.service[105013]: DEBUG cinder.api.api_utils [None req-2e5987a6-5c5c-47f7-aa9b-8eb1a8440cd2 tempest-GroupSnapshotsTest-1666178297 tempest-GroupSnapshotsTest-1666178297-project] Removing options '' from query. {{(pid=105013) remove_invalid_filter_options /opt/stack/cinder/cinder/api/api_utils.py:73}}
May 20 21:43:29.048159 dv-cinder-792462-4-iscsi devstack@c-api.service[105013]: DEBUG cinder.db.sqlalchemy.api [None req-2e5987a6-5c5c-47f7-aa9b-8eb1a8440cd2 tempest-GroupSnapshotsTest-1666178297 tempest-GroupSnapshotsTest-1666178297-project] Building query based on filter {{(pid=105013) _process_snaps_filters /opt/stack/cinder/cinder/db/sqlalchemy/api.py:3138}}
May 20 21:43:29.051315 dv-cinder-792462-4-iscsi devstack@c-api.service[105014]: /usr/local/lib/python3.8/dist-packages/oslo_context/context.py:105: DeprecationWarning: Policy enforcement is depending on the value of is_admin. This key is deprecated. Please update your policy file to use the standard policy values.
May 20 21:43:29.051315 dv-cinder-792462-4-iscsi devstack@c-api.service[105014]: warnings.warn('Policy enforcement is depending on the value of '
May 20 21:43:29.073833 dv-cinder-792462-4-iscsi devstack@c-api.service[105014]: INFO cinder.volume.api [None req-c6aff3e6-404c-454a-ae7b-665b23d7c02d tempest-VolumesActionsTest-1361099074 tempest-VolumesActionsTest-1361099074-project] Volume info retrieved successfully.
May 20 21:43:29.081122 dv-cinder-792462-4-iscsi devstack@c-api.service[105013]: INFO cinder.volume.api [None req-2e5987a6-5c5c-47f7-aa9b-8eb1a8440cd2 tempest-GroupSnapshotsTest-1666178297 tempest-GroupSnapshotsTest-1666178297-project] Get all snapshots completed successfully.
May 20 21:43:29.082423 dv-cinder-792462-4-iscsi devstack@c-api.service[105013]: /usr/local/lib/python3.8/dist-packages/oslo_context/context.py:105: DeprecationWarning: Policy enforcement is depending on the value of is_admin. This key is deprecated. Please update your policy file to use the standard policy values.
May 20 21:43:29.082423 dv-cinder-792462-4-iscsi devstack@c-api.service[105013]: warnings.warn('Policy enforcement is depending on the value of '
May 20 21:43:29.086515 dv-cinder-792462-4-iscsi devstack@c-api.service[105013]: INFO cinder.api.openstack.wsgi [None req-2e5987a6-5c5c-47f7-aa9b-8eb1a8440cd2 tempest-GroupSnapshotsTest-1666178297 tempest-GroupSnapshotsTest-1666178297-project] http://10.222.0.82/volume/v3/61bfc21e644c445c93984baa110961ec/snapshots/detail returned with HTTP 200
May 20 21:43:29.096215 dv-cinder-792462-4-iscsi devstack@c-api.service[105013]: [pid: 105013|app: 0|req: 167/317] 10.222.0.82 () {58 vars in 1241 bytes} [Thu May 20 21:43:29 2021] GET /volume/v3/61bfc21e644c445c93984baa110961ec/snapshots/detail => generated 454 bytes in 59 msecs (HTTP/1.1 200) 7 headers in 285 bytes (1 switches on core 0)
May 20 21:43:29.096215 dv-cinder-792462-4-iscsi devstack@c-api.service[105013]: INFO cinder.api.openstack.wsgi [None req-bd5d420a-00d9-4e28-a618-8e80438a51f6 tempest-DeleteServersTestJSON-1609766722 tempest-DeleteServersTestJSON-1609766722-project] GET http://10.222.0.82/volume/v3/37ef40d162734cdd9d19c7d73ed259cd/volumes/ed7ef270-1f6b-486d-9b6b-d50782891dcf
May 20 21:43:29.096215 dv-cinder-792462-4-iscsi devstack@c-api.service[105013]: DEBUG cinder.api.openstack.wsgi [None req-bd5d420a-00d9-4e28-a618-8e80438a51f6 tempest-DeleteServersTestJSON-1609766722 tempest-DeleteServersTestJSON-1609766722-project] Empty body provided in request {{(pid=105013) get_body /opt/stack/cinder/cinder/api/openstack/wsgi.py:713}}
May 20 21:43:29.096215 dv-cinder-792462-4-iscsi devstack@c-api.service[105013]: /usr/local/lib/python3.8/dist-packages/webob/acceptparse.py:1047: DeprecationWarning: The behavior of AcceptValidHeader.best_match is currently being maintained for backward compatibility, but it will be deprecated in the future, as it does not conform to the RFC.
May 20 21:43:29.096215 dv-cinder-792462-4-iscsi devstack@c-api.service[105013]: warnings.warn(
May 20 21:43:29.096215 dv-cinder-792462-4-iscsi devstack@c-api.service[105013]: DEBUG cinder.api.openstack.wsgi [None req-bd5d420a-00d9-4e28-a618-8e80438a51f6 tempest-DeleteServersTestJSON-1609766722 tempest-DeleteServersTestJSON-1609766722-project] Calling method 'show' {{(pid=105013) _process_stack /opt/stack/cinder/cinder/api/openstack/wsgi.py:866}}
May 20 21:43:29.121484 dv-cinder-792462-4-iscsi devstack@c-api.service[105014]: INFO cinder.api.openstack.wsgi [None req-c6aff3e6-404c-454a-ae7b-665b23d7c02d tempest-VolumesActionsTest-1361099074 tempest-VolumesActionsTest-1361099074-project] http://10.222.0.82/volume/v3/b790122439244d5593a8610595b7bc1d/volumes/ee8906cb-c72d-4cc0-9292-53f8c6f082a0 returned with HTTP 200
May 20 21:43:29.122811 dv-cinder-792462-4-iscsi devstack@c-api.service[105014]: [pid: 105014|app: 0|req: 151/318] 10.222.0.82 () {58 vars in 1325 bytes} [Thu May 20 21:43:28 2021] GET /volume/v3/b790122439244d5593a8610595b7bc1d/volumes/ee8906cb-c72d-4cc0-9292-53f8c6f082a0 => generated 885 bytes in 228 msecs (HTTP/1.1 200) 7 headers in 285 bytes (1 switches on core 0)
May 20 21:43:29.136353 dv-cinder-792462-4-iscsi devstack@c-api.service[105014]: INFO cinder.api.openstack.wsgi [None req-65e0636f-ae22-4727-b13a-94175751957a tempest-GroupSnapshotsTest-1666178297 tempest-GroupSnapshotsTest-1666178297-project] GET http://10.222.0.82/volume/v3/61bfc21e644c445c93984baa110961ec/snapshots/5a44d327-9d66-4579-89fd-2f7cd496a5c6
May 20 21:43:29.136835 dv-cinder-792462-4-iscsi devstack@c-api.service[105014]: DEBUG cinder.api.openstack.wsgi [None req-65e0636f-ae22-4727-b13a-94175751957a tempest-GroupSnapshotsTest-1666178297 tempest-GroupSnapshotsTest-1666178297-project] Empty body provided in request {{(pid=105014) get_body /opt/stack/cinder/cinder/api/openstack/wsgi.py:713}}
May 20 21:43:29.137018 dv-cinder-792462-4-iscsi devstack@c-api.service[105014]: /usr/local/lib/python3.8/dist-packages/webob/acceptparse.py:1047: DeprecationWarning: The behavior of AcceptValidHeader.best_match is currently being maintained for backward compatibility, but it will be deprecated in the future, as it does not conform to the RFC.
May 20 21:43:29.137018 dv-cinder-792462-4-iscsi devstack@c-api.service[105014]: warnings.warn(
May 20 21:43:29.137378 dv-cinder-792462-4-iscsi devstack@c-api.service[105014]: DEBUG cinder.api.openstack.wsgi [None req-65e0636f-ae22-4727-b13a-94175751957a tempest-GroupSnapshotsTest-1666178297 tempest-GroupSnapshotsTest-1666178297-project] Calling method 'show' {{(pid=105014) _process_stack /opt/stack/cinder/cinder/api/openstack/wsgi.py:866}}
May 20 21:43:29.209432 dv-cinder-792462-4-iscsi devstack@c-api.service[105014]: /usr/local/lib/python3.8/dist-packages/oslo_context/context.py:105: DeprecationWarning: Policy enforcement is depending on the value of is_admin. This key is deprecated. Please update your policy file to use the standard policy values.
May 20 21:43:29.209432 dv-cinder-792462-4-iscsi devstack@c-api.service[105014]: warnings.warn('Policy enforcement is depending on the value of '
May 20 21:43:29.210864 dv-cinder-792462-4-iscsi devstack@c-api.service[105014]: INFO cinder.volume.api [None req-65e0636f-ae22-4727-b13a-94175751957a tempest-GroupSnapshotsTest-1666178297 tempest-GroupSnapshotsTest-1666178297-project] Snapshot retrieved successfully.
May 20 21:43:29.213104 dv-cinder-792462-4-iscsi devstack@c-api.service[105014]: INFO cinder.api.openstack.wsgi [None req-65e0636f-ae22-4727-b13a-94175751957a tempest-GroupSnapshotsTest-1666178297 tempest-GroupSnapshotsTest-1666178297-project] http://10.222.0.82/volume/v3/61bfc21e644c445c93984baa110961ec/snapshots/5a44d327-9d66-4579-89fd-2f7cd496a5c6 returned with HTTP 200
May 20 21:43:29.223538 dv-cinder-792462-4-iscsi devstack@c-api.service[105014]: [pid: 105014|app: 0|req: 152/319] 10.222.0.82 () {58 vars in 1331 bytes} [Thu May 20 21:43:29 2021] GET /volume/v3/61bfc21e644c445c93984baa110961ec/snapshots/5a44d327-9d66-4579-89fd-2f7cd496a5c6 => generated 451 bytes in 91 msecs (HTTP/1.1 200) 7 headers in 285 bytes (1 switches on core 0)
May 20 21:43:29.223538 dv-cinder-792462-4-iscsi devstack@c-api.service[105014]: INFO cinder.api.openstack.wsgi [None req-d7126680-4c47-4f34-85e2-f026223f87d6 tempest-AttachVolumeNegativeTest-651110563 tempest-AttachVolumeNegativeTest-651110563-project] GET http://10.222.0.82/volume/v3/2b000f63b1dc452bb37a233fd58b00af/volumes/487c81cc-a628-4c15-84d5-6a0abc97cc80
May 20 21:43:29.223538 dv-cinder-792462-4-iscsi devstack@c-api.service[105014]: DEBUG cinder.api.openstack.wsgi [None req-d7126680-4c47-4f34-85e2-f026223f87d6 tempest-AttachVolumeNegativeTest-651110563 tempest-AttachVolumeNegativeTest-651110563-project] Empty body provided in request {{(pid=105014) get_body /opt/stack/cinder/cinder/api/openstack/wsgi.py:713}}
May 20 21:43:29.223538 dv-cinder-792462-4-iscsi devstack@c-api.service[105014]: /usr/local/lib/python3.8/dist-packages/webob/acceptparse.py:1047: DeprecationWarning: The behavior of AcceptValidHeader.best_match is currently being maintained for backward compatibility, but it will be deprecated in the future, as it does not conform to the RFC.
May 20 21:43:29.223538 dv-cinder-792462-4-iscsi devstack@c-api.service[105014]: warnings.warn(
May 20 21:43:29.223538 dv-cinder-792462-4-iscsi devstack@c-api.service[105014]: DEBUG cinder.api.openstack.wsgi [None req-d7126680-4c47-4f34-85e2-f026223f87d6 tempest-AttachVolumeNegativeTest-651110563 tempest-AttachVolumeNegativeTest-651110563-project] Calling method 'show' {{(pid=105014) _process_stack /opt/stack/cinder/cinder/api/openstack/wsgi.py:866}}
May 20 21:43:29.262209 dv-cinder-792462-4-iscsi devstack@c-api.service[105013]: /usr/local/lib/python3.8/dist-packages/oslo_context/context.py:105: DeprecationWarning: Policy enforcement is depending on the value of is_admin. This key is deprecated. Please update your policy file to use the standard policy values.
May 20 21:43:29.262209 dv-cinder-792462-4-iscsi devstack@c-api.service[105013]: warnings.warn('Policy enforcement is depending on the value of '
May 20 21:43:29.302968 dv-cinder-792462-4-iscsi devstack@c-api.service[105013]: INFO cinder.volume.api [None req-bd5d420a-00d9-4e28-a618-8e80438a51f6 tempest-DeleteServersTestJSON-1609766722 tempest-DeleteServersTestJSON-1609766722-project] Volume info retrieved successfully.
May 20 21:43:29.367582 dv-cinder-792462-4-iscsi devstack@c-api.service[105014]: /usr/local/lib/python3.8/dist-packages/oslo_context/context.py:105: DeprecationWarning: Policy enforcement is depending on the value of is_admin. This key is deprecated. Please update your policy file to use the standard policy values.
May 20 21:43:29.367582 dv-cinder-792462-4-iscsi devstack@c-api.service[105014]: warnings.warn('Policy enforcement is depending on the value of '
May 20 21:43:29.377436 dv-cinder-792462-4-iscsi devstack@c-api.service[105014]: INFO cinder.volume.api [None req-d7126680-4c47-4f34-85e2-f026223f87d6 tempest-AttachVolumeNegativeTest-651110563 tempest-AttachVolumeNegativeTest-651110563-project] Volume info retrieved successfully.
May 20 21:43:29.387725 dv-cinder-792462-4-iscsi devstack@c-api.service[105013]: /usr/local/lib/python3.8/dist-packages/oslo_context/context.py:105: DeprecationWarning: Policy enforcement is depending on the value of is_admin. This key is deprecated. Please update your policy file to use the standard policy values.
May 20 21:43:29.387725 dv-cinder-792462-4-iscsi devstack@c-api.service[105013]: warnings.warn('Policy enforcement is depending on the value of '
May 20 21:43:29.410350 dv-cinder-792462-4-iscsi devstack@c-api.service[105013]: INFO cinder.api.openstack.wsgi [None req-bd5d420a-00d9-4e28-a618-8e80438a51f6 tempest-DeleteServersTestJSON-1609766722 tempest-DeleteServersTestJSON-1609766722-project] http://10.222.0.82/volume/v3/37ef40d162734cdd9d19c7d73ed259cd/volumes/ed7ef270-1f6b-486d-9b6b-d50782891dcf returned with HTTP 200
May 20 21:43:29.410832 dv-cinder-792462-4-iscsi devstack@c-api.service[105014]: /usr/local/lib/python3.8/dist-packages/oslo_context/context.py:105: DeprecationWarning: Policy enforcement is depending on the value of is_admin. This key is deprecated. Please update your policy file to use the standard policy values.
May 20 21:43:29.410832 dv-cinder-792462-4-iscsi devstack@c-api.service[105014]: warnings.warn('Policy enforcement is depending on the value of '
